I20260710 11:10:14.821764 25924 consensus_queue.cc:1048] T faed43e62dae4287ab8611994a97b520 P ae905e2138ec421a8e2b8fe8f6f86da1 [LEADER]: Connected to new peer: Peer: permanent_uuid: "7d2de8bb8bdb490fa4e0077b4fb9e968" member_type: VOTER last_known_addr { host: "127.24.128.1" port: 41973 }, Status: LMP_MISMATCH, Last received: 0.0, Next index: 2, Last known committed idx: 1, Time since last communication: 0.000s
I20260710 11:10:14.829777 25803 raft_consensus.cc:1275] T 4761ff672c474225a6f36e8062b6f0c4 P ae905e2138ec421a8e2b8fe8f6f86da1 [term 2 FOLLOWER]: Refusing update from remote peer 7d2de8bb8bdb490fa4e0077b4fb9e968: Log matching property violated. Preceding OpId in replica: term: 1 index: 1. Preceding OpId from leader: term: 2 index: 2. (index mismatch)
I20260710 11:10:14.831003 25986 consensus_queue.cc:1048] T 4761ff672c474225a6f36e8062b6f0c4 P 7d2de8bb8bdb490fa4e0077b4fb9e968 [LEADER]: Connected to new peer: Peer: permanent_uuid: "ae905e2138ec421a8e2b8fe8f6f86da1" member_type: VOTER last_known_addr { host: "127.24.128.2" port: 37853 }, Status: LMP_MISMATCH, Last received: 0.0, Next index: 2, Last known committed idx: 1, Time since last communication: 0.000s
I20260710 11:10:14.840451 25877 raft_consensus.cc:1275] T 4761ff672c474225a6f36e8062b6f0c4 P c375f64c0b0140ef8d0b217d26c57a92 [term 2 FOLLOWER]: Refusing update from remote peer 7d2de8bb8bdb490fa4e0077b4fb9e968: Log matching property violated. Preceding OpId in replica: term: 1 index: 1. Preceding OpId from leader: term: 2 index: 2. (index mismatch)
I20260710 11:10:14.842111 25986 consensus_queue.cc:1048] T 4761ff672c474225a6f36e8062b6f0c4 P 7d2de8bb8bdb490fa4e0077b4fb9e968 [LEADER]: Connected to new peer: Peer: permanent_uuid: "c375f64c0b0140ef8d0b217d26c57a92" member_type: VOTER last_known_addr { host: "127.24.128.3" port: 37573 }, Status: LMP_MISMATCH, Last received: 0.0, Next index: 2, Last known committed idx: 1, Time since last communication: 0.000s
I20260710 11:10:16.940440 25088 auto_leader_rebalancer-test.cc:348] The leader distribution is 
I20260710 11:10:16.941118 25088 auto_leader_rebalancer.cc:141] leader rebalance for table test-workload
I20260710 11:10:16.956619 25728 tablet_service.cc:2072] Received LeaderStepDown RPC: tablet_id: "4761ff672c474225a6f36e8062b6f0c4"
dest_uuid: "7d2de8bb8bdb490fa4e0077b4fb9e968"
mode: GRACEFUL
new_leader_uuid: "c375f64c0b0140ef8d0b217d26c57a92"
 from {username='slave'} at 127.0.0.1:42568
I20260710 11:10:16.957075 25728 raft_consensus.cc:606] T 4761ff672c474225a6f36e8062b6f0c4 P 7d2de8bb8bdb490fa4e0077b4fb9e968 [term 2 LEADER]: Received request to transfer leadership to TS c375f64c0b0140ef8d0b217d26c57a92
I20260710 11:10:16.959527 25728 tablet_service.cc:2072] Received LeaderStepDown RPC: tablet_id: "bf51eaded68c4bf0b38833c7d3b0e6aa"
dest_uuid: "7d2de8bb8bdb490fa4e0077b4fb9e968"
mode: GRACEFUL
new_leader_uuid: "c375f64c0b0140ef8d0b217d26c57a92"
 from {username='slave'} at 127.0.0.1:42568
I20260710 11:10:16.959967 25728 raft_consensus.cc:606] T bf51eaded68c4bf0b38833c7d3b0e6aa P 7d2de8bb8bdb490fa4e0077b4fb9e968 [term 1 LEADER]: Received request to transfer leadership to TS c375f64c0b0140ef8d0b217d26c57a92
I20260710 11:10:16.960898 25088 auto_leader_rebalancer.cc:452] table: test-workload, leader rebalance finish, leader transfer count: 2
I20260710 11:10:16.961301 25088 auto_leader_rebalancer.cc:527] All tables' leader rebalancing finished this round
I20260710 11:10:17.233850 25927 raft_consensus.cc:993] T 4761ff672c474225a6f36e8062b6f0c4 P 7d2de8bb8bdb490fa4e0077b4fb9e968: : Instructing follower c375f64c0b0140ef8d0b217d26c57a92 to start an election
I20260710 11:10:17.234303 25927 raft_consensus.cc:1081] T 4761ff672c474225a6f36e8062b6f0c4 P 7d2de8bb8bdb490fa4e0077b4fb9e968 [term 2 LEADER]: Signalling peer c375f64c0b0140ef8d0b217d26c57a92 to start an election
I20260710 11:10:17.235616 25877 tablet_service.cc:2044] Received Run Leader Election RPC: tablet_id: "4761ff672c474225a6f36e8062b6f0c4"
dest_uuid: "c375f64c0b0140ef8d0b217d26c57a92"
 from {username='slave'} at 127.0.0.1:41384
I20260710 11:10:17.235989 25877 raft_consensus.cc:493] T 4761ff672c474225a6f36e8062b6f0c4 P c375f64c0b0140ef8d0b217d26c57a92 [term 2 FOLLOWER]: Starting forced leader election (received explicit request)
I20260710 11:10:17.236212 25877 raft_consensus.cc:3060] T 4761ff672c474225a6f36e8062b6f0c4 P c375f64c0b0140ef8d0b217d26c57a92 [term 2 FOLLOWER]: Advancing to term 3
I20260710 11:10:17.240252 25877 raft_consensus.cc:515] T 4761ff672c474225a6f36e8062b6f0c4 P c375f64c0b0140ef8d0b217d26c57a92 [term 3 FOLLOWER]: Starting forced leader election with config: opid_index: -1 OBSOLETE_local: false peers { permanent_uuid: "7d2de8bb8bdb490fa4e0077b4fb9e968" member_type: VOTER last_known_addr { host: "127.24.128.1" port: 41973 } } peers { permanent_uuid: "ae905e2138ec421a8e2b8fe8f6f86da1" member_type: VOTER last_known_addr { host: "127.24.128.2" port: 37853 } } peers { permanent_uuid: "c375f64c0b0140ef8d0b217d26c57a92" member_type: VOTER last_known_addr { host: "127.24.128.3" port: 37573 } }
I20260710 11:10:17.241526 25877 leader_election.cc:290] T 4761ff672c474225a6f36e8062b6f0c4 P c375f64c0b0140ef8d0b217d26c57a92 [CANDIDATE]: Term 3 election: Requested vote from peers 7d2de8bb8bdb490fa4e0077b4fb9e968 (127.24.128.1:41973), ae905e2138ec421a8e2b8fe8f6f86da1 (127.24.128.2:37853)
I20260710 11:10:17.242445 25728 tablet_service.cc:1917] Received RequestConsensusVote() RPC: tablet_id: "4761ff672c474225a6f36e8062b6f0c4" candidate_uuid: "c375f64c0b0140ef8d0b217d26c57a92" candidate_term: 3 candidate_status { last_received { term: 2 index: 2 } } ignore_live_leader: true dest_uuid: "7d2de8bb8bdb490fa4e0077b4fb9e968"
I20260710 11:10:17.242669 25800 tablet_service.cc:1917] Received RequestConsensusVote() RPC: tablet_id: "4761ff672c474225a6f36e8062b6f0c4" candidate_uuid: "c375f64c0b0140ef8d0b217d26c57a92" candidate_term: 3 candidate_status { last_received { term: 2 index: 2 } } ignore_live_leader: true dest_uuid: "ae905e2138ec421a8e2b8fe8f6f86da1"
I20260710 11:10:17.243012 25728 raft_consensus.cc:3055] T 4761ff672c474225a6f36e8062b6f0c4 P 7d2de8bb8bdb490fa4e0077b4fb9e968 [term 2 LEADER]: Stepping down as leader of term 2
I20260710 11:10:17.243243 25800 raft_consensus.cc:3060] T 4761ff672c474225a6f36e8062b6f0c4 P ae905e2138ec421a8e2b8fe8f6f86da1 [term 2 FOLLOWER]: Advancing to term 3
I20260710 11:10:17.243387 25728 raft_consensus.cc:740] T 4761ff672c474225a6f36e8062b6f0c4 P 7d2de8bb8bdb490fa4e0077b4fb9e968 [term 2 LEADER]: Becoming Follower/Learner. State: Replica: 7d2de8bb8bdb490fa4e0077b4fb9e968, State: Running, Role: LEADER
I20260710 11:10:17.244218 25728 consensus_queue.cc:260] T 4761ff672c474225a6f36e8062b6f0c4 P 7d2de8bb8bdb490fa4e0077b4fb9e968 [NON_LEADER]: Queue going to NON_LEADER mode. State: All replicated index: 0, Majority replicated index: 2, Committed index: 2, Last appended: 2.2, Last appended by leader: 2, Current term: 2, Majority size: -1, State: 0, Mode: NON_LEADER, active raft config: opid_index: -1 OBSOLETE_local: false peers { permanent_uuid: "7d2de8bb8bdb490fa4e0077b4fb9e968" member_type: VOTER last_known_addr { host: "127.24.128.1" port: 41973 } } peers { permanent_uuid: "ae905e2138ec421a8e2b8fe8f6f86da1" member_type: VOTER last_known_addr { host: "127.24.128.2" port: 37853 } } peers { permanent_uuid: "c375f64c0b0140ef8d0b217d26c57a92" member_type: VOTER last_known_addr { host: "127.24.128.3" port: 37573 } }
I20260710 11:10:17.245096 25728 raft_consensus.cc:3060] T 4761ff672c474225a6f36e8062b6f0c4 P 7d2de8bb8bdb490fa4e0077b4fb9e968 [term 2 FOLLOWER]: Advancing to term 3
I20260710 11:10:17.249212 25800 raft_consensus.cc:2468] T 4761ff672c474225a6f36e8062b6f0c4 P ae905e2138ec421a8e2b8fe8f6f86da1 [term 3 FOLLOWER]: Leader election vote request: Granting yes vote for candidate c375f64c0b0140ef8d0b217d26c57a92 in term 3.
I20260710 11:10:17.250339 25840 leader_election.cc:304] T 4761ff672c474225a6f36e8062b6f0c4 P c375f64c0b0140ef8d0b217d26c57a92 [CANDIDATE]: Term 3 election: Election decided. Result: candidate won. Election summary: received 2 responses out of 3 voters: 2 yes votes; 0 no votes. yes voters: ae905e2138ec421a8e2b8fe8f6f86da1, c375f64c0b0140ef8d0b217d26c57a92; no voters: 
I20260710 11:10:17.251075 26017 raft_consensus.cc:2804] T 4761ff672c474225a6f36e8062b6f0c4 P c375f64c0b0140ef8d0b217d26c57a92 [term 3 FOLLOWER]: Leader election won for term 3
I20260710 11:10:17.251289 25728 raft_consensus.cc:2468] T 4761ff672c474225a6f36e8062b6f0c4 P 7d2de8bb8bdb490fa4e0077b4fb9e968 [term 3 FOLLOWER]: Leader election vote request: Granting yes vote for candidate c375f64c0b0140ef8d0b217d26c57a92 in term 3.
I20260710 11:10:17.252283 26017 raft_consensus.cc:697] T 4761ff672c474225a6f36e8062b6f0c4 P c375f64c0b0140ef8d0b217d26c57a92 [term 3 LEADER]: Becoming Leader. State: Replica: c375f64c0b0140ef8d0b217d26c57a92, State: Running, Role: LEADER
I20260710 11:10:17.253103 26017 consensus_queue.cc:237] T 4761ff672c474225a6f36e8062b6f0c4 P c375f64c0b0140ef8d0b217d26c57a92 [LEADER]: Queue going to LEADER mode. State: All replicated index: 0, Majority replicated index: 2, Committed index: 2, Last appended: 2.2, Last appended by leader: 2, Current term: 3, Majority size: 2, State: 0, Mode: LEADER, active raft config: opid_index: -1 OBSOLETE_local: false peers { permanent_uuid: "7d2de8bb8bdb490fa4e0077b4fb9e968" member_type: VOTER last_known_addr { host: "127.24.128.1" port: 41973 } } peers { permanent_uuid: "ae905e2138ec421a8e2b8fe8f6f86da1" member_type: VOTER last_known_addr { host: "127.24.128.2" port: 37853 } } peers { permanent_uuid: "c375f64c0b0140ef8d0b217d26c57a92" member_type: VOTER last_known_addr { host: "127.24.128.3" port: 37573 } }
I20260710 11:10:17.260161 25626 catalog_manager.cc:5697] T 4761ff672c474225a6f36e8062b6f0c4 P c375f64c0b0140ef8d0b217d26c57a92 reported cstate change: term changed from 2 to 3, leader changed from 7d2de8bb8bdb490fa4e0077b4fb9e968 (127.24.128.1) to c375f64c0b0140ef8d0b217d26c57a92 (127.24.128.3). New cstate: current_term: 3 leader_uuid: "c375f64c0b0140ef8d0b217d26c57a92" committed_config { opid_index: -1 OBSOLETE_local: false peers { permanent_uuid: "7d2de8bb8bdb490fa4e0077b4fb9e968" member_type: VOTER last_known_addr { host: "127.24.128.1" port: 41973 } health_report { overall_health: UNKNOWN } } peers { permanent_uuid: "ae905e2138ec421a8e2b8fe8f6f86da1" member_type: VOTER last_known_addr { host: "127.24.128.2" port: 37853 } health_report { overall_health: UNKNOWN } } peers { permanent_uuid: "c375f64c0b0140ef8d0b217d26c57a92" member_type: VOTER last_known_addr { host: "127.24.128.3" port: 37573 } health_report { overall_health: HEALTHY } } }
I20260710 11:10:17.321583 26018 raft_consensus.cc:993] T bf51eaded68c4bf0b38833c7d3b0e6aa P 7d2de8bb8bdb490fa4e0077b4fb9e968: : Instructing follower c375f64c0b0140ef8d0b217d26c57a92 to start an election
I20260710 11:10:17.322122 26018 raft_consensus.cc:1081] T bf51eaded68c4bf0b38833c7d3b0e6aa P 7d2de8bb8bdb490fa4e0077b4fb9e968 [term 1 LEADER]: Signalling peer c375f64c0b0140ef8d0b217d26c57a92 to start an election
I20260710 11:10:17.323750 25877 tablet_service.cc:2044] Received Run Leader Election RPC: tablet_id: "bf51eaded68c4bf0b38833c7d3b0e6aa"
dest_uuid: "c375f64c0b0140ef8d0b217d26c57a92"
 from {username='slave'} at 127.0.0.1:41384
I20260710 11:10:17.324275 25877 raft_consensus.cc:493] T bf51eaded68c4bf0b38833c7d3b0e6aa P c375f64c0b0140ef8d0b217d26c57a92 [term 1 FOLLOWER]: Starting forced leader election (received explicit request)
I20260710 11:10:17.324613 25877 raft_consensus.cc:3060] T bf51eaded68c4bf0b38833c7d3b0e6aa P c375f64c0b0140ef8d0b217d26c57a92 [term 1 FOLLOWER]: Advancing to term 2
I20260710 11:10:17.329394 25877 raft_consensus.cc:515] T bf51eaded68c4bf0b38833c7d3b0e6aa P c375f64c0b0140ef8d0b217d26c57a92 [term 2 FOLLOWER]: Starting forced leader election with config: opid_index: -1 OBSOLETE_local: false peers { permanent_uuid: "7d2de8bb8bdb490fa4e0077b4fb9e968" member_type: VOTER last_known_addr { host: "127.24.128.1" port: 41973 } } peers { permanent_uuid: "ae905e2138ec421a8e2b8fe8f6f86da1" member_type: VOTER last_known_addr { host: "127.24.128.2" port: 37853 } } peers { permanent_uuid: "c375f64c0b0140ef8d0b217d26c57a92" member_type: VOTER last_known_addr { host: "127.24.128.3" port: 37573 } }
I20260710 11:10:17.330806 25877 leader_election.cc:290] T bf51eaded68c4bf0b38833c7d3b0e6aa P c375f64c0b0140ef8d0b217d26c57a92 [CANDIDATE]: Term 2 election: Requested vote from peers 7d2de8bb8bdb490fa4e0077b4fb9e968 (127.24.128.1:41973), ae905e2138ec421a8e2b8fe8f6f86da1 (127.24.128.2:37853)
I20260710 11:10:17.331679 25728 tablet_service.cc:1917] Received RequestConsensusVote() RPC: tablet_id: "bf51eaded68c4bf0b38833c7d3b0e6aa" candidate_uuid: "c375f64c0b0140ef8d0b217d26c57a92" candidate_term: 2 candidate_status { last_received { term: 1 index: 1 } } ignore_live_leader: true dest_uuid: "7d2de8bb8bdb490fa4e0077b4fb9e968"
I20260710 11:10:17.332269 25728 raft_consensus.cc:3055] T bf51eaded68c4bf0b38833c7d3b0e6aa P 7d2de8bb8bdb490fa4e0077b4fb9e968 [term 1 LEADER]: Stepping down as leader of term 1
I20260710 11:10:17.332190 25800 tablet_service.cc:1917] Received RequestConsensusVote() RPC: tablet_id: "bf51eaded68c4bf0b38833c7d3b0e6aa" candidate_uuid: "c375f64c0b0140ef8d0b217d26c57a92" candidate_term: 2 candidate_status { last_received { term: 1 index: 1 } } ignore_live_leader: true dest_uuid: "ae905e2138ec421a8e2b8fe8f6f86da1"
I20260710 11:10:17.332639 25728 raft_consensus.cc:740] T bf51eaded68c4bf0b38833c7d3b0e6aa P 7d2de8bb8bdb490fa4e0077b4fb9e968 [term 1 LEADER]: Becoming Follower/Learner. State: Replica: 7d2de8bb8bdb490fa4e0077b4fb9e968, State: Running, Role: LEADER
I20260710 11:10:17.332780 25800 raft_consensus.cc:3060] T bf51eaded68c4bf0b38833c7d3b0e6aa P ae905e2138ec421a8e2b8fe8f6f86da1 [term 1 FOLLOWER]: Advancing to term 2
I20260710 11:10:17.333488 25728 consensus_queue.cc:260] T bf51eaded68c4bf0b38833c7d3b0e6aa P 7d2de8bb8bdb490fa4e0077b4fb9e968 [NON_LEADER]: Queue going to NON_LEADER mode. State: All replicated index: 0, Majority replicated index: 1, Committed index: 1, Last appended: 1.1, Last appended by leader: 1, Current term: 1, Majority size: -1, State: 0, Mode: NON_LEADER, active raft config: opid_index: -1 OBSOLETE_local: false peers { permanent_uuid: "7d2de8bb8bdb490fa4e0077b4fb9e968" member_type: VOTER last_known_addr { host: "127.24.128.1" port: 41973 } } peers { permanent_uuid: "ae905e2138ec421a8e2b8fe8f6f86da1" member_type: VOTER last_known_addr { host: "127.24.128.2" port: 37853 } } peers { permanent_uuid: "c375f64c0b0140ef8d0b217d26c57a92" member_type: VOTER last_known_addr { host: "127.24.128.3" port: 37573 } }
I20260710 11:10:17.334695 25728 raft_consensus.cc:3060] T bf51eaded68c4bf0b38833c7d3b0e6aa P 7d2de8bb8bdb490fa4e0077b4fb9e968 [term 1 FOLLOWER]: Advancing to term 2
I20260710 11:10:17.339707 25800 raft_consensus.cc:2468] T bf51eaded68c4bf0b38833c7d3b0e6aa P ae905e2138ec421a8e2b8fe8f6f86da1 [term 2 FOLLOWER]: Leader election vote request: Granting yes vote for candidate c375f64c0b0140ef8d0b217d26c57a92 in term 2.
I20260710 11:10:17.341022 25840 leader_election.cc:304] T bf51eaded68c4bf0b38833c7d3b0e6aa P c375f64c0b0140ef8d0b217d26c57a92 [CANDIDATE]: Term 2 election: Election decided. Result: candidate won. Election summary: received 2 responses out of 3 voters: 2 yes votes; 0 no votes. yes voters: ae905e2138ec421a8e2b8fe8f6f86da1, c375f64c0b0140ef8d0b217d26c57a92; no voters: 
I20260710 11:10:17.341437 25728 raft_consensus.cc:2468] T bf51eaded68c4bf0b38833c7d3b0e6aa P 7d2de8bb8bdb490fa4e0077b4fb9e968 [term 2 FOLLOWER]: Leader election vote request: Granting yes vote for candidate c375f64c0b0140ef8d0b217d26c57a92 in term 2.
I20260710 11:10:17.341899 26017 raft_consensus.cc:2804] T bf51eaded68c4bf0b38833c7d3b0e6aa P c375f64c0b0140ef8d0b217d26c57a92 [term 2 FOLLOWER]: Leader election won for term 2
I20260710 11:10:17.342442 26017 raft_consensus.cc:697] T bf51eaded68c4bf0b38833c7d3b0e6aa P c375f64c0b0140ef8d0b217d26c57a92 [term 2 LEADER]: Becoming Leader. State: Replica: c375f64c0b0140ef8d0b217d26c57a92, State: Running, Role: LEADER
I20260710 11:10:17.343281 26017 consensus_queue.cc:237] T bf51eaded68c4bf0b38833c7d3b0e6aa P c375f64c0b0140ef8d0b217d26c57a92 [LEADER]: Queue going to LEADER mode. State: All replicated index: 0, Majority replicated index: 1, Committed index: 1, Last appended: 1.1, Last appended by leader: 1, Current term: 2, Majority size: 2, State: 0, Mode: LEADER, active raft config: opid_index: -1 OBSOLETE_local: false peers { permanent_uuid: "7d2de8bb8bdb490fa4e0077b4fb9e968" member_type: VOTER last_known_addr { host: "127.24.128.1" port: 41973 } } peers { permanent_uuid: "ae905e2138ec421a8e2b8fe8f6f86da1" member_type: VOTER last_known_addr { host: "127.24.128.2" port: 37853 } } peers { permanent_uuid: "c375f64c0b0140ef8d0b217d26c57a92" member_type: VOTER last_known_addr { host: "127.24.128.3" port: 37573 } }
I20260710 11:10:17.350181 25626 catalog_manager.cc:5697] T bf51eaded68c4bf0b38833c7d3b0e6aa P c375f64c0b0140ef8d0b217d26c57a92 reported cstate change: term changed from 1 to 2, leader changed from 7d2de8bb8bdb490fa4e0077b4fb9e968 (127.24.128.1) to c375f64c0b0140ef8d0b217d26c57a92 (127.24.128.3). New cstate: current_term: 2 leader_uuid: "c375f64c0b0140ef8d0b217d26c57a92" committed_config { opid_index: -1 OBSOLETE_local: false peers { permanent_uuid: "7d2de8bb8bdb490fa4e0077b4fb9e968" member_type: VOTER last_known_addr { host: "127.24.128.1" port: 41973 } health_report { overall_health: UNKNOWN } } peers { permanent_uuid: "ae905e2138ec421a8e2b8fe8f6f86da1" member_type: VOTER last_known_addr { host: "127.24.128.2" port: 37853 } health_report { overall_health: UNKNOWN } } peers { permanent_uuid: "c375f64c0b0140ef8d0b217d26c57a92" member_type: VOTER last_known_addr { host: "127.24.128.3" port: 37573 } health_report { overall_health: HEALTHY } } }
I20260710 11:10:17.799053 25800 raft_consensus.cc:1275] T 4761ff672c474225a6f36e8062b6f0c4 P ae905e2138ec421a8e2b8fe8f6f86da1 [term 3 FOLLOWER]: Refusing update from remote peer c375f64c0b0140ef8d0b217d26c57a92: Log matching property violated. Preceding OpId in replica: term: 2 index: 2. Preceding OpId from leader: term: 3 index: 3. (index mismatch)
I20260710 11:10:17.800197 26017 consensus_queue.cc:1048] T 4761ff672c474225a6f36e8062b6f0c4 P c375f64c0b0140ef8d0b217d26c57a92 [LEADER]: Connected to new peer: Peer: permanent_uuid: "ae905e2138ec421a8e2b8fe8f6f86da1" member_type: VOTER last_known_addr { host: "127.24.128.2" port: 37853 }, Status: LMP_MISMATCH, Last received: 0.0, Next index: 3, Last known committed idx: 2, Time since last communication: 0.000s
I20260710 11:10:17.810120 25728 raft_consensus.cc:1275] T 4761ff672c474225a6f36e8062b6f0c4 P 7d2de8bb8bdb490fa4e0077b4fb9e968 [term 3 FOLLOWER]: Refusing update from remote peer c375f64c0b0140ef8d0b217d26c57a92: Log matching property violated. Preceding OpId in replica: term: 2 index: 2. Preceding OpId from leader: term: 3 index: 3. (index mismatch)
I20260710 11:10:17.812892 26021 consensus_queue.cc:1048] T 4761ff672c474225a6f36e8062b6f0c4 P c375f64c0b0140ef8d0b217d26c57a92 [LEADER]: Connected to new peer: Peer: permanent_uuid: "7d2de8bb8bdb490fa4e0077b4fb9e968" member_type: VOTER last_known_addr { host: "127.24.128.1" port: 41973 }, Status: LMP_MISMATCH, Last received: 0.0, Next index: 3, Last known committed idx: 2, Time since last communication: 0.000s
I20260710 11:10:17.897840 25728 raft_consensus.cc:1275] T bf51eaded68c4bf0b38833c7d3b0e6aa P 7d2de8bb8bdb490fa4e0077b4fb9e968 [term 2 FOLLOWER]: Refusing update from remote peer c375f64c0b0140ef8d0b217d26c57a92: Log matching property violated. Preceding OpId in replica: term: 1 index: 1. Preceding OpId from leader: term: 2 index: 2. (index mismatch)
I20260710 11:10:17.899555 26021 consensus_queue.cc:1048] T bf51eaded68c4bf0b38833c7d3b0e6aa P c375f64c0b0140ef8d0b217d26c57a92 [LEADER]: Connected to new peer: Peer: permanent_uuid: "7d2de8bb8bdb490fa4e0077b4fb9e968" member_type: VOTER last_known_addr { host: "127.24.128.1" port: 41973 }, Status: LMP_MISMATCH, Last received: 0.0, Next index: 2, Last known committed idx: 1, Time since last communication: 0.000s
I20260710 11:10:17.908929 25800 raft_consensus.cc:1275] T bf51eaded68c4bf0b38833c7d3b0e6aa P ae905e2138ec421a8e2b8fe8f6f86da1 [term 2 FOLLOWER]: Refusing update from remote peer c375f64c0b0140ef8d0b217d26c57a92: Log matching property violated. Preceding OpId in replica: term: 1 index: 1. Preceding OpId from leader: term: 2 index: 2. (index mismatch)
I20260710 11:10:17.910881 26017 consensus_queue.cc:1048] T bf51eaded68c4bf0b38833c7d3b0e6aa P c375f64c0b0140ef8d0b217d26c57a92 [LEADER]: Connected to new peer: Peer: permanent_uuid: "ae905e2138ec421a8e2b8fe8f6f86da1" member_type: VOTER last_known_addr { host: "127.24.128.2" port: 37853 }, Status: LMP_MISMATCH, Last received: 0.0, Next index: 2, Last known committed idx: 1, Time since last communication: 0.000s
I20260710 11:10:17.962152 25088 auto_leader_rebalancer.cc:141] leader rebalance for table test-workload
I20260710 11:10:17.978011 25875 tablet_service.cc:2072] Received LeaderStepDown RPC: tablet_id: "4761ff672c474225a6f36e8062b6f0c4"
dest_uuid: "c375f64c0b0140ef8d0b217d26c57a92"
mode: GRACEFUL
new_leader_uuid: "7d2de8bb8bdb490fa4e0077b4fb9e968"
 from {username='slave'} at 127.0.0.1:46448
I20260710 11:10:17.978641 25875 raft_consensus.cc:606] T 4761ff672c474225a6f36e8062b6f0c4 P c375f64c0b0140ef8d0b217d26c57a92 [term 3 LEADER]: Received request to transfer leadership to TS 7d2de8bb8bdb490fa4e0077b4fb9e968
I20260710 11:10:17.986549 25875 tablet_service.cc:2072] Received LeaderStepDown RPC: tablet_id: "bf51eaded68c4bf0b38833c7d3b0e6aa"
dest_uuid: "c375f64c0b0140ef8d0b217d26c57a92"
mode: GRACEFUL
new_leader_uuid: "7d2de8bb8bdb490fa4e0077b4fb9e968"
 from {username='slave'} at 127.0.0.1:46448
I20260710 11:10:17.987185 25875 raft_consensus.cc:606] T bf51eaded68c4bf0b38833c7d3b0e6aa P c375f64c0b0140ef8d0b217d26c57a92 [term 2 LEADER]: Received request to transfer leadership to TS 7d2de8bb8bdb490fa4e0077b4fb9e968
I20260710 11:10:17.992285 25800 tablet_service.cc:2072] Received LeaderStepDown RPC: tablet_id: "faed43e62dae4287ab8611994a97b520"
dest_uuid: "ae905e2138ec421a8e2b8fe8f6f86da1"
mode: GRACEFUL
new_leader_uuid: "7d2de8bb8bdb490fa4e0077b4fb9e968"
 from {username='slave'} at 127.0.0.1:43190
I20260710 11:10:17.992924 25800 raft_consensus.cc:606] T faed43e62dae4287ab8611994a97b520 P ae905e2138ec421a8e2b8fe8f6f86da1 [term 2 LEADER]: Received request to transfer leadership to TS 7d2de8bb8bdb490fa4e0077b4fb9e968
I20260710 11:10:17.998145 25800 tablet_service.cc:2072] Received LeaderStepDown RPC: tablet_id: "f72ca5fd714d4c339b63ce8b358f81e4"
dest_uuid: "ae905e2138ec421a8e2b8fe8f6f86da1"
mode: GRACEFUL
new_leader_uuid: "7d2de8bb8bdb490fa4e0077b4fb9e968"
 from {username='slave'} at 127.0.0.1:43190
I20260710 11:10:17.998679 25800 raft_consensus.cc:606] T f72ca5fd714d4c339b63ce8b358f81e4 P ae905e2138ec421a8e2b8fe8f6f86da1 [term 2 LEADER]: Received request to transfer leadership to TS 7d2de8bb8bdb490fa4e0077b4fb9e968
I20260710 11:10:18.003726 25800 tablet_service.cc:2072] Received LeaderStepDown RPC: tablet_id: "2d6e62c20156421994bb27ae20ad039e"
dest_uuid: "ae905e2138ec421a8e2b8fe8f6f86da1"
mode: GRACEFUL
new_leader_uuid: "7d2de8bb8bdb490fa4e0077b4fb9e968"
 from {username='slave'} at 127.0.0.1:43190
I20260710 11:10:18.004263 25800 raft_consensus.cc:606] T 2d6e62c20156421994bb27ae20ad039e P ae905e2138ec421a8e2b8fe8f6f86da1 [term 2 LEADER]: Received request to transfer leadership to TS 7d2de8bb8bdb490fa4e0077b4fb9e968
I20260710 11:10:18.124137 25940 raft_consensus.cc:993] T 2d6e62c20156421994bb27ae20ad039e P ae905e2138ec421a8e2b8fe8f6f86da1: : Instructing follower 7d2de8bb8bdb490fa4e0077b4fb9e968 to start an election
I20260710 11:10:18.124631 26036 raft_consensus.cc:1081] T 2d6e62c20156421994bb27ae20ad039e P ae905e2138ec421a8e2b8fe8f6f86da1 [term 2 LEADER]: Signalling peer 7d2de8bb8bdb490fa4e0077b4fb9e968 to start an election
I20260710 11:10:18.126063 25728 tablet_service.cc:2044] Received Run Leader Election RPC: tablet_id: "2d6e62c20156421994bb27ae20ad039e"
dest_uuid: "7d2de8bb8bdb490fa4e0077b4fb9e968"
 from {username='slave'} at 127.0.0.1:58708
I20260710 11:10:18.126631 25728 raft_consensus.cc:493] T 2d6e62c20156421994bb27ae20ad039e P 7d2de8bb8bdb490fa4e0077b4fb9e968 [term 2 FOLLOWER]: Starting forced leader election (received explicit request)
I20260710 11:10:18.126997 25728 raft_consensus.cc:3060] T 2d6e62c20156421994bb27ae20ad039e P 7d2de8bb8bdb490fa4e0077b4fb9e968 [term 2 FOLLOWER]: Advancing to term 3
I20260710 11:10:18.131924 25728 raft_consensus.cc:515] T 2d6e62c20156421994bb27ae20ad039e P 7d2de8bb8bdb490fa4e0077b4fb9e968 [term 3 FOLLOWER]: Starting forced leader election with config: opid_index: -1 OBSOLETE_local: false peers { permanent_uuid: "7d2de8bb8bdb490fa4e0077b4fb9e968" member_type: VOTER last_known_addr { host: "127.24.128.1" port: 41973 } } peers { permanent_uuid: "ae905e2138ec421a8e2b8fe8f6f86da1" member_type: VOTER last_known_addr { host: "127.24.128.2" port: 37853 } } peers { permanent_uuid: "c375f64c0b0140ef8d0b217d26c57a92" member_type: VOTER last_known_addr { host: "127.24.128.3" port: 37573 } }
I20260710 11:10:18.133769 25728 leader_election.cc:290] T 2d6e62c20156421994bb27ae20ad039e P 7d2de8bb8bdb490fa4e0077b4fb9e968 [CANDIDATE]: Term 3 election: Requested vote from peers ae905e2138ec421a8e2b8fe8f6f86da1 (127.24.128.2:37853), c375f64c0b0140ef8d0b217d26c57a92 (127.24.128.3:37573)
I20260710 11:10:18.134959 25875 tablet_service.cc:1917] Received RequestConsensusVote() RPC: tablet_id: "2d6e62c20156421994bb27ae20ad039e" candidate_uuid: "7d2de8bb8bdb490fa4e0077b4fb9e968" candidate_term: 3 candidate_status { last_received { term: 2 index: 2 } } ignore_live_leader: true dest_uuid: "c375f64c0b0140ef8d0b217d26c57a92"
I20260710 11:10:18.135015 25800 tablet_service.cc:1917] Received RequestConsensusVote() RPC: tablet_id: "2d6e62c20156421994bb27ae20ad039e" candidate_uuid: "7d2de8bb8bdb490fa4e0077b4fb9e968" candidate_term: 3 candidate_status { last_received { term: 2 index: 2 } } ignore_live_leader: true dest_uuid: "ae905e2138ec421a8e2b8fe8f6f86da1"
I20260710 11:10:18.135757 25875 raft_consensus.cc:3060] T 2d6e62c20156421994bb27ae20ad039e P c375f64c0b0140ef8d0b217d26c57a92 [term 2 FOLLOWER]: Advancing to term 3
I20260710 11:10:18.135828 25800 raft_consensus.cc:3055] T 2d6e62c20156421994bb27ae20ad039e P ae905e2138ec421a8e2b8fe8f6f86da1 [term 2 LEADER]: Stepping down as leader of term 2
I20260710 11:10:18.136163 25800 raft_consensus.cc:740] T 2d6e62c20156421994bb27ae20ad039e P ae905e2138ec421a8e2b8fe8f6f86da1 [term 2 LEADER]: Becoming Follower/Learner. State: Replica: ae905e2138ec421a8e2b8fe8f6f86da1, State: Running, Role: LEADER
I20260710 11:10:18.136802 25800 consensus_queue.cc:260] T 2d6e62c20156421994bb27ae20ad039e P ae905e2138ec421a8e2b8fe8f6f86da1 [NON_LEADER]: Queue going to NON_LEADER mode. State: All replicated index: 0, Majority replicated index: 2, Committed index: 2, Last appended: 2.2, Last appended by leader: 2, Current term: 2, Majority size: -1, State: 0, Mode: NON_LEADER, active raft config: opid_index: -1 OBSOLETE_local: false peers { permanent_uuid: "7d2de8bb8bdb490fa4e0077b4fb9e968" member_type: VOTER last_known_addr { host: "127.24.128.1" port: 41973 } } peers { permanent_uuid: "ae905e2138ec421a8e2b8fe8f6f86da1" member_type: VOTER last_known_addr { host: "127.24.128.2" port: 37853 } } peers { permanent_uuid: "c375f64c0b0140ef8d0b217d26c57a92" member_type: VOTER last_known_addr { host: "127.24.128.3" port: 37573 } }
I20260710 11:10:18.137686 25800 raft_consensus.cc:3060] T 2d6e62c20156421994bb27ae20ad039e P ae905e2138ec421a8e2b8fe8f6f86da1 [term 2 FOLLOWER]: Advancing to term 3
I20260710 11:10:18.141103 25875 raft_consensus.cc:2468] T 2d6e62c20156421994bb27ae20ad039e P c375f64c0b0140ef8d0b217d26c57a92 [term 3 FOLLOWER]: Leader election vote request: Granting yes vote for candidate 7d2de8bb8bdb490fa4e0077b4fb9e968 in term 3.
I20260710 11:10:18.142241 25800 raft_consensus.cc:2468] T 2d6e62c20156421994bb27ae20ad039e P ae905e2138ec421a8e2b8fe8f6f86da1 [term 3 FOLLOWER]: Leader election vote request: Granting yes vote for candidate 7d2de8bb8bdb490fa4e0077b4fb9e968 in term 3.
I20260710 11:10:18.142342 25692 leader_election.cc:304] T 2d6e62c20156421994bb27ae20ad039e P 7d2de8bb8bdb490fa4e0077b4fb9e968 [CANDIDATE]: Term 3 election: Election decided. Result: candidate won. Election summary: received 2 responses out of 3 voters: 2 yes votes; 0 no votes. yes voters: 7d2de8bb8bdb490fa4e0077b4fb9e968, c375f64c0b0140ef8d0b217d26c57a92; no voters: 
I20260710 11:10:18.143170 26018 raft_consensus.cc:2804] T 2d6e62c20156421994bb27ae20ad039e P 7d2de8bb8bdb490fa4e0077b4fb9e968 [term 3 FOLLOWER]: Leader election won for term 3
I20260710 11:10:18.143661 26018 raft_consensus.cc:697] T 2d6e62c20156421994bb27ae20ad039e P 7d2de8bb8bdb490fa4e0077b4fb9e968 [term 3 LEADER]: Becoming Leader. State: Replica: 7d2de8bb8bdb490fa4e0077b4fb9e968, State: Running, Role: LEADER
I20260710 11:10:18.144378 26018 consensus_queue.cc:237] T 2d6e62c20156421994bb27ae20ad039e P 7d2de8bb8bdb490fa4e0077b4fb9e968 [LEADER]: Queue going to LEADER mode. State: All replicated index: 0, Majority replicated index: 2, Committed index: 2, Last appended: 2.2, Last appended by leader: 2, Current term: 3, Majority size: 2, State: 0, Mode: LEADER, active raft config: opid_index: -1 OBSOLETE_local: false peers { permanent_uuid: "7d2de8bb8bdb490fa4e0077b4fb9e968" member_type: VOTER last_known_addr { host: "127.24.128.1" port: 41973 } } peers { permanent_uuid: "ae905e2138ec421a8e2b8fe8f6f86da1" member_type: VOTER last_known_addr { host: "127.24.128.2" port: 37853 } } peers { permanent_uuid: "c375f64c0b0140ef8d0b217d26c57a92" member_type: VOTER last_known_addr { host: "127.24.128.3" port: 37573 } }
I20260710 11:10:18.151930 25623 catalog_manager.cc:5697] T 2d6e62c20156421994bb27ae20ad039e P 7d2de8bb8bdb490fa4e0077b4fb9e968 reported cstate change: term changed from 2 to 3, leader changed from ae905e2138ec421a8e2b8fe8f6f86da1 (127.24.128.2) to 7d2de8bb8bdb490fa4e0077b4fb9e968 (127.24.128.1). New cstate: current_term: 3 leader_uuid: "7d2de8bb8bdb490fa4e0077b4fb9e968" committed_config { opid_index: -1 OBSOLETE_local: false peers { permanent_uuid: "7d2de8bb8bdb490fa4e0077b4fb9e968" member_type: VOTER last_known_addr { host: "127.24.128.1" port: 41973 } health_report { overall_health: HEALTHY } } peers { permanent_uuid: "ae905e2138ec421a8e2b8fe8f6f86da1" member_type: VOTER last_known_addr { host: "127.24.128.2" port: 37853 } health_report { overall_health: UNKNOWN } } peers { permanent_uuid: "c375f64c0b0140ef8d0b217d26c57a92" member_type: VOTER last_known_addr { host: "127.24.128.3" port: 37573 } health_report { overall_health: UNKNOWN } } }
I20260710 11:10:18.181878 25940 raft_consensus.cc:993] T f72ca5fd714d4c339b63ce8b358f81e4 P ae905e2138ec421a8e2b8fe8f6f86da1: : Instructing follower 7d2de8bb8bdb490fa4e0077b4fb9e968 to start an election
I20260710 11:10:18.182420 26036 raft_consensus.cc:1081] T f72ca5fd714d4c339b63ce8b358f81e4 P ae905e2138ec421a8e2b8fe8f6f86da1 [term 2 LEADER]: Signalling peer 7d2de8bb8bdb490fa4e0077b4fb9e968 to start an election
I20260710 11:10:18.184161 25728 tablet_service.cc:2044] Received Run Leader Election RPC: tablet_id: "f72ca5fd714d4c339b63ce8b358f81e4"
dest_uuid: "7d2de8bb8bdb490fa4e0077b4fb9e968"
 from {username='slave'} at 127.0.0.1:58708
I20260710 11:10:18.184787 25728 raft_consensus.cc:493] T f72ca5fd714d4c339b63ce8b358f81e4 P 7d2de8bb8bdb490fa4e0077b4fb9e968 [term 2 FOLLOWER]: Starting forced leader election (received explicit request)
I20260710 11:10:18.185190 25728 raft_consensus.cc:3060] T f72ca5fd714d4c339b63ce8b358f81e4 P 7d2de8bb8bdb490fa4e0077b4fb9e968 [term 2 FOLLOWER]: Advancing to term 3
I20260710 11:10:18.192428 25728 raft_consensus.cc:515] T f72ca5fd714d4c339b63ce8b358f81e4 P 7d2de8bb8bdb490fa4e0077b4fb9e968 [term 3 FOLLOWER]: Starting forced leader election with config: opid_index: -1 OBSOLETE_local: false peers { permanent_uuid: "7d2de8bb8bdb490fa4e0077b4fb9e968" member_type: VOTER last_known_addr { host: "127.24.128.1" port: 41973 } } peers { permanent_uuid: "ae905e2138ec421a8e2b8fe8f6f86da1" member_type: VOTER last_known_addr { host: "127.24.128.2" port: 37853 } } peers { permanent_uuid: "c375f64c0b0140ef8d0b217d26c57a92" member_type: VOTER last_known_addr { host: "127.24.128.3" port: 37573 } }
I20260710 11:10:18.193670 25940 raft_consensus.cc:993] T faed43e62dae4287ab8611994a97b520 P ae905e2138ec421a8e2b8fe8f6f86da1: : Instructing follower 7d2de8bb8bdb490fa4e0077b4fb9e968 to start an election
I20260710 11:10:18.194125 26036 raft_consensus.cc:1081] T faed43e62dae4287ab8611994a97b520 P ae905e2138ec421a8e2b8fe8f6f86da1 [term 2 LEADER]: Signalling peer 7d2de8bb8bdb490fa4e0077b4fb9e968 to start an election
I20260710 11:10:18.195170 25800 tablet_service.cc:1917] Received RequestConsensusVote() RPC: tablet_id: "f72ca5fd714d4c339b63ce8b358f81e4" candidate_uuid: "7d2de8bb8bdb490fa4e0077b4fb9e968" candidate_term: 3 candidate_status { last_received { term: 2 index: 2 } } ignore_live_leader: true dest_uuid: "ae905e2138ec421a8e2b8fe8f6f86da1"
I20260710 11:10:18.195415 25728 leader_election.cc:290] T f72ca5fd714d4c339b63ce8b358f81e4 P 7d2de8bb8bdb490fa4e0077b4fb9e968 [CANDIDATE]: Term 3 election: Requested vote from peers ae905e2138ec421a8e2b8fe8f6f86da1 (127.24.128.2:37853), c375f64c0b0140ef8d0b217d26c57a92 (127.24.128.3:37573)
I20260710 11:10:18.195750 25800 raft_consensus.cc:3055] T f72ca5fd714d4c339b63ce8b358f81e4 P ae905e2138ec421a8e2b8fe8f6f86da1 [term 2 LEADER]: Stepping down as leader of term 2
I20260710 11:10:18.195942 25875 tablet_service.cc:1917] Received RequestConsensusVote() RPC: tablet_id: "f72ca5fd714d4c339b63ce8b358f81e4" candidate_uuid: "7d2de8bb8bdb490fa4e0077b4fb9e968" candidate_term: 3 candidate_status { last_received { term: 2 index: 2 } } ignore_live_leader: true dest_uuid: "c375f64c0b0140ef8d0b217d26c57a92"
I20260710 11:10:18.196128 25800 raft_consensus.cc:740] T f72ca5fd714d4c339b63ce8b358f81e4 P ae905e2138ec421a8e2b8fe8f6f86da1 [term 2 LEADER]: Becoming Follower/Learner. State: Replica: ae905e2138ec421a8e2b8fe8f6f86da1, State: Running, Role: LEADER
I20260710 11:10:18.196018 25727 tablet_service.cc:2044] Received Run Leader Election RPC: tablet_id: "faed43e62dae4287ab8611994a97b520"
dest_uuid: "7d2de8bb8bdb490fa4e0077b4fb9e968"
 from {username='slave'} at 127.0.0.1:58708
I20260710 11:10:18.196537 25875 raft_consensus.cc:3060] T f72ca5fd714d4c339b63ce8b358f81e4 P c375f64c0b0140ef8d0b217d26c57a92 [term 2 FOLLOWER]: Advancing to term 3
I20260710 11:10:18.196991 25727 raft_consensus.cc:493] T faed43e62dae4287ab8611994a97b520 P 7d2de8bb8bdb490fa4e0077b4fb9e968 [term 2 FOLLOWER]: Starting forced leader election (received explicit request)
I20260710 11:10:18.197517 25727 raft_consensus.cc:3060] T faed43e62dae4287ab8611994a97b520 P 7d2de8bb8bdb490fa4e0077b4fb9e968 [term 2 FOLLOWER]: Advancing to term 3
I20260710 11:10:18.197050 25800 consensus_queue.cc:260] T f72ca5fd714d4c339b63ce8b358f81e4 P ae905e2138ec421a8e2b8fe8f6f86da1 [NON_LEADER]: Queue going to NON_LEADER mode. State: All replicated index: 0, Majority replicated index: 2, Committed index: 2, Last appended: 2.2, Last appended by leader: 2, Current term: 2, Majority size: -1, State: 0, Mode: NON_LEADER, active raft config: opid_index: -1 OBSOLETE_local: false peers { permanent_uuid: "7d2de8bb8bdb490fa4e0077b4fb9e968" member_type: VOTER last_known_addr { host: "127.24.128.1" port: 41973 } } peers { permanent_uuid: "ae905e2138ec421a8e2b8fe8f6f86da1" member_type: VOTER last_known_addr { host: "127.24.128.2" port: 37853 } } peers { permanent_uuid: "c375f64c0b0140ef8d0b217d26c57a92" member_type: VOTER last_known_addr { host: "127.24.128.3" port: 37573 } }
I20260710 11:10:18.198462 25800 raft_consensus.cc:3060] T f72ca5fd714d4c339b63ce8b358f81e4 P ae905e2138ec421a8e2b8fe8f6f86da1 [term 2 FOLLOWER]: Advancing to term 3
I20260710 11:10:18.203032 25727 raft_consensus.cc:515] T faed43e62dae4287ab8611994a97b520 P 7d2de8bb8bdb490fa4e0077b4fb9e968 [term 3 FOLLOWER]: Starting forced leader election with config: opid_index: -1 OBSOLETE_local: false peers { permanent_uuid: "7d2de8bb8bdb490fa4e0077b4fb9e968" member_type: VOTER last_known_addr { host: "127.24.128.1" port: 41973 } } peers { permanent_uuid: "ae905e2138ec421a8e2b8fe8f6f86da1" member_type: VOTER last_known_addr { host: "127.24.128.2" port: 37853 } } peers { permanent_uuid: "c375f64c0b0140ef8d0b217d26c57a92" member_type: VOTER last_known_addr { host: "127.24.128.3" port: 37573 } }
I20260710 11:10:18.203681 25875 raft_consensus.cc:2468] T f72ca5fd714d4c339b63ce8b358f81e4 P c375f64c0b0140ef8d0b217d26c57a92 [term 3 FOLLOWER]: Leader election vote request: Granting yes vote for candidate 7d2de8bb8bdb490fa4e0077b4fb9e968 in term 3.
I20260710 11:10:18.204815 25692 leader_election.cc:304] T f72ca5fd714d4c339b63ce8b358f81e4 P 7d2de8bb8bdb490fa4e0077b4fb9e968 [CANDIDATE]: Term 3 election: Election decided. Result: candidate won. Election summary: received 2 responses out of 3 voters: 2 yes votes; 0 no votes. yes voters: 7d2de8bb8bdb490fa4e0077b4fb9e968, c375f64c0b0140ef8d0b217d26c57a92; no voters: 
I20260710 11:10:18.205376 25727 leader_election.cc:290] T faed43e62dae4287ab8611994a97b520 P 7d2de8bb8bdb490fa4e0077b4fb9e968 [CANDIDATE]: Term 3 election: Requested vote from peers ae905e2138ec421a8e2b8fe8f6f86da1 (127.24.128.2:37853), c375f64c0b0140ef8d0b217d26c57a92 (127.24.128.3:37573)
I20260710 11:10:18.205438 25800 raft_consensus.cc:2468] T f72ca5fd714d4c339b63ce8b358f81e4 P ae905e2138ec421a8e2b8fe8f6f86da1 [term 3 FOLLOWER]: Leader election vote request: Granting yes vote for candidate 7d2de8bb8bdb490fa4e0077b4fb9e968 in term 3.
I20260710 11:10:18.205596 26018 raft_consensus.cc:2804] T f72ca5fd714d4c339b63ce8b358f81e4 P 7d2de8bb8bdb490fa4e0077b4fb9e968 [term 3 FOLLOWER]: Leader election won for term 3
I20260710 11:10:18.206177 26018 raft_consensus.cc:697] T f72ca5fd714d4c339b63ce8b358f81e4 P 7d2de8bb8bdb490fa4e0077b4fb9e968 [term 3 LEADER]: Becoming Leader. State: Replica: 7d2de8bb8bdb490fa4e0077b4fb9e968, State: Running, Role: LEADER
I20260710 11:10:18.206264 25803 tablet_service.cc:1917] Received RequestConsensusVote() RPC: tablet_id: "faed43e62dae4287ab8611994a97b520" candidate_uuid: "7d2de8bb8bdb490fa4e0077b4fb9e968" candidate_term: 3 candidate_status { last_received { term: 2 index: 2 } } ignore_live_leader: true dest_uuid: "ae905e2138ec421a8e2b8fe8f6f86da1"
I20260710 11:10:18.206981 25803 raft_consensus.cc:3055] T faed43e62dae4287ab8611994a97b520 P ae905e2138ec421a8e2b8fe8f6f86da1 [term 2 LEADER]: Stepping down as leader of term 2
I20260710 11:10:18.207327 25803 raft_consensus.cc:740] T faed43e62dae4287ab8611994a97b520 P ae905e2138ec421a8e2b8fe8f6f86da1 [term 2 LEADER]: Becoming Follower/Learner. State: Replica: ae905e2138ec421a8e2b8fe8f6f86da1, State: Running, Role: LEADER
I20260710 11:10:18.207118 26018 consensus_queue.cc:237] T f72ca5fd714d4c339b63ce8b358f81e4 P 7d2de8bb8bdb490fa4e0077b4fb9e968 [LEADER]: Queue going to LEADER mode. State: All replicated index: 0, Majority replicated index: 2, Committed index: 2, Last appended: 2.2, Last appended by leader: 2, Current term: 3, Majority size: 2, State: 0, Mode: LEADER, active raft config: opid_index: -1 OBSOLETE_local: false peers { permanent_uuid: "7d2de8bb8bdb490fa4e0077b4fb9e968" member_type: VOTER last_known_addr { host: "127.24.128.1" port: 41973 } } peers { permanent_uuid: "ae905e2138ec421a8e2b8fe8f6f86da1" member_type: VOTER last_known_addr { host: "127.24.128.2" port: 37853 } } peers { permanent_uuid: "c375f64c0b0140ef8d0b217d26c57a92" member_type: VOTER last_known_addr { host: "127.24.128.3" port: 37573 } }
I20260710 11:10:18.207399 25875 tablet_service.cc:1917] Received RequestConsensusVote() RPC: tablet_id: "faed43e62dae4287ab8611994a97b520" candidate_uuid: "7d2de8bb8bdb490fa4e0077b4fb9e968" candidate_term: 3 candidate_status { last_received { term: 2 index: 2 } } ignore_live_leader: true dest_uuid: "c375f64c0b0140ef8d0b217d26c57a92"
I20260710 11:10:18.208323 25875 raft_consensus.cc:3060] T faed43e62dae4287ab8611994a97b520 P c375f64c0b0140ef8d0b217d26c57a92 [term 2 FOLLOWER]: Advancing to term 3
I20260710 11:10:18.209431 25803 consensus_queue.cc:260] T faed43e62dae4287ab8611994a97b520 P ae905e2138ec421a8e2b8fe8f6f86da1 [NON_LEADER]: Queue going to NON_LEADER mode. State: All replicated index: 0, Majority replicated index: 2, Committed index: 2, Last appended: 2.2, Last appended by leader: 2, Current term: 2, Majority size: -1, State: 0, Mode: NON_LEADER, active raft config: opid_index: -1 OBSOLETE_local: false peers { permanent_uuid: "7d2de8bb8bdb490fa4e0077b4fb9e968" member_type: VOTER last_known_addr { host: "127.24.128.1" port: 41973 } } peers { permanent_uuid: "ae905e2138ec421a8e2b8fe8f6f86da1" member_type: VOTER last_known_addr { host: "127.24.128.2" port: 37853 } } peers { permanent_uuid: "c375f64c0b0140ef8d0b217d26c57a92" member_type: VOTER last_known_addr { host: "127.24.128.3" port: 37573 } }
I20260710 11:10:18.210569 25803 raft_consensus.cc:3060] T faed43e62dae4287ab8611994a97b520 P ae905e2138ec421a8e2b8fe8f6f86da1 [term 2 FOLLOWER]: Advancing to term 3
I20260710 11:10:18.215553 25875 raft_consensus.cc:2468] T faed43e62dae4287ab8611994a97b520 P c375f64c0b0140ef8d0b217d26c57a92 [term 3 FOLLOWER]: Leader election vote request: Granting yes vote for candidate 7d2de8bb8bdb490fa4e0077b4fb9e968 in term 3.
I20260710 11:10:18.216536 25692 leader_election.cc:304] T faed43e62dae4287ab8611994a97b520 P 7d2de8bb8bdb490fa4e0077b4fb9e968 [CANDIDATE]: Term 3 election: Election decided. Result: candidate won. Election summary: received 2 responses out of 3 voters: 2 yes votes; 0 no votes. yes voters: 7d2de8bb8bdb490fa4e0077b4fb9e968, c375f64c0b0140ef8d0b217d26c57a92; no voters: 
I20260710 11:10:18.217252 26018 raft_consensus.cc:2804] T faed43e62dae4287ab8611994a97b520 P 7d2de8bb8bdb490fa4e0077b4fb9e968 [term 3 FOLLOWER]: Leader election won for term 3
I20260710 11:10:18.216421 25623 catalog_manager.cc:5697] T f72ca5fd714d4c339b63ce8b358f81e4 P 7d2de8bb8bdb490fa4e0077b4fb9e968 reported cstate change: term changed from 2 to 3, leader changed from ae905e2138ec421a8e2b8fe8f6f86da1 (127.24.128.2) to 7d2de8bb8bdb490fa4e0077b4fb9e968 (127.24.128.1). New cstate: current_term: 3 leader_uuid: "7d2de8bb8bdb490fa4e0077b4fb9e968" committed_config { opid_index: -1 OBSOLETE_local: false peers { permanent_uuid: "7d2de8bb8bdb490fa4e0077b4fb9e968" member_type: VOTER last_known_addr { host: "127.24.128.1" port: 41973 } health_report { overall_health: HEALTHY } } peers { permanent_uuid: "ae905e2138ec421a8e2b8fe8f6f86da1" member_type: VOTER last_known_addr { host: "127.24.128.2" port: 37853 } health_report { overall_health: UNKNOWN } } peers { permanent_uuid: "c375f64c0b0140ef8d0b217d26c57a92" member_type: VOTER last_known_addr { host: "127.24.128.3" port: 37573 } health_report { overall_health: UNKNOWN } } }
I20260710 11:10:18.217321 25803 raft_consensus.cc:2468] T faed43e62dae4287ab8611994a97b520 P ae905e2138ec421a8e2b8fe8f6f86da1 [term 3 FOLLOWER]: Leader election vote request: Granting yes vote for candidate 7d2de8bb8bdb490fa4e0077b4fb9e968 in term 3.
I20260710 11:10:18.217700 26018 raft_consensus.cc:697] T faed43e62dae4287ab8611994a97b520 P 7d2de8bb8bdb490fa4e0077b4fb9e968 [term 3 LEADER]: Becoming Leader. State: Replica: 7d2de8bb8bdb490fa4e0077b4fb9e968, State: Running, Role: LEADER
I20260710 11:10:18.218540 26018 consensus_queue.cc:237] T faed43e62dae4287ab8611994a97b520 P 7d2de8bb8bdb490fa4e0077b4fb9e968 [LEADER]: Queue going to LEADER mode. State: All replicated index: 0, Majority replicated index: 2, Committed index: 2, Last appended: 2.2, Last appended by leader: 2, Current term: 3, Majority size: 2, State: 0, Mode: LEADER, active raft config: opid_index: -1 OBSOLETE_local: false peers { permanent_uuid: "7d2de8bb8bdb490fa4e0077b4fb9e968" member_type: VOTER last_known_addr { host: "127.24.128.1" port: 41973 } } peers { permanent_uuid: "ae905e2138ec421a8e2b8fe8f6f86da1" member_type: VOTER last_known_addr { host: "127.24.128.2" port: 37853 } } peers { permanent_uuid: "c375f64c0b0140ef8d0b217d26c57a92" member_type: VOTER last_known_addr { host: "127.24.128.3" port: 37573 } }
I20260710 11:10:18.228595 25623 catalog_manager.cc:5697] T faed43e62dae4287ab8611994a97b520 P 7d2de8bb8bdb490fa4e0077b4fb9e968 reported cstate change: term changed from 2 to 3, leader changed from ae905e2138ec421a8e2b8fe8f6f86da1 (127.24.128.2) to 7d2de8bb8bdb490fa4e0077b4fb9e968 (127.24.128.1). New cstate: current_term: 3 leader_uuid: "7d2de8bb8bdb490fa4e0077b4fb9e968" committed_config { opid_index: -1 OBSOLETE_local: false peers { permanent_uuid: "7d2de8bb8bdb490fa4e0077b4fb9e968" member_type: VOTER last_known_addr { host: "127.24.128.1" port: 41973 } health_report { overall_health: HEALTHY } } peers { permanent_uuid: "ae905e2138ec421a8e2b8fe8f6f86da1" member_type: VOTER last_known_addr { host: "127.24.128.2" port: 37853 } health_report { overall_health: UNKNOWN } } peers { permanent_uuid: "c375f64c0b0140ef8d0b217d26c57a92" member_type: VOTER last_known_addr { host: "127.24.128.3" port: 37573 } health_report { overall_health: UNKNOWN } } }
I20260710 11:10:18.415504 26031 raft_consensus.cc:993] T 4761ff672c474225a6f36e8062b6f0c4 P c375f64c0b0140ef8d0b217d26c57a92: : Instructing follower 7d2de8bb8bdb490fa4e0077b4fb9e968 to start an election
I20260710 11:10:18.416091 26017 raft_consensus.cc:1081] T 4761ff672c474225a6f36e8062b6f0c4 P c375f64c0b0140ef8d0b217d26c57a92 [term 3 LEADER]: Signalling peer 7d2de8bb8bdb490fa4e0077b4fb9e968 to start an election
I20260710 11:10:18.417799 25727 tablet_service.cc:2044] Received Run Leader Election RPC: tablet_id: "4761ff672c474225a6f36e8062b6f0c4"
dest_uuid: "7d2de8bb8bdb490fa4e0077b4fb9e968"
 from {username='slave'} at 127.0.0.1:58696
I20260710 11:10:18.418382 25727 raft_consensus.cc:493] T 4761ff672c474225a6f36e8062b6f0c4 P 7d2de8bb8bdb490fa4e0077b4fb9e968 [term 3 FOLLOWER]: Starting forced leader election (received explicit request)
I20260710 11:10:18.418699 25727 raft_consensus.cc:3060] T 4761ff672c474225a6f36e8062b6f0c4 P 7d2de8bb8bdb490fa4e0077b4fb9e968 [term 3 FOLLOWER]: Advancing to term 4
I20260710 11:10:18.423894 25727 raft_consensus.cc:515] T 4761ff672c474225a6f36e8062b6f0c4 P 7d2de8bb8bdb490fa4e0077b4fb9e968 [term 4 FOLLOWER]: Starting forced leader election with config: opid_index: -1 OBSOLETE_local: false peers { permanent_uuid: "7d2de8bb8bdb490fa4e0077b4fb9e968" member_type: VOTER last_known_addr { host: "127.24.128.1" port: 41973 } } peers { permanent_uuid: "ae905e2138ec421a8e2b8fe8f6f86da1" member_type: VOTER last_known_addr { host: "127.24.128.2" port: 37853 } } peers { permanent_uuid: "c375f64c0b0140ef8d0b217d26c57a92" member_type: VOTER last_known_addr { host: "127.24.128.3" port: 37573 } }
I20260710 11:10:18.425851 25727 leader_election.cc:290] T 4761ff672c474225a6f36e8062b6f0c4 P 7d2de8bb8bdb490fa4e0077b4fb9e968 [CANDIDATE]: Term 4 election: Requested vote from peers ae905e2138ec421a8e2b8fe8f6f86da1 (127.24.128.2:37853), c375f64c0b0140ef8d0b217d26c57a92 (127.24.128.3:37573)
I20260710 11:10:18.426796 25803 tablet_service.cc:1917] Received RequestConsensusVote() RPC: tablet_id: "4761ff672c474225a6f36e8062b6f0c4" candidate_uuid: "7d2de8bb8bdb490fa4e0077b4fb9e968" candidate_term: 4 candidate_status { last_received { term: 3 index: 3 } } ignore_live_leader: true dest_uuid: "ae905e2138ec421a8e2b8fe8f6f86da1"
I20260710 11:10:18.427096 25875 tablet_service.cc:1917] Received RequestConsensusVote() RPC: tablet_id: "4761ff672c474225a6f36e8062b6f0c4" candidate_uuid: "7d2de8bb8bdb490fa4e0077b4fb9e968" candidate_term: 4 candidate_status { last_received { term: 3 index: 3 } } ignore_live_leader: true dest_uuid: "c375f64c0b0140ef8d0b217d26c57a92"
I20260710 11:10:18.427363 25803 raft_consensus.cc:3060] T 4761ff672c474225a6f36e8062b6f0c4 P ae905e2138ec421a8e2b8fe8f6f86da1 [term 3 FOLLOWER]: Advancing to term 4
I20260710 11:10:18.427699 25875 raft_consensus.cc:3055] T 4761ff672c474225a6f36e8062b6f0c4 P c375f64c0b0140ef8d0b217d26c57a92 [term 3 LEADER]: Stepping down as leader of term 3
I20260710 11:10:18.428005 25875 raft_consensus.cc:740] T 4761ff672c474225a6f36e8062b6f0c4 P c375f64c0b0140ef8d0b217d26c57a92 [term 3 LEADER]: Becoming Follower/Learner. State: Replica: c375f64c0b0140ef8d0b217d26c57a92, State: Running, Role: LEADER
I20260710 11:10:18.428725 25875 consensus_queue.cc:260] T 4761ff672c474225a6f36e8062b6f0c4 P c375f64c0b0140ef8d0b217d26c57a92 [NON_LEADER]: Queue going to NON_LEADER mode. State: All replicated index: 0, Majority replicated index: 3, Committed index: 3, Last appended: 3.3, Last appended by leader: 3, Current term: 3, Majority size: -1, State: 0, Mode: NON_LEADER, active raft config: opid_index: -1 OBSOLETE_local: false peers { permanent_uuid: "7d2de8bb8bdb490fa4e0077b4fb9e968" member_type: VOTER last_known_addr { host: "127.24.128.1" port: 41973 } } peers { permanent_uuid: "ae905e2138ec421a8e2b8fe8f6f86da1" member_type: VOTER last_known_addr { host: "127.24.128.2" port: 37853 } } peers { permanent_uuid: "c375f64c0b0140ef8d0b217d26c57a92" member_type: VOTER last_known_addr { host: "127.24.128.3" port: 37573 } }
I20260710 11:10:18.429694 25875 raft_consensus.cc:3060] T 4761ff672c474225a6f36e8062b6f0c4 P c375f64c0b0140ef8d0b217d26c57a92 [term 3 FOLLOWER]: Advancing to term 4
I20260710 11:10:18.432026 25803 raft_consensus.cc:2468] T 4761ff672c474225a6f36e8062b6f0c4 P ae905e2138ec421a8e2b8fe8f6f86da1 [term 4 FOLLOWER]: Leader election vote request: Granting yes vote for candidate 7d2de8bb8bdb490fa4e0077b4fb9e968 in term 4.
