I20260710 11:10:33.584170  9396 leader_election.cc:304] T 0d604964f37546298393bf042c611cbf P 1a6953e20f044eada4cdd24be4e0cfc1 [CANDIDATE]: Term 1 election: Election decided. Result: candidate won. Election summary: received 3 responses out of 3 voters: 2 yes votes; 1 no votes. yes voters: 1a6953e20f044eada4cdd24be4e0cfc1, 6f396fcf68b2471daeb7d60bb1c5fa51; no voters: ae8a8894e5b5478ebfb8852d2b7038e0
I20260710 11:10:33.586439  9430 tablet_service.cc:1917] Received RequestConsensusVote() RPC: tablet_id: "dbecb846677b4a4c859b28f3ea36c64c" candidate_uuid: "ae8a8894e5b5478ebfb8852d2b7038e0" candidate_term: 1 candidate_status { last_received { term: 0 index: 0 } } ignore_live_leader: false dest_uuid: "1a6953e20f044eada4cdd24be4e0cfc1"
I20260710 11:10:33.586432  9622 raft_consensus.cc:359] T 525f0ca9893d4b93805ae8605b236815 P ae8a8894e5b5478ebfb8852d2b7038e0 [term 0 FOLLOWER]: Replica starting. Triggering 0 pending ops. Active config: opid_index: -1 OBSOLETE_local: false peers { permanent_uuid: "1a6953e20f044eada4cdd24be4e0cfc1" member_type: VOTER last_known_addr { host: "127.8.21.193" port: 37947 } } peers { permanent_uuid: "6f396fcf68b2471daeb7d60bb1c5fa51" member_type: VOTER last_known_addr { host: "127.8.21.194" port: 46437 } } peers { permanent_uuid: "ae8a8894e5b5478ebfb8852d2b7038e0" member_type: VOTER last_known_addr { host: "127.8.21.195" port: 37649 } }
I20260710 11:10:33.590427  9622 raft_consensus.cc:385] T 525f0ca9893d4b93805ae8605b236815 P ae8a8894e5b5478ebfb8852d2b7038e0 [term 0 FOLLOWER]: Consensus starting up: Expiring failure detector timer to make a prompt election more likely
I20260710 11:10:33.589927  9324 catalog_manager.cc:5697] T de24581eae044f8fb01986cdf1ba992e P 6f396fcf68b2471daeb7d60bb1c5fa51 reported cstate change: term changed from 0 to 1, leader changed from <none> to 6f396fcf68b2471daeb7d60bb1c5fa51 (127.8.21.194). New cstate: current_term: 1 leader_uuid: "6f396fcf68b2471daeb7d60bb1c5fa51" committed_config { opid_index: -1 OBSOLETE_local: false peers { permanent_uuid: "1a6953e20f044eada4cdd24be4e0cfc1" member_type: VOTER last_known_addr { host: "127.8.21.193" port: 37947 } health_report { overall_health: UNKNOWN } } peers { permanent_uuid: "6f396fcf68b2471daeb7d60bb1c5fa51" member_type: VOTER last_known_addr { host: "127.8.21.194" port: 46437 } health_report { overall_health: HEALTHY } } peers { permanent_uuid: "ae8a8894e5b5478ebfb8852d2b7038e0" member_type: VOTER last_known_addr { host: "127.8.21.195" port: 37649 } health_report { overall_health: UNKNOWN } } }
I20260710 11:10:33.589820  9430 raft_consensus.cc:3060] T dbecb846677b4a4c859b28f3ea36c64c P 1a6953e20f044eada4cdd24be4e0cfc1 [term 0 FOLLOWER]: Advancing to term 1
I20260710 11:10:33.588304  9503 tablet_service.cc:1917] Received RequestConsensusVote() RPC: tablet_id: "dbecb846677b4a4c859b28f3ea36c64c" candidate_uuid: "ae8a8894e5b5478ebfb8852d2b7038e0" candidate_term: 1 candidate_status { last_received { term: 0 index: 0 } } ignore_live_leader: false dest_uuid: "6f396fcf68b2471daeb7d60bb1c5fa51"
I20260710 11:10:33.591859  9324 catalog_manager.cc:5697] T 58e079e4738040079a32348d913be5c0 P 6f396fcf68b2471daeb7d60bb1c5fa51 reported cstate change: term changed from 0 to 1, leader changed from <none> to 6f396fcf68b2471daeb7d60bb1c5fa51 (127.8.21.194). New cstate: current_term: 1 leader_uuid: "6f396fcf68b2471daeb7d60bb1c5fa51" committed_config { opid_index: -1 OBSOLETE_local: false peers { permanent_uuid: "1a6953e20f044eada4cdd24be4e0cfc1" member_type: VOTER last_known_addr { host: "127.8.21.193" port: 37947 } health_report { overall_health: UNKNOWN } } peers { permanent_uuid: "6f396fcf68b2471daeb7d60bb1c5fa51" member_type: VOTER last_known_addr { host: "127.8.21.194" port: 46437 } health_report { overall_health: HEALTHY } } peers { permanent_uuid: "ae8a8894e5b5478ebfb8852d2b7038e0" member_type: VOTER last_known_addr { host: "127.8.21.195" port: 37649 } health_report { overall_health: UNKNOWN } } }
W20260710 11:10:33.593029  9545 leader_election.cc:343] T dbecb846677b4a4c859b28f3ea36c64c P ae8a8894e5b5478ebfb8852d2b7038e0 [CANDIDATE]: Term 1 election: Tablet error from VoteRequest() call to peer 6f396fcf68b2471daeb7d60bb1c5fa51 (127.8.21.194:46437): Illegal state: must be running to vote when last-logged opid is not known
I20260710 11:10:33.590806  9622 raft_consensus.cc:740] T 525f0ca9893d4b93805ae8605b236815 P ae8a8894e5b5478ebfb8852d2b7038e0 [term 0 FOLLOWER]: Becoming Follower/Learner. State: Replica: ae8a8894e5b5478ebfb8852d2b7038e0, State: Initialized, Role: FOLLOWER
I20260710 11:10:33.593727  9643 leader_election.cc:290] T dbecb846677b4a4c859b28f3ea36c64c P ae8a8894e5b5478ebfb8852d2b7038e0 [CANDIDATE]: Term 1 election: Requested vote from peers 1a6953e20f044eada4cdd24be4e0cfc1 (127.8.21.193:37947), 6f396fcf68b2471daeb7d60bb1c5fa51 (127.8.21.194:46437)
I20260710 11:10:33.595219  9622 consensus_queue.cc:260] T 525f0ca9893d4b93805ae8605b236815 P ae8a8894e5b5478ebfb8852d2b7038e0 [NON_LEADER]: Queue going to NON_LEADER mode. State: All replicated index: 0, Majority replicated index: 0, Committed index: 0, Last appended: 0.0, Last appended by leader: 0, Current term: 0, Majority size: -1, State: 0, Mode: NON_LEADER, active raft config: opid_index: -1 OBSOLETE_local: false peers { permanent_uuid: "1a6953e20f044eada4cdd24be4e0cfc1" member_type: VOTER last_known_addr { host: "127.8.21.193" port: 37947 } } peers { permanent_uuid: "6f396fcf68b2471daeb7d60bb1c5fa51" member_type: VOTER last_known_addr { host: "127.8.21.194" port: 46437 } } peers { permanent_uuid: "ae8a8894e5b5478ebfb8852d2b7038e0" member_type: VOTER last_known_addr { host: "127.8.21.195" port: 37649 } }
I20260710 11:10:33.595913  9327 catalog_manager.cc:5697] T 6f6e03af785c4e26ad420254b19ab09e P 1a6953e20f044eada4cdd24be4e0cfc1 reported cstate change: term changed from 1 to 2, leader changed from ae8a8894e5b5478ebfb8852d2b7038e0 (127.8.21.195) to 1a6953e20f044eada4cdd24be4e0cfc1 (127.8.21.193). New cstate: current_term: 2 leader_uuid: "1a6953e20f044eada4cdd24be4e0cfc1" committed_config { opid_index: -1 OBSOLETE_local: false peers { permanent_uuid: "1a6953e20f044eada4cdd24be4e0cfc1" member_type: VOTER last_known_addr { host: "127.8.21.193" port: 37947 } health_report { overall_health: HEALTHY } } peers { permanent_uuid: "6f396fcf68b2471daeb7d60bb1c5fa51" member_type: VOTER last_known_addr { host: "127.8.21.194" port: 46437 } health_report { overall_health: UNKNOWN } } peers { permanent_uuid: "ae8a8894e5b5478ebfb8852d2b7038e0" member_type: VOTER last_known_addr { host: "127.8.21.195" port: 37649 } health_report { overall_health: UNKNOWN } } }
I20260710 11:10:33.597513  9622 ts_tablet_manager.cc:1434] T 525f0ca9893d4b93805ae8605b236815 P ae8a8894e5b5478ebfb8852d2b7038e0: Time spent starting tablet: real 0.014s	user 0.007s	sys 0.000s
I20260710 11:10:33.590883  9766 raft_consensus.cc:2804] T 0d604964f37546298393bf042c611cbf P 1a6953e20f044eada4cdd24be4e0cfc1 [term 1 FOLLOWER]: Leader election won for term 1
I20260710 11:10:33.605121  9766 raft_consensus.cc:697] T 0d604964f37546298393bf042c611cbf P 1a6953e20f044eada4cdd24be4e0cfc1 [term 1 LEADER]: Becoming Leader. State: Replica: 1a6953e20f044eada4cdd24be4e0cfc1, State: Running, Role: LEADER
I20260710 11:10:33.606078  9766 consensus_queue.cc:237] T 0d604964f37546298393bf042c611cbf P 1a6953e20f044eada4cdd24be4e0cfc1 [LEADER]: Queue going to LEADER mode. State: All replicated index: 0, Majority replicated index: 0, Committed index: 0, Last appended: 0.0, Last appended by leader: 0, Current term: 1, Majority size: 2, State: 0, Mode: LEADER, active raft config: opid_index: -1 OBSOLETE_local: false peers { permanent_uuid: "1a6953e20f044eada4cdd24be4e0cfc1" member_type: VOTER last_known_addr { host: "127.8.21.193" port: 37947 } } peers { permanent_uuid: "6f396fcf68b2471daeb7d60bb1c5fa51" member_type: VOTER last_known_addr { host: "127.8.21.194" port: 46437 } } peers { permanent_uuid: "ae8a8894e5b5478ebfb8852d2b7038e0" member_type: VOTER last_known_addr { host: "127.8.21.195" port: 37649 } }
I20260710 11:10:33.615490  9430 raft_consensus.cc:2468] T dbecb846677b4a4c859b28f3ea36c64c P 1a6953e20f044eada4cdd24be4e0cfc1 [term 1 FOLLOWER]: Leader election vote request: Granting yes vote for candidate ae8a8894e5b5478ebfb8852d2b7038e0 in term 1.
I20260710 11:10:33.617195  9544 leader_election.cc:304] T dbecb846677b4a4c859b28f3ea36c64c P ae8a8894e5b5478ebfb8852d2b7038e0 [CANDIDATE]: Term 1 election: Election decided. Result: candidate won. Election summary: received 3 responses out of 3 voters: 2 yes votes; 1 no votes. yes voters: 1a6953e20f044eada4cdd24be4e0cfc1, ae8a8894e5b5478ebfb8852d2b7038e0; no voters: 6f396fcf68b2471daeb7d60bb1c5fa51
I20260710 11:10:33.627321  9643 raft_consensus.cc:2804] T dbecb846677b4a4c859b28f3ea36c64c P ae8a8894e5b5478ebfb8852d2b7038e0 [term 1 FOLLOWER]: Leader election won for term 1
I20260710 11:10:33.633525  9756 raft_consensus.cc:493] T 47cbd9355e414e929ed409e795dd2655 P 6f396fcf68b2471daeb7d60bb1c5fa51 [term 0 FOLLOWER]: Starting pre-election (no leader contacted us within the election timeout)
I20260710 11:10:33.634325  9756 raft_consensus.cc:515] T 47cbd9355e414e929ed409e795dd2655 P 6f396fcf68b2471daeb7d60bb1c5fa51 [term 0 FOLLOWER]: Starting pre-election with config: opid_index: -1 OBSOLETE_local: false peers { permanent_uuid: "1a6953e20f044eada4cdd24be4e0cfc1" member_type: VOTER last_known_addr { host: "127.8.21.193" port: 37947 } } peers { permanent_uuid: "6f396fcf68b2471daeb7d60bb1c5fa51" member_type: VOTER last_known_addr { host: "127.8.21.194" port: 46437 } } peers { permanent_uuid: "ae8a8894e5b5478ebfb8852d2b7038e0" member_type: VOTER last_known_addr { host: "127.8.21.195" port: 37649 } }
I20260710 11:10:33.651736  9628 consensus_queue.cc:1048] T c2fbc9ed8f5144b48928ecb53f645e32 P 1a6953e20f044eada4cdd24be4e0cfc1 [LEADER]: Connected to new peer: Peer: permanent_uuid: "6f396fcf68b2471daeb7d60bb1c5fa51" member_type: VOTER last_known_addr { host: "127.8.21.194" port: 46437 }, Status: LMP_MISMATCH, Last received: 0.0, Next index: 1, Last known committed idx: 0, Time since last communication: 0.001s
I20260710 11:10:33.657083  9430 tablet_service.cc:1917] Received RequestConsensusVote() RPC: tablet_id: "47cbd9355e414e929ed409e795dd2655" candidate_uuid: "6f396fcf68b2471daeb7d60bb1c5fa51" candidate_term: 1 candidate_status { last_received { term: 0 index: 0 } } ignore_live_leader: false dest_uuid: "1a6953e20f044eada4cdd24be4e0cfc1" is_pre_election: true
I20260710 11:10:33.658175  9430 raft_consensus.cc:2393] T 47cbd9355e414e929ed409e795dd2655 P 1a6953e20f044eada4cdd24be4e0cfc1 [term 1 FOLLOWER]: Leader pre-election vote request: Denying vote to candidate 6f396fcf68b2471daeb7d60bb1c5fa51 in current term 1: Already voted for candidate ae8a8894e5b5478ebfb8852d2b7038e0 in this term.
I20260710 11:10:33.660306  9764 raft_consensus.cc:515] T d97bee4a26c848fbb923b40a723dd39c P 1a6953e20f044eada4cdd24be4e0cfc1 [term 1 FOLLOWER]: Starting leader election with config: opid_index: -1 OBSOLETE_local: false peers { permanent_uuid: "1a6953e20f044eada4cdd24be4e0cfc1" member_type: VOTER last_known_addr { host: "127.8.21.193" port: 37947 } } peers { permanent_uuid: "6f396fcf68b2471daeb7d60bb1c5fa51" member_type: VOTER last_known_addr { host: "127.8.21.194" port: 46437 } } peers { permanent_uuid: "ae8a8894e5b5478ebfb8852d2b7038e0" member_type: VOTER last_known_addr { host: "127.8.21.195" port: 37649 } }
I20260710 11:10:33.663430  9764 leader_election.cc:290] T d97bee4a26c848fbb923b40a723dd39c P 1a6953e20f044eada4cdd24be4e0cfc1 [CANDIDATE]: Term 1 election: Requested vote from peers 6f396fcf68b2471daeb7d60bb1c5fa51 (127.8.21.194:46437), ae8a8894e5b5478ebfb8852d2b7038e0 (127.8.21.195:37649)
I20260710 11:10:33.664903  9580 tablet_service.cc:1917] Received RequestConsensusVote() RPC: tablet_id: "d97bee4a26c848fbb923b40a723dd39c" candidate_uuid: "1a6953e20f044eada4cdd24be4e0cfc1" candidate_term: 1 candidate_status { last_received { term: 0 index: 0 } } ignore_live_leader: false dest_uuid: "ae8a8894e5b5478ebfb8852d2b7038e0"
I20260710 11:10:33.668224  9580 raft_consensus.cc:3060] T d97bee4a26c848fbb923b40a723dd39c P ae8a8894e5b5478ebfb8852d2b7038e0 [term 0 FOLLOWER]: Advancing to term 1
I20260710 11:10:33.667294  9502 tablet_service.cc:1917] Received RequestConsensusVote() RPC: tablet_id: "d97bee4a26c848fbb923b40a723dd39c" candidate_uuid: "1a6953e20f044eada4cdd24be4e0cfc1" candidate_term: 1 candidate_status { last_received { term: 0 index: 0 } } ignore_live_leader: false dest_uuid: "6f396fcf68b2471daeb7d60bb1c5fa51"
I20260710 11:10:33.675150  9621 tablet_bootstrap.cc:492] T dbecb846677b4a4c859b28f3ea36c64c P 6f396fcf68b2471daeb7d60bb1c5fa51: No bootstrap required, opened a new log
I20260710 11:10:33.675706  9621 ts_tablet_manager.cc:1403] T dbecb846677b4a4c859b28f3ea36c64c P 6f396fcf68b2471daeb7d60bb1c5fa51: Time spent bootstrapping tablet: real 0.133s	user 0.013s	sys 0.038s
I20260710 11:10:33.676152  9579 tablet_service.cc:1917] Received RequestConsensusVote() RPC: tablet_id: "47cbd9355e414e929ed409e795dd2655" candidate_uuid: "6f396fcf68b2471daeb7d60bb1c5fa51" candidate_term: 1 candidate_status { last_received { term: 0 index: 0 } } ignore_live_leader: false dest_uuid: "ae8a8894e5b5478ebfb8852d2b7038e0" is_pre_election: true
I20260710 11:10:33.677840  9469 leader_election.cc:304] T 47cbd9355e414e929ed409e795dd2655 P 6f396fcf68b2471daeb7d60bb1c5fa51 [CANDIDATE]: Term 1 pre-election: Election decided. Result: candidate lost. Election summary: received 3 responses out of 3 voters: 1 yes votes; 2 no votes. yes voters: 6f396fcf68b2471daeb7d60bb1c5fa51; no voters: 1a6953e20f044eada4cdd24be4e0cfc1, ae8a8894e5b5478ebfb8852d2b7038e0
I20260710 11:10:33.678624  9621 raft_consensus.cc:359] T dbecb846677b4a4c859b28f3ea36c64c P 6f396fcf68b2471daeb7d60bb1c5fa51 [term 0 FOLLOWER]: Replica starting. Triggering 0 pending ops. Active config: opid_index: -1 OBSOLETE_local: false peers { permanent_uuid: "1a6953e20f044eada4cdd24be4e0cfc1" member_type: VOTER last_known_addr { host: "127.8.21.193" port: 37947 } } peers { permanent_uuid: "6f396fcf68b2471daeb7d60bb1c5fa51" member_type: VOTER last_known_addr { host: "127.8.21.194" port: 46437 } } peers { permanent_uuid: "ae8a8894e5b5478ebfb8852d2b7038e0" member_type: VOTER last_known_addr { host: "127.8.21.195" port: 37649 } }
I20260710 11:10:33.679298  9621 raft_consensus.cc:385] T dbecb846677b4a4c859b28f3ea36c64c P 6f396fcf68b2471daeb7d60bb1c5fa51 [term 0 FOLLOWER]: Consensus starting up: Expiring failure detector timer to make a prompt election more likely
I20260710 11:10:33.679502  9753 raft_consensus.cc:3060] T 47cbd9355e414e929ed409e795dd2655 P 6f396fcf68b2471daeb7d60bb1c5fa51 [term 0 FOLLOWER]: Advancing to term 1
I20260710 11:10:33.679549  9621 raft_consensus.cc:740] T dbecb846677b4a4c859b28f3ea36c64c P 6f396fcf68b2471daeb7d60bb1c5fa51 [term 0 FOLLOWER]: Becoming Follower/Learner. State: Replica: 6f396fcf68b2471daeb7d60bb1c5fa51, State: Initialized, Role: FOLLOWER
I20260710 11:10:33.680907  9621 consensus_queue.cc:260] T dbecb846677b4a4c859b28f3ea36c64c P 6f396fcf68b2471daeb7d60bb1c5fa51 [NON_LEADER]: Queue going to NON_LEADER mode. State: All replicated index: 0, Majority replicated index: 0, Committed index: 0, Last appended: 0.0, Last appended by leader: 0, Current term: 0, Majority size: -1, State: 0, Mode: NON_LEADER, active raft config: opid_index: -1 OBSOLETE_local: false peers { permanent_uuid: "1a6953e20f044eada4cdd24be4e0cfc1" member_type: VOTER last_known_addr { host: "127.8.21.193" port: 37947 } } peers { permanent_uuid: "6f396fcf68b2471daeb7d60bb1c5fa51" member_type: VOTER last_known_addr { host: "127.8.21.194" port: 46437 } } peers { permanent_uuid: "ae8a8894e5b5478ebfb8852d2b7038e0" member_type: VOTER last_known_addr { host: "127.8.21.195" port: 37649 } }
I20260710 11:10:33.682889  9621 ts_tablet_manager.cc:1434] T dbecb846677b4a4c859b28f3ea36c64c P 6f396fcf68b2471daeb7d60bb1c5fa51: Time spent starting tablet: real 0.007s	user 0.003s	sys 0.003s
I20260710 11:10:33.683774  9621 tablet_bootstrap.cc:492] T 525f0ca9893d4b93805ae8605b236815 P 6f396fcf68b2471daeb7d60bb1c5fa51: Bootstrap starting.
W20260710 11:10:33.683760  9396 leader_election.cc:343] T d97bee4a26c848fbb923b40a723dd39c P 1a6953e20f044eada4cdd24be4e0cfc1 [CANDIDATE]: Term 1 election: Tablet error from VoteRequest() call to peer 6f396fcf68b2471daeb7d60bb1c5fa51 (127.8.21.194:46437): Illegal state: must be running to vote when last-logged opid is not known
I20260710 11:10:33.681212  9580 raft_consensus.cc:2468] T d97bee4a26c848fbb923b40a723dd39c P ae8a8894e5b5478ebfb8852d2b7038e0 [term 1 FOLLOWER]: Leader election vote request: Granting yes vote for candidate 1a6953e20f044eada4cdd24be4e0cfc1 in term 1.
I20260710 11:10:33.686311  9394 leader_election.cc:304] T d97bee4a26c848fbb923b40a723dd39c P 1a6953e20f044eada4cdd24be4e0cfc1 [CANDIDATE]: Term 1 election: Election decided. Result: candidate won. Election summary: received 3 responses out of 3 voters: 2 yes votes; 1 no votes. yes voters: 1a6953e20f044eada4cdd24be4e0cfc1, ae8a8894e5b5478ebfb8852d2b7038e0; no voters: 6f396fcf68b2471daeb7d60bb1c5fa51
I20260710 11:10:33.687242  9772 raft_consensus.cc:2804] T d97bee4a26c848fbb923b40a723dd39c P 1a6953e20f044eada4cdd24be4e0cfc1 [term 1 FOLLOWER]: Leader election won for term 1
I20260710 11:10:33.687812  9772 raft_consensus.cc:697] T d97bee4a26c848fbb923b40a723dd39c P 1a6953e20f044eada4cdd24be4e0cfc1 [term 1 LEADER]: Becoming Leader. State: Replica: 1a6953e20f044eada4cdd24be4e0cfc1, State: Running, Role: LEADER
I20260710 11:10:33.688817  9772 consensus_queue.cc:237] T d97bee4a26c848fbb923b40a723dd39c P 1a6953e20f044eada4cdd24be4e0cfc1 [LEADER]: Queue going to LEADER mode. State: All replicated index: 0, Majority replicated index: 0, Committed index: 0, Last appended: 0.0, Last appended by leader: 0, Current term: 1, Majority size: 2, State: 0, Mode: LEADER, active raft config: opid_index: -1 OBSOLETE_local: false peers { permanent_uuid: "1a6953e20f044eada4cdd24be4e0cfc1" member_type: VOTER last_known_addr { host: "127.8.21.193" port: 37947 } } peers { permanent_uuid: "6f396fcf68b2471daeb7d60bb1c5fa51" member_type: VOTER last_known_addr { host: "127.8.21.194" port: 46437 } } peers { permanent_uuid: "ae8a8894e5b5478ebfb8852d2b7038e0" member_type: VOTER last_known_addr { host: "127.8.21.195" port: 37649 } }
I20260710 11:10:33.689248  9643 raft_consensus.cc:697] T dbecb846677b4a4c859b28f3ea36c64c P ae8a8894e5b5478ebfb8852d2b7038e0 [term 1 LEADER]: Becoming Leader. State: Replica: ae8a8894e5b5478ebfb8852d2b7038e0, State: Running, Role: LEADER
I20260710 11:10:33.690456  9621 tablet_bootstrap.cc:654] T 525f0ca9893d4b93805ae8605b236815 P 6f396fcf68b2471daeb7d60bb1c5fa51: Neither blocks nor log segments found. Creating new log.
I20260710 11:10:33.689177  9753 raft_consensus.cc:2749] T 47cbd9355e414e929ed409e795dd2655 P 6f396fcf68b2471daeb7d60bb1c5fa51 [term 1 FOLLOWER]: Leader pre-election lost for term 1. Reason: could not achieve majority
I20260710 11:10:33.690359  9643 consensus_queue.cc:237] T dbecb846677b4a4c859b28f3ea36c64c P ae8a8894e5b5478ebfb8852d2b7038e0 [LEADER]: Queue going to LEADER mode. State: All replicated index: 0, Majority replicated index: 0, Committed index: 0, Last appended: 0.0, Last appended by leader: 0, Current term: 1, Majority size: 2, State: 0, Mode: LEADER, active raft config: opid_index: -1 OBSOLETE_local: false peers { permanent_uuid: "1a6953e20f044eada4cdd24be4e0cfc1" member_type: VOTER last_known_addr { host: "127.8.21.193" port: 37947 } } peers { permanent_uuid: "6f396fcf68b2471daeb7d60bb1c5fa51" member_type: VOTER last_known_addr { host: "127.8.21.194" port: 46437 } } peers { permanent_uuid: "ae8a8894e5b5478ebfb8852d2b7038e0" member_type: VOTER last_known_addr { host: "127.8.21.195" port: 37649 } }
I20260710 11:10:33.692368  9756 leader_election.cc:290] T 47cbd9355e414e929ed409e795dd2655 P 6f396fcf68b2471daeb7d60bb1c5fa51 [CANDIDATE]: Term 1 pre-election: Requested pre-vote from peers 1a6953e20f044eada4cdd24be4e0cfc1 (127.8.21.193:37947), ae8a8894e5b5478ebfb8852d2b7038e0 (127.8.21.195:37649)
I20260710 11:10:33.696138  9327 catalog_manager.cc:5697] T 0d604964f37546298393bf042c611cbf P 1a6953e20f044eada4cdd24be4e0cfc1 reported cstate change: term changed from 0 to 1, leader changed from <none> to 1a6953e20f044eada4cdd24be4e0cfc1 (127.8.21.193). New cstate: current_term: 1 leader_uuid: "1a6953e20f044eada4cdd24be4e0cfc1" committed_config { opid_index: -1 OBSOLETE_local: false peers { permanent_uuid: "1a6953e20f044eada4cdd24be4e0cfc1" member_type: VOTER last_known_addr { host: "127.8.21.193" port: 37947 } health_report { overall_health: HEALTHY } } peers { permanent_uuid: "6f396fcf68b2471daeb7d60bb1c5fa51" member_type: VOTER last_known_addr { host: "127.8.21.194" port: 46437 } health_report { overall_health: UNKNOWN } } peers { permanent_uuid: "ae8a8894e5b5478ebfb8852d2b7038e0" member_type: VOTER last_known_addr { host: "127.8.21.195" port: 37649 } health_report { overall_health: UNKNOWN } } }
I20260710 11:10:33.698060  9328 catalog_manager.cc:5697] T 4ef53e4def0544489a7ec810f3d3ebf2 P ae8a8894e5b5478ebfb8852d2b7038e0 reported cstate change: term changed from 0 to 1, leader changed from <none> to ae8a8894e5b5478ebfb8852d2b7038e0 (127.8.21.195). New cstate: current_term: 1 leader_uuid: "ae8a8894e5b5478ebfb8852d2b7038e0" committed_config { opid_index: -1 OBSOLETE_local: false peers { permanent_uuid: "1a6953e20f044eada4cdd24be4e0cfc1" member_type: VOTER last_known_addr { host: "127.8.21.193" port: 37947 } health_report { overall_health: UNKNOWN } } peers { permanent_uuid: "6f396fcf68b2471daeb7d60bb1c5fa51" member_type: VOTER last_known_addr { host: "127.8.21.194" port: 46437 } health_report { overall_health: UNKNOWN } } peers { permanent_uuid: "ae8a8894e5b5478ebfb8852d2b7038e0" member_type: VOTER last_known_addr { host: "127.8.21.195" port: 37649 } health_report { overall_health: HEALTHY } } }
I20260710 11:10:33.700767  9328 catalog_manager.cc:5697] T 47cbd9355e414e929ed409e795dd2655 P ae8a8894e5b5478ebfb8852d2b7038e0 reported cstate change: term changed from 0 to 1, leader changed from <none> to ae8a8894e5b5478ebfb8852d2b7038e0 (127.8.21.195). New cstate: current_term: 1 leader_uuid: "ae8a8894e5b5478ebfb8852d2b7038e0" committed_config { opid_index: -1 OBSOLETE_local: false peers { permanent_uuid: "1a6953e20f044eada4cdd24be4e0cfc1" member_type: VOTER last_known_addr { host: "127.8.21.193" port: 37947 } health_report { overall_health: UNKNOWN } } peers { permanent_uuid: "6f396fcf68b2471daeb7d60bb1c5fa51" member_type: VOTER last_known_addr { host: "127.8.21.194" port: 46437 } health_report { overall_health: UNKNOWN } } peers { permanent_uuid: "ae8a8894e5b5478ebfb8852d2b7038e0" member_type: VOTER last_known_addr { host: "127.8.21.195" port: 37649 } health_report { overall_health: HEALTHY } } }
I20260710 11:10:33.734511  9753 consensus_queue.cc:1048] T de24581eae044f8fb01986cdf1ba992e P 6f396fcf68b2471daeb7d60bb1c5fa51 [LEADER]: Connected to new peer: Peer: permanent_uuid: "1a6953e20f044eada4cdd24be4e0cfc1" member_type: VOTER last_known_addr { host: "127.8.21.193" port: 37947 }, Status: LMP_MISMATCH, Last received: 0.0, Next index: 1, Last known committed idx: 0, Time since last communication: 0.001s
I20260710 11:10:33.739485  9621 tablet_bootstrap.cc:492] T 525f0ca9893d4b93805ae8605b236815 P 6f396fcf68b2471daeb7d60bb1c5fa51: No bootstrap required, opened a new log
I20260710 11:10:33.740393  9621 ts_tablet_manager.cc:1403] T 525f0ca9893d4b93805ae8605b236815 P 6f396fcf68b2471daeb7d60bb1c5fa51: Time spent bootstrapping tablet: real 0.057s	user 0.020s	sys 0.011s
I20260710 11:10:33.743496  9621 raft_consensus.cc:359] T 525f0ca9893d4b93805ae8605b236815 P 6f396fcf68b2471daeb7d60bb1c5fa51 [term 0 FOLLOWER]: Replica starting. Triggering 0 pending ops. Active config: opid_index: -1 OBSOLETE_local: false peers { permanent_uuid: "1a6953e20f044eada4cdd24be4e0cfc1" member_type: VOTER last_known_addr { host: "127.8.21.193" port: 37947 } } peers { permanent_uuid: "6f396fcf68b2471daeb7d60bb1c5fa51" member_type: VOTER last_known_addr { host: "127.8.21.194" port: 46437 } } peers { permanent_uuid: "ae8a8894e5b5478ebfb8852d2b7038e0" member_type: VOTER last_known_addr { host: "127.8.21.195" port: 37649 } }
I20260710 11:10:33.744279  9621 raft_consensus.cc:385] T 525f0ca9893d4b93805ae8605b236815 P 6f396fcf68b2471daeb7d60bb1c5fa51 [term 0 FOLLOWER]: Consensus starting up: Expiring failure detector timer to make a prompt election more likely
I20260710 11:10:33.743891  9756 consensus_queue.cc:1048] T de24581eae044f8fb01986cdf1ba992e P 6f396fcf68b2471daeb7d60bb1c5fa51 [LEADER]: Connected to new peer: Peer: permanent_uuid: "ae8a8894e5b5478ebfb8852d2b7038e0" member_type: VOTER last_known_addr { host: "127.8.21.195" port: 37649 }, Status: LMP_MISMATCH, Last received: 0.0, Next index: 1, Last known committed idx: 0, Time since last communication: 0.001s
I20260710 11:10:33.744635  9621 raft_consensus.cc:740] T 525f0ca9893d4b93805ae8605b236815 P 6f396fcf68b2471daeb7d60bb1c5fa51 [term 0 FOLLOWER]: Becoming Follower/Learner. State: Replica: 6f396fcf68b2471daeb7d60bb1c5fa51, State: Initialized, Role: FOLLOWER
I20260710 11:10:33.744469  9328 catalog_manager.cc:5697] T dbecb846677b4a4c859b28f3ea36c64c P ae8a8894e5b5478ebfb8852d2b7038e0 reported cstate change: term changed from 0 to 1, leader changed from <none> to ae8a8894e5b5478ebfb8852d2b7038e0 (127.8.21.195). New cstate: current_term: 1 leader_uuid: "ae8a8894e5b5478ebfb8852d2b7038e0" committed_config { opid_index: -1 OBSOLETE_local: false peers { permanent_uuid: "1a6953e20f044eada4cdd24be4e0cfc1" member_type: VOTER last_known_addr { host: "127.8.21.193" port: 37947 } health_report { overall_health: UNKNOWN } } peers { permanent_uuid: "6f396fcf68b2471daeb7d60bb1c5fa51" member_type: VOTER last_known_addr { host: "127.8.21.194" port: 46437 } health_report { overall_health: UNKNOWN } } peers { permanent_uuid: "ae8a8894e5b5478ebfb8852d2b7038e0" member_type: VOTER last_known_addr { host: "127.8.21.195" port: 37649 } health_report { overall_health: HEALTHY } } }
I20260710 11:10:33.745412  9621 consensus_queue.cc:260] T 525f0ca9893d4b93805ae8605b236815 P 6f396fcf68b2471daeb7d60bb1c5fa51 [NON_LEADER]: Queue going to NON_LEADER mode. State: All replicated index: 0, Majority replicated index: 0, Committed index: 0, Last appended: 0.0, Last appended by leader: 0, Current term: 0, Majority size: -1, State: 0, Mode: NON_LEADER, active raft config: opid_index: -1 OBSOLETE_local: false peers { permanent_uuid: "1a6953e20f044eada4cdd24be4e0cfc1" member_type: VOTER last_known_addr { host: "127.8.21.193" port: 37947 } } peers { permanent_uuid: "6f396fcf68b2471daeb7d60bb1c5fa51" member_type: VOTER last_known_addr { host: "127.8.21.194" port: 46437 } } peers { permanent_uuid: "ae8a8894e5b5478ebfb8852d2b7038e0" member_type: VOTER last_known_addr { host: "127.8.21.195" port: 37649 } }
I20260710 11:10:33.748319  9621 ts_tablet_manager.cc:1434] T 525f0ca9893d4b93805ae8605b236815 P 6f396fcf68b2471daeb7d60bb1c5fa51: Time spent starting tablet: real 0.008s	user 0.007s	sys 0.000s
I20260710 11:10:33.749742  9621 tablet_bootstrap.cc:492] T d97bee4a26c848fbb923b40a723dd39c P 6f396fcf68b2471daeb7d60bb1c5fa51: Bootstrap starting.
I20260710 11:10:33.756726  9621 tablet_bootstrap.cc:654] T d97bee4a26c848fbb923b40a723dd39c P 6f396fcf68b2471daeb7d60bb1c5fa51: Neither blocks nor log segments found. Creating new log.
I20260710 11:10:33.763962  9621 tablet_bootstrap.cc:492] T d97bee4a26c848fbb923b40a723dd39c P 6f396fcf68b2471daeb7d60bb1c5fa51: No bootstrap required, opened a new log
I20260710 11:10:33.764736  9621 ts_tablet_manager.cc:1403] T d97bee4a26c848fbb923b40a723dd39c P 6f396fcf68b2471daeb7d60bb1c5fa51: Time spent bootstrapping tablet: real 0.015s	user 0.013s	sys 0.000s
I20260710 11:10:33.765497  9324 catalog_manager.cc:5697] T d97bee4a26c848fbb923b40a723dd39c P 1a6953e20f044eada4cdd24be4e0cfc1 reported cstate change: term changed from 0 to 1, leader changed from <none> to 1a6953e20f044eada4cdd24be4e0cfc1 (127.8.21.193). New cstate: current_term: 1 leader_uuid: "1a6953e20f044eada4cdd24be4e0cfc1" committed_config { opid_index: -1 OBSOLETE_local: false peers { permanent_uuid: "1a6953e20f044eada4cdd24be4e0cfc1" member_type: VOTER last_known_addr { host: "127.8.21.193" port: 37947 } health_report { overall_health: HEALTHY } } peers { permanent_uuid: "6f396fcf68b2471daeb7d60bb1c5fa51" member_type: VOTER last_known_addr { host: "127.8.21.194" port: 46437 } health_report { overall_health: UNKNOWN } } peers { permanent_uuid: "ae8a8894e5b5478ebfb8852d2b7038e0" member_type: VOTER last_known_addr { host: "127.8.21.195" port: 37649 } health_report { overall_health: UNKNOWN } } }
I20260710 11:10:33.767365  9621 raft_consensus.cc:359] T d97bee4a26c848fbb923b40a723dd39c P 6f396fcf68b2471daeb7d60bb1c5fa51 [term 0 FOLLOWER]: Replica starting. Triggering 0 pending ops. Active config: opid_index: -1 OBSOLETE_local: false peers { permanent_uuid: "1a6953e20f044eada4cdd24be4e0cfc1" member_type: VOTER last_known_addr { host: "127.8.21.193" port: 37947 } } peers { permanent_uuid: "6f396fcf68b2471daeb7d60bb1c5fa51" member_type: VOTER last_known_addr { host: "127.8.21.194" port: 46437 } } peers { permanent_uuid: "ae8a8894e5b5478ebfb8852d2b7038e0" member_type: VOTER last_known_addr { host: "127.8.21.195" port: 37649 } }
I20260710 11:10:33.768092  9621 raft_consensus.cc:385] T d97bee4a26c848fbb923b40a723dd39c P 6f396fcf68b2471daeb7d60bb1c5fa51 [term 0 FOLLOWER]: Consensus starting up: Expiring failure detector timer to make a prompt election more likely
I20260710 11:10:33.768348  9621 raft_consensus.cc:740] T d97bee4a26c848fbb923b40a723dd39c P 6f396fcf68b2471daeb7d60bb1c5fa51 [term 0 FOLLOWER]: Becoming Follower/Learner. State: Replica: 6f396fcf68b2471daeb7d60bb1c5fa51, State: Initialized, Role: FOLLOWER
I20260710 11:10:33.769073  9621 consensus_queue.cc:260] T d97bee4a26c848fbb923b40a723dd39c P 6f396fcf68b2471daeb7d60bb1c5fa51 [NON_LEADER]: Queue going to NON_LEADER mode. State: All replicated index: 0, Majority replicated index: 0, Committed index: 0, Last appended: 0.0, Last appended by leader: 0, Current term: 0, Majority size: -1, State: 0, Mode: NON_LEADER, active raft config: opid_index: -1 OBSOLETE_local: false peers { permanent_uuid: "1a6953e20f044eada4cdd24be4e0cfc1" member_type: VOTER last_known_addr { host: "127.8.21.193" port: 37947 } } peers { permanent_uuid: "6f396fcf68b2471daeb7d60bb1c5fa51" member_type: VOTER last_known_addr { host: "127.8.21.194" port: 46437 } } peers { permanent_uuid: "ae8a8894e5b5478ebfb8852d2b7038e0" member_type: VOTER last_known_addr { host: "127.8.21.195" port: 37649 } }
I20260710 11:10:33.771718  9621 ts_tablet_manager.cc:1434] T d97bee4a26c848fbb923b40a723dd39c P 6f396fcf68b2471daeb7d60bb1c5fa51: Time spent starting tablet: real 0.007s	user 0.006s	sys 0.000s
I20260710 11:10:33.772370  9643 raft_consensus.cc:493] T 525f0ca9893d4b93805ae8605b236815 P ae8a8894e5b5478ebfb8852d2b7038e0 [term 0 FOLLOWER]: Starting pre-election (no leader contacted us within the election timeout)
I20260710 11:10:33.772677  9621 tablet_bootstrap.cc:492] T 4ef53e4def0544489a7ec810f3d3ebf2 P 6f396fcf68b2471daeb7d60bb1c5fa51: Bootstrap starting.
I20260710 11:10:33.772886  9643 raft_consensus.cc:515] T 525f0ca9893d4b93805ae8605b236815 P ae8a8894e5b5478ebfb8852d2b7038e0 [term 0 FOLLOWER]: Starting pre-election with config: opid_index: -1 OBSOLETE_local: false peers { permanent_uuid: "1a6953e20f044eada4cdd24be4e0cfc1" member_type: VOTER last_known_addr { host: "127.8.21.193" port: 37947 } } peers { permanent_uuid: "6f396fcf68b2471daeb7d60bb1c5fa51" member_type: VOTER last_known_addr { host: "127.8.21.194" port: 46437 } } peers { permanent_uuid: "ae8a8894e5b5478ebfb8852d2b7038e0" member_type: VOTER last_known_addr { host: "127.8.21.195" port: 37649 } }
I20260710 11:10:33.774946  9643 leader_election.cc:290] T 525f0ca9893d4b93805ae8605b236815 P ae8a8894e5b5478ebfb8852d2b7038e0 [CANDIDATE]: Term 1 pre-election: Requested pre-vote from peers 1a6953e20f044eada4cdd24be4e0cfc1 (127.8.21.193:37947), 6f396fcf68b2471daeb7d60bb1c5fa51 (127.8.21.194:46437)
I20260710 11:10:33.776038  9430 tablet_service.cc:1917] Received RequestConsensusVote() RPC: tablet_id: "525f0ca9893d4b93805ae8605b236815" candidate_uuid: "ae8a8894e5b5478ebfb8852d2b7038e0" candidate_term: 1 candidate_status { last_received { term: 0 index: 0 } } ignore_live_leader: false dest_uuid: "1a6953e20f044eada4cdd24be4e0cfc1" is_pre_election: true
I20260710 11:10:33.776841  9430 raft_consensus.cc:2468] T 525f0ca9893d4b93805ae8605b236815 P 1a6953e20f044eada4cdd24be4e0cfc1 [term 0 FOLLOWER]: Leader pre-election vote request: Granting yes vote for candidate ae8a8894e5b5478ebfb8852d2b7038e0 in term 0.
I20260710 11:10:33.777288  9505 tablet_service.cc:1917] Received RequestConsensusVote() RPC: tablet_id: "525f0ca9893d4b93805ae8605b236815" candidate_uuid: "ae8a8894e5b5478ebfb8852d2b7038e0" candidate_term: 1 candidate_status { last_received { term: 0 index: 0 } } ignore_live_leader: false dest_uuid: "6f396fcf68b2471daeb7d60bb1c5fa51" is_pre_election: true
I20260710 11:10:33.777946  9505 raft_consensus.cc:2468] T 525f0ca9893d4b93805ae8605b236815 P 6f396fcf68b2471daeb7d60bb1c5fa51 [term 0 FOLLOWER]: Leader pre-election vote request: Granting yes vote for candidate ae8a8894e5b5478ebfb8852d2b7038e0 in term 0.
I20260710 11:10:33.778175  9544 leader_election.cc:304] T 525f0ca9893d4b93805ae8605b236815 P ae8a8894e5b5478ebfb8852d2b7038e0 [CANDIDATE]: Term 1 pre-election: Election decided. Result: candidate won. Election summary: received 2 responses out of 3 voters: 2 yes votes; 0 no votes. yes voters: 1a6953e20f044eada4cdd24be4e0cfc1, ae8a8894e5b5478ebfb8852d2b7038e0; no voters: 
I20260710 11:10:33.779757  9643 raft_consensus.cc:2804] T 525f0ca9893d4b93805ae8605b236815 P ae8a8894e5b5478ebfb8852d2b7038e0 [term 0 FOLLOWER]: Leader pre-election won for term 1
I20260710 11:10:33.780174  9643 raft_consensus.cc:493] T 525f0ca9893d4b93805ae8605b236815 P ae8a8894e5b5478ebfb8852d2b7038e0 [term 0 FOLLOWER]: Starting leader election (no leader contacted us within the election timeout)
I20260710 11:10:33.780493  9643 raft_consensus.cc:3060] T 525f0ca9893d4b93805ae8605b236815 P ae8a8894e5b5478ebfb8852d2b7038e0 [term 0 FOLLOWER]: Advancing to term 1
I20260710 11:10:33.788208  9621 tablet_bootstrap.cc:654] T 4ef53e4def0544489a7ec810f3d3ebf2 P 6f396fcf68b2471daeb7d60bb1c5fa51: Neither blocks nor log segments found. Creating new log.
I20260710 11:10:33.788569  9643 raft_consensus.cc:515] T 525f0ca9893d4b93805ae8605b236815 P ae8a8894e5b5478ebfb8852d2b7038e0 [term 1 FOLLOWER]: Starting leader election with config: opid_index: -1 OBSOLETE_local: false peers { permanent_uuid: "1a6953e20f044eada4cdd24be4e0cfc1" member_type: VOTER last_known_addr { host: "127.8.21.193" port: 37947 } } peers { permanent_uuid: "6f396fcf68b2471daeb7d60bb1c5fa51" member_type: VOTER last_known_addr { host: "127.8.21.194" port: 46437 } } peers { permanent_uuid: "ae8a8894e5b5478ebfb8852d2b7038e0" member_type: VOTER last_known_addr { host: "127.8.21.195" port: 37649 } }
I20260710 11:10:33.792281  9430 tablet_service.cc:1917] Received RequestConsensusVote() RPC: tablet_id: "525f0ca9893d4b93805ae8605b236815" candidate_uuid: "ae8a8894e5b5478ebfb8852d2b7038e0" candidate_term: 1 candidate_status { last_received { term: 0 index: 0 } } ignore_live_leader: false dest_uuid: "1a6953e20f044eada4cdd24be4e0cfc1"
I20260710 11:10:33.793227  9430 raft_consensus.cc:3060] T 525f0ca9893d4b93805ae8605b236815 P 1a6953e20f044eada4cdd24be4e0cfc1 [term 0 FOLLOWER]: Advancing to term 1
I20260710 11:10:33.804165  9643 leader_election.cc:290] T 525f0ca9893d4b93805ae8605b236815 P ae8a8894e5b5478ebfb8852d2b7038e0 [CANDIDATE]: Term 1 election: Requested vote from peers 1a6953e20f044eada4cdd24be4e0cfc1 (127.8.21.193:37947), 6f396fcf68b2471daeb7d60bb1c5fa51 (127.8.21.194:46437)
I20260710 11:10:33.806164  9505 tablet_service.cc:1917] Received RequestConsensusVote() RPC: tablet_id: "525f0ca9893d4b93805ae8605b236815" candidate_uuid: "ae8a8894e5b5478ebfb8852d2b7038e0" candidate_term: 1 candidate_status { last_received { term: 0 index: 0 } } ignore_live_leader: false dest_uuid: "6f396fcf68b2471daeb7d60bb1c5fa51"
I20260710 11:10:33.808909  9430 raft_consensus.cc:2468] T 525f0ca9893d4b93805ae8605b236815 P 1a6953e20f044eada4cdd24be4e0cfc1 [term 1 FOLLOWER]: Leader election vote request: Granting yes vote for candidate ae8a8894e5b5478ebfb8852d2b7038e0 in term 1.
I20260710 11:10:33.808962  9505 raft_consensus.cc:3060] T 525f0ca9893d4b93805ae8605b236815 P 6f396fcf68b2471daeb7d60bb1c5fa51 [term 0 FOLLOWER]: Advancing to term 1
I20260710 11:10:33.810370  9756 raft_consensus.cc:493] T 6f6e03af785c4e26ad420254b19ab09e P 6f396fcf68b2471daeb7d60bb1c5fa51 [term 2 FOLLOWER]: Starting pre-election (no leader contacted us within the election timeout)
I20260710 11:10:33.810724  9544 leader_election.cc:304] T 525f0ca9893d4b93805ae8605b236815 P ae8a8894e5b5478ebfb8852d2b7038e0 [CANDIDATE]: Term 1 election: Election decided. Result: candidate won. Election summary: received 2 responses out of 3 voters: 2 yes votes; 0 no votes. yes voters: 1a6953e20f044eada4cdd24be4e0cfc1, ae8a8894e5b5478ebfb8852d2b7038e0; no voters: 
I20260710 11:10:33.811033  9756 raft_consensus.cc:515] T 6f6e03af785c4e26ad420254b19ab09e P 6f396fcf68b2471daeb7d60bb1c5fa51 [term 2 FOLLOWER]: Starting pre-election with config: opid_index: -1 OBSOLETE_local: false peers { permanent_uuid: "1a6953e20f044eada4cdd24be4e0cfc1" member_type: VOTER last_known_addr { host: "127.8.21.193" port: 37947 } } peers { permanent_uuid: "6f396fcf68b2471daeb7d60bb1c5fa51" member_type: VOTER last_known_addr { host: "127.8.21.194" port: 46437 } } peers { permanent_uuid: "ae8a8894e5b5478ebfb8852d2b7038e0" member_type: VOTER last_known_addr { host: "127.8.21.195" port: 37649 } }
I20260710 11:10:33.811671  9643 raft_consensus.cc:2804] T 525f0ca9893d4b93805ae8605b236815 P ae8a8894e5b5478ebfb8852d2b7038e0 [term 1 FOLLOWER]: Leader election won for term 1
I20260710 11:10:33.812274  9643 raft_consensus.cc:697] T 525f0ca9893d4b93805ae8605b236815 P ae8a8894e5b5478ebfb8852d2b7038e0 [term 1 LEADER]: Becoming Leader. State: Replica: ae8a8894e5b5478ebfb8852d2b7038e0, State: Running, Role: LEADER
I20260710 11:10:33.813591  9643 consensus_queue.cc:237] T 525f0ca9893d4b93805ae8605b236815 P ae8a8894e5b5478ebfb8852d2b7038e0 [LEADER]: Queue going to LEADER mode. State: All replicated index: 0, Majority replicated index: 0, Committed index: 0, Last appended: 0.0, Last appended by leader: 0, Current term: 1, Majority size: 2, State: 0, Mode: LEADER, active raft config: opid_index: -1 OBSOLETE_local: false peers { permanent_uuid: "1a6953e20f044eada4cdd24be4e0cfc1" member_type: VOTER last_known_addr { host: "127.8.21.193" port: 37947 } } peers { permanent_uuid: "6f396fcf68b2471daeb7d60bb1c5fa51" member_type: VOTER last_known_addr { host: "127.8.21.194" port: 46437 } } peers { permanent_uuid: "ae8a8894e5b5478ebfb8852d2b7038e0" member_type: VOTER last_known_addr { host: "127.8.21.195" port: 37649 } }
I20260710 11:10:33.814826  9756 leader_election.cc:290] T 6f6e03af785c4e26ad420254b19ab09e P 6f396fcf68b2471daeb7d60bb1c5fa51 [CANDIDATE]: Term 3 pre-election: Requested pre-vote from peers 1a6953e20f044eada4cdd24be4e0cfc1 (127.8.21.193:37947), ae8a8894e5b5478ebfb8852d2b7038e0 (127.8.21.195:37649)
I20260710 11:10:33.815078  9430 tablet_service.cc:1917] Received RequestConsensusVote() RPC: tablet_id: "6f6e03af785c4e26ad420254b19ab09e" candidate_uuid: "6f396fcf68b2471daeb7d60bb1c5fa51" candidate_term: 3 candidate_status { last_received { term: 1 index: 1 } } ignore_live_leader: false dest_uuid: "1a6953e20f044eada4cdd24be4e0cfc1" is_pre_election: true
I20260710 11:10:33.818257  9621 tablet_bootstrap.cc:492] T 4ef53e4def0544489a7ec810f3d3ebf2 P 6f396fcf68b2471daeb7d60bb1c5fa51: No bootstrap required, opened a new log
I20260710 11:10:33.818759  9621 ts_tablet_manager.cc:1403] T 4ef53e4def0544489a7ec810f3d3ebf2 P 6f396fcf68b2471daeb7d60bb1c5fa51: Time spent bootstrapping tablet: real 0.046s	user 0.010s	sys 0.019s
I20260710 11:10:33.819756  9580 tablet_service.cc:1917] Received RequestConsensusVote() RPC: tablet_id: "6f6e03af785c4e26ad420254b19ab09e" candidate_uuid: "6f396fcf68b2471daeb7d60bb1c5fa51" candidate_term: 3 candidate_status { last_received { term: 1 index: 1 } } ignore_live_leader: false dest_uuid: "ae8a8894e5b5478ebfb8852d2b7038e0" is_pre_election: true
I20260710 11:10:33.820649  9580 raft_consensus.cc:2468] T 6f6e03af785c4e26ad420254b19ab09e P ae8a8894e5b5478ebfb8852d2b7038e0 [term 2 FOLLOWER]: Leader pre-election vote request: Granting yes vote for candidate 6f396fcf68b2471daeb7d60bb1c5fa51 in term 2.
I20260710 11:10:33.821327  9505 raft_consensus.cc:2468] T 525f0ca9893d4b93805ae8605b236815 P 6f396fcf68b2471daeb7d60bb1c5fa51 [term 1 FOLLOWER]: Leader election vote request: Granting yes vote for candidate ae8a8894e5b5478ebfb8852d2b7038e0 in term 1.
I20260710 11:10:33.822383  9469 leader_election.cc:304] T 6f6e03af785c4e26ad420254b19ab09e P 6f396fcf68b2471daeb7d60bb1c5fa51 [CANDIDATE]: Term 3 pre-election: Election decided. Result: candidate won. Election summary: received 3 responses out of 3 voters: 2 yes votes; 1 no votes. yes voters: 6f396fcf68b2471daeb7d60bb1c5fa51, ae8a8894e5b5478ebfb8852d2b7038e0; no voters: 1a6953e20f044eada4cdd24be4e0cfc1
I20260710 11:10:33.823839  9756 raft_consensus.cc:2804] T 6f6e03af785c4e26ad420254b19ab09e P 6f396fcf68b2471daeb7d60bb1c5fa51 [term 2 FOLLOWER]: Leader pre-election won for term 3
I20260710 11:10:33.824258  9756 raft_consensus.cc:493] T 6f6e03af785c4e26ad420254b19ab09e P 6f396fcf68b2471daeb7d60bb1c5fa51 [term 2 FOLLOWER]: Starting leader election (no leader contacted us within the election timeout)
I20260710 11:10:33.824819  9756 raft_consensus.cc:3060] T 6f6e03af785c4e26ad420254b19ab09e P 6f396fcf68b2471daeb7d60bb1c5fa51 [term 2 FOLLOWER]: Advancing to term 3
I20260710 11:10:33.827056  9621 raft_consensus.cc:359] T 4ef53e4def0544489a7ec810f3d3ebf2 P 6f396fcf68b2471daeb7d60bb1c5fa51 [term 0 FOLLOWER]: Replica starting. Triggering 0 pending ops. Active config: opid_index: -1 OBSOLETE_local: false peers { permanent_uuid: "1a6953e20f044eada4cdd24be4e0cfc1" member_type: VOTER last_known_addr { host: "127.8.21.193" port: 37947 } } peers { permanent_uuid: "6f396fcf68b2471daeb7d60bb1c5fa51" member_type: VOTER last_known_addr { host: "127.8.21.194" port: 46437 } } peers { permanent_uuid: "ae8a8894e5b5478ebfb8852d2b7038e0" member_type: VOTER last_known_addr { host: "127.8.21.195" port: 37649 } }
I20260710 11:10:33.827867  9621 raft_consensus.cc:385] T 4ef53e4def0544489a7ec810f3d3ebf2 P 6f396fcf68b2471daeb7d60bb1c5fa51 [term 0 FOLLOWER]: Consensus starting up: Expiring failure detector timer to make a prompt election more likely
I20260710 11:10:33.828202  9621 raft_consensus.cc:740] T 4ef53e4def0544489a7ec810f3d3ebf2 P 6f396fcf68b2471daeb7d60bb1c5fa51 [term 0 FOLLOWER]: Becoming Follower/Learner. State: Replica: 6f396fcf68b2471daeb7d60bb1c5fa51, State: Initialized, Role: FOLLOWER
I20260710 11:10:33.828933  9621 consensus_queue.cc:260] T 4ef53e4def0544489a7ec810f3d3ebf2 P 6f396fcf68b2471daeb7d60bb1c5fa51 [NON_LEADER]: Queue going to NON_LEADER mode. State: All replicated index: 0, Majority replicated index: 0, Committed index: 0, Last appended: 0.0, Last appended by leader: 0, Current term: 0, Majority size: -1, State: 0, Mode: NON_LEADER, active raft config: opid_index: -1 OBSOLETE_local: false peers { permanent_uuid: "1a6953e20f044eada4cdd24be4e0cfc1" member_type: VOTER last_known_addr { host: "127.8.21.193" port: 37947 } } peers { permanent_uuid: "6f396fcf68b2471daeb7d60bb1c5fa51" member_type: VOTER last_known_addr { host: "127.8.21.194" port: 46437 } } peers { permanent_uuid: "ae8a8894e5b5478ebfb8852d2b7038e0" member_type: VOTER last_known_addr { host: "127.8.21.195" port: 37649 } }
I20260710 11:10:33.830379  9328 catalog_manager.cc:5697] T 525f0ca9893d4b93805ae8605b236815 P ae8a8894e5b5478ebfb8852d2b7038e0 reported cstate change: term changed from 0 to 1, leader changed from <none> to ae8a8894e5b5478ebfb8852d2b7038e0 (127.8.21.195). New cstate: current_term: 1 leader_uuid: "ae8a8894e5b5478ebfb8852d2b7038e0" committed_config { opid_index: -1 OBSOLETE_local: false peers { permanent_uuid: "1a6953e20f044eada4cdd24be4e0cfc1" member_type: VOTER last_known_addr { host: "127.8.21.193" port: 37947 } health_report { overall_health: UNKNOWN } } peers { permanent_uuid: "6f396fcf68b2471daeb7d60bb1c5fa51" member_type: VOTER last_known_addr { host: "127.8.21.194" port: 46437 } health_report { overall_health: UNKNOWN } } peers { permanent_uuid: "ae8a8894e5b5478ebfb8852d2b7038e0" member_type: VOTER last_known_addr { host: "127.8.21.195" port: 37649 } health_report { overall_health: HEALTHY } } }
I20260710 11:10:33.832748  9756 raft_consensus.cc:515] T 6f6e03af785c4e26ad420254b19ab09e P 6f396fcf68b2471daeb7d60bb1c5fa51 [term 3 FOLLOWER]: Starting leader election with config: opid_index: -1 OBSOLETE_local: false peers { permanent_uuid: "1a6953e20f044eada4cdd24be4e0cfc1" member_type: VOTER last_known_addr { host: "127.8.21.193" port: 37947 } } peers { permanent_uuid: "6f396fcf68b2471daeb7d60bb1c5fa51" member_type: VOTER last_known_addr { host: "127.8.21.194" port: 46437 } } peers { permanent_uuid: "ae8a8894e5b5478ebfb8852d2b7038e0" member_type: VOTER last_known_addr { host: "127.8.21.195" port: 37649 } }
I20260710 11:10:33.834661  9621 ts_tablet_manager.cc:1434] T 4ef53e4def0544489a7ec810f3d3ebf2 P 6f396fcf68b2471daeb7d60bb1c5fa51: Time spent starting tablet: real 0.016s	user 0.010s	sys 0.002s
I20260710 11:10:33.836177  9430 tablet_service.cc:1917] Received RequestConsensusVote() RPC: tablet_id: "6f6e03af785c4e26ad420254b19ab09e" candidate_uuid: "6f396fcf68b2471daeb7d60bb1c5fa51" candidate_term: 3 candidate_status { last_received { term: 1 index: 1 } } ignore_live_leader: false dest_uuid: "1a6953e20f044eada4cdd24be4e0cfc1"
I20260710 11:10:33.837842  9756 leader_election.cc:290] T 6f6e03af785c4e26ad420254b19ab09e P 6f396fcf68b2471daeb7d60bb1c5fa51 [CANDIDATE]: Term 3 election: Requested vote from peers 1a6953e20f044eada4cdd24be4e0cfc1 (127.8.21.193:37947), ae8a8894e5b5478ebfb8852d2b7038e0 (127.8.21.195:37649)
I20260710 11:10:33.839417  9580 tablet_service.cc:1917] Received RequestConsensusVote() RPC: tablet_id: "6f6e03af785c4e26ad420254b19ab09e" candidate_uuid: "6f396fcf68b2471daeb7d60bb1c5fa51" candidate_term: 3 candidate_status { last_received { term: 1 index: 1 } } ignore_live_leader: false dest_uuid: "ae8a8894e5b5478ebfb8852d2b7038e0"
I20260710 11:10:33.840137  9580 raft_consensus.cc:3060] T 6f6e03af785c4e26ad420254b19ab09e P ae8a8894e5b5478ebfb8852d2b7038e0 [term 2 FOLLOWER]: Advancing to term 3
I20260710 11:10:33.851346  9580 raft_consensus.cc:2468] T 6f6e03af785c4e26ad420254b19ab09e P ae8a8894e5b5478ebfb8852d2b7038e0 [term 3 FOLLOWER]: Leader election vote request: Granting yes vote for candidate 6f396fcf68b2471daeb7d60bb1c5fa51 in term 3.
I20260710 11:10:33.852809  9469 leader_election.cc:304] T 6f6e03af785c4e26ad420254b19ab09e P 6f396fcf68b2471daeb7d60bb1c5fa51 [CANDIDATE]: Term 3 election: Election decided. Result: candidate won. Election summary: received 3 responses out of 3 voters: 2 yes votes; 1 no votes. yes voters: 6f396fcf68b2471daeb7d60bb1c5fa51, ae8a8894e5b5478ebfb8852d2b7038e0; no voters: 1a6953e20f044eada4cdd24be4e0cfc1
I20260710 11:10:33.853875  9756 raft_consensus.cc:2804] T 6f6e03af785c4e26ad420254b19ab09e P 6f396fcf68b2471daeb7d60bb1c5fa51 [term 3 FOLLOWER]: Leader election won for term 3
I20260710 11:10:33.854522  9756 raft_consensus.cc:697] T 6f6e03af785c4e26ad420254b19ab09e P 6f396fcf68b2471daeb7d60bb1c5fa51 [term 3 LEADER]: Becoming Leader. State: Replica: 6f396fcf68b2471daeb7d60bb1c5fa51, State: Running, Role: LEADER
I20260710 11:10:33.855580  9756 consensus_queue.cc:237] T 6f6e03af785c4e26ad420254b19ab09e P 6f396fcf68b2471daeb7d60bb1c5fa51 [LEADER]: Queue going to LEADER mode. State: All replicated index: 0, Majority replicated index: 1, Committed index: 1, Last appended: 1.1, Last appended by leader: 1, Current term: 3, Majority size: 2, State: 0, Mode: LEADER, active raft config: opid_index: -1 OBSOLETE_local: false peers { permanent_uuid: "1a6953e20f044eada4cdd24be4e0cfc1" member_type: VOTER last_known_addr { host: "127.8.21.193" port: 37947 } } peers { permanent_uuid: "6f396fcf68b2471daeb7d60bb1c5fa51" member_type: VOTER last_known_addr { host: "127.8.21.194" port: 46437 } } peers { permanent_uuid: "ae8a8894e5b5478ebfb8852d2b7038e0" member_type: VOTER last_known_addr { host: "127.8.21.195" port: 37649 } }
I20260710 11:10:33.866241  9328 catalog_manager.cc:5697] T 6f6e03af785c4e26ad420254b19ab09e P 6f396fcf68b2471daeb7d60bb1c5fa51 reported cstate change: term changed from 2 to 3, leader changed from 1a6953e20f044eada4cdd24be4e0cfc1 (127.8.21.193) to 6f396fcf68b2471daeb7d60bb1c5fa51 (127.8.21.194). New cstate: current_term: 3 leader_uuid: "6f396fcf68b2471daeb7d60bb1c5fa51" committed_config { opid_index: -1 OBSOLETE_local: false peers { permanent_uuid: "1a6953e20f044eada4cdd24be4e0cfc1" member_type: VOTER last_known_addr { host: "127.8.21.193" port: 37947 } health_report { overall_health: UNKNOWN } } peers { permanent_uuid: "6f396fcf68b2471daeb7d60bb1c5fa51" member_type: VOTER last_known_addr { host: "127.8.21.194" port: 46437 } health_report { overall_health: HEALTHY } } peers { permanent_uuid: "ae8a8894e5b5478ebfb8852d2b7038e0" member_type: VOTER last_known_addr { host: "127.8.21.195" port: 37649 } health_report { overall_health: UNKNOWN } } }
I20260710 11:10:33.880647  9756 raft_consensus.cc:493] T d97bee4a26c848fbb923b40a723dd39c P 6f396fcf68b2471daeb7d60bb1c5fa51 [term 0 FOLLOWER]: Starting pre-election (no leader contacted us within the election timeout)
