I20260710 11:10:10.937443   391 raft_consensus.cc:2468] T 6d29443611c544e08fe5ab5db1f06d2d P 9e8a6ce5c4d44ce38ca3426b905ba4b6 [term 1 FOLLOWER]: Leader election vote request: Granting yes vote for candidate 56ddfb0e97f54e4bb7a73038e07f3a96 in term 1.
I20260710 11:10:10.938670   506 leader_election.cc:304] T 6d29443611c544e08fe5ab5db1f06d2d P 56ddfb0e97f54e4bb7a73038e07f3a96 [CANDIDATE]: Term 1 election: Election decided. Result: candidate won. Election summary: received 2 responses out of 3 voters: 2 yes votes; 0 no votes. yes voters: 56ddfb0e97f54e4bb7a73038e07f3a96, b924067148404a02b6a3fd6e9cb938e4; no voters: 
I20260710 11:10:10.939348   617 raft_consensus.cc:2804] T 6d29443611c544e08fe5ab5db1f06d2d P 56ddfb0e97f54e4bb7a73038e07f3a96 [term 1 FOLLOWER]: Leader election won for term 1
I20260710 11:10:10.939754   617 raft_consensus.cc:697] T 6d29443611c544e08fe5ab5db1f06d2d P 56ddfb0e97f54e4bb7a73038e07f3a96 [term 1 LEADER]: Becoming Leader. State: Replica: 56ddfb0e97f54e4bb7a73038e07f3a96, State: Running, Role: LEADER
I20260710 11:10:10.940572   617 consensus_queue.cc:237] T 6d29443611c544e08fe5ab5db1f06d2d P 56ddfb0e97f54e4bb7a73038e07f3a96 [LEADER]: Queue going to LEADER mode. State: All replicated index: 0, Majority replicated index: 0, Committed index: 0, Last appended: 0.0, Last appended by leader: 0, Current term: 1, Majority size: 2, State: 0, Mode: LEADER, active raft config: opid_index: -1 OBSOLETE_local: false peers { permanent_uuid: "9e8a6ce5c4d44ce38ca3426b905ba4b6" member_type: VOTER last_known_addr { host: "127.31.123.129" port: 37805 } } peers { permanent_uuid: "b924067148404a02b6a3fd6e9cb938e4" member_type: VOTER last_known_addr { host: "127.31.123.130" port: 45471 } } peers { permanent_uuid: "56ddfb0e97f54e4bb7a73038e07f3a96" member_type: VOTER last_known_addr { host: "127.31.123.131" port: 32893 } }
I20260710 11:10:10.941706   586 consensus_queue.cc:1048] T e5acff9f9ce34149b1f77a6b5b59caf2 P 56ddfb0e97f54e4bb7a73038e07f3a96 [LEADER]: Connected to new peer: Peer: permanent_uuid: "9e8a6ce5c4d44ce38ca3426b905ba4b6" member_type: VOTER last_known_addr { host: "127.31.123.129" port: 37805 }, Status: LMP_MISMATCH, Last received: 0.0, Next index: 1, Last known committed idx: 0, Time since last communication: 0.000s
I20260710 11:10:10.949200 32759 catalog_manager.cc:5697] T 6d29443611c544e08fe5ab5db1f06d2d P 56ddfb0e97f54e4bb7a73038e07f3a96 reported cstate change: term changed from 0 to 1, leader changed from <none> to 56ddfb0e97f54e4bb7a73038e07f3a96 (127.31.123.131). New cstate: current_term: 1 leader_uuid: "56ddfb0e97f54e4bb7a73038e07f3a96" committed_config { opid_index: -1 OBSOLETE_local: false peers { permanent_uuid: "9e8a6ce5c4d44ce38ca3426b905ba4b6" member_type: VOTER last_known_addr { host: "127.31.123.129" port: 37805 } health_report { overall_health: UNKNOWN } } peers { permanent_uuid: "b924067148404a02b6a3fd6e9cb938e4" member_type: VOTER last_known_addr { host: "127.31.123.130" port: 45471 } health_report { overall_health: UNKNOWN } } peers { permanent_uuid: "56ddfb0e97f54e4bb7a73038e07f3a96" member_type: VOTER last_known_addr { host: "127.31.123.131" port: 32893 } health_report { overall_health: HEALTHY } } }
I20260710 11:10:10.956877   605 consensus_queue.cc:1048] T e5acff9f9ce34149b1f77a6b5b59caf2 P 56ddfb0e97f54e4bb7a73038e07f3a96 [LEADER]: Connected to new peer: Peer: permanent_uuid: "b924067148404a02b6a3fd6e9cb938e4" member_type: VOTER last_known_addr { host: "127.31.123.130" port: 45471 }, Status: LMP_MISMATCH, Last received: 0.0, Next index: 1, Last known committed idx: 0, Time since last communication: 0.000s
I20260710 11:10:11.008425   605 consensus_queue.cc:1048] T fe97a320cd4346f3a3c9e5d59d332f2e P 56ddfb0e97f54e4bb7a73038e07f3a96 [LEADER]: Connected to new peer: Peer: permanent_uuid: "9e8a6ce5c4d44ce38ca3426b905ba4b6" member_type: VOTER last_known_addr { host: "127.31.123.129" port: 37805 }, Status: LMP_MISMATCH, Last received: 0.0, Next index: 1, Last known committed idx: 0, Time since last communication: 0.000s
I20260710 11:10:11.016007   605 raft_consensus.cc:493] T c49c412287bc44e58266b11dc33bc694 P 56ddfb0e97f54e4bb7a73038e07f3a96 [term 0 FOLLOWER]: Starting pre-election (no leader contacted us within the election timeout)
I20260710 11:10:11.016595   605 raft_consensus.cc:515] T c49c412287bc44e58266b11dc33bc694 P 56ddfb0e97f54e4bb7a73038e07f3a96 [term 0 FOLLOWER]: Starting pre-election with config: opid_index: -1 OBSOLETE_local: false peers { permanent_uuid: "9e8a6ce5c4d44ce38ca3426b905ba4b6" member_type: VOTER last_known_addr { host: "127.31.123.129" port: 37805 } } peers { permanent_uuid: "b924067148404a02b6a3fd6e9cb938e4" member_type: VOTER last_known_addr { host: "127.31.123.130" port: 45471 } } peers { permanent_uuid: "56ddfb0e97f54e4bb7a73038e07f3a96" member_type: VOTER last_known_addr { host: "127.31.123.131" port: 32893 } }
I20260710 11:10:11.020121   620 consensus_queue.cc:1048] T fe97a320cd4346f3a3c9e5d59d332f2e P 56ddfb0e97f54e4bb7a73038e07f3a96 [LEADER]: Connected to new peer: Peer: permanent_uuid: "b924067148404a02b6a3fd6e9cb938e4" member_type: VOTER last_known_addr { host: "127.31.123.130" port: 45471 }, Status: LMP_MISMATCH, Last received: 0.0, Next index: 1, Last known committed idx: 0, Time since last communication: 0.001s
I20260710 11:10:11.020670   466 tablet_service.cc:1917] Received RequestConsensusVote() RPC: tablet_id: "c49c412287bc44e58266b11dc33bc694" candidate_uuid: "56ddfb0e97f54e4bb7a73038e07f3a96" candidate_term: 1 candidate_status { last_received { term: 0 index: 0 } } ignore_live_leader: false dest_uuid: "b924067148404a02b6a3fd6e9cb938e4" is_pre_election: true
I20260710 11:10:11.021538   391 tablet_service.cc:1917] Received RequestConsensusVote() RPC: tablet_id: "c49c412287bc44e58266b11dc33bc694" candidate_uuid: "56ddfb0e97f54e4bb7a73038e07f3a96" candidate_term: 1 candidate_status { last_received { term: 0 index: 0 } } ignore_live_leader: false dest_uuid: "9e8a6ce5c4d44ce38ca3426b905ba4b6" is_pre_election: true
I20260710 11:10:11.020133   605 leader_election.cc:290] T c49c412287bc44e58266b11dc33bc694 P 56ddfb0e97f54e4bb7a73038e07f3a96 [CANDIDATE]: Term 1 pre-election: Requested pre-vote from peers 9e8a6ce5c4d44ce38ca3426b905ba4b6 (127.31.123.129:37805), b924067148404a02b6a3fd6e9cb938e4 (127.31.123.130:45471)
I20260710 11:10:11.022303   391 raft_consensus.cc:2393] T c49c412287bc44e58266b11dc33bc694 P 9e8a6ce5c4d44ce38ca3426b905ba4b6 [term 1 FOLLOWER]: Leader pre-election vote request: Denying vote to candidate 56ddfb0e97f54e4bb7a73038e07f3a96 in current term 1: Already voted for candidate b924067148404a02b6a3fd6e9cb938e4 in this term.
I20260710 11:10:11.023463   505 leader_election.cc:304] T c49c412287bc44e58266b11dc33bc694 P 56ddfb0e97f54e4bb7a73038e07f3a96 [CANDIDATE]: Term 1 pre-election: Election decided. Result: candidate lost. Election summary: received 3 responses out of 3 voters: 1 yes votes; 2 no votes. yes voters: 56ddfb0e97f54e4bb7a73038e07f3a96; no voters: 9e8a6ce5c4d44ce38ca3426b905ba4b6, b924067148404a02b6a3fd6e9cb938e4
I20260710 11:10:11.025441   605 raft_consensus.cc:3060] T c49c412287bc44e58266b11dc33bc694 P 56ddfb0e97f54e4bb7a73038e07f3a96 [term 0 FOLLOWER]: Advancing to term 1
I20260710 11:10:11.031101   605 raft_consensus.cc:2749] T c49c412287bc44e58266b11dc33bc694 P 56ddfb0e97f54e4bb7a73038e07f3a96 [term 1 FOLLOWER]: Leader pre-election lost for term 1. Reason: could not achieve majority
I20260710 11:10:11.047138   541 tablet_service.cc:2072] Received LeaderStepDown RPC: tablet_id: "442d2a7511c143fc9fe61588f6be381e"
dest_uuid: "56ddfb0e97f54e4bb7a73038e07f3a96"
mode: GRACEFUL
new_leader_uuid: "9e8a6ce5c4d44ce38ca3426b905ba4b6"
 from {username='slave'} at 127.0.0.1:45400
I20260710 11:10:11.047667   541 raft_consensus.cc:606] T 442d2a7511c143fc9fe61588f6be381e P 56ddfb0e97f54e4bb7a73038e07f3a96 [term 1 LEADER]: Received request to transfer leadership to TS 9e8a6ce5c4d44ce38ca3426b905ba4b6
I20260710 11:10:11.052829   611 consensus_queue.cc:1048] T f08e4397be394213b700740ade73bad4 P 9e8a6ce5c4d44ce38ca3426b905ba4b6 [LEADER]: Connected to new peer: Peer: permanent_uuid: "b924067148404a02b6a3fd6e9cb938e4" member_type: VOTER last_known_addr { host: "127.31.123.130" port: 45471 }, Status: LMP_MISMATCH, Last received: 0.0, Next index: 1, Last known committed idx: 0, Time since last communication: 0.000s
I20260710 11:10:11.055536   541 tablet_service.cc:2072] Received LeaderStepDown RPC: tablet_id: "e5acff9f9ce34149b1f77a6b5b59caf2"
dest_uuid: "56ddfb0e97f54e4bb7a73038e07f3a96"
mode: GRACEFUL
new_leader_uuid: "9e8a6ce5c4d44ce38ca3426b905ba4b6"
 from {username='slave'} at 127.0.0.1:45400
I20260710 11:10:11.056083   541 raft_consensus.cc:606] T e5acff9f9ce34149b1f77a6b5b59caf2 P 56ddfb0e97f54e4bb7a73038e07f3a96 [term 1 LEADER]: Received request to transfer leadership to TS 9e8a6ce5c4d44ce38ca3426b905ba4b6
I20260710 11:10:11.067235   590 consensus_queue.cc:1048] T f08e4397be394213b700740ade73bad4 P 9e8a6ce5c4d44ce38ca3426b905ba4b6 [LEADER]: Connected to new peer: Peer: permanent_uuid: "56ddfb0e97f54e4bb7a73038e07f3a96" member_type: VOTER last_known_addr { host: "127.31.123.131" port: 32893 }, Status: LMP_MISMATCH, Last received: 0.0, Next index: 1, Last known committed idx: 0, Time since last communication: 0.000s
I20260710 11:10:11.071938   468 tablet_service.cc:2072] Received LeaderStepDown RPC: tablet_id: "c49c412287bc44e58266b11dc33bc694"
dest_uuid: "b924067148404a02b6a3fd6e9cb938e4"
mode: GRACEFUL
new_leader_uuid: "9e8a6ce5c4d44ce38ca3426b905ba4b6"
 from {username='slave'} at 127.0.0.1:36082
I20260710 11:10:11.072512   468 raft_consensus.cc:606] T c49c412287bc44e58266b11dc33bc694 P b924067148404a02b6a3fd6e9cb938e4 [term 1 LEADER]: Received request to transfer leadership to TS 9e8a6ce5c4d44ce38ca3426b905ba4b6
I20260710 11:10:11.074934   466 raft_consensus.cc:3060] T ebd3916f8f714487bb32d99de0f2886c P b924067148404a02b6a3fd6e9cb938e4 [term 0 FOLLOWER]: Advancing to term 1
I20260710 11:10:11.080621   541 tablet_service.cc:2072] Received LeaderStepDown RPC: tablet_id: "c5ff4e92665645dca73dcd797793fa02"
dest_uuid: "56ddfb0e97f54e4bb7a73038e07f3a96"
mode: GRACEFUL
new_leader_uuid: "9e8a6ce5c4d44ce38ca3426b905ba4b6"
 from {username='slave'} at 127.0.0.1:45400
I20260710 11:10:11.081235   541 raft_consensus.cc:606] T c5ff4e92665645dca73dcd797793fa02 P 56ddfb0e97f54e4bb7a73038e07f3a96 [term 1 LEADER]: Received request to transfer leadership to TS 9e8a6ce5c4d44ce38ca3426b905ba4b6
I20260710 11:10:11.083959   630 consensus_queue.cc:1048] T ebd3916f8f714487bb32d99de0f2886c P 9e8a6ce5c4d44ce38ca3426b905ba4b6 [LEADER]: Connected to new peer: Peer: permanent_uuid: "b924067148404a02b6a3fd6e9cb938e4" member_type: VOTER last_known_addr { host: "127.31.123.130" port: 45471 }, Status: LMP_MISMATCH, Last received: 0.0, Next index: 1, Last known committed idx: 0, Time since last communication: 0.000s
I20260710 11:10:11.091953   605 consensus_queue.cc:1048] T 442d2a7511c143fc9fe61588f6be381e P 56ddfb0e97f54e4bb7a73038e07f3a96 [LEADER]: Connected to new peer: Peer: permanent_uuid: "9e8a6ce5c4d44ce38ca3426b905ba4b6" member_type: VOTER last_known_addr { host: "127.31.123.129" port: 37805 }, Status: LMP_MISMATCH, Last received: 0.0, Next index: 1, Last known committed idx: 0, Time since last communication: 0.000s
I20260710 11:10:11.101773   611 consensus_queue.cc:1048] T ebd3916f8f714487bb32d99de0f2886c P 9e8a6ce5c4d44ce38ca3426b905ba4b6 [LEADER]: Connected to new peer: Peer: permanent_uuid: "56ddfb0e97f54e4bb7a73038e07f3a96" member_type: VOTER last_known_addr { host: "127.31.123.131" port: 32893 }, Status: LMP_MISMATCH, Last received: 0.0, Next index: 1, Last known committed idx: 0, Time since last communication: 0.000s
I20260710 11:10:11.105417   605 consensus_queue.cc:1048] T 442d2a7511c143fc9fe61588f6be381e P 56ddfb0e97f54e4bb7a73038e07f3a96 [LEADER]: Connected to new peer: Peer: permanent_uuid: "b924067148404a02b6a3fd6e9cb938e4" member_type: VOTER last_known_addr { host: "127.31.123.130" port: 45471 }, Status: LMP_MISMATCH, Last received: 0.0, Next index: 1, Last known committed idx: 0, Time since last communication: 0.000s
I20260710 11:10:11.105743   393 tablet_service.cc:2072] Received LeaderStepDown RPC: tablet_id: "f08e4397be394213b700740ade73bad4"
dest_uuid: "9e8a6ce5c4d44ce38ca3426b905ba4b6"
mode: GRACEFUL
new_leader_uuid: "b924067148404a02b6a3fd6e9cb938e4"
 from {username='slave'} at 127.0.0.1:47952
I20260710 11:10:11.106335   393 raft_consensus.cc:606] T f08e4397be394213b700740ade73bad4 P 9e8a6ce5c4d44ce38ca3426b905ba4b6 [term 1 LEADER]: Received request to transfer leadership to TS b924067148404a02b6a3fd6e9cb938e4
I20260710 11:10:11.113097   591 consensus_queue.cc:1048] T c49c412287bc44e58266b11dc33bc694 P b924067148404a02b6a3fd6e9cb938e4 [LEADER]: Connected to new peer: Peer: permanent_uuid: "56ddfb0e97f54e4bb7a73038e07f3a96" member_type: VOTER last_known_addr { host: "127.31.123.131" port: 32893 }, Status: LMP_MISMATCH, Last received: 0.0, Next index: 1, Last known committed idx: 0, Time since last communication: 0.000s
I20260710 11:10:11.113639   605 consensus_queue.cc:1048] T 7a32cbd8b08249c784955c958d4fa18f P 56ddfb0e97f54e4bb7a73038e07f3a96 [LEADER]: Connected to new peer: Peer: permanent_uuid: "b924067148404a02b6a3fd6e9cb938e4" member_type: VOTER last_known_addr { host: "127.31.123.130" port: 45471 }, Status: LMP_MISMATCH, Last received: 0.0, Next index: 1, Last known committed idx: 0, Time since last communication: 0.000s
I20260710 11:10:11.126156   542 tablet_service.cc:2072] Received LeaderStepDown RPC: tablet_id: "fe97a320cd4346f3a3c9e5d59d332f2e"
dest_uuid: "56ddfb0e97f54e4bb7a73038e07f3a96"
mode: GRACEFUL
new_leader_uuid: "b924067148404a02b6a3fd6e9cb938e4"
 from {username='slave'} at 127.0.0.1:45400
I20260710 11:10:11.126766   542 raft_consensus.cc:606] T fe97a320cd4346f3a3c9e5d59d332f2e P 56ddfb0e97f54e4bb7a73038e07f3a96 [term 1 LEADER]: Received request to transfer leadership to TS b924067148404a02b6a3fd6e9cb938e4
I20260710 11:10:11.127905   620 consensus_queue.cc:1048] T 7a32cbd8b08249c784955c958d4fa18f P 56ddfb0e97f54e4bb7a73038e07f3a96 [LEADER]: Connected to new peer: Peer: permanent_uuid: "9e8a6ce5c4d44ce38ca3426b905ba4b6" member_type: VOTER last_known_addr { host: "127.31.123.129" port: 37805 }, Status: LMP_MISMATCH, Last received: 0.0, Next index: 1, Last known committed idx: 0, Time since last communication: 0.000s
I20260710 11:10:11.132701   542 tablet_service.cc:2072] Received LeaderStepDown RPC: tablet_id: "7a32cbd8b08249c784955c958d4fa18f"
dest_uuid: "56ddfb0e97f54e4bb7a73038e07f3a96"
mode: GRACEFUL
new_leader_uuid: "b924067148404a02b6a3fd6e9cb938e4"
 from {username='slave'} at 127.0.0.1:45400
I20260710 11:10:11.133308   542 raft_consensus.cc:606] T 7a32cbd8b08249c784955c958d4fa18f P 56ddfb0e97f54e4bb7a73038e07f3a96 [term 1 LEADER]: Received request to transfer leadership to TS b924067148404a02b6a3fd6e9cb938e4
I20260710 11:10:11.135902   620 raft_consensus.cc:993] T 7a32cbd8b08249c784955c958d4fa18f P 56ddfb0e97f54e4bb7a73038e07f3a96: : Instructing follower b924067148404a02b6a3fd6e9cb938e4 to start an election
I20260710 11:10:11.136319   620 raft_consensus.cc:1081] T 7a32cbd8b08249c784955c958d4fa18f P 56ddfb0e97f54e4bb7a73038e07f3a96 [term 1 LEADER]: Signalling peer b924067148404a02b6a3fd6e9cb938e4 to start an election
I20260710 11:10:11.138398   468 tablet_service.cc:2044] Received Run Leader Election RPC: tablet_id: "7a32cbd8b08249c784955c958d4fa18f"
dest_uuid: "b924067148404a02b6a3fd6e9cb938e4"
 from {username='slave'} at 127.0.0.1:36056
I20260710 11:10:11.138875   468 raft_consensus.cc:493] T 7a32cbd8b08249c784955c958d4fa18f P b924067148404a02b6a3fd6e9cb938e4 [term 1 FOLLOWER]: Starting forced leader election (received explicit request)
I20260710 11:10:11.138986   542 tablet_service.cc:2072] Received LeaderStepDown RPC: tablet_id: "6d29443611c544e08fe5ab5db1f06d2d"
dest_uuid: "56ddfb0e97f54e4bb7a73038e07f3a96"
mode: GRACEFUL
new_leader_uuid: "b924067148404a02b6a3fd6e9cb938e4"
 from {username='slave'} at 127.0.0.1:45400
I20260710 11:10:11.139225   468 raft_consensus.cc:3060] T 7a32cbd8b08249c784955c958d4fa18f P b924067148404a02b6a3fd6e9cb938e4 [term 1 FOLLOWER]: Advancing to term 2
I20260710 11:10:11.139590   542 raft_consensus.cc:606] T 6d29443611c544e08fe5ab5db1f06d2d P 56ddfb0e97f54e4bb7a73038e07f3a96 [term 1 LEADER]: Received request to transfer leadership to TS b924067148404a02b6a3fd6e9cb938e4
I20260710 11:10:11.146709   468 raft_consensus.cc:515] T 7a32cbd8b08249c784955c958d4fa18f P b924067148404a02b6a3fd6e9cb938e4 [term 2 FOLLOWER]: Starting forced leader election with config: opid_index: -1 OBSOLETE_local: false peers { permanent_uuid: "9e8a6ce5c4d44ce38ca3426b905ba4b6" member_type: VOTER last_known_addr { host: "127.31.123.129" port: 37805 } } peers { permanent_uuid: "b924067148404a02b6a3fd6e9cb938e4" member_type: VOTER last_known_addr { host: "127.31.123.130" port: 45471 } } peers { permanent_uuid: "56ddfb0e97f54e4bb7a73038e07f3a96" member_type: VOTER last_known_addr { host: "127.31.123.131" port: 32893 } }
I20260710 11:10:11.149495   392 tablet_service.cc:1917] Received RequestConsensusVote() RPC: tablet_id: "7a32cbd8b08249c784955c958d4fa18f" candidate_uuid: "b924067148404a02b6a3fd6e9cb938e4" candidate_term: 2 candidate_status { last_received { term: 1 index: 1 } } ignore_live_leader: true dest_uuid: "9e8a6ce5c4d44ce38ca3426b905ba4b6"
I20260710 11:10:11.151796   541 tablet_service.cc:1917] Received RequestConsensusVote() RPC: tablet_id: "7a32cbd8b08249c784955c958d4fa18f" candidate_uuid: "b924067148404a02b6a3fd6e9cb938e4" candidate_term: 2 candidate_status { last_received { term: 1 index: 1 } } ignore_live_leader: true dest_uuid: "56ddfb0e97f54e4bb7a73038e07f3a96"
I20260710 11:10:11.152348   541 raft_consensus.cc:3055] T 7a32cbd8b08249c784955c958d4fa18f P 56ddfb0e97f54e4bb7a73038e07f3a96 [term 1 LEADER]: Stepping down as leader of term 1
I20260710 11:10:11.152519   617 raft_consensus.cc:993] T 442d2a7511c143fc9fe61588f6be381e P 56ddfb0e97f54e4bb7a73038e07f3a96: : Instructing follower 9e8a6ce5c4d44ce38ca3426b905ba4b6 to start an election
I20260710 11:10:11.152685   541 raft_consensus.cc:740] T 7a32cbd8b08249c784955c958d4fa18f P 56ddfb0e97f54e4bb7a73038e07f3a96 [term 1 LEADER]: Becoming Follower/Learner. State: Replica: 56ddfb0e97f54e4bb7a73038e07f3a96, State: Running, Role: LEADER
I20260710 11:10:11.152984   617 raft_consensus.cc:1081] T 442d2a7511c143fc9fe61588f6be381e P 56ddfb0e97f54e4bb7a73038e07f3a96 [term 1 LEADER]: Signalling peer 9e8a6ce5c4d44ce38ca3426b905ba4b6 to start an election
I20260710 11:10:11.153458   541 consensus_queue.cc:260] T 7a32cbd8b08249c784955c958d4fa18f P 56ddfb0e97f54e4bb7a73038e07f3a96 [NON_LEADER]: Queue going to NON_LEADER mode. State: All replicated index: 0, Majority replicated index: 1, Committed index: 1, Last appended: 1.1, Last appended by leader: 1, Current term: 1, Majority size: -1, State: 0, Mode: NON_LEADER, active raft config: opid_index: -1 OBSOLETE_local: false peers { permanent_uuid: "9e8a6ce5c4d44ce38ca3426b905ba4b6" member_type: VOTER last_known_addr { host: "127.31.123.129" port: 37805 } } peers { permanent_uuid: "b924067148404a02b6a3fd6e9cb938e4" member_type: VOTER last_known_addr { host: "127.31.123.130" port: 45471 } } peers { permanent_uuid: "56ddfb0e97f54e4bb7a73038e07f3a96" member_type: VOTER last_known_addr { host: "127.31.123.131" port: 32893 } }
I20260710 11:10:11.154373   541 raft_consensus.cc:3060] T 7a32cbd8b08249c784955c958d4fa18f P 56ddfb0e97f54e4bb7a73038e07f3a96 [term 1 FOLLOWER]: Advancing to term 2
I20260710 11:10:11.155586   392 tablet_service.cc:2044] Received Run Leader Election RPC: tablet_id: "442d2a7511c143fc9fe61588f6be381e"
dest_uuid: "9e8a6ce5c4d44ce38ca3426b905ba4b6"
 from {username='slave'} at 127.0.0.1:47922
I20260710 11:10:11.156122   392 raft_consensus.cc:493] T 442d2a7511c143fc9fe61588f6be381e P 9e8a6ce5c4d44ce38ca3426b905ba4b6 [term 1 FOLLOWER]: Starting forced leader election (received explicit request)
I20260710 11:10:11.156464   392 raft_consensus.cc:3060] T 442d2a7511c143fc9fe61588f6be381e P 9e8a6ce5c4d44ce38ca3426b905ba4b6 [term 1 FOLLOWER]: Advancing to term 2
I20260710 11:10:11.157253   466 tablet_service.cc:2072] Received LeaderStepDown RPC: tablet_id: "1f528cc25de544508522471272289e99"
dest_uuid: "b924067148404a02b6a3fd6e9cb938e4"
mode: GRACEFUL
new_leader_uuid: "56ddfb0e97f54e4bb7a73038e07f3a96"
 from {username='slave'} at 127.0.0.1:36082
I20260710 11:10:11.161265   466 raft_consensus.cc:606] T 1f528cc25de544508522471272289e99 P b924067148404a02b6a3fd6e9cb938e4 [term 1 LEADER]: Received request to transfer leadership to TS 56ddfb0e97f54e4bb7a73038e07f3a96
I20260710 11:10:11.161346   468 leader_election.cc:290] T 7a32cbd8b08249c784955c958d4fa18f P b924067148404a02b6a3fd6e9cb938e4 [CANDIDATE]: Term 2 election: Requested vote from peers 9e8a6ce5c4d44ce38ca3426b905ba4b6 (127.31.123.129:37805), 56ddfb0e97f54e4bb7a73038e07f3a96 (127.31.123.131:32893)
I20260710 11:10:11.163439   624 consensus_queue.cc:1048] T c49c412287bc44e58266b11dc33bc694 P b924067148404a02b6a3fd6e9cb938e4 [LEADER]: Connected to new peer: Peer: permanent_uuid: "9e8a6ce5c4d44ce38ca3426b905ba4b6" member_type: VOTER last_known_addr { host: "127.31.123.129" port: 37805 }, Status: LMP_MISMATCH, Last received: 0.0, Next index: 1, Last known committed idx: 0, Time since last communication: 0.001s
I20260710 11:10:11.166775   541 raft_consensus.cc:2468] T 7a32cbd8b08249c784955c958d4fa18f P 56ddfb0e97f54e4bb7a73038e07f3a96 [term 2 FOLLOWER]: Leader election vote request: Granting yes vote for candidate b924067148404a02b6a3fd6e9cb938e4 in term 2.
I20260710 11:10:11.166772   392 raft_consensus.cc:515] T 442d2a7511c143fc9fe61588f6be381e P 9e8a6ce5c4d44ce38ca3426b905ba4b6 [term 2 FOLLOWER]: Starting forced leader election with config: opid_index: -1 OBSOLETE_local: false peers { permanent_uuid: "56ddfb0e97f54e4bb7a73038e07f3a96" member_type: VOTER last_known_addr { host: "127.31.123.131" port: 32893 } } peers { permanent_uuid: "b924067148404a02b6a3fd6e9cb938e4" member_type: VOTER last_known_addr { host: "127.31.123.130" port: 45471 } } peers { permanent_uuid: "9e8a6ce5c4d44ce38ca3426b905ba4b6" member_type: VOTER last_known_addr { host: "127.31.123.129" port: 37805 } }
I20260710 11:10:11.168154   391 raft_consensus.cc:1240] T 442d2a7511c143fc9fe61588f6be381e P 9e8a6ce5c4d44ce38ca3426b905ba4b6 [term 2 FOLLOWER]: Rejecting Update request from peer 56ddfb0e97f54e4bb7a73038e07f3a96 for earlier term 1. Current term is 2. Ops: []
I20260710 11:10:11.168511   624 consensus_queue.cc:1048] T 1f528cc25de544508522471272289e99 P b924067148404a02b6a3fd6e9cb938e4 [LEADER]: Connected to new peer: Peer: permanent_uuid: "9e8a6ce5c4d44ce38ca3426b905ba4b6" member_type: VOTER last_known_addr { host: "127.31.123.129" port: 37805 }, Status: LMP_MISMATCH, Last received: 0.0, Next index: 1, Last known committed idx: 0, Time since last communication: 0.001s
I20260710 11:10:11.173079   392 leader_election.cc:290] T 442d2a7511c143fc9fe61588f6be381e P 9e8a6ce5c4d44ce38ca3426b905ba4b6 [CANDIDATE]: Term 2 election: Requested vote from peers 56ddfb0e97f54e4bb7a73038e07f3a96 (127.31.123.131:32893), b924067148404a02b6a3fd6e9cb938e4 (127.31.123.130:45471)
I20260710 11:10:11.175717   541 tablet_service.cc:1917] Received RequestConsensusVote() RPC: tablet_id: "442d2a7511c143fc9fe61588f6be381e" candidate_uuid: "9e8a6ce5c4d44ce38ca3426b905ba4b6" candidate_term: 2 candidate_status { last_received { term: 1 index: 1 } } ignore_live_leader: true dest_uuid: "56ddfb0e97f54e4bb7a73038e07f3a96"
I20260710 11:10:11.175585   586 consensus_queue.cc:1059] T 442d2a7511c143fc9fe61588f6be381e P 56ddfb0e97f54e4bb7a73038e07f3a96 [LEADER]: Peer responded invalid term: Peer: permanent_uuid: "9e8a6ce5c4d44ce38ca3426b905ba4b6" member_type: VOTER last_known_addr { host: "127.31.123.129" port: 37805 }, Status: INVALID_TERM, Last received: 1.1, Next index: 2, Last known committed idx: 0, Time since last communication: 0.000s
I20260710 11:10:11.176467   586 raft_consensus.cc:3055] T 442d2a7511c143fc9fe61588f6be381e P 56ddfb0e97f54e4bb7a73038e07f3a96 [term 1 LEADER]: Stepping down as leader of term 1
I20260710 11:10:11.176785   586 raft_consensus.cc:740] T 442d2a7511c143fc9fe61588f6be381e P 56ddfb0e97f54e4bb7a73038e07f3a96 [term 1 LEADER]: Becoming Follower/Learner. State: Replica: 56ddfb0e97f54e4bb7a73038e07f3a96, State: Running, Role: LEADER
I20260710 11:10:11.177589   586 consensus_queue.cc:260] T 442d2a7511c143fc9fe61588f6be381e P 56ddfb0e97f54e4bb7a73038e07f3a96 [NON_LEADER]: Queue going to NON_LEADER mode. State: All replicated index: 0, Majority replicated index: 1, Committed index: 1, Last appended: 1.1, Last appended by leader: 1, Current term: 1, Majority size: -1, State: 0, Mode: NON_LEADER, active raft config: opid_index: -1 OBSOLETE_local: false peers { permanent_uuid: "56ddfb0e97f54e4bb7a73038e07f3a96" member_type: VOTER last_known_addr { host: "127.31.123.131" port: 32893 } } peers { permanent_uuid: "b924067148404a02b6a3fd6e9cb938e4" member_type: VOTER last_known_addr { host: "127.31.123.130" port: 45471 } } peers { permanent_uuid: "9e8a6ce5c4d44ce38ca3426b905ba4b6" member_type: VOTER last_known_addr { host: "127.31.123.129" port: 37805 } }
I20260710 11:10:11.178755   586 raft_consensus.cc:3060] T 442d2a7511c143fc9fe61588f6be381e P 56ddfb0e97f54e4bb7a73038e07f3a96 [term 1 FOLLOWER]: Advancing to term 2
I20260710 11:10:11.179152   433 leader_election.cc:304] T 7a32cbd8b08249c784955c958d4fa18f P b924067148404a02b6a3fd6e9cb938e4 [CANDIDATE]: Term 2 election: Election decided. Result: candidate won. Election summary: received 3 responses out of 3 voters: 2 yes votes; 1 no votes. yes voters: 56ddfb0e97f54e4bb7a73038e07f3a96, b924067148404a02b6a3fd6e9cb938e4; no voters: 9e8a6ce5c4d44ce38ca3426b905ba4b6
I20260710 11:10:11.183436   624 raft_consensus.cc:2804] T 7a32cbd8b08249c784955c958d4fa18f P b924067148404a02b6a3fd6e9cb938e4 [term 2 FOLLOWER]: Leader election won for term 2
I20260710 11:10:11.184057   624 raft_consensus.cc:697] T 7a32cbd8b08249c784955c958d4fa18f P b924067148404a02b6a3fd6e9cb938e4 [term 2 LEADER]: Becoming Leader. State: Replica: b924067148404a02b6a3fd6e9cb938e4, State: Running, Role: LEADER
I20260710 11:10:11.185206   624 consensus_queue.cc:237] T 7a32cbd8b08249c784955c958d4fa18f P b924067148404a02b6a3fd6e9cb938e4 [LEADER]: Queue going to LEADER mode. State: All replicated index: 0, Majority replicated index: 1, Committed index: 1, Last appended: 1.1, Last appended by leader: 1, Current term: 2, Majority size: 2, State: 0, Mode: LEADER, active raft config: opid_index: -1 OBSOLETE_local: false peers { permanent_uuid: "9e8a6ce5c4d44ce38ca3426b905ba4b6" member_type: VOTER last_known_addr { host: "127.31.123.129" port: 37805 } } peers { permanent_uuid: "b924067148404a02b6a3fd6e9cb938e4" member_type: VOTER last_known_addr { host: "127.31.123.130" port: 45471 } } peers { permanent_uuid: "56ddfb0e97f54e4bb7a73038e07f3a96" member_type: VOTER last_known_addr { host: "127.31.123.131" port: 32893 } }
I20260710 11:10:11.189958   468 tablet_service.cc:1917] Received RequestConsensusVote() RPC: tablet_id: "442d2a7511c143fc9fe61588f6be381e" candidate_uuid: "9e8a6ce5c4d44ce38ca3426b905ba4b6" candidate_term: 2 candidate_status { last_received { term: 1 index: 1 } } ignore_live_leader: true dest_uuid: "b924067148404a02b6a3fd6e9cb938e4"
I20260710 11:10:11.190757   468 raft_consensus.cc:3060] T 442d2a7511c143fc9fe61588f6be381e P b924067148404a02b6a3fd6e9cb938e4 [term 1 FOLLOWER]: Advancing to term 2
I20260710 11:10:11.197088   541 raft_consensus.cc:2468] T 442d2a7511c143fc9fe61588f6be381e P 56ddfb0e97f54e4bb7a73038e07f3a96 [term 2 FOLLOWER]: Leader election vote request: Granting yes vote for candidate 9e8a6ce5c4d44ce38ca3426b905ba4b6 in term 2.
I20260710 11:10:11.199467   591 consensus_queue.cc:1048] T 1f528cc25de544508522471272289e99 P b924067148404a02b6a3fd6e9cb938e4 [LEADER]: Connected to new peer: Peer: permanent_uuid: "56ddfb0e97f54e4bb7a73038e07f3a96" member_type: VOTER last_known_addr { host: "127.31.123.131" port: 32893 }, Status: LMP_MISMATCH, Last received: 0.0, Next index: 1, Last known committed idx: 0, Time since last communication: 0.000s
I20260710 11:10:11.202176   358 leader_election.cc:304] T 442d2a7511c143fc9fe61588f6be381e P 9e8a6ce5c4d44ce38ca3426b905ba4b6 [CANDIDATE]: Term 2 election: Election decided. Result: candidate won. Election summary: received 2 responses out of 3 voters: 2 yes votes; 0 no votes. yes voters: 56ddfb0e97f54e4bb7a73038e07f3a96, 9e8a6ce5c4d44ce38ca3426b905ba4b6; no voters: 
I20260710 11:10:11.205452   611 raft_consensus.cc:2804] T 442d2a7511c143fc9fe61588f6be381e P 9e8a6ce5c4d44ce38ca3426b905ba4b6 [term 2 FOLLOWER]: Leader election won for term 2
I20260710 11:10:11.206069   611 raft_consensus.cc:697] T 442d2a7511c143fc9fe61588f6be381e P 9e8a6ce5c4d44ce38ca3426b905ba4b6 [term 2 LEADER]: Becoming Leader. State: Replica: 9e8a6ce5c4d44ce38ca3426b905ba4b6, State: Running, Role: LEADER
I20260710 11:10:11.207124   611 consensus_queue.cc:237] T 442d2a7511c143fc9fe61588f6be381e P 9e8a6ce5c4d44ce38ca3426b905ba4b6 [LEADER]: Queue going to LEADER mode. State: All replicated index: 0, Majority replicated index: 0, Committed index: 0, Last appended: 1.1, Last appended by leader: 1, Current term: 2, Majority size: 2, State: 0, Mode: LEADER, active raft config: opid_index: -1 OBSOLETE_local: false peers { permanent_uuid: "56ddfb0e97f54e4bb7a73038e07f3a96" member_type: VOTER last_known_addr { host: "127.31.123.131" port: 32893 } } peers { permanent_uuid: "b924067148404a02b6a3fd6e9cb938e4" member_type: VOTER last_known_addr { host: "127.31.123.130" port: 45471 } } peers { permanent_uuid: "9e8a6ce5c4d44ce38ca3426b905ba4b6" member_type: VOTER last_known_addr { host: "127.31.123.129" port: 37805 } }
I20260710 11:10:11.215998   591 raft_consensus.cc:993] T c49c412287bc44e58266b11dc33bc694 P b924067148404a02b6a3fd6e9cb938e4: : Instructing follower 9e8a6ce5c4d44ce38ca3426b905ba4b6 to start an election
I20260710 11:10:11.216411   591 raft_consensus.cc:1081] T c49c412287bc44e58266b11dc33bc694 P b924067148404a02b6a3fd6e9cb938e4 [term 1 LEADER]: Signalling peer 9e8a6ce5c4d44ce38ca3426b905ba4b6 to start an election
I20260710 11:10:11.218382   390 tablet_service.cc:2044] Received Run Leader Election RPC: tablet_id: "c49c412287bc44e58266b11dc33bc694"
dest_uuid: "9e8a6ce5c4d44ce38ca3426b905ba4b6"
 from {username='slave'} at 127.0.0.1:47936
I20260710 11:10:11.218922   390 raft_consensus.cc:493] T c49c412287bc44e58266b11dc33bc694 P 9e8a6ce5c4d44ce38ca3426b905ba4b6 [term 1 FOLLOWER]: Starting forced leader election (received explicit request)
I20260710 11:10:11.216539 32759 catalog_manager.cc:5697] T 7a32cbd8b08249c784955c958d4fa18f P b924067148404a02b6a3fd6e9cb938e4 reported cstate change: term changed from 1 to 2, leader changed from 56ddfb0e97f54e4bb7a73038e07f3a96 (127.31.123.131) to b924067148404a02b6a3fd6e9cb938e4 (127.31.123.130). New cstate: current_term: 2 leader_uuid: "b924067148404a02b6a3fd6e9cb938e4" committed_config { opid_index: -1 OBSOLETE_local: false peers { permanent_uuid: "9e8a6ce5c4d44ce38ca3426b905ba4b6" member_type: VOTER last_known_addr { host: "127.31.123.129" port: 37805 } health_report { overall_health: UNKNOWN } } peers { permanent_uuid: "b924067148404a02b6a3fd6e9cb938e4" member_type: VOTER last_known_addr { host: "127.31.123.130" port: 45471 } health_report { overall_health: HEALTHY } } peers { permanent_uuid: "56ddfb0e97f54e4bb7a73038e07f3a96" member_type: VOTER last_known_addr { host: "127.31.123.131" port: 32893 } health_report { overall_health: UNKNOWN } } }
I20260710 11:10:11.219296   390 raft_consensus.cc:3060] T c49c412287bc44e58266b11dc33bc694 P 9e8a6ce5c4d44ce38ca3426b905ba4b6 [term 1 FOLLOWER]: Advancing to term 2
I20260710 11:10:11.219154   468 raft_consensus.cc:2468] T 442d2a7511c143fc9fe61588f6be381e P b924067148404a02b6a3fd6e9cb938e4 [term 2 FOLLOWER]: Leader election vote request: Granting yes vote for candidate 9e8a6ce5c4d44ce38ca3426b905ba4b6 in term 2.
I20260710 11:10:11.226629   390 raft_consensus.cc:515] T c49c412287bc44e58266b11dc33bc694 P 9e8a6ce5c4d44ce38ca3426b905ba4b6 [term 2 FOLLOWER]: Starting forced leader election with config: opid_index: -1 OBSOLETE_local: false peers { permanent_uuid: "9e8a6ce5c4d44ce38ca3426b905ba4b6" member_type: VOTER last_known_addr { host: "127.31.123.129" port: 37805 } } peers { permanent_uuid: "b924067148404a02b6a3fd6e9cb938e4" member_type: VOTER last_known_addr { host: "127.31.123.130" port: 45471 } } peers { permanent_uuid: "56ddfb0e97f54e4bb7a73038e07f3a96" member_type: VOTER last_known_addr { host: "127.31.123.131" port: 32893 } }
I20260710 11:10:11.229956   542 tablet_service.cc:1917] Received RequestConsensusVote() RPC: tablet_id: "c49c412287bc44e58266b11dc33bc694" candidate_uuid: "9e8a6ce5c4d44ce38ca3426b905ba4b6" candidate_term: 2 candidate_status { last_received { term: 1 index: 1 } } ignore_live_leader: true dest_uuid: "56ddfb0e97f54e4bb7a73038e07f3a96"
I20260710 11:10:11.230050   468 tablet_service.cc:1917] Received RequestConsensusVote() RPC: tablet_id: "c49c412287bc44e58266b11dc33bc694" candidate_uuid: "9e8a6ce5c4d44ce38ca3426b905ba4b6" candidate_term: 2 candidate_status { last_received { term: 1 index: 1 } } ignore_live_leader: true dest_uuid: "b924067148404a02b6a3fd6e9cb938e4"
I20260710 11:10:11.230595   542 raft_consensus.cc:3060] T c49c412287bc44e58266b11dc33bc694 P 56ddfb0e97f54e4bb7a73038e07f3a96 [term 1 FOLLOWER]: Advancing to term 2
I20260710 11:10:11.230845   468 raft_consensus.cc:3055] T c49c412287bc44e58266b11dc33bc694 P b924067148404a02b6a3fd6e9cb938e4 [term 1 LEADER]: Stepping down as leader of term 1
I20260710 11:10:11.234968   468 raft_consensus.cc:740] T c49c412287bc44e58266b11dc33bc694 P b924067148404a02b6a3fd6e9cb938e4 [term 1 LEADER]: Becoming Follower/Learner. State: Replica: b924067148404a02b6a3fd6e9cb938e4, State: Running, Role: LEADER
I20260710 11:10:11.235793   468 consensus_queue.cc:260] T c49c412287bc44e58266b11dc33bc694 P b924067148404a02b6a3fd6e9cb938e4 [NON_LEADER]: Queue going to NON_LEADER mode. State: All replicated index: 0, Majority replicated index: 1, Committed index: 1, Last appended: 1.1, Last appended by leader: 1, Current term: 1, Majority size: -1, State: 0, Mode: NON_LEADER, active raft config: opid_index: -1 OBSOLETE_local: false peers { permanent_uuid: "9e8a6ce5c4d44ce38ca3426b905ba4b6" member_type: VOTER last_known_addr { host: "127.31.123.129" port: 37805 } } peers { permanent_uuid: "b924067148404a02b6a3fd6e9cb938e4" member_type: VOTER last_known_addr { host: "127.31.123.130" port: 45471 } } peers { permanent_uuid: "56ddfb0e97f54e4bb7a73038e07f3a96" member_type: VOTER last_known_addr { host: "127.31.123.131" port: 32893 } }
I20260710 11:10:11.237003   468 raft_consensus.cc:3060] T c49c412287bc44e58266b11dc33bc694 P b924067148404a02b6a3fd6e9cb938e4 [term 1 FOLLOWER]: Advancing to term 2
I20260710 11:10:11.239425   542 raft_consensus.cc:2468] T c49c412287bc44e58266b11dc33bc694 P 56ddfb0e97f54e4bb7a73038e07f3a96 [term 2 FOLLOWER]: Leader election vote request: Granting yes vote for candidate 9e8a6ce5c4d44ce38ca3426b905ba4b6 in term 2.
I20260710 11:10:11.240600   358 leader_election.cc:304] T c49c412287bc44e58266b11dc33bc694 P 9e8a6ce5c4d44ce38ca3426b905ba4b6 [CANDIDATE]: Term 2 election: Election decided. Result: candidate won. Election summary: received 2 responses out of 3 voters: 2 yes votes; 0 no votes. yes voters: 56ddfb0e97f54e4bb7a73038e07f3a96, 9e8a6ce5c4d44ce38ca3426b905ba4b6; no voters: 
I20260710 11:10:11.241817   611 raft_consensus.cc:2804] T c49c412287bc44e58266b11dc33bc694 P 9e8a6ce5c4d44ce38ca3426b905ba4b6 [term 2 FOLLOWER]: Leader election won for term 2
I20260710 11:10:11.242286   611 raft_consensus.cc:697] T c49c412287bc44e58266b11dc33bc694 P 9e8a6ce5c4d44ce38ca3426b905ba4b6 [term 2 LEADER]: Becoming Leader. State: Replica: 9e8a6ce5c4d44ce38ca3426b905ba4b6, State: Running, Role: LEADER
I20260710 11:10:11.243086   611 consensus_queue.cc:237] T c49c412287bc44e58266b11dc33bc694 P 9e8a6ce5c4d44ce38ca3426b905ba4b6 [LEADER]: Queue going to LEADER mode. State: All replicated index: 0, Majority replicated index: 1, Committed index: 1, Last appended: 1.1, Last appended by leader: 1, Current term: 2, Majority size: 2, State: 0, Mode: LEADER, active raft config: opid_index: -1 OBSOLETE_local: false peers { permanent_uuid: "9e8a6ce5c4d44ce38ca3426b905ba4b6" member_type: VOTER last_known_addr { host: "127.31.123.129" port: 37805 } } peers { permanent_uuid: "b924067148404a02b6a3fd6e9cb938e4" member_type: VOTER last_known_addr { host: "127.31.123.130" port: 45471 } } peers { permanent_uuid: "56ddfb0e97f54e4bb7a73038e07f3a96" member_type: VOTER last_known_addr { host: "127.31.123.131" port: 32893 } }
I20260710 11:10:11.243791 32759 catalog_manager.cc:5697] T 442d2a7511c143fc9fe61588f6be381e P 9e8a6ce5c4d44ce38ca3426b905ba4b6 reported cstate change: term changed from 1 to 2, leader changed from 56ddfb0e97f54e4bb7a73038e07f3a96 (127.31.123.131) to 9e8a6ce5c4d44ce38ca3426b905ba4b6 (127.31.123.129). New cstate: current_term: 2 leader_uuid: "9e8a6ce5c4d44ce38ca3426b905ba4b6" committed_config { opid_index: -1 OBSOLETE_local: false peers { permanent_uuid: "56ddfb0e97f54e4bb7a73038e07f3a96" member_type: VOTER last_known_addr { host: "127.31.123.131" port: 32893 } health_report { overall_health: UNKNOWN } } peers { permanent_uuid: "b924067148404a02b6a3fd6e9cb938e4" member_type: VOTER last_known_addr { host: "127.31.123.130" port: 45471 } health_report { overall_health: UNKNOWN } } peers { permanent_uuid: "9e8a6ce5c4d44ce38ca3426b905ba4b6" member_type: VOTER last_known_addr { host: "127.31.123.129" port: 37805 } health_report { overall_health: HEALTHY } } }
I20260710 11:10:11.248338   468 raft_consensus.cc:2468] T c49c412287bc44e58266b11dc33bc694 P b924067148404a02b6a3fd6e9cb938e4 [term 2 FOLLOWER]: Leader election vote request: Granting yes vote for candidate 9e8a6ce5c4d44ce38ca3426b905ba4b6 in term 2.
I20260710 11:10:11.250115   390 leader_election.cc:290] T c49c412287bc44e58266b11dc33bc694 P 9e8a6ce5c4d44ce38ca3426b905ba4b6 [CANDIDATE]: Term 2 election: Requested vote from peers b924067148404a02b6a3fd6e9cb938e4 (127.31.123.130:45471), 56ddfb0e97f54e4bb7a73038e07f3a96 (127.31.123.131:32893)
I20260710 11:10:11.251523   665 raft_consensus.cc:993] T 1f528cc25de544508522471272289e99 P b924067148404a02b6a3fd6e9cb938e4: : Instructing follower 56ddfb0e97f54e4bb7a73038e07f3a96 to start an election
I20260710 11:10:11.251964   665 raft_consensus.cc:1081] T 1f528cc25de544508522471272289e99 P b924067148404a02b6a3fd6e9cb938e4 [term 1 LEADER]: Signalling peer 56ddfb0e97f54e4bb7a73038e07f3a96 to start an election
I20260710 11:10:11.254376   541 tablet_service.cc:2044] Received Run Leader Election RPC: tablet_id: "1f528cc25de544508522471272289e99"
dest_uuid: "56ddfb0e97f54e4bb7a73038e07f3a96"
 from {username='slave'} at 127.0.0.1:45392
I20260710 11:10:11.254931   541 raft_consensus.cc:493] T 1f528cc25de544508522471272289e99 P 56ddfb0e97f54e4bb7a73038e07f3a96 [term 1 FOLLOWER]: Starting forced leader election (received explicit request)
I20260710 11:10:11.255317   541 raft_consensus.cc:3060] T 1f528cc25de544508522471272289e99 P 56ddfb0e97f54e4bb7a73038e07f3a96 [term 1 FOLLOWER]: Advancing to term 2
I20260710 11:10:11.260426 32755 catalog_manager.cc:5697] T c49c412287bc44e58266b11dc33bc694 P 9e8a6ce5c4d44ce38ca3426b905ba4b6 reported cstate change: term changed from 1 to 2, leader changed from b924067148404a02b6a3fd6e9cb938e4 (127.31.123.130) to 9e8a6ce5c4d44ce38ca3426b905ba4b6 (127.31.123.129). New cstate: current_term: 2 leader_uuid: "9e8a6ce5c4d44ce38ca3426b905ba4b6" committed_config { opid_index: -1 OBSOLETE_local: false peers { permanent_uuid: "9e8a6ce5c4d44ce38ca3426b905ba4b6" member_type: VOTER last_known_addr { host: "127.31.123.129" port: 37805 } health_report { overall_health: HEALTHY } } peers { permanent_uuid: "b924067148404a02b6a3fd6e9cb938e4" member_type: VOTER last_known_addr { host: "127.31.123.130" port: 45471 } health_report { overall_health: UNKNOWN } } peers { permanent_uuid: "56ddfb0e97f54e4bb7a73038e07f3a96" member_type: VOTER last_known_addr { host: "127.31.123.131" port: 32893 } health_report { overall_health: UNKNOWN } } }
I20260710 11:10:11.261986   541 raft_consensus.cc:515] T 1f528cc25de544508522471272289e99 P 56ddfb0e97f54e4bb7a73038e07f3a96 [term 2 FOLLOWER]: Starting forced leader election with config: opid_index: -1 OBSOLETE_local: false peers { permanent_uuid: "9e8a6ce5c4d44ce38ca3426b905ba4b6" member_type: VOTER last_known_addr { host: "127.31.123.129" port: 37805 } } peers { permanent_uuid: "b924067148404a02b6a3fd6e9cb938e4" member_type: VOTER last_known_addr { host: "127.31.123.130" port: 45471 } } peers { permanent_uuid: "56ddfb0e97f54e4bb7a73038e07f3a96" member_type: VOTER last_known_addr { host: "127.31.123.131" port: 32893 } }
I20260710 11:10:11.264110   541 leader_election.cc:290] T 1f528cc25de544508522471272289e99 P 56ddfb0e97f54e4bb7a73038e07f3a96 [CANDIDATE]: Term 2 election: Requested vote from peers 9e8a6ce5c4d44ce38ca3426b905ba4b6 (127.31.123.129:37805), b924067148404a02b6a3fd6e9cb938e4 (127.31.123.130:45471)
I20260710 11:10:11.264865   390 tablet_service.cc:1917] Received RequestConsensusVote() RPC: tablet_id: "1f528cc25de544508522471272289e99" candidate_uuid: "56ddfb0e97f54e4bb7a73038e07f3a96" candidate_term: 2 candidate_status { last_received { term: 1 index: 1 } } ignore_live_leader: true dest_uuid: "9e8a6ce5c4d44ce38ca3426b905ba4b6"
I20260710 11:10:11.265486   390 raft_consensus.cc:3060] T 1f528cc25de544508522471272289e99 P 9e8a6ce5c4d44ce38ca3426b905ba4b6 [term 1 FOLLOWER]: Advancing to term 2
I20260710 11:10:11.265820   468 tablet_service.cc:1917] Received RequestConsensusVote() RPC: tablet_id: "1f528cc25de544508522471272289e99" candidate_uuid: "56ddfb0e97f54e4bb7a73038e07f3a96" candidate_term: 2 candidate_status { last_received { term: 1 index: 1 } } ignore_live_leader: true dest_uuid: "b924067148404a02b6a3fd6e9cb938e4"
I20260710 11:10:11.266423   468 raft_consensus.cc:3055] T 1f528cc25de544508522471272289e99 P b924067148404a02b6a3fd6e9cb938e4 [term 1 LEADER]: Stepping down as leader of term 1
I20260710 11:10:11.266784   468 raft_consensus.cc:740] T 1f528cc25de544508522471272289e99 P b924067148404a02b6a3fd6e9cb938e4 [term 1 LEADER]: Becoming Follower/Learner. State: Replica: b924067148404a02b6a3fd6e9cb938e4, State: Running, Role: LEADER
I20260710 11:10:11.267597   468 consensus_queue.cc:260] T 1f528cc25de544508522471272289e99 P b924067148404a02b6a3fd6e9cb938e4 [NON_LEADER]: Queue going to NON_LEADER mode. State: All replicated index: 0, Majority replicated index: 1, Committed index: 1, Last appended: 1.1, Last appended by leader: 1, Current term: 1, Majority size: -1, State: 0, Mode: NON_LEADER, active raft config: opid_index: -1 OBSOLETE_local: false peers { permanent_uuid: "9e8a6ce5c4d44ce38ca3426b905ba4b6" member_type: VOTER last_known_addr { host: "127.31.123.129" port: 37805 } } peers { permanent_uuid: "b924067148404a02b6a3fd6e9cb938e4" member_type: VOTER last_known_addr { host: "127.31.123.130" port: 45471 } } peers { permanent_uuid: "56ddfb0e97f54e4bb7a73038e07f3a96" member_type: VOTER last_known_addr { host: "127.31.123.131" port: 32893 } }
I20260710 11:10:11.268888   468 raft_consensus.cc:3060] T 1f528cc25de544508522471272289e99 P b924067148404a02b6a3fd6e9cb938e4 [term 1 FOLLOWER]: Advancing to term 2
I20260710 11:10:11.272369   390 raft_consensus.cc:2468] T 1f528cc25de544508522471272289e99 P 9e8a6ce5c4d44ce38ca3426b905ba4b6 [term 2 FOLLOWER]: Leader election vote request: Granting yes vote for candidate 56ddfb0e97f54e4bb7a73038e07f3a96 in term 2.
I20260710 11:10:11.273515   505 leader_election.cc:304] T 1f528cc25de544508522471272289e99 P 56ddfb0e97f54e4bb7a73038e07f3a96 [CANDIDATE]: Term 2 election: Election decided. Result: candidate won. Election summary: received 2 responses out of 3 voters: 2 yes votes; 0 no votes. yes voters: 56ddfb0e97f54e4bb7a73038e07f3a96, 9e8a6ce5c4d44ce38ca3426b905ba4b6; no voters: 
I20260710 11:10:11.274303   586 raft_consensus.cc:2804] T 1f528cc25de544508522471272289e99 P 56ddfb0e97f54e4bb7a73038e07f3a96 [term 2 FOLLOWER]: Leader election won for term 2
I20260710 11:10:11.274730   586 raft_consensus.cc:697] T 1f528cc25de544508522471272289e99 P 56ddfb0e97f54e4bb7a73038e07f3a96 [term 2 LEADER]: Becoming Leader. State: Replica: 56ddfb0e97f54e4bb7a73038e07f3a96, State: Running, Role: LEADER
I20260710 11:10:11.275712   468 raft_consensus.cc:2468] T 1f528cc25de544508522471272289e99 P b924067148404a02b6a3fd6e9cb938e4 [term 2 FOLLOWER]: Leader election vote request: Granting yes vote for candidate 56ddfb0e97f54e4bb7a73038e07f3a96 in term 2.
I20260710 11:10:11.275512   586 consensus_queue.cc:237] T 1f528cc25de544508522471272289e99 P 56ddfb0e97f54e4bb7a73038e07f3a96 [LEADER]: Queue going to LEADER mode. State: All replicated index: 0, Majority replicated index: 1, Committed index: 1, Last appended: 1.1, Last appended by leader: 1, Current term: 2, Majority size: 2, State: 0, Mode: LEADER, active raft config: opid_index: -1 OBSOLETE_local: false peers { permanent_uuid: "9e8a6ce5c4d44ce38ca3426b905ba4b6" member_type: VOTER last_known_addr { host: "127.31.123.129" port: 37805 } } peers { permanent_uuid: "b924067148404a02b6a3fd6e9cb938e4" member_type: VOTER last_known_addr { host: "127.31.123.130" port: 45471 } } peers { permanent_uuid: "56ddfb0e97f54e4bb7a73038e07f3a96" member_type: VOTER last_known_addr { host: "127.31.123.131" port: 32893 } }
I20260710 11:10:11.275729   620 consensus_queue.cc:1048] T c5ff4e92665645dca73dcd797793fa02 P 56ddfb0e97f54e4bb7a73038e07f3a96 [LEADER]: Connected to new peer: Peer: permanent_uuid: "b924067148404a02b6a3fd6e9cb938e4" member_type: VOTER last_known_addr { host: "127.31.123.130" port: 45471 }, Status: LMP_MISMATCH, Last received: 0.0, Next index: 1, Last known committed idx: 0, Time since last communication: 0.000s
I20260710 11:10:11.283209 32755 catalog_manager.cc:5697] T 1f528cc25de544508522471272289e99 P 56ddfb0e97f54e4bb7a73038e07f3a96 reported cstate change: term changed from 1 to 2, leader changed from b924067148404a02b6a3fd6e9cb938e4 (127.31.123.130) to 56ddfb0e97f54e4bb7a73038e07f3a96 (127.31.123.131). New cstate: current_term: 2 leader_uuid: "56ddfb0e97f54e4bb7a73038e07f3a96" committed_config { opid_index: -1 OBSOLETE_local: false peers { permanent_uuid: "9e8a6ce5c4d44ce38ca3426b905ba4b6" member_type: VOTER last_known_addr { host: "127.31.123.129" port: 37805 } health_report { overall_health: UNKNOWN } } peers { permanent_uuid: "b924067148404a02b6a3fd6e9cb938e4" member_type: VOTER last_known_addr { host: "127.31.123.130" port: 45471 } health_report { overall_health: UNKNOWN } } peers { permanent_uuid: "56ddfb0e97f54e4bb7a73038e07f3a96" member_type: VOTER last_known_addr { host: "127.31.123.131" port: 32893 } health_report { overall_health: HEALTHY } } }
I20260710 11:10:11.286602   586 consensus_queue.cc:1048] T c5ff4e92665645dca73dcd797793fa02 P 56ddfb0e97f54e4bb7a73038e07f3a96 [LEADER]: Connected to new peer: Peer: permanent_uuid: "9e8a6ce5c4d44ce38ca3426b905ba4b6" member_type: VOTER last_known_addr { host: "127.31.123.129" port: 37805 }, Status: LMP_MISMATCH, Last received: 0.0, Next index: 1, Last known committed idx: 0, Time since last communication: 0.000s
I20260710 11:10:11.294921   617 raft_consensus.cc:993] T c5ff4e92665645dca73dcd797793fa02 P 56ddfb0e97f54e4bb7a73038e07f3a96: : Instructing follower 9e8a6ce5c4d44ce38ca3426b905ba4b6 to start an election
I20260710 11:10:11.295361   617 raft_consensus.cc:1081] T c5ff4e92665645dca73dcd797793fa02 P 56ddfb0e97f54e4bb7a73038e07f3a96 [term 1 LEADER]: Signalling peer 9e8a6ce5c4d44ce38ca3426b905ba4b6 to start an election
I20260710 11:10:11.296918   390 tablet_service.cc:2044] Received Run Leader Election RPC: tablet_id: "c5ff4e92665645dca73dcd797793fa02"
dest_uuid: "9e8a6ce5c4d44ce38ca3426b905ba4b6"
 from {username='slave'} at 127.0.0.1:47922
I20260710 11:10:11.297489   390 raft_consensus.cc:493] T c5ff4e92665645dca73dcd797793fa02 P 9e8a6ce5c4d44ce38ca3426b905ba4b6 [term 1 FOLLOWER]: Starting forced leader election (received explicit request)
I20260710 11:10:11.297845   390 raft_consensus.cc:3060] T c5ff4e92665645dca73dcd797793fa02 P 9e8a6ce5c4d44ce38ca3426b905ba4b6 [term 1 FOLLOWER]: Advancing to term 2
I20260710 11:10:11.303449   390 raft_consensus.cc:515] T c5ff4e92665645dca73dcd797793fa02 P 9e8a6ce5c4d44ce38ca3426b905ba4b6 [term 2 FOLLOWER]: Starting forced leader election with config: opid_index: -1 OBSOLETE_local: false peers { permanent_uuid: "9e8a6ce5c4d44ce38ca3426b905ba4b6" member_type: VOTER last_known_addr { host: "127.31.123.129" port: 37805 } } peers { permanent_uuid: "b924067148404a02b6a3fd6e9cb938e4" member_type: VOTER last_known_addr { host: "127.31.123.130" port: 45471 } } peers { permanent_uuid: "56ddfb0e97f54e4bb7a73038e07f3a96" member_type: VOTER last_known_addr { host: "127.31.123.131" port: 32893 } }
I20260710 11:10:11.305320   390 leader_election.cc:290] T c5ff4e92665645dca73dcd797793fa02 P 9e8a6ce5c4d44ce38ca3426b905ba4b6 [CANDIDATE]: Term 2 election: Requested vote from peers b924067148404a02b6a3fd6e9cb938e4 (127.31.123.130:45471), 56ddfb0e97f54e4bb7a73038e07f3a96 (127.31.123.131:32893)
I20260710 11:10:11.306008   468 tablet_service.cc:1917] Received RequestConsensusVote() RPC: tablet_id: "c5ff4e92665645dca73dcd797793fa02" candidate_uuid: "9e8a6ce5c4d44ce38ca3426b905ba4b6" candidate_term: 2 candidate_status { last_received { term: 1 index: 1 } } ignore_live_leader: true dest_uuid: "b924067148404a02b6a3fd6e9cb938e4"
I20260710 11:10:11.306380   541 tablet_service.cc:1917] Received RequestConsensusVote() RPC: tablet_id: "c5ff4e92665645dca73dcd797793fa02" candidate_uuid: "9e8a6ce5c4d44ce38ca3426b905ba4b6" candidate_term: 2 candidate_status { last_received { term: 1 index: 1 } } ignore_live_leader: true dest_uuid: "56ddfb0e97f54e4bb7a73038e07f3a96"
