I20260710 11:10:24.336011  7075 leader_election.cc:290] T bc7cb6b648a84ec993f16732f2ffe9d6 P 34e4d14df16e442ea46247b19e0d9e9b [CANDIDATE]: Term 1 election: Requested vote from peers c11cccee6ef542e1b90b2d055690e6d8 (127.5.138.65:37041), fac5a6b6ff644917931d805e55b0383f (127.5.138.67:41259)
I20260710 11:10:24.338621  6936 leader_election.cc:304] T 625952189c384dc0a9f46503757a9125 P fac5a6b6ff644917931d805e55b0383f [CANDIDATE]: Term 1 election: Election decided. Result: candidate won. Election summary: received 3 responses out of 3 voters: 2 yes votes; 1 no votes. yes voters: 34e4d14df16e442ea46247b19e0d9e9b, fac5a6b6ff644917931d805e55b0383f; no voters: c11cccee6ef542e1b90b2d055690e6d8
I20260710 11:10:24.339644  7069 raft_consensus.cc:2804] T 625952189c384dc0a9f46503757a9125 P fac5a6b6ff644917931d805e55b0383f [term 1 FOLLOWER]: Leader election won for term 1
I20260710 11:10:24.340101  7069 raft_consensus.cc:697] T 625952189c384dc0a9f46503757a9125 P fac5a6b6ff644917931d805e55b0383f [term 1 LEADER]: Becoming Leader. State: Replica: fac5a6b6ff644917931d805e55b0383f, State: Running, Role: LEADER
I20260710 11:10:24.340850  7069 consensus_queue.cc:237] T 625952189c384dc0a9f46503757a9125 P fac5a6b6ff644917931d805e55b0383f [LEADER]: Queue going to LEADER mode. State: All replicated index: 0, Majority replicated index: 0, Committed index: 0, Last appended: 0.0, Last appended by leader: 0, Current term: 1, Majority size: 2, State: 0, Mode: LEADER, active raft config: opid_index: -1 OBSOLETE_local: false peers { permanent_uuid: "c11cccee6ef542e1b90b2d055690e6d8" member_type: VOTER last_known_addr { host: "127.5.138.65" port: 37041 } } peers { permanent_uuid: "34e4d14df16e442ea46247b19e0d9e9b" member_type: VOTER last_known_addr { host: "127.5.138.66" port: 45773 } } peers { permanent_uuid: "fac5a6b6ff644917931d805e55b0383f" member_type: VOTER last_known_addr { host: "127.5.138.67" port: 41259 } }
I20260710 11:10:24.343232  6968 tablet_service.cc:1917] Received RequestConsensusVote() RPC: tablet_id: "bc7cb6b648a84ec993f16732f2ffe9d6" candidate_uuid: "34e4d14df16e442ea46247b19e0d9e9b" candidate_term: 1 candidate_status { last_received { term: 0 index: 0 } } ignore_live_leader: false dest_uuid: "fac5a6b6ff644917931d805e55b0383f"
I20260710 11:10:24.343778  6968 raft_consensus.cc:3060] T bc7cb6b648a84ec993f16732f2ffe9d6 P fac5a6b6ff644917931d805e55b0383f [term 0 FOLLOWER]: Advancing to term 1
W20260710 11:10:24.364411  6936 consensus_peers.cc:597] T bc3a83ebd64d4ad38d4a3fcdb4e8afba P fac5a6b6ff644917931d805e55b0383f -> Peer 34e4d14df16e442ea46247b19e0d9e9b (127.5.138.66:45773): Couldn't send request to peer 34e4d14df16e442ea46247b19e0d9e9b. Error code: TABLET_NOT_RUNNING (12). Status: Illegal state: Tablet not RUNNING: INITIALIZED. This is attempt 1: this message will repeat every 5th retry.
I20260710 11:10:24.366691  7010 tablet_bootstrap.cc:654] T bc7cb6b648a84ec993f16732f2ffe9d6 P c11cccee6ef542e1b90b2d055690e6d8: Neither blocks nor log segments found. Creating new log.
I20260710 11:10:24.367789  7012 tablet_bootstrap.cc:654] T bc3a83ebd64d4ad38d4a3fcdb4e8afba P 34e4d14df16e442ea46247b19e0d9e9b: Neither blocks nor log segments found. Creating new log.
I20260710 11:10:24.367290  6718 catalog_manager.cc:5697] T 45b59f2f44f344088b5a0eb1565f0283 P fac5a6b6ff644917931d805e55b0383f reported cstate change: term changed from 0 to 1, leader changed from <none> to fac5a6b6ff644917931d805e55b0383f (127.5.138.67). New cstate: current_term: 1 leader_uuid: "fac5a6b6ff644917931d805e55b0383f" committed_config { opid_index: -1 OBSOLETE_local: false peers { permanent_uuid: "c11cccee6ef542e1b90b2d055690e6d8" member_type: VOTER last_known_addr { host: "127.5.138.65" port: 37041 } health_report { overall_health: UNKNOWN } } peers { permanent_uuid: "34e4d14df16e442ea46247b19e0d9e9b" member_type: VOTER last_known_addr { host: "127.5.138.66" port: 45773 } health_report { overall_health: UNKNOWN } } peers { permanent_uuid: "fac5a6b6ff644917931d805e55b0383f" member_type: VOTER last_known_addr { host: "127.5.138.67" port: 41259 } health_report { overall_health: HEALTHY } } }
I20260710 11:10:24.374747  7133 leader_election.cc:290] T 625952189c384dc0a9f46503757a9125 P c11cccee6ef542e1b90b2d055690e6d8 [CANDIDATE]: Term 1 pre-election: Requested pre-vote from peers 34e4d14df16e442ea46247b19e0d9e9b (127.5.138.66:45773), fac5a6b6ff644917931d805e55b0383f (127.5.138.67:41259)
I20260710 11:10:24.376940  6895 tablet_service.cc:1917] Received RequestConsensusVote() RPC: tablet_id: "625952189c384dc0a9f46503757a9125" candidate_uuid: "c11cccee6ef542e1b90b2d055690e6d8" candidate_term: 1 candidate_status { last_received { term: 0 index: 0 } } ignore_live_leader: false dest_uuid: "34e4d14df16e442ea46247b19e0d9e9b" is_pre_election: true
I20260710 11:10:24.377923  6895 raft_consensus.cc:2393] T 625952189c384dc0a9f46503757a9125 P 34e4d14df16e442ea46247b19e0d9e9b [term 1 FOLLOWER]: Leader pre-election vote request: Denying vote to candidate c11cccee6ef542e1b90b2d055690e6d8 in current term 1: Already voted for candidate fac5a6b6ff644917931d805e55b0383f in this term.
I20260710 11:10:24.380950  6969 tablet_service.cc:1917] Received RequestConsensusVote() RPC: tablet_id: "625952189c384dc0a9f46503757a9125" candidate_uuid: "c11cccee6ef542e1b90b2d055690e6d8" candidate_term: 1 candidate_status { last_received { term: 0 index: 0 } } ignore_live_leader: false dest_uuid: "fac5a6b6ff644917931d805e55b0383f" is_pre_election: true
I20260710 11:10:24.383468  6968 raft_consensus.cc:2468] T bc7cb6b648a84ec993f16732f2ffe9d6 P fac5a6b6ff644917931d805e55b0383f [term 1 FOLLOWER]: Leader election vote request: Granting yes vote for candidate 34e4d14df16e442ea46247b19e0d9e9b in term 1.
I20260710 11:10:24.385892  6784 leader_election.cc:304] T 625952189c384dc0a9f46503757a9125 P c11cccee6ef542e1b90b2d055690e6d8 [CANDIDATE]: Term 1 pre-election: Election decided. Result: candidate lost. Election summary: received 3 responses out of 3 voters: 1 yes votes; 2 no votes. yes voters: c11cccee6ef542e1b90b2d055690e6d8; no voters: 34e4d14df16e442ea46247b19e0d9e9b, fac5a6b6ff644917931d805e55b0383f
I20260710 11:10:24.388161  7133 raft_consensus.cc:3060] T 625952189c384dc0a9f46503757a9125 P c11cccee6ef542e1b90b2d055690e6d8 [term 0 FOLLOWER]: Advancing to term 1
I20260710 11:10:24.389781  6859 leader_election.cc:304] T bc7cb6b648a84ec993f16732f2ffe9d6 P 34e4d14df16e442ea46247b19e0d9e9b [CANDIDATE]: Term 1 election: Election decided. Result: candidate won. Election summary: received 3 responses out of 3 voters: 2 yes votes; 1 no votes. yes voters: 34e4d14df16e442ea46247b19e0d9e9b, fac5a6b6ff644917931d805e55b0383f; no voters: c11cccee6ef542e1b90b2d055690e6d8
I20260710 11:10:24.390648  7075 raft_consensus.cc:2804] T bc7cb6b648a84ec993f16732f2ffe9d6 P 34e4d14df16e442ea46247b19e0d9e9b [term 1 FOLLOWER]: Leader election won for term 1
I20260710 11:10:24.391101  7075 raft_consensus.cc:697] T bc7cb6b648a84ec993f16732f2ffe9d6 P 34e4d14df16e442ea46247b19e0d9e9b [term 1 LEADER]: Becoming Leader. State: Replica: 34e4d14df16e442ea46247b19e0d9e9b, State: Running, Role: LEADER
I20260710 11:10:24.391891  7075 consensus_queue.cc:237] T bc7cb6b648a84ec993f16732f2ffe9d6 P 34e4d14df16e442ea46247b19e0d9e9b [LEADER]: Queue going to LEADER mode. State: All replicated index: 0, Majority replicated index: 0, Committed index: 0, Last appended: 0.0, Last appended by leader: 0, Current term: 1, Majority size: 2, State: 0, Mode: LEADER, active raft config: opid_index: -1 OBSOLETE_local: false peers { permanent_uuid: "c11cccee6ef542e1b90b2d055690e6d8" member_type: VOTER last_known_addr { host: "127.5.138.65" port: 37041 } } peers { permanent_uuid: "34e4d14df16e442ea46247b19e0d9e9b" member_type: VOTER last_known_addr { host: "127.5.138.66" port: 45773 } } peers { permanent_uuid: "fac5a6b6ff644917931d805e55b0383f" member_type: VOTER last_known_addr { host: "127.5.138.67" port: 41259 } }
I20260710 11:10:24.397990  7017 raft_consensus.cc:493] T ee6e50e0cdf7445b91c6933bf73e19ed P 34e4d14df16e442ea46247b19e0d9e9b [term 0 FOLLOWER]: Starting pre-election (no leader contacted us within the election timeout)
I20260710 11:10:24.398746  7017 raft_consensus.cc:515] T ee6e50e0cdf7445b91c6933bf73e19ed P 34e4d14df16e442ea46247b19e0d9e9b [term 0 FOLLOWER]: Starting pre-election with config: opid_index: -1 OBSOLETE_local: false peers { permanent_uuid: "c11cccee6ef542e1b90b2d055690e6d8" member_type: VOTER last_known_addr { host: "127.5.138.65" port: 37041 } } peers { permanent_uuid: "34e4d14df16e442ea46247b19e0d9e9b" member_type: VOTER last_known_addr { host: "127.5.138.66" port: 45773 } } peers { permanent_uuid: "fac5a6b6ff644917931d805e55b0383f" member_type: VOTER last_known_addr { host: "127.5.138.67" port: 41259 } }
I20260710 11:10:24.410737  7017 leader_election.cc:290] T ee6e50e0cdf7445b91c6933bf73e19ed P 34e4d14df16e442ea46247b19e0d9e9b [CANDIDATE]: Term 1 pre-election: Requested pre-vote from peers c11cccee6ef542e1b90b2d055690e6d8 (127.5.138.65:37041), fac5a6b6ff644917931d805e55b0383f (127.5.138.67:41259)
I20260710 11:10:24.413132  6716 catalog_manager.cc:5697] T 625952189c384dc0a9f46503757a9125 P fac5a6b6ff644917931d805e55b0383f reported cstate change: term changed from 0 to 1, leader changed from <none> to fac5a6b6ff644917931d805e55b0383f (127.5.138.67). New cstate: current_term: 1 leader_uuid: "fac5a6b6ff644917931d805e55b0383f" committed_config { opid_index: -1 OBSOLETE_local: false peers { permanent_uuid: "c11cccee6ef542e1b90b2d055690e6d8" member_type: VOTER last_known_addr { host: "127.5.138.65" port: 37041 } health_report { overall_health: UNKNOWN } } peers { permanent_uuid: "34e4d14df16e442ea46247b19e0d9e9b" member_type: VOTER last_known_addr { host: "127.5.138.66" port: 45773 } health_report { overall_health: UNKNOWN } } peers { permanent_uuid: "fac5a6b6ff644917931d805e55b0383f" member_type: VOTER last_known_addr { host: "127.5.138.67" port: 41259 } health_report { overall_health: HEALTHY } } }
I20260710 11:10:24.417207  6968 tablet_service.cc:1917] Received RequestConsensusVote() RPC: tablet_id: "ee6e50e0cdf7445b91c6933bf73e19ed" candidate_uuid: "34e4d14df16e442ea46247b19e0d9e9b" candidate_term: 1 candidate_status { last_received { term: 0 index: 0 } } ignore_live_leader: false dest_uuid: "fac5a6b6ff644917931d805e55b0383f" is_pre_election: true
I20260710 11:10:24.417593  6818 tablet_service.cc:1917] Received RequestConsensusVote() RPC: tablet_id: "ee6e50e0cdf7445b91c6933bf73e19ed" candidate_uuid: "34e4d14df16e442ea46247b19e0d9e9b" candidate_term: 1 candidate_status { last_received { term: 0 index: 0 } } ignore_live_leader: false dest_uuid: "c11cccee6ef542e1b90b2d055690e6d8" is_pre_election: true
I20260710 11:10:24.418126  6968 raft_consensus.cc:2393] T ee6e50e0cdf7445b91c6933bf73e19ed P fac5a6b6ff644917931d805e55b0383f [term 1 FOLLOWER]: Leader pre-election vote request: Denying vote to candidate 34e4d14df16e442ea46247b19e0d9e9b in current term 1: Already voted for candidate c11cccee6ef542e1b90b2d055690e6d8 in this term.
I20260710 11:10:24.418903  7133 raft_consensus.cc:2749] T 625952189c384dc0a9f46503757a9125 P c11cccee6ef542e1b90b2d055690e6d8 [term 1 FOLLOWER]: Leader pre-election lost for term 1. Reason: could not achieve majority
I20260710 11:10:24.419798  6859 leader_election.cc:304] T ee6e50e0cdf7445b91c6933bf73e19ed P 34e4d14df16e442ea46247b19e0d9e9b [CANDIDATE]: Term 1 pre-election: Election decided. Result: candidate lost. Election summary: received 3 responses out of 3 voters: 1 yes votes; 2 no votes. yes voters: 34e4d14df16e442ea46247b19e0d9e9b; no voters: c11cccee6ef542e1b90b2d055690e6d8, fac5a6b6ff644917931d805e55b0383f
I20260710 11:10:24.420290  7012 tablet_bootstrap.cc:492] T bc3a83ebd64d4ad38d4a3fcdb4e8afba P 34e4d14df16e442ea46247b19e0d9e9b: No bootstrap required, opened a new log
I20260710 11:10:24.420835  7012 ts_tablet_manager.cc:1403] T bc3a83ebd64d4ad38d4a3fcdb4e8afba P 34e4d14df16e442ea46247b19e0d9e9b: Time spent bootstrapping tablet: real 0.095s	user 0.010s	sys 0.006s
I20260710 11:10:24.421473  7017 raft_consensus.cc:3060] T ee6e50e0cdf7445b91c6933bf73e19ed P 34e4d14df16e442ea46247b19e0d9e9b [term 0 FOLLOWER]: Advancing to term 1
I20260710 11:10:24.422709  7069 consensus_queue.cc:1048] T bc3a83ebd64d4ad38d4a3fcdb4e8afba P fac5a6b6ff644917931d805e55b0383f [LEADER]: Connected to new peer: Peer: permanent_uuid: "c11cccee6ef542e1b90b2d055690e6d8" member_type: VOTER last_known_addr { host: "127.5.138.65" port: 37041 }, Status: LMP_MISMATCH, Last received: 0.0, Next index: 1, Last known committed idx: 0, Time since last communication: 0.000s
I20260710 11:10:24.427171  7012 raft_consensus.cc:359] T bc3a83ebd64d4ad38d4a3fcdb4e8afba P 34e4d14df16e442ea46247b19e0d9e9b [term 0 FOLLOWER]: Replica starting. Triggering 0 pending ops. Active config: opid_index: -1 OBSOLETE_local: false peers { permanent_uuid: "c11cccee6ef542e1b90b2d055690e6d8" member_type: VOTER last_known_addr { host: "127.5.138.65" port: 37041 } } peers { permanent_uuid: "34e4d14df16e442ea46247b19e0d9e9b" member_type: VOTER last_known_addr { host: "127.5.138.66" port: 45773 } } peers { permanent_uuid: "fac5a6b6ff644917931d805e55b0383f" member_type: VOTER last_known_addr { host: "127.5.138.67" port: 41259 } }
I20260710 11:10:24.427827  7012 raft_consensus.cc:385] T bc3a83ebd64d4ad38d4a3fcdb4e8afba P 34e4d14df16e442ea46247b19e0d9e9b [term 0 FOLLOWER]: Consensus starting up: Expiring failure detector timer to make a prompt election more likely
I20260710 11:10:24.428030  7017 raft_consensus.cc:2749] T ee6e50e0cdf7445b91c6933bf73e19ed P 34e4d14df16e442ea46247b19e0d9e9b [term 1 FOLLOWER]: Leader pre-election lost for term 1. Reason: could not achieve majority
I20260710 11:10:24.430004  7010 tablet_bootstrap.cc:492] T bc7cb6b648a84ec993f16732f2ffe9d6 P c11cccee6ef542e1b90b2d055690e6d8: No bootstrap required, opened a new log
I20260710 11:10:24.430436  7010 ts_tablet_manager.cc:1403] T bc7cb6b648a84ec993f16732f2ffe9d6 P c11cccee6ef542e1b90b2d055690e6d8: Time spent bootstrapping tablet: real 0.104s	user 0.023s	sys 0.017s
I20260710 11:10:24.428102  7012 raft_consensus.cc:740] T bc3a83ebd64d4ad38d4a3fcdb4e8afba P 34e4d14df16e442ea46247b19e0d9e9b [term 0 FOLLOWER]: Becoming Follower/Learner. State: Replica: 34e4d14df16e442ea46247b19e0d9e9b, State: Initialized, Role: FOLLOWER
I20260710 11:10:24.432981  7012 consensus_queue.cc:260] T bc3a83ebd64d4ad38d4a3fcdb4e8afba P 34e4d14df16e442ea46247b19e0d9e9b [NON_LEADER]: Queue going to NON_LEADER mode. State: All replicated index: 0, Majority replicated index: 0, Committed index: 0, Last appended: 0.0, Last appended by leader: 0, Current term: 0, Majority size: -1, State: 0, Mode: NON_LEADER, active raft config: opid_index: -1 OBSOLETE_local: false peers { permanent_uuid: "c11cccee6ef542e1b90b2d055690e6d8" member_type: VOTER last_known_addr { host: "127.5.138.65" port: 37041 } } peers { permanent_uuid: "34e4d14df16e442ea46247b19e0d9e9b" member_type: VOTER last_known_addr { host: "127.5.138.66" port: 45773 } } peers { permanent_uuid: "fac5a6b6ff644917931d805e55b0383f" member_type: VOTER last_known_addr { host: "127.5.138.67" port: 41259 } }
I20260710 11:10:24.433652  7010 raft_consensus.cc:359] T bc7cb6b648a84ec993f16732f2ffe9d6 P c11cccee6ef542e1b90b2d055690e6d8 [term 0 FOLLOWER]: Replica starting. Triggering 0 pending ops. Active config: opid_index: -1 OBSOLETE_local: false peers { permanent_uuid: "c11cccee6ef542e1b90b2d055690e6d8" member_type: VOTER last_known_addr { host: "127.5.138.65" port: 37041 } } peers { permanent_uuid: "34e4d14df16e442ea46247b19e0d9e9b" member_type: VOTER last_known_addr { host: "127.5.138.66" port: 45773 } } peers { permanent_uuid: "fac5a6b6ff644917931d805e55b0383f" member_type: VOTER last_known_addr { host: "127.5.138.67" port: 41259 } }
I20260710 11:10:24.434312  7010 raft_consensus.cc:385] T bc7cb6b648a84ec993f16732f2ffe9d6 P c11cccee6ef542e1b90b2d055690e6d8 [term 0 FOLLOWER]: Consensus starting up: Expiring failure detector timer to make a prompt election more likely
I20260710 11:10:24.434702  7010 raft_consensus.cc:740] T bc7cb6b648a84ec993f16732f2ffe9d6 P c11cccee6ef542e1b90b2d055690e6d8 [term 0 FOLLOWER]: Becoming Follower/Learner. State: Replica: c11cccee6ef542e1b90b2d055690e6d8, State: Initialized, Role: FOLLOWER
I20260710 11:10:24.434281  6716 catalog_manager.cc:5697] T bc7cb6b648a84ec993f16732f2ffe9d6 P 34e4d14df16e442ea46247b19e0d9e9b reported cstate change: term changed from 0 to 1, leader changed from <none> to 34e4d14df16e442ea46247b19e0d9e9b (127.5.138.66). New cstate: current_term: 1 leader_uuid: "34e4d14df16e442ea46247b19e0d9e9b" committed_config { opid_index: -1 OBSOLETE_local: false peers { permanent_uuid: "c11cccee6ef542e1b90b2d055690e6d8" member_type: VOTER last_known_addr { host: "127.5.138.65" port: 37041 } health_report { overall_health: UNKNOWN } } peers { permanent_uuid: "34e4d14df16e442ea46247b19e0d9e9b" member_type: VOTER last_known_addr { host: "127.5.138.66" port: 45773 } health_report { overall_health: HEALTHY } } peers { permanent_uuid: "fac5a6b6ff644917931d805e55b0383f" member_type: VOTER last_known_addr { host: "127.5.138.67" port: 41259 } health_report { overall_health: UNKNOWN } } }
I20260710 11:10:24.435675  7012 ts_tablet_manager.cc:1434] T bc3a83ebd64d4ad38d4a3fcdb4e8afba P 34e4d14df16e442ea46247b19e0d9e9b: Time spent starting tablet: real 0.015s	user 0.006s	sys 0.000s
I20260710 11:10:24.435413  7010 consensus_queue.cc:260] T bc7cb6b648a84ec993f16732f2ffe9d6 P c11cccee6ef542e1b90b2d055690e6d8 [NON_LEADER]: Queue going to NON_LEADER mode. State: All replicated index: 0, Majority replicated index: 0, Committed index: 0, Last appended: 0.0, Last appended by leader: 0, Current term: 0, Majority size: -1, State: 0, Mode: NON_LEADER, active raft config: opid_index: -1 OBSOLETE_local: false peers { permanent_uuid: "c11cccee6ef542e1b90b2d055690e6d8" member_type: VOTER last_known_addr { host: "127.5.138.65" port: 37041 } } peers { permanent_uuid: "34e4d14df16e442ea46247b19e0d9e9b" member_type: VOTER last_known_addr { host: "127.5.138.66" port: 45773 } } peers { permanent_uuid: "fac5a6b6ff644917931d805e55b0383f" member_type: VOTER last_known_addr { host: "127.5.138.67" port: 41259 } }
I20260710 11:10:24.436790  7012 tablet_bootstrap.cc:492] T e74f5218cc464094b0ea0427f4fd0541 P 34e4d14df16e442ea46247b19e0d9e9b: Bootstrap starting.
I20260710 11:10:24.437678  7010 ts_tablet_manager.cc:1434] T bc7cb6b648a84ec993f16732f2ffe9d6 P c11cccee6ef542e1b90b2d055690e6d8: Time spent starting tablet: real 0.007s	user 0.001s	sys 0.006s
I20260710 11:10:24.438591  7010 tablet_bootstrap.cc:492] T c3d23b417e334af5b8a0c44b0580b780 P c11cccee6ef542e1b90b2d055690e6d8: Bootstrap starting.
I20260710 11:10:24.444480  7010 tablet_bootstrap.cc:654] T c3d23b417e334af5b8a0c44b0580b780 P c11cccee6ef542e1b90b2d055690e6d8: Neither blocks nor log segments found. Creating new log.
I20260710 11:10:24.458557  7012 tablet_bootstrap.cc:654] T e74f5218cc464094b0ea0427f4fd0541 P 34e4d14df16e442ea46247b19e0d9e9b: Neither blocks nor log segments found. Creating new log.
I20260710 11:10:24.458655  7010 tablet_bootstrap.cc:492] T c3d23b417e334af5b8a0c44b0580b780 P c11cccee6ef542e1b90b2d055690e6d8: No bootstrap required, opened a new log
I20260710 11:10:24.459219  7010 ts_tablet_manager.cc:1403] T c3d23b417e334af5b8a0c44b0580b780 P c11cccee6ef542e1b90b2d055690e6d8: Time spent bootstrapping tablet: real 0.021s	user 0.007s	sys 0.009s
I20260710 11:10:24.461763  7010 raft_consensus.cc:359] T c3d23b417e334af5b8a0c44b0580b780 P c11cccee6ef542e1b90b2d055690e6d8 [term 0 FOLLOWER]: Replica starting. Triggering 0 pending ops. Active config: opid_index: -1 OBSOLETE_local: false peers { permanent_uuid: "c11cccee6ef542e1b90b2d055690e6d8" member_type: VOTER last_known_addr { host: "127.5.138.65" port: 37041 } } peers { permanent_uuid: "34e4d14df16e442ea46247b19e0d9e9b" member_type: VOTER last_known_addr { host: "127.5.138.66" port: 45773 } } peers { permanent_uuid: "fac5a6b6ff644917931d805e55b0383f" member_type: VOTER last_known_addr { host: "127.5.138.67" port: 41259 } }
I20260710 11:10:24.462404  7010 raft_consensus.cc:385] T c3d23b417e334af5b8a0c44b0580b780 P c11cccee6ef542e1b90b2d055690e6d8 [term 0 FOLLOWER]: Consensus starting up: Expiring failure detector timer to make a prompt election more likely
I20260710 11:10:24.462664  7010 raft_consensus.cc:740] T c3d23b417e334af5b8a0c44b0580b780 P c11cccee6ef542e1b90b2d055690e6d8 [term 0 FOLLOWER]: Becoming Follower/Learner. State: Replica: c11cccee6ef542e1b90b2d055690e6d8, State: Initialized, Role: FOLLOWER
I20260710 11:10:24.463258  7010 consensus_queue.cc:260] T c3d23b417e334af5b8a0c44b0580b780 P c11cccee6ef542e1b90b2d055690e6d8 [NON_LEADER]: Queue going to NON_LEADER mode. State: All replicated index: 0, Majority replicated index: 0, Committed index: 0, Last appended: 0.0, Last appended by leader: 0, Current term: 0, Majority size: -1, State: 0, Mode: NON_LEADER, active raft config: opid_index: -1 OBSOLETE_local: false peers { permanent_uuid: "c11cccee6ef542e1b90b2d055690e6d8" member_type: VOTER last_known_addr { host: "127.5.138.65" port: 37041 } } peers { permanent_uuid: "34e4d14df16e442ea46247b19e0d9e9b" member_type: VOTER last_known_addr { host: "127.5.138.66" port: 45773 } } peers { permanent_uuid: "fac5a6b6ff644917931d805e55b0383f" member_type: VOTER last_known_addr { host: "127.5.138.67" port: 41259 } }
I20260710 11:10:24.465233  7010 ts_tablet_manager.cc:1434] T c3d23b417e334af5b8a0c44b0580b780 P c11cccee6ef542e1b90b2d055690e6d8: Time spent starting tablet: real 0.006s	user 0.005s	sys 0.000s
I20260710 11:10:24.466130  7010 tablet_bootstrap.cc:492] T d9427b5e1c214d20a77eeaeafa57c131 P c11cccee6ef542e1b90b2d055690e6d8: Bootstrap starting.
I20260710 11:10:24.473886  7012 tablet_bootstrap.cc:492] T e74f5218cc464094b0ea0427f4fd0541 P 34e4d14df16e442ea46247b19e0d9e9b: No bootstrap required, opened a new log
I20260710 11:10:24.474340  7012 ts_tablet_manager.cc:1403] T e74f5218cc464094b0ea0427f4fd0541 P 34e4d14df16e442ea46247b19e0d9e9b: Time spent bootstrapping tablet: real 0.038s	user 0.010s	sys 0.005s
I20260710 11:10:24.475608  7010 tablet_bootstrap.cc:654] T d9427b5e1c214d20a77eeaeafa57c131 P c11cccee6ef542e1b90b2d055690e6d8: Neither blocks nor log segments found. Creating new log.
I20260710 11:10:24.476964  7012 raft_consensus.cc:359] T e74f5218cc464094b0ea0427f4fd0541 P 34e4d14df16e442ea46247b19e0d9e9b [term 0 FOLLOWER]: Replica starting. Triggering 0 pending ops. Active config: opid_index: -1 OBSOLETE_local: false peers { permanent_uuid: "c11cccee6ef542e1b90b2d055690e6d8" member_type: VOTER last_known_addr { host: "127.5.138.65" port: 37041 } } peers { permanent_uuid: "34e4d14df16e442ea46247b19e0d9e9b" member_type: VOTER last_known_addr { host: "127.5.138.66" port: 45773 } } peers { permanent_uuid: "fac5a6b6ff644917931d805e55b0383f" member_type: VOTER last_known_addr { host: "127.5.138.67" port: 41259 } }
I20260710 11:10:24.477640  7012 raft_consensus.cc:385] T e74f5218cc464094b0ea0427f4fd0541 P 34e4d14df16e442ea46247b19e0d9e9b [term 0 FOLLOWER]: Consensus starting up: Expiring failure detector timer to make a prompt election more likely
I20260710 11:10:24.477906  7012 raft_consensus.cc:740] T e74f5218cc464094b0ea0427f4fd0541 P 34e4d14df16e442ea46247b19e0d9e9b [term 0 FOLLOWER]: Becoming Follower/Learner. State: Replica: 34e4d14df16e442ea46247b19e0d9e9b, State: Initialized, Role: FOLLOWER
I20260710 11:10:24.478596  7012 consensus_queue.cc:260] T e74f5218cc464094b0ea0427f4fd0541 P 34e4d14df16e442ea46247b19e0d9e9b [NON_LEADER]: Queue going to NON_LEADER mode. State: All replicated index: 0, Majority replicated index: 0, Committed index: 0, Last appended: 0.0, Last appended by leader: 0, Current term: 0, Majority size: -1, State: 0, Mode: NON_LEADER, active raft config: opid_index: -1 OBSOLETE_local: false peers { permanent_uuid: "c11cccee6ef542e1b90b2d055690e6d8" member_type: VOTER last_known_addr { host: "127.5.138.65" port: 37041 } } peers { permanent_uuid: "34e4d14df16e442ea46247b19e0d9e9b" member_type: VOTER last_known_addr { host: "127.5.138.66" port: 45773 } } peers { permanent_uuid: "fac5a6b6ff644917931d805e55b0383f" member_type: VOTER last_known_addr { host: "127.5.138.67" port: 41259 } }
I20260710 11:10:24.480324  7012 ts_tablet_manager.cc:1434] T e74f5218cc464094b0ea0427f4fd0541 P 34e4d14df16e442ea46247b19e0d9e9b: Time spent starting tablet: real 0.006s	user 0.004s	sys 0.000s
I20260710 11:10:24.483274  7010 tablet_bootstrap.cc:492] T d9427b5e1c214d20a77eeaeafa57c131 P c11cccee6ef542e1b90b2d055690e6d8: No bootstrap required, opened a new log
I20260710 11:10:24.483711  7010 ts_tablet_manager.cc:1403] T d9427b5e1c214d20a77eeaeafa57c131 P c11cccee6ef542e1b90b2d055690e6d8: Time spent bootstrapping tablet: real 0.018s	user 0.009s	sys 0.000s
I20260710 11:10:24.486099  7010 raft_consensus.cc:359] T d9427b5e1c214d20a77eeaeafa57c131 P c11cccee6ef542e1b90b2d055690e6d8 [term 0 FOLLOWER]: Replica starting. Triggering 0 pending ops. Active config: opid_index: -1 OBSOLETE_local: false peers { permanent_uuid: "c11cccee6ef542e1b90b2d055690e6d8" member_type: VOTER last_known_addr { host: "127.5.138.65" port: 37041 } } peers { permanent_uuid: "34e4d14df16e442ea46247b19e0d9e9b" member_type: VOTER last_known_addr { host: "127.5.138.66" port: 45773 } } peers { permanent_uuid: "fac5a6b6ff644917931d805e55b0383f" member_type: VOTER last_known_addr { host: "127.5.138.67" port: 41259 } }
I20260710 11:10:24.486713  7010 raft_consensus.cc:385] T d9427b5e1c214d20a77eeaeafa57c131 P c11cccee6ef542e1b90b2d055690e6d8 [term 0 FOLLOWER]: Consensus starting up: Expiring failure detector timer to make a prompt election more likely
I20260710 11:10:24.486843  7133 raft_consensus.cc:493] T 765d858dbe7d4478a2aa9025a5341136 P c11cccee6ef542e1b90b2d055690e6d8 [term 0 FOLLOWER]: Starting pre-election (no leader contacted us within the election timeout)
I20260710 11:10:24.486999  7010 raft_consensus.cc:740] T d9427b5e1c214d20a77eeaeafa57c131 P c11cccee6ef542e1b90b2d055690e6d8 [term 0 FOLLOWER]: Becoming Follower/Learner. State: Replica: c11cccee6ef542e1b90b2d055690e6d8, State: Initialized, Role: FOLLOWER
I20260710 11:10:24.487361  7133 raft_consensus.cc:515] T 765d858dbe7d4478a2aa9025a5341136 P c11cccee6ef542e1b90b2d055690e6d8 [term 0 FOLLOWER]: Starting pre-election with config: opid_index: -1 OBSOLETE_local: false peers { permanent_uuid: "c11cccee6ef542e1b90b2d055690e6d8" member_type: VOTER last_known_addr { host: "127.5.138.65" port: 37041 } } peers { permanent_uuid: "34e4d14df16e442ea46247b19e0d9e9b" member_type: VOTER last_known_addr { host: "127.5.138.66" port: 45773 } } peers { permanent_uuid: "fac5a6b6ff644917931d805e55b0383f" member_type: VOTER last_known_addr { host: "127.5.138.67" port: 41259 } }
I20260710 11:10:24.487655  7010 consensus_queue.cc:260] T d9427b5e1c214d20a77eeaeafa57c131 P c11cccee6ef542e1b90b2d055690e6d8 [NON_LEADER]: Queue going to NON_LEADER mode. State: All replicated index: 0, Majority replicated index: 0, Committed index: 0, Last appended: 0.0, Last appended by leader: 0, Current term: 0, Majority size: -1, State: 0, Mode: NON_LEADER, active raft config: opid_index: -1 OBSOLETE_local: false peers { permanent_uuid: "c11cccee6ef542e1b90b2d055690e6d8" member_type: VOTER last_known_addr { host: "127.5.138.65" port: 37041 } } peers { permanent_uuid: "34e4d14df16e442ea46247b19e0d9e9b" member_type: VOTER last_known_addr { host: "127.5.138.66" port: 45773 } } peers { permanent_uuid: "fac5a6b6ff644917931d805e55b0383f" member_type: VOTER last_known_addr { host: "127.5.138.67" port: 41259 } }
I20260710 11:10:24.489950  6895 tablet_service.cc:1917] Received RequestConsensusVote() RPC: tablet_id: "765d858dbe7d4478a2aa9025a5341136" candidate_uuid: "c11cccee6ef542e1b90b2d055690e6d8" candidate_term: 1 candidate_status { last_received { term: 0 index: 0 } } ignore_live_leader: false dest_uuid: "34e4d14df16e442ea46247b19e0d9e9b" is_pre_election: true
I20260710 11:10:24.490090  7133 leader_election.cc:290] T 765d858dbe7d4478a2aa9025a5341136 P c11cccee6ef542e1b90b2d055690e6d8 [CANDIDATE]: Term 1 pre-election: Requested pre-vote from peers 34e4d14df16e442ea46247b19e0d9e9b (127.5.138.66:45773), fac5a6b6ff644917931d805e55b0383f (127.5.138.67:41259)
I20260710 11:10:24.490535  6895 raft_consensus.cc:2468] T 765d858dbe7d4478a2aa9025a5341136 P 34e4d14df16e442ea46247b19e0d9e9b [term 0 FOLLOWER]: Leader pre-election vote request: Granting yes vote for candidate c11cccee6ef542e1b90b2d055690e6d8 in term 0.
I20260710 11:10:24.491561  6968 tablet_service.cc:1917] Received RequestConsensusVote() RPC: tablet_id: "765d858dbe7d4478a2aa9025a5341136" candidate_uuid: "c11cccee6ef542e1b90b2d055690e6d8" candidate_term: 1 candidate_status { last_received { term: 0 index: 0 } } ignore_live_leader: false dest_uuid: "fac5a6b6ff644917931d805e55b0383f" is_pre_election: true
I20260710 11:10:24.491752  6787 leader_election.cc:304] T 765d858dbe7d4478a2aa9025a5341136 P c11cccee6ef542e1b90b2d055690e6d8 [CANDIDATE]: Term 1 pre-election: Election decided. Result: candidate won. Election summary: received 2 responses out of 3 voters: 2 yes votes; 0 no votes. yes voters: 34e4d14df16e442ea46247b19e0d9e9b, c11cccee6ef542e1b90b2d055690e6d8; no voters: 
I20260710 11:10:24.492146  6968 raft_consensus.cc:2468] T 765d858dbe7d4478a2aa9025a5341136 P fac5a6b6ff644917931d805e55b0383f [term 0 FOLLOWER]: Leader pre-election vote request: Granting yes vote for candidate c11cccee6ef542e1b90b2d055690e6d8 in term 0.
I20260710 11:10:24.492224  7010 ts_tablet_manager.cc:1434] T d9427b5e1c214d20a77eeaeafa57c131 P c11cccee6ef542e1b90b2d055690e6d8: Time spent starting tablet: real 0.008s	user 0.006s	sys 0.000s
I20260710 11:10:24.492527  7133 raft_consensus.cc:2804] T 765d858dbe7d4478a2aa9025a5341136 P c11cccee6ef542e1b90b2d055690e6d8 [term 0 FOLLOWER]: Leader pre-election won for term 1
I20260710 11:10:24.492931  7133 raft_consensus.cc:493] T 765d858dbe7d4478a2aa9025a5341136 P c11cccee6ef542e1b90b2d055690e6d8 [term 0 FOLLOWER]: Starting leader election (no leader contacted us within the election timeout)
I20260710 11:10:24.493270  7133 raft_consensus.cc:3060] T 765d858dbe7d4478a2aa9025a5341136 P c11cccee6ef542e1b90b2d055690e6d8 [term 0 FOLLOWER]: Advancing to term 1
I20260710 11:10:24.493407  7010 tablet_bootstrap.cc:492] T 3421e343fcbf4d58873dfe8de498d8c4 P c11cccee6ef542e1b90b2d055690e6d8: Bootstrap starting.
I20260710 11:10:24.498770  7047 raft_consensus.cc:493] T d9427b5e1c214d20a77eeaeafa57c131 P fac5a6b6ff644917931d805e55b0383f [term 0 FOLLOWER]: Starting pre-election (no leader contacted us within the election timeout)
I20260710 11:10:24.499588  7010 tablet_bootstrap.cc:654] T 3421e343fcbf4d58873dfe8de498d8c4 P c11cccee6ef542e1b90b2d055690e6d8: Neither blocks nor log segments found. Creating new log.
I20260710 11:10:24.499258  7047 raft_consensus.cc:515] T d9427b5e1c214d20a77eeaeafa57c131 P fac5a6b6ff644917931d805e55b0383f [term 0 FOLLOWER]: Starting pre-election with config: opid_index: -1 OBSOLETE_local: false peers { permanent_uuid: "c11cccee6ef542e1b90b2d055690e6d8" member_type: VOTER last_known_addr { host: "127.5.138.65" port: 37041 } } peers { permanent_uuid: "34e4d14df16e442ea46247b19e0d9e9b" member_type: VOTER last_known_addr { host: "127.5.138.66" port: 45773 } } peers { permanent_uuid: "fac5a6b6ff644917931d805e55b0383f" member_type: VOTER last_known_addr { host: "127.5.138.67" port: 41259 } }
I20260710 11:10:24.499739  7133 raft_consensus.cc:515] T 765d858dbe7d4478a2aa9025a5341136 P c11cccee6ef542e1b90b2d055690e6d8 [term 1 FOLLOWER]: Starting leader election with config: opid_index: -1 OBSOLETE_local: false peers { permanent_uuid: "c11cccee6ef542e1b90b2d055690e6d8" member_type: VOTER last_known_addr { host: "127.5.138.65" port: 37041 } } peers { permanent_uuid: "34e4d14df16e442ea46247b19e0d9e9b" member_type: VOTER last_known_addr { host: "127.5.138.66" port: 45773 } } peers { permanent_uuid: "fac5a6b6ff644917931d805e55b0383f" member_type: VOTER last_known_addr { host: "127.5.138.67" port: 41259 } }
I20260710 11:10:24.501513  7047 leader_election.cc:290] T d9427b5e1c214d20a77eeaeafa57c131 P fac5a6b6ff644917931d805e55b0383f [CANDIDATE]: Term 1 pre-election: Requested pre-vote from peers c11cccee6ef542e1b90b2d055690e6d8 (127.5.138.65:37041), 34e4d14df16e442ea46247b19e0d9e9b (127.5.138.66:45773)
I20260710 11:10:24.502238  6818 tablet_service.cc:1917] Received RequestConsensusVote() RPC: tablet_id: "d9427b5e1c214d20a77eeaeafa57c131" candidate_uuid: "fac5a6b6ff644917931d805e55b0383f" candidate_term: 1 candidate_status { last_received { term: 0 index: 0 } } ignore_live_leader: false dest_uuid: "c11cccee6ef542e1b90b2d055690e6d8" is_pre_election: true
I20260710 11:10:24.502750  6895 tablet_service.cc:1917] Received RequestConsensusVote() RPC: tablet_id: "765d858dbe7d4478a2aa9025a5341136" candidate_uuid: "c11cccee6ef542e1b90b2d055690e6d8" candidate_term: 1 candidate_status { last_received { term: 0 index: 0 } } ignore_live_leader: false dest_uuid: "34e4d14df16e442ea46247b19e0d9e9b"
I20260710 11:10:24.503389  6895 raft_consensus.cc:3060] T 765d858dbe7d4478a2aa9025a5341136 P 34e4d14df16e442ea46247b19e0d9e9b [term 0 FOLLOWER]: Advancing to term 1
I20260710 11:10:24.503268  6894 tablet_service.cc:1917] Received RequestConsensusVote() RPC: tablet_id: "d9427b5e1c214d20a77eeaeafa57c131" candidate_uuid: "fac5a6b6ff644917931d805e55b0383f" candidate_term: 1 candidate_status { last_received { term: 0 index: 0 } } ignore_live_leader: false dest_uuid: "34e4d14df16e442ea46247b19e0d9e9b" is_pre_election: true
I20260710 11:10:24.504146  6894 raft_consensus.cc:2468] T d9427b5e1c214d20a77eeaeafa57c131 P 34e4d14df16e442ea46247b19e0d9e9b [term 0 FOLLOWER]: Leader pre-election vote request: Granting yes vote for candidate fac5a6b6ff644917931d805e55b0383f in term 0.
I20260710 11:10:24.505791  6936 leader_election.cc:304] T d9427b5e1c214d20a77eeaeafa57c131 P fac5a6b6ff644917931d805e55b0383f [CANDIDATE]: Term 1 pre-election: Election decided. Result: candidate won. Election summary: received 2 responses out of 3 voters: 2 yes votes; 0 no votes. yes voters: 34e4d14df16e442ea46247b19e0d9e9b, fac5a6b6ff644917931d805e55b0383f; no voters: 
I20260710 11:10:24.506870  7047 raft_consensus.cc:2804] T d9427b5e1c214d20a77eeaeafa57c131 P fac5a6b6ff644917931d805e55b0383f [term 0 FOLLOWER]: Leader pre-election won for term 1
I20260710 11:10:24.507311  7047 raft_consensus.cc:493] T d9427b5e1c214d20a77eeaeafa57c131 P fac5a6b6ff644917931d805e55b0383f [term 0 FOLLOWER]: Starting leader election (no leader contacted us within the election timeout)
I20260710 11:10:24.507738  7047 raft_consensus.cc:3060] T d9427b5e1c214d20a77eeaeafa57c131 P fac5a6b6ff644917931d805e55b0383f [term 0 FOLLOWER]: Advancing to term 1
I20260710 11:10:24.502846  6818 raft_consensus.cc:2468] T d9427b5e1c214d20a77eeaeafa57c131 P c11cccee6ef542e1b90b2d055690e6d8 [term 0 FOLLOWER]: Leader pre-election vote request: Granting yes vote for candidate fac5a6b6ff644917931d805e55b0383f in term 0.
I20260710 11:10:24.510385  6895 raft_consensus.cc:2468] T 765d858dbe7d4478a2aa9025a5341136 P 34e4d14df16e442ea46247b19e0d9e9b [term 1 FOLLOWER]: Leader election vote request: Granting yes vote for candidate c11cccee6ef542e1b90b2d055690e6d8 in term 1.
I20260710 11:10:24.511488  6787 leader_election.cc:304] T 765d858dbe7d4478a2aa9025a5341136 P c11cccee6ef542e1b90b2d055690e6d8 [CANDIDATE]: Term 1 election: Election decided. Result: candidate won. Election summary: received 2 responses out of 3 voters: 2 yes votes; 0 no votes. yes voters: 34e4d14df16e442ea46247b19e0d9e9b, c11cccee6ef542e1b90b2d055690e6d8; no voters: 
I20260710 11:10:24.512256  7133 leader_election.cc:290] T 765d858dbe7d4478a2aa9025a5341136 P c11cccee6ef542e1b90b2d055690e6d8 [CANDIDATE]: Term 1 election: Requested vote from peers 34e4d14df16e442ea46247b19e0d9e9b (127.5.138.66:45773), fac5a6b6ff644917931d805e55b0383f (127.5.138.67:41259)
I20260710 11:10:24.512356  7018 raft_consensus.cc:2804] T 765d858dbe7d4478a2aa9025a5341136 P c11cccee6ef542e1b90b2d055690e6d8 [term 1 FOLLOWER]: Leader election won for term 1
I20260710 11:10:24.512804  7018 raft_consensus.cc:697] T 765d858dbe7d4478a2aa9025a5341136 P c11cccee6ef542e1b90b2d055690e6d8 [term 1 LEADER]: Becoming Leader. State: Replica: c11cccee6ef542e1b90b2d055690e6d8, State: Running, Role: LEADER
I20260710 11:10:24.514123  7018 consensus_queue.cc:237] T 765d858dbe7d4478a2aa9025a5341136 P c11cccee6ef542e1b90b2d055690e6d8 [LEADER]: Queue going to LEADER mode. State: All replicated index: 0, Majority replicated index: 0, Committed index: 0, Last appended: 0.0, Last appended by leader: 0, Current term: 1, Majority size: 2, State: 0, Mode: LEADER, active raft config: opid_index: -1 OBSOLETE_local: false peers { permanent_uuid: "c11cccee6ef542e1b90b2d055690e6d8" member_type: VOTER last_known_addr { host: "127.5.138.65" port: 37041 } } peers { permanent_uuid: "34e4d14df16e442ea46247b19e0d9e9b" member_type: VOTER last_known_addr { host: "127.5.138.66" port: 45773 } } peers { permanent_uuid: "fac5a6b6ff644917931d805e55b0383f" member_type: VOTER last_known_addr { host: "127.5.138.67" port: 41259 } }
I20260710 11:10:24.515249  7010 tablet_bootstrap.cc:492] T 3421e343fcbf4d58873dfe8de498d8c4 P c11cccee6ef542e1b90b2d055690e6d8: No bootstrap required, opened a new log
I20260710 11:10:24.515673  7010 ts_tablet_manager.cc:1403] T 3421e343fcbf4d58873dfe8de498d8c4 P c11cccee6ef542e1b90b2d055690e6d8: Time spent bootstrapping tablet: real 0.022s	user 0.013s	sys 0.008s
I20260710 11:10:24.515952  7047 raft_consensus.cc:515] T d9427b5e1c214d20a77eeaeafa57c131 P fac5a6b6ff644917931d805e55b0383f [term 1 FOLLOWER]: Starting leader election with config: opid_index: -1 OBSOLETE_local: false peers { permanent_uuid: "c11cccee6ef542e1b90b2d055690e6d8" member_type: VOTER last_known_addr { host: "127.5.138.65" port: 37041 } } peers { permanent_uuid: "34e4d14df16e442ea46247b19e0d9e9b" member_type: VOTER last_known_addr { host: "127.5.138.66" port: 45773 } } peers { permanent_uuid: "fac5a6b6ff644917931d805e55b0383f" member_type: VOTER last_known_addr { host: "127.5.138.67" port: 41259 } }
I20260710 11:10:24.516490  6968 tablet_service.cc:1917] Received RequestConsensusVote() RPC: tablet_id: "765d858dbe7d4478a2aa9025a5341136" candidate_uuid: "c11cccee6ef542e1b90b2d055690e6d8" candidate_term: 1 candidate_status { last_received { term: 0 index: 0 } } ignore_live_leader: false dest_uuid: "fac5a6b6ff644917931d805e55b0383f"
I20260710 11:10:24.517216  6968 raft_consensus.cc:3060] T 765d858dbe7d4478a2aa9025a5341136 P fac5a6b6ff644917931d805e55b0383f [term 0 FOLLOWER]: Advancing to term 1
I20260710 11:10:24.518718  6818 tablet_service.cc:1917] Received RequestConsensusVote() RPC: tablet_id: "d9427b5e1c214d20a77eeaeafa57c131" candidate_uuid: "fac5a6b6ff644917931d805e55b0383f" candidate_term: 1 candidate_status { last_received { term: 0 index: 0 } } ignore_live_leader: false dest_uuid: "c11cccee6ef542e1b90b2d055690e6d8"
I20260710 11:10:24.519331  6818 raft_consensus.cc:3060] T d9427b5e1c214d20a77eeaeafa57c131 P c11cccee6ef542e1b90b2d055690e6d8 [term 0 FOLLOWER]: Advancing to term 1
I20260710 11:10:24.522668  6968 raft_consensus.cc:2468] T 765d858dbe7d4478a2aa9025a5341136 P fac5a6b6ff644917931d805e55b0383f [term 1 FOLLOWER]: Leader election vote request: Granting yes vote for candidate c11cccee6ef542e1b90b2d055690e6d8 in term 1.
I20260710 11:10:24.519150  7010 raft_consensus.cc:359] T 3421e343fcbf4d58873dfe8de498d8c4 P c11cccee6ef542e1b90b2d055690e6d8 [term 0 FOLLOWER]: Replica starting. Triggering 0 pending ops. Active config: opid_index: -1 OBSOLETE_local: false peers { permanent_uuid: "c11cccee6ef542e1b90b2d055690e6d8" member_type: VOTER last_known_addr { host: "127.5.138.65" port: 37041 } } peers { permanent_uuid: "34e4d14df16e442ea46247b19e0d9e9b" member_type: VOTER last_known_addr { host: "127.5.138.66" port: 45773 } } peers { permanent_uuid: "fac5a6b6ff644917931d805e55b0383f" member_type: VOTER last_known_addr { host: "127.5.138.67" port: 41259 } }
I20260710 11:10:24.525287  7010 raft_consensus.cc:385] T 3421e343fcbf4d58873dfe8de498d8c4 P c11cccee6ef542e1b90b2d055690e6d8 [term 0 FOLLOWER]: Consensus starting up: Expiring failure detector timer to make a prompt election more likely
I20260710 11:10:24.525556  7010 raft_consensus.cc:740] T 3421e343fcbf4d58873dfe8de498d8c4 P c11cccee6ef542e1b90b2d055690e6d8 [term 0 FOLLOWER]: Becoming Follower/Learner. State: Replica: c11cccee6ef542e1b90b2d055690e6d8, State: Initialized, Role: FOLLOWER
I20260710 11:10:24.526127  7010 consensus_queue.cc:260] T 3421e343fcbf4d58873dfe8de498d8c4 P c11cccee6ef542e1b90b2d055690e6d8 [NON_LEADER]: Queue going to NON_LEADER mode. State: All replicated index: 0, Majority replicated index: 0, Committed index: 0, Last appended: 0.0, Last appended by leader: 0, Current term: 0, Majority size: -1, State: 0, Mode: NON_LEADER, active raft config: opid_index: -1 OBSOLETE_local: false peers { permanent_uuid: "c11cccee6ef542e1b90b2d055690e6d8" member_type: VOTER last_known_addr { host: "127.5.138.65" port: 37041 } } peers { permanent_uuid: "34e4d14df16e442ea46247b19e0d9e9b" member_type: VOTER last_known_addr { host: "127.5.138.66" port: 45773 } } peers { permanent_uuid: "fac5a6b6ff644917931d805e55b0383f" member_type: VOTER last_known_addr { host: "127.5.138.67" port: 41259 } }
I20260710 11:10:24.528270  7047 leader_election.cc:290] T d9427b5e1c214d20a77eeaeafa57c131 P fac5a6b6ff644917931d805e55b0383f [CANDIDATE]: Term 1 election: Requested vote from peers c11cccee6ef542e1b90b2d055690e6d8 (127.5.138.65:37041), 34e4d14df16e442ea46247b19e0d9e9b (127.5.138.66:45773)
I20260710 11:10:24.528877  6818 raft_consensus.cc:2468] T d9427b5e1c214d20a77eeaeafa57c131 P c11cccee6ef542e1b90b2d055690e6d8 [term 1 FOLLOWER]: Leader election vote request: Granting yes vote for candidate fac5a6b6ff644917931d805e55b0383f in term 1.
I20260710 11:10:24.529403  6895 tablet_service.cc:1917] Received RequestConsensusVote() RPC: tablet_id: "d9427b5e1c214d20a77eeaeafa57c131" candidate_uuid: "fac5a6b6ff644917931d805e55b0383f" candidate_term: 1 candidate_status { last_received { term: 0 index: 0 } } ignore_live_leader: false dest_uuid: "34e4d14df16e442ea46247b19e0d9e9b"
I20260710 11:10:24.530031  6895 raft_consensus.cc:3060] T d9427b5e1c214d20a77eeaeafa57c131 P 34e4d14df16e442ea46247b19e0d9e9b [term 0 FOLLOWER]: Advancing to term 1
I20260710 11:10:24.530082  6934 leader_election.cc:304] T d9427b5e1c214d20a77eeaeafa57c131 P fac5a6b6ff644917931d805e55b0383f [CANDIDATE]: Term 1 election: Election decided. Result: candidate won. Election summary: received 2 responses out of 3 voters: 2 yes votes; 0 no votes. yes voters: c11cccee6ef542e1b90b2d055690e6d8, fac5a6b6ff644917931d805e55b0383f; no voters: 
I20260710 11:10:24.530944  7047 raft_consensus.cc:2804] T d9427b5e1c214d20a77eeaeafa57c131 P fac5a6b6ff644917931d805e55b0383f [term 1 FOLLOWER]: Leader election won for term 1
I20260710 11:10:24.531553  7047 raft_consensus.cc:697] T d9427b5e1c214d20a77eeaeafa57c131 P fac5a6b6ff644917931d805e55b0383f [term 1 LEADER]: Becoming Leader. State: Replica: fac5a6b6ff644917931d805e55b0383f, State: Running, Role: LEADER
I20260710 11:10:24.532218  7047 consensus_queue.cc:237] T d9427b5e1c214d20a77eeaeafa57c131 P fac5a6b6ff644917931d805e55b0383f [LEADER]: Queue going to LEADER mode. State: All replicated index: 0, Majority replicated index: 0, Committed index: 0, Last appended: 0.0, Last appended by leader: 0, Current term: 1, Majority size: 2, State: 0, Mode: LEADER, active raft config: opid_index: -1 OBSOLETE_local: false peers { permanent_uuid: "c11cccee6ef542e1b90b2d055690e6d8" member_type: VOTER last_known_addr { host: "127.5.138.65" port: 37041 } } peers { permanent_uuid: "34e4d14df16e442ea46247b19e0d9e9b" member_type: VOTER last_known_addr { host: "127.5.138.66" port: 45773 } } peers { permanent_uuid: "fac5a6b6ff644917931d805e55b0383f" member_type: VOTER last_known_addr { host: "127.5.138.67" port: 41259 } }
I20260710 11:10:24.529016  7010 ts_tablet_manager.cc:1434] T 3421e343fcbf4d58873dfe8de498d8c4 P c11cccee6ef542e1b90b2d055690e6d8: Time spent starting tablet: real 0.013s	user 0.007s	sys 0.000s
I20260710 11:10:24.535038  6821 raft_consensus.cc:3060] T 3421e343fcbf4d58873dfe8de498d8c4 P c11cccee6ef542e1b90b2d055690e6d8 [term 0 FOLLOWER]: Advancing to term 1
I20260710 11:10:24.535640  6719 catalog_manager.cc:5697] T 765d858dbe7d4478a2aa9025a5341136 P c11cccee6ef542e1b90b2d055690e6d8 reported cstate change: term changed from 0 to 1, leader changed from <none> to c11cccee6ef542e1b90b2d055690e6d8 (127.5.138.65). New cstate: current_term: 1 leader_uuid: "c11cccee6ef542e1b90b2d055690e6d8" committed_config { opid_index: -1 OBSOLETE_local: false peers { permanent_uuid: "c11cccee6ef542e1b90b2d055690e6d8" member_type: VOTER last_known_addr { host: "127.5.138.65" port: 37041 } health_report { overall_health: HEALTHY } } peers { permanent_uuid: "34e4d14df16e442ea46247b19e0d9e9b" member_type: VOTER last_known_addr { host: "127.5.138.66" port: 45773 } health_report { overall_health: UNKNOWN } } peers { permanent_uuid: "fac5a6b6ff644917931d805e55b0383f" member_type: VOTER last_known_addr { host: "127.5.138.67" port: 41259 } health_report { overall_health: UNKNOWN } } }
I20260710 11:10:24.536760  6895 raft_consensus.cc:2468] T d9427b5e1c214d20a77eeaeafa57c131 P 34e4d14df16e442ea46247b19e0d9e9b [term 1 FOLLOWER]: Leader election vote request: Granting yes vote for candidate fac5a6b6ff644917931d805e55b0383f in term 1.
I20260710 11:10:24.540199  7039 raft_consensus.cc:493] T bc3a83ebd64d4ad38d4a3fcdb4e8afba P 34e4d14df16e442ea46247b19e0d9e9b [term 0 FOLLOWER]: Starting pre-election (no leader contacted us within the election timeout)
I20260710 11:10:24.540609  7039 raft_consensus.cc:515] T bc3a83ebd64d4ad38d4a3fcdb4e8afba P 34e4d14df16e442ea46247b19e0d9e9b [term 0 FOLLOWER]: Starting pre-election with config: opid_index: -1 OBSOLETE_local: false peers { permanent_uuid: "c11cccee6ef542e1b90b2d055690e6d8" member_type: VOTER last_known_addr { host: "127.5.138.65" port: 37041 } } peers { permanent_uuid: "34e4d14df16e442ea46247b19e0d9e9b" member_type: VOTER last_known_addr { host: "127.5.138.66" port: 45773 } } peers { permanent_uuid: "fac5a6b6ff644917931d805e55b0383f" member_type: VOTER last_known_addr { host: "127.5.138.67" port: 41259 } }
I20260710 11:10:24.542506  7039 leader_election.cc:290] T bc3a83ebd64d4ad38d4a3fcdb4e8afba P 34e4d14df16e442ea46247b19e0d9e9b [CANDIDATE]: Term 1 pre-election: Requested pre-vote from peers c11cccee6ef542e1b90b2d055690e6d8 (127.5.138.65:37041), fac5a6b6ff644917931d805e55b0383f (127.5.138.67:41259)
I20260710 11:10:24.544153  6818 tablet_service.cc:1917] Received RequestConsensusVote() RPC: tablet_id: "bc3a83ebd64d4ad38d4a3fcdb4e8afba" candidate_uuid: "34e4d14df16e442ea46247b19e0d9e9b" candidate_term: 1 candidate_status { last_received { term: 0 index: 0 } } ignore_live_leader: false dest_uuid: "c11cccee6ef542e1b90b2d055690e6d8" is_pre_election: true
I20260710 11:10:24.548035  6969 tablet_service.cc:1917] Received RequestConsensusVote() RPC: tablet_id: "bc3a83ebd64d4ad38d4a3fcdb4e8afba" candidate_uuid: "34e4d14df16e442ea46247b19e0d9e9b" candidate_term: 1 candidate_status { last_received { term: 0 index: 0 } } ignore_live_leader: false dest_uuid: "fac5a6b6ff644917931d805e55b0383f" is_pre_election: true
I20260710 11:10:24.549628  6718 catalog_manager.cc:5697] T d9427b5e1c214d20a77eeaeafa57c131 P fac5a6b6ff644917931d805e55b0383f reported cstate change: term changed from 0 to 1, leader changed from <none> to fac5a6b6ff644917931d805e55b0383f (127.5.138.67). New cstate: current_term: 1 leader_uuid: "fac5a6b6ff644917931d805e55b0383f" committed_config { opid_index: -1 OBSOLETE_local: false peers { permanent_uuid: "c11cccee6ef542e1b90b2d055690e6d8" member_type: VOTER last_known_addr { host: "127.5.138.65" port: 37041 } health_report { overall_health: UNKNOWN } } peers { permanent_uuid: "34e4d14df16e442ea46247b19e0d9e9b" member_type: VOTER last_known_addr { host: "127.5.138.66" port: 45773 } health_report { overall_health: UNKNOWN } } peers { permanent_uuid: "fac5a6b6ff644917931d805e55b0383f" member_type: VOTER last_known_addr { host: "127.5.138.67" port: 41259 } health_report { overall_health: HEALTHY } } }
I20260710 11:10:24.551354  7017 consensus_queue.cc:1048] T 9d8ef9feb7ac46fbbc7f45b33b8f5225 P 34e4d14df16e442ea46247b19e0d9e9b [LEADER]: Connected to new peer: Peer: permanent_uuid: "fac5a6b6ff644917931d805e55b0383f" member_type: VOTER last_known_addr { host: "127.5.138.67" port: 41259 }, Status: LMP_MISMATCH, Last received: 0.0, Next index: 1, Last known committed idx: 0, Time since last communication: 0.000s
I20260710 11:10:24.552834  6860 leader_election.cc:304] T bc3a83ebd64d4ad38d4a3fcdb4e8afba P 34e4d14df16e442ea46247b19e0d9e9b [CANDIDATE]: Term 1 pre-election: Election decided. Result: candidate lost. Election summary: received 3 responses out of 3 voters: 1 yes votes; 2 no votes. yes voters: 34e4d14df16e442ea46247b19e0d9e9b; no voters: c11cccee6ef542e1b90b2d055690e6d8, fac5a6b6ff644917931d805e55b0383f
I20260710 11:10:24.553903  7017 raft_consensus.cc:2749] T bc3a83ebd64d4ad38d4a3fcdb4e8afba P 34e4d14df16e442ea46247b19e0d9e9b [term 0 FOLLOWER]: Leader pre-election lost for term 1. Reason: could not achieve majority
I20260710 11:10:24.554136  7018 consensus_queue.cc:1048] T ee6e50e0cdf7445b91c6933bf73e19ed P c11cccee6ef542e1b90b2d055690e6d8 [LEADER]: Connected to new peer: Peer: permanent_uuid: "34e4d14df16e442ea46247b19e0d9e9b" member_type: VOTER last_known_addr { host: "127.5.138.66" port: 45773 }, Status: LMP_MISMATCH, Last received: 0.0, Next index: 1, Last known committed idx: 0, Time since last communication: 0.000s
I20260710 11:10:24.566891  7017 raft_consensus.cc:493] T e74f5218cc464094b0ea0427f4fd0541 P 34e4d14df16e442ea46247b19e0d9e9b [term 0 FOLLOWER]: Starting pre-election (no leader contacted us within the election timeout)
