I20260710 11:10:06.054909  3605 raft_consensus.cc:385] T f284bf83752b4195b7b0ba1c8842380a P 7c70061be61e4bfa94922e5eb4325e2a [term 0 FOLLOWER]: Consensus starting up: Expiring failure detector timer to make a prompt election more likely
I20260710 11:10:06.055253  3605 raft_consensus.cc:740] T f284bf83752b4195b7b0ba1c8842380a P 7c70061be61e4bfa94922e5eb4325e2a [term 0 FOLLOWER]: Becoming Follower/Learner. State: Replica: 7c70061be61e4bfa94922e5eb4325e2a, State: Initialized, Role: FOLLOWER
I20260710 11:10:06.055897  3604 tablet_bootstrap.cc:492] T d0762d306cf442e3af4490eb84c15115 P d010230fc35241c0b5351b6d5e93ed28: Bootstrap starting.
I20260710 11:10:06.056080  3605 consensus_queue.cc:260] T f284bf83752b4195b7b0ba1c8842380a P 7c70061be61e4bfa94922e5eb4325e2a [NON_LEADER]: Queue going to NON_LEADER mode. State: All replicated index: 0, Majority replicated index: 0, Committed index: 0, Last appended: 0.0, Last appended by leader: 0, Current term: 0, Majority size: -1, State: 0, Mode: NON_LEADER, active raft config: opid_index: -1 OBSOLETE_local: false peers { permanent_uuid: "d010230fc35241c0b5351b6d5e93ed28" member_type: VOTER last_known_addr { host: "127.2.182.193" port: 35275 } } peers { permanent_uuid: "c1355272b91c44e5a18322f10652bb8e" member_type: VOTER last_known_addr { host: "127.2.182.194" port: 43319 } } peers { permanent_uuid: "7c70061be61e4bfa94922e5eb4325e2a" member_type: VOTER last_known_addr { host: "127.2.182.195" port: 40423 } }
I20260710 11:10:06.061687  3605 ts_tablet_manager.cc:1434] T f284bf83752b4195b7b0ba1c8842380a P 7c70061be61e4bfa94922e5eb4325e2a: Time spent starting tablet: real 0.010s	user 0.006s	sys 0.000s
I20260710 11:10:06.062654  3605 tablet_bootstrap.cc:492] T daae60c1e8ee4976b734dae1a0b2caf5 P 7c70061be61e4bfa94922e5eb4325e2a: Bootstrap starting.
I20260710 11:10:06.062901  3603 tablet_bootstrap.cc:492] T 664ce2b4e53d4283a9d34880bab83b54 P c1355272b91c44e5a18322f10652bb8e: No bootstrap required, opened a new log
I20260710 11:10:06.067799  3603 ts_tablet_manager.cc:1403] T 664ce2b4e53d4283a9d34880bab83b54 P c1355272b91c44e5a18322f10652bb8e: Time spent bootstrapping tablet: real 0.090s	user 0.015s	sys 0.021s
I20260710 11:10:06.070289  3611 raft_consensus.cc:493] T f284bf83752b4195b7b0ba1c8842380a P 7c70061be61e4bfa94922e5eb4325e2a [term 0 FOLLOWER]: Starting pre-election (no leader contacted us within the election timeout)
I20260710 11:10:06.070461  3603 raft_consensus.cc:359] T 664ce2b4e53d4283a9d34880bab83b54 P c1355272b91c44e5a18322f10652bb8e [term 0 FOLLOWER]: Replica starting. Triggering 0 pending ops. Active config: opid_index: -1 OBSOLETE_local: false peers { permanent_uuid: "d010230fc35241c0b5351b6d5e93ed28" member_type: VOTER last_known_addr { host: "127.2.182.193" port: 35275 } } peers { permanent_uuid: "c1355272b91c44e5a18322f10652bb8e" member_type: VOTER last_known_addr { host: "127.2.182.194" port: 43319 } } peers { permanent_uuid: "7c70061be61e4bfa94922e5eb4325e2a" member_type: VOTER last_known_addr { host: "127.2.182.195" port: 40423 } }
I20260710 11:10:06.071174  3603 raft_consensus.cc:385] T 664ce2b4e53d4283a9d34880bab83b54 P c1355272b91c44e5a18322f10652bb8e [term 0 FOLLOWER]: Consensus starting up: Expiring failure detector timer to make a prompt election more likely
I20260710 11:10:06.071473  3603 raft_consensus.cc:740] T 664ce2b4e53d4283a9d34880bab83b54 P c1355272b91c44e5a18322f10652bb8e [term 0 FOLLOWER]: Becoming Follower/Learner. State: Replica: c1355272b91c44e5a18322f10652bb8e, State: Initialized, Role: FOLLOWER
I20260710 11:10:06.070962  3611 raft_consensus.cc:515] T f284bf83752b4195b7b0ba1c8842380a P 7c70061be61e4bfa94922e5eb4325e2a [term 0 FOLLOWER]: Starting pre-election with config: opid_index: -1 OBSOLETE_local: false peers { permanent_uuid: "d010230fc35241c0b5351b6d5e93ed28" member_type: VOTER last_known_addr { host: "127.2.182.193" port: 35275 } } peers { permanent_uuid: "c1355272b91c44e5a18322f10652bb8e" member_type: VOTER last_known_addr { host: "127.2.182.194" port: 43319 } } peers { permanent_uuid: "7c70061be61e4bfa94922e5eb4325e2a" member_type: VOTER last_known_addr { host: "127.2.182.195" port: 40423 } }
I20260710 11:10:06.072183  3603 consensus_queue.cc:260] T 664ce2b4e53d4283a9d34880bab83b54 P c1355272b91c44e5a18322f10652bb8e [NON_LEADER]: Queue going to NON_LEADER mode. State: All replicated index: 0, Majority replicated index: 0, Committed index: 0, Last appended: 0.0, Last appended by leader: 0, Current term: 0, Majority size: -1, State: 0, Mode: NON_LEADER, active raft config: opid_index: -1 OBSOLETE_local: false peers { permanent_uuid: "d010230fc35241c0b5351b6d5e93ed28" member_type: VOTER last_known_addr { host: "127.2.182.193" port: 35275 } } peers { permanent_uuid: "c1355272b91c44e5a18322f10652bb8e" member_type: VOTER last_known_addr { host: "127.2.182.194" port: 43319 } } peers { permanent_uuid: "7c70061be61e4bfa94922e5eb4325e2a" member_type: VOTER last_known_addr { host: "127.2.182.195" port: 40423 } }
I20260710 11:10:06.066975  3604 tablet_bootstrap.cc:654] T d0762d306cf442e3af4490eb84c15115 P d010230fc35241c0b5351b6d5e93ed28: Neither blocks nor log segments found. Creating new log.
I20260710 11:10:06.074630  3412 tablet_service.cc:1917] Received RequestConsensusVote() RPC: tablet_id: "f284bf83752b4195b7b0ba1c8842380a" candidate_uuid: "7c70061be61e4bfa94922e5eb4325e2a" candidate_term: 1 candidate_status { last_received { term: 0 index: 0 } } ignore_live_leader: false dest_uuid: "d010230fc35241c0b5351b6d5e93ed28" is_pre_election: true
I20260710 11:10:06.075815  3611 leader_election.cc:290] T f284bf83752b4195b7b0ba1c8842380a P 7c70061be61e4bfa94922e5eb4325e2a [CANDIDATE]: Term 1 pre-election: Requested pre-vote from peers d010230fc35241c0b5351b6d5e93ed28 (127.2.182.193:35275), c1355272b91c44e5a18322f10652bb8e (127.2.182.194:43319)
I20260710 11:10:06.076349  3489 tablet_service.cc:1917] Received RequestConsensusVote() RPC: tablet_id: "f284bf83752b4195b7b0ba1c8842380a" candidate_uuid: "7c70061be61e4bfa94922e5eb4325e2a" candidate_term: 1 candidate_status { last_received { term: 0 index: 0 } } ignore_live_leader: false dest_uuid: "c1355272b91c44e5a18322f10652bb8e" is_pre_election: true
I20260710 11:10:06.079993  3603 ts_tablet_manager.cc:1434] T 664ce2b4e53d4283a9d34880bab83b54 P c1355272b91c44e5a18322f10652bb8e: Time spent starting tablet: real 0.012s	user 0.005s	sys 0.001s
I20260710 11:10:06.077134  3489 raft_consensus.cc:2393] T f284bf83752b4195b7b0ba1c8842380a P c1355272b91c44e5a18322f10652bb8e [term 1 FOLLOWER]: Leader pre-election vote request: Denying vote to candidate 7c70061be61e4bfa94922e5eb4325e2a in current term 1: Already voted for candidate d010230fc35241c0b5351b6d5e93ed28 in this term.
I20260710 11:10:06.082783  3605 tablet_bootstrap.cc:654] T daae60c1e8ee4976b734dae1a0b2caf5 P 7c70061be61e4bfa94922e5eb4325e2a: Neither blocks nor log segments found. Creating new log.
I20260710 11:10:06.082947  3526 leader_election.cc:304] T f284bf83752b4195b7b0ba1c8842380a P 7c70061be61e4bfa94922e5eb4325e2a [CANDIDATE]: Term 1 pre-election: Election decided. Result: candidate lost. Election summary: received 3 responses out of 3 voters: 1 yes votes; 2 no votes. yes voters: 7c70061be61e4bfa94922e5eb4325e2a; no voters: c1355272b91c44e5a18322f10652bb8e, d010230fc35241c0b5351b6d5e93ed28
I20260710 11:10:06.084482  3611 raft_consensus.cc:3060] T f284bf83752b4195b7b0ba1c8842380a P 7c70061be61e4bfa94922e5eb4325e2a [term 0 FOLLOWER]: Advancing to term 1
I20260710 11:10:06.089078  3605 tablet_bootstrap.cc:492] T daae60c1e8ee4976b734dae1a0b2caf5 P 7c70061be61e4bfa94922e5eb4325e2a: No bootstrap required, opened a new log
I20260710 11:10:06.089524  3605 ts_tablet_manager.cc:1403] T daae60c1e8ee4976b734dae1a0b2caf5 P 7c70061be61e4bfa94922e5eb4325e2a: Time spent bootstrapping tablet: real 0.027s	user 0.009s	sys 0.001s
I20260710 11:10:06.092260  3605 raft_consensus.cc:359] T daae60c1e8ee4976b734dae1a0b2caf5 P 7c70061be61e4bfa94922e5eb4325e2a [term 0 FOLLOWER]: Replica starting. Triggering 0 pending ops. Active config: opid_index: -1 OBSOLETE_local: false peers { permanent_uuid: "d010230fc35241c0b5351b6d5e93ed28" member_type: VOTER last_known_addr { host: "127.2.182.193" port: 35275 } } peers { permanent_uuid: "c1355272b91c44e5a18322f10652bb8e" member_type: VOTER last_known_addr { host: "127.2.182.194" port: 43319 } } peers { permanent_uuid: "7c70061be61e4bfa94922e5eb4325e2a" member_type: VOTER last_known_addr { host: "127.2.182.195" port: 40423 } }
I20260710 11:10:06.092907  3605 raft_consensus.cc:385] T daae60c1e8ee4976b734dae1a0b2caf5 P 7c70061be61e4bfa94922e5eb4325e2a [term 0 FOLLOWER]: Consensus starting up: Expiring failure detector timer to make a prompt election more likely
I20260710 11:10:06.092103  3311 catalog_manager.cc:5697] T 41a459e2d07f4b3699449cdca9807a51 P d010230fc35241c0b5351b6d5e93ed28 reported cstate change: term changed from 0 to 1, leader changed from <none> to d010230fc35241c0b5351b6d5e93ed28 (127.2.182.193). New cstate: current_term: 1 leader_uuid: "d010230fc35241c0b5351b6d5e93ed28" committed_config { opid_index: -1 OBSOLETE_local: false peers { permanent_uuid: "d010230fc35241c0b5351b6d5e93ed28" member_type: VOTER last_known_addr { host: "127.2.182.193" port: 35275 } health_report { overall_health: HEALTHY } } peers { permanent_uuid: "c1355272b91c44e5a18322f10652bb8e" member_type: VOTER last_known_addr { host: "127.2.182.194" port: 43319 } health_report { overall_health: UNKNOWN } } peers { permanent_uuid: "7c70061be61e4bfa94922e5eb4325e2a" member_type: VOTER last_known_addr { host: "127.2.182.195" port: 40423 } health_report { overall_health: UNKNOWN } } }
I20260710 11:10:06.093787  3311 catalog_manager.cc:5697] T 944658ea634a4256ac84de227b9d1c44 P d010230fc35241c0b5351b6d5e93ed28 reported cstate change: term changed from 0 to 1, leader changed from <none> to d010230fc35241c0b5351b6d5e93ed28 (127.2.182.193). New cstate: current_term: 1 leader_uuid: "d010230fc35241c0b5351b6d5e93ed28" committed_config { opid_index: -1 OBSOLETE_local: false peers { permanent_uuid: "d010230fc35241c0b5351b6d5e93ed28" member_type: VOTER last_known_addr { host: "127.2.182.193" port: 35275 } health_report { overall_health: HEALTHY } } peers { permanent_uuid: "c1355272b91c44e5a18322f10652bb8e" member_type: VOTER last_known_addr { host: "127.2.182.194" port: 43319 } health_report { overall_health: UNKNOWN } } peers { permanent_uuid: "7c70061be61e4bfa94922e5eb4325e2a" member_type: VOTER last_known_addr { host: "127.2.182.195" port: 40423 } health_report { overall_health: UNKNOWN } } }
I20260710 11:10:06.095625  3611 raft_consensus.cc:2749] T f284bf83752b4195b7b0ba1c8842380a P 7c70061be61e4bfa94922e5eb4325e2a [term 1 FOLLOWER]: Leader pre-election lost for term 1. Reason: could not achieve majority
I20260710 11:10:06.095302  3311 catalog_manager.cc:5697] T f284bf83752b4195b7b0ba1c8842380a P d010230fc35241c0b5351b6d5e93ed28 reported cstate change: term changed from 0 to 1, leader changed from <none> to d010230fc35241c0b5351b6d5e93ed28 (127.2.182.193). New cstate: current_term: 1 leader_uuid: "d010230fc35241c0b5351b6d5e93ed28" committed_config { opid_index: -1 OBSOLETE_local: false peers { permanent_uuid: "d010230fc35241c0b5351b6d5e93ed28" member_type: VOTER last_known_addr { host: "127.2.182.193" port: 35275 } health_report { overall_health: HEALTHY } } peers { permanent_uuid: "c1355272b91c44e5a18322f10652bb8e" member_type: VOTER last_known_addr { host: "127.2.182.194" port: 43319 } health_report { overall_health: UNKNOWN } } peers { permanent_uuid: "7c70061be61e4bfa94922e5eb4325e2a" member_type: VOTER last_known_addr { host: "127.2.182.195" port: 40423 } health_report { overall_health: UNKNOWN } } }
I20260710 11:10:06.098469  3632 raft_consensus.cc:493] T 664ce2b4e53d4283a9d34880bab83b54 P c1355272b91c44e5a18322f10652bb8e [term 0 FOLLOWER]: Starting pre-election (no leader contacted us within the election timeout)
I20260710 11:10:06.098886  3604 tablet_bootstrap.cc:492] T d0762d306cf442e3af4490eb84c15115 P d010230fc35241c0b5351b6d5e93ed28: No bootstrap required, opened a new log
I20260710 11:10:06.098948  3632 raft_consensus.cc:515] T 664ce2b4e53d4283a9d34880bab83b54 P c1355272b91c44e5a18322f10652bb8e [term 0 FOLLOWER]: Starting pre-election with config: opid_index: -1 OBSOLETE_local: false peers { permanent_uuid: "d010230fc35241c0b5351b6d5e93ed28" member_type: VOTER last_known_addr { host: "127.2.182.193" port: 35275 } } peers { permanent_uuid: "c1355272b91c44e5a18322f10652bb8e" member_type: VOTER last_known_addr { host: "127.2.182.194" port: 43319 } } peers { permanent_uuid: "7c70061be61e4bfa94922e5eb4325e2a" member_type: VOTER last_known_addr { host: "127.2.182.195" port: 40423 } }
I20260710 11:10:06.099462  3604 ts_tablet_manager.cc:1403] T d0762d306cf442e3af4490eb84c15115 P d010230fc35241c0b5351b6d5e93ed28: Time spent bootstrapping tablet: real 0.044s	user 0.013s	sys 0.011s
I20260710 11:10:06.101720  3412 tablet_service.cc:1917] Received RequestConsensusVote() RPC: tablet_id: "664ce2b4e53d4283a9d34880bab83b54" candidate_uuid: "c1355272b91c44e5a18322f10652bb8e" candidate_term: 1 candidate_status { last_received { term: 0 index: 0 } } ignore_live_leader: false dest_uuid: "d010230fc35241c0b5351b6d5e93ed28" is_pre_election: true
I20260710 11:10:06.102277  3632 leader_election.cc:290] T 664ce2b4e53d4283a9d34880bab83b54 P c1355272b91c44e5a18322f10652bb8e [CANDIDATE]: Term 1 pre-election: Requested pre-vote from peers d010230fc35241c0b5351b6d5e93ed28 (127.2.182.193:35275), 7c70061be61e4bfa94922e5eb4325e2a (127.2.182.195:40423)
I20260710 11:10:06.102377  3412 raft_consensus.cc:2468] T 664ce2b4e53d4283a9d34880bab83b54 P d010230fc35241c0b5351b6d5e93ed28 [term 0 FOLLOWER]: Leader pre-election vote request: Granting yes vote for candidate c1355272b91c44e5a18322f10652bb8e in term 0.
I20260710 11:10:06.102468  3604 raft_consensus.cc:359] T d0762d306cf442e3af4490eb84c15115 P d010230fc35241c0b5351b6d5e93ed28 [term 0 FOLLOWER]: Replica starting. Triggering 0 pending ops. Active config: opid_index: -1 OBSOLETE_local: false peers { permanent_uuid: "d010230fc35241c0b5351b6d5e93ed28" member_type: VOTER last_known_addr { host: "127.2.182.193" port: 35275 } } peers { permanent_uuid: "c1355272b91c44e5a18322f10652bb8e" member_type: VOTER last_known_addr { host: "127.2.182.194" port: 43319 } } peers { permanent_uuid: "7c70061be61e4bfa94922e5eb4325e2a" member_type: VOTER last_known_addr { host: "127.2.182.195" port: 40423 } }
I20260710 11:10:06.103193  3604 raft_consensus.cc:385] T d0762d306cf442e3af4490eb84c15115 P d010230fc35241c0b5351b6d5e93ed28 [term 0 FOLLOWER]: Consensus starting up: Expiring failure detector timer to make a prompt election more likely
I20260710 11:10:06.103461  3604 raft_consensus.cc:740] T d0762d306cf442e3af4490eb84c15115 P d010230fc35241c0b5351b6d5e93ed28 [term 0 FOLLOWER]: Becoming Follower/Learner. State: Replica: d010230fc35241c0b5351b6d5e93ed28, State: Initialized, Role: FOLLOWER
I20260710 11:10:06.103997  3452 leader_election.cc:304] T 664ce2b4e53d4283a9d34880bab83b54 P c1355272b91c44e5a18322f10652bb8e [CANDIDATE]: Term 1 pre-election: Election decided. Result: candidate won. Election summary: received 2 responses out of 3 voters: 2 yes votes; 0 no votes. yes voters: c1355272b91c44e5a18322f10652bb8e, d010230fc35241c0b5351b6d5e93ed28; no voters: 
I20260710 11:10:06.104136  3561 tablet_service.cc:1917] Received RequestConsensusVote() RPC: tablet_id: "664ce2b4e53d4283a9d34880bab83b54" candidate_uuid: "c1355272b91c44e5a18322f10652bb8e" candidate_term: 1 candidate_status { last_received { term: 0 index: 0 } } ignore_live_leader: false dest_uuid: "7c70061be61e4bfa94922e5eb4325e2a" is_pre_election: true
I20260710 11:10:06.104231  3604 consensus_queue.cc:260] T d0762d306cf442e3af4490eb84c15115 P d010230fc35241c0b5351b6d5e93ed28 [NON_LEADER]: Queue going to NON_LEADER mode. State: All replicated index: 0, Majority replicated index: 0, Committed index: 0, Last appended: 0.0, Last appended by leader: 0, Current term: 0, Majority size: -1, State: 0, Mode: NON_LEADER, active raft config: opid_index: -1 OBSOLETE_local: false peers { permanent_uuid: "d010230fc35241c0b5351b6d5e93ed28" member_type: VOTER last_known_addr { host: "127.2.182.193" port: 35275 } } peers { permanent_uuid: "c1355272b91c44e5a18322f10652bb8e" member_type: VOTER last_known_addr { host: "127.2.182.194" port: 43319 } } peers { permanent_uuid: "7c70061be61e4bfa94922e5eb4325e2a" member_type: VOTER last_known_addr { host: "127.2.182.195" port: 40423 } }
I20260710 11:10:06.104754  3561 raft_consensus.cc:2468] T 664ce2b4e53d4283a9d34880bab83b54 P 7c70061be61e4bfa94922e5eb4325e2a [term 0 FOLLOWER]: Leader pre-election vote request: Granting yes vote for candidate c1355272b91c44e5a18322f10652bb8e in term 0.
I20260710 11:10:06.105628  3632 raft_consensus.cc:2804] T 664ce2b4e53d4283a9d34880bab83b54 P c1355272b91c44e5a18322f10652bb8e [term 0 FOLLOWER]: Leader pre-election won for term 1
I20260710 11:10:06.105981  3632 raft_consensus.cc:493] T 664ce2b4e53d4283a9d34880bab83b54 P c1355272b91c44e5a18322f10652bb8e [term 0 FOLLOWER]: Starting leader election (no leader contacted us within the election timeout)
I20260710 11:10:06.106220  3605 raft_consensus.cc:740] T daae60c1e8ee4976b734dae1a0b2caf5 P 7c70061be61e4bfa94922e5eb4325e2a [term 0 FOLLOWER]: Becoming Follower/Learner. State: Replica: 7c70061be61e4bfa94922e5eb4325e2a, State: Initialized, Role: FOLLOWER
I20260710 11:10:06.106307  3604 ts_tablet_manager.cc:1434] T d0762d306cf442e3af4490eb84c15115 P d010230fc35241c0b5351b6d5e93ed28: Time spent starting tablet: real 0.006s	user 0.005s	sys 0.000s
I20260710 11:10:06.106339  3632 raft_consensus.cc:3060] T 664ce2b4e53d4283a9d34880bab83b54 P c1355272b91c44e5a18322f10652bb8e [term 0 FOLLOWER]: Advancing to term 1
I20260710 11:10:06.106971  3605 consensus_queue.cc:260] T daae60c1e8ee4976b734dae1a0b2caf5 P 7c70061be61e4bfa94922e5eb4325e2a [NON_LEADER]: Queue going to NON_LEADER mode. State: All replicated index: 0, Majority replicated index: 0, Committed index: 0, Last appended: 0.0, Last appended by leader: 0, Current term: 0, Majority size: -1, State: 0, Mode: NON_LEADER, active raft config: opid_index: -1 OBSOLETE_local: false peers { permanent_uuid: "d010230fc35241c0b5351b6d5e93ed28" member_type: VOTER last_known_addr { host: "127.2.182.193" port: 35275 } } peers { permanent_uuid: "c1355272b91c44e5a18322f10652bb8e" member_type: VOTER last_known_addr { host: "127.2.182.194" port: 43319 } } peers { permanent_uuid: "7c70061be61e4bfa94922e5eb4325e2a" member_type: VOTER last_known_addr { host: "127.2.182.195" port: 40423 } }
I20260710 11:10:06.108297  3605 ts_tablet_manager.cc:1434] T daae60c1e8ee4976b734dae1a0b2caf5 P 7c70061be61e4bfa94922e5eb4325e2a: Time spent starting tablet: real 0.019s	user 0.001s	sys 0.003s
I20260710 11:10:06.110798  3605 tablet_bootstrap.cc:492] T 41a459e2d07f4b3699449cdca9807a51 P 7c70061be61e4bfa94922e5eb4325e2a: Bootstrap starting.
I20260710 11:10:06.113219  3632 raft_consensus.cc:515] T 664ce2b4e53d4283a9d34880bab83b54 P c1355272b91c44e5a18322f10652bb8e [term 1 FOLLOWER]: Starting leader election with config: opid_index: -1 OBSOLETE_local: false peers { permanent_uuid: "d010230fc35241c0b5351b6d5e93ed28" member_type: VOTER last_known_addr { host: "127.2.182.193" port: 35275 } } peers { permanent_uuid: "c1355272b91c44e5a18322f10652bb8e" member_type: VOTER last_known_addr { host: "127.2.182.194" port: 43319 } } peers { permanent_uuid: "7c70061be61e4bfa94922e5eb4325e2a" member_type: VOTER last_known_addr { host: "127.2.182.195" port: 40423 } }
I20260710 11:10:06.115795  3412 tablet_service.cc:1917] Received RequestConsensusVote() RPC: tablet_id: "664ce2b4e53d4283a9d34880bab83b54" candidate_uuid: "c1355272b91c44e5a18322f10652bb8e" candidate_term: 1 candidate_status { last_received { term: 0 index: 0 } } ignore_live_leader: false dest_uuid: "d010230fc35241c0b5351b6d5e93ed28"
I20260710 11:10:06.116374  3412 raft_consensus.cc:3060] T 664ce2b4e53d4283a9d34880bab83b54 P d010230fc35241c0b5351b6d5e93ed28 [term 0 FOLLOWER]: Advancing to term 1
I20260710 11:10:06.117144  3561 tablet_service.cc:1917] Received RequestConsensusVote() RPC: tablet_id: "664ce2b4e53d4283a9d34880bab83b54" candidate_uuid: "c1355272b91c44e5a18322f10652bb8e" candidate_term: 1 candidate_status { last_received { term: 0 index: 0 } } ignore_live_leader: false dest_uuid: "7c70061be61e4bfa94922e5eb4325e2a"
I20260710 11:10:06.117727  3561 raft_consensus.cc:3060] T 664ce2b4e53d4283a9d34880bab83b54 P 7c70061be61e4bfa94922e5eb4325e2a [term 0 FOLLOWER]: Advancing to term 1
I20260710 11:10:06.118731  3605 tablet_bootstrap.cc:654] T 41a459e2d07f4b3699449cdca9807a51 P 7c70061be61e4bfa94922e5eb4325e2a: Neither blocks nor log segments found. Creating new log.
I20260710 11:10:06.124336  3561 raft_consensus.cc:2468] T 664ce2b4e53d4283a9d34880bab83b54 P 7c70061be61e4bfa94922e5eb4325e2a [term 1 FOLLOWER]: Leader election vote request: Granting yes vote for candidate c1355272b91c44e5a18322f10652bb8e in term 1.
I20260710 11:10:06.125597  3455 leader_election.cc:304] T 664ce2b4e53d4283a9d34880bab83b54 P c1355272b91c44e5a18322f10652bb8e [CANDIDATE]: Term 1 election: Election decided. Result: candidate won. Election summary: received 2 responses out of 3 voters: 2 yes votes; 0 no votes. yes voters: 7c70061be61e4bfa94922e5eb4325e2a, c1355272b91c44e5a18322f10652bb8e; no voters: 
I20260710 11:10:06.125716  3412 raft_consensus.cc:2468] T 664ce2b4e53d4283a9d34880bab83b54 P d010230fc35241c0b5351b6d5e93ed28 [term 1 FOLLOWER]: Leader election vote request: Granting yes vote for candidate c1355272b91c44e5a18322f10652bb8e in term 1.
I20260710 11:10:06.126706  3610 raft_consensus.cc:2804] T 664ce2b4e53d4283a9d34880bab83b54 P c1355272b91c44e5a18322f10652bb8e [term 1 FOLLOWER]: Leader election won for term 1
I20260710 11:10:06.127161  3610 raft_consensus.cc:697] T 664ce2b4e53d4283a9d34880bab83b54 P c1355272b91c44e5a18322f10652bb8e [term 1 LEADER]: Becoming Leader. State: Replica: c1355272b91c44e5a18322f10652bb8e, State: Running, Role: LEADER
I20260710 11:10:06.128013  3610 consensus_queue.cc:237] T 664ce2b4e53d4283a9d34880bab83b54 P c1355272b91c44e5a18322f10652bb8e [LEADER]: Queue going to LEADER mode. State: All replicated index: 0, Majority replicated index: 0, Committed index: 0, Last appended: 0.0, Last appended by leader: 0, Current term: 1, Majority size: 2, State: 0, Mode: LEADER, active raft config: opid_index: -1 OBSOLETE_local: false peers { permanent_uuid: "d010230fc35241c0b5351b6d5e93ed28" member_type: VOTER last_known_addr { host: "127.2.182.193" port: 35275 } } peers { permanent_uuid: "c1355272b91c44e5a18322f10652bb8e" member_type: VOTER last_known_addr { host: "127.2.182.194" port: 43319 } } peers { permanent_uuid: "7c70061be61e4bfa94922e5eb4325e2a" member_type: VOTER last_known_addr { host: "127.2.182.195" port: 40423 } }
I20260710 11:10:06.129527  3605 tablet_bootstrap.cc:492] T 41a459e2d07f4b3699449cdca9807a51 P 7c70061be61e4bfa94922e5eb4325e2a: No bootstrap required, opened a new log
I20260710 11:10:06.130316  3605 ts_tablet_manager.cc:1403] T 41a459e2d07f4b3699449cdca9807a51 P 7c70061be61e4bfa94922e5eb4325e2a: Time spent bootstrapping tablet: real 0.020s	user 0.012s	sys 0.004s
I20260710 11:10:06.132020  3605 raft_consensus.cc:359] T 41a459e2d07f4b3699449cdca9807a51 P 7c70061be61e4bfa94922e5eb4325e2a [term 0 FOLLOWER]: Replica starting. Triggering 0 pending ops. Active config: opid_index: -1 OBSOLETE_local: false peers { permanent_uuid: "d010230fc35241c0b5351b6d5e93ed28" member_type: VOTER last_known_addr { host: "127.2.182.193" port: 35275 } } peers { permanent_uuid: "c1355272b91c44e5a18322f10652bb8e" member_type: VOTER last_known_addr { host: "127.2.182.194" port: 43319 } } peers { permanent_uuid: "7c70061be61e4bfa94922e5eb4325e2a" member_type: VOTER last_known_addr { host: "127.2.182.195" port: 40423 } }
I20260710 11:10:06.132596  3605 raft_consensus.cc:385] T 41a459e2d07f4b3699449cdca9807a51 P 7c70061be61e4bfa94922e5eb4325e2a [term 0 FOLLOWER]: Consensus starting up: Expiring failure detector timer to make a prompt election more likely
I20260710 11:10:06.132786  3605 raft_consensus.cc:740] T 41a459e2d07f4b3699449cdca9807a51 P 7c70061be61e4bfa94922e5eb4325e2a [term 0 FOLLOWER]: Becoming Follower/Learner. State: Replica: 7c70061be61e4bfa94922e5eb4325e2a, State: Initialized, Role: FOLLOWER
I20260710 11:10:06.133591  3632 leader_election.cc:290] T 664ce2b4e53d4283a9d34880bab83b54 P c1355272b91c44e5a18322f10652bb8e [CANDIDATE]: Term 1 election: Requested vote from peers d010230fc35241c0b5351b6d5e93ed28 (127.2.182.193:35275), 7c70061be61e4bfa94922e5eb4325e2a (127.2.182.195:40423)
I20260710 11:10:06.133386  3605 consensus_queue.cc:260] T 41a459e2d07f4b3699449cdca9807a51 P 7c70061be61e4bfa94922e5eb4325e2a [NON_LEADER]: Queue going to NON_LEADER mode. State: All replicated index: 0, Majority replicated index: 0, Committed index: 0, Last appended: 0.0, Last appended by leader: 0, Current term: 0, Majority size: -1, State: 0, Mode: NON_LEADER, active raft config: opid_index: -1 OBSOLETE_local: false peers { permanent_uuid: "d010230fc35241c0b5351b6d5e93ed28" member_type: VOTER last_known_addr { host: "127.2.182.193" port: 35275 } } peers { permanent_uuid: "c1355272b91c44e5a18322f10652bb8e" member_type: VOTER last_known_addr { host: "127.2.182.194" port: 43319 } } peers { permanent_uuid: "7c70061be61e4bfa94922e5eb4325e2a" member_type: VOTER last_known_addr { host: "127.2.182.195" port: 40423 } }
I20260710 11:10:06.136080  3605 ts_tablet_manager.cc:1434] T 41a459e2d07f4b3699449cdca9807a51 P 7c70061be61e4bfa94922e5eb4325e2a: Time spent starting tablet: real 0.006s	user 0.004s	sys 0.000s
I20260710 11:10:06.137557  3310 catalog_manager.cc:5697] T 664ce2b4e53d4283a9d34880bab83b54 P c1355272b91c44e5a18322f10652bb8e reported cstate change: term changed from 0 to 1, leader changed from <none> to c1355272b91c44e5a18322f10652bb8e (127.2.182.194). New cstate: current_term: 1 leader_uuid: "c1355272b91c44e5a18322f10652bb8e" committed_config { opid_index: -1 OBSOLETE_local: false peers { permanent_uuid: "d010230fc35241c0b5351b6d5e93ed28" member_type: VOTER last_known_addr { host: "127.2.182.193" port: 35275 } health_report { overall_health: UNKNOWN } } peers { permanent_uuid: "c1355272b91c44e5a18322f10652bb8e" member_type: VOTER last_known_addr { host: "127.2.182.194" port: 43319 } health_report { overall_health: HEALTHY } } peers { permanent_uuid: "7c70061be61e4bfa94922e5eb4325e2a" member_type: VOTER last_known_addr { host: "127.2.182.195" port: 40423 } health_report { overall_health: UNKNOWN } } }
I20260710 11:10:06.190284  3632 consensus_queue.cc:1048] T ea99940d349742f1b9ecbe74474b3f0a P c1355272b91c44e5a18322f10652bb8e [LEADER]: Connected to new peer: Peer: permanent_uuid: "d010230fc35241c0b5351b6d5e93ed28" member_type: VOTER last_known_addr { host: "127.2.182.193" port: 35275 }, Status: LMP_MISMATCH, Last received: 0.0, Next index: 1, Last known committed idx: 0, Time since last communication: 0.000s
I20260710 11:10:06.204841  3610 consensus_queue.cc:1048] T ea99940d349742f1b9ecbe74474b3f0a P c1355272b91c44e5a18322f10652bb8e [LEADER]: Connected to new peer: Peer: permanent_uuid: "7c70061be61e4bfa94922e5eb4325e2a" member_type: VOTER last_known_addr { host: "127.2.182.195" port: 40423 }, Status: LMP_MISMATCH, Last received: 0.0, Next index: 1, Last known committed idx: 0, Time since last communication: 0.001s
I20260710 11:10:06.205333  3632 consensus_queue.cc:1048] T 4320f1c8ea3143f3acddc50186ffff1c P c1355272b91c44e5a18322f10652bb8e [LEADER]: Connected to new peer: Peer: permanent_uuid: "7c70061be61e4bfa94922e5eb4325e2a" member_type: VOTER last_known_addr { host: "127.2.182.195" port: 40423 }, Status: LMP_MISMATCH, Last received: 0.0, Next index: 1, Last known committed idx: 0, Time since last communication: 0.001s
I20260710 11:10:06.216152  3647 raft_consensus.cc:493] T c30590d28e344e5893b66d9ab9a46490 P d010230fc35241c0b5351b6d5e93ed28 [term 0 FOLLOWER]: Starting pre-election (no leader contacted us within the election timeout)
I20260710 11:10:06.216673  3647 raft_consensus.cc:515] T c30590d28e344e5893b66d9ab9a46490 P d010230fc35241c0b5351b6d5e93ed28 [term 0 FOLLOWER]: Starting pre-election with config: opid_index: -1 OBSOLETE_local: false peers { permanent_uuid: "d010230fc35241c0b5351b6d5e93ed28" member_type: VOTER last_known_addr { host: "127.2.182.193" port: 35275 } } peers { permanent_uuid: "c1355272b91c44e5a18322f10652bb8e" member_type: VOTER last_known_addr { host: "127.2.182.194" port: 43319 } } peers { permanent_uuid: "7c70061be61e4bfa94922e5eb4325e2a" member_type: VOTER last_known_addr { host: "127.2.182.195" port: 40423 } }
I20260710 11:10:06.220940  3489 tablet_service.cc:1917] Received RequestConsensusVote() RPC: tablet_id: "c30590d28e344e5893b66d9ab9a46490" candidate_uuid: "d010230fc35241c0b5351b6d5e93ed28" candidate_term: 1 candidate_status { last_received { term: 0 index: 0 } } ignore_live_leader: false dest_uuid: "c1355272b91c44e5a18322f10652bb8e" is_pre_election: true
I20260710 11:10:06.221889  3647 leader_election.cc:290] T c30590d28e344e5893b66d9ab9a46490 P d010230fc35241c0b5351b6d5e93ed28 [CANDIDATE]: Term 1 pre-election: Requested pre-vote from peers c1355272b91c44e5a18322f10652bb8e (127.2.182.194:43319), 7c70061be61e4bfa94922e5eb4325e2a (127.2.182.195:40423)
I20260710 11:10:06.222781  3561 tablet_service.cc:1917] Received RequestConsensusVote() RPC: tablet_id: "c30590d28e344e5893b66d9ab9a46490" candidate_uuid: "d010230fc35241c0b5351b6d5e93ed28" candidate_term: 1 candidate_status { last_received { term: 0 index: 0 } } ignore_live_leader: false dest_uuid: "7c70061be61e4bfa94922e5eb4325e2a" is_pre_election: true
I20260710 11:10:06.223608  3561 raft_consensus.cc:2393] T c30590d28e344e5893b66d9ab9a46490 P 7c70061be61e4bfa94922e5eb4325e2a [term 1 FOLLOWER]: Leader pre-election vote request: Denying vote to candidate d010230fc35241c0b5351b6d5e93ed28 in current term 1: Already voted for candidate c1355272b91c44e5a18322f10652bb8e in this term.
I20260710 11:10:06.224161  3629 consensus_queue.cc:1048] T 4320f1c8ea3143f3acddc50186ffff1c P c1355272b91c44e5a18322f10652bb8e [LEADER]: Connected to new peer: Peer: permanent_uuid: "d010230fc35241c0b5351b6d5e93ed28" member_type: VOTER last_known_addr { host: "127.2.182.193" port: 35275 }, Status: LMP_MISMATCH, Last received: 0.0, Next index: 1, Last known committed idx: 0, Time since last communication: 0.000s
I20260710 11:10:06.224792  3380 leader_election.cc:304] T c30590d28e344e5893b66d9ab9a46490 P d010230fc35241c0b5351b6d5e93ed28 [CANDIDATE]: Term 1 pre-election: Election decided. Result: candidate lost. Election summary: received 3 responses out of 3 voters: 1 yes votes; 2 no votes. yes voters: d010230fc35241c0b5351b6d5e93ed28; no voters: 7c70061be61e4bfa94922e5eb4325e2a, c1355272b91c44e5a18322f10652bb8e
I20260710 11:10:06.225486  3562 raft_consensus.cc:3060] T daae60c1e8ee4976b734dae1a0b2caf5 P 7c70061be61e4bfa94922e5eb4325e2a [term 0 FOLLOWER]: Advancing to term 1
I20260710 11:10:06.225912  3647 raft_consensus.cc:3060] T c30590d28e344e5893b66d9ab9a46490 P d010230fc35241c0b5351b6d5e93ed28 [term 0 FOLLOWER]: Advancing to term 1
I20260710 11:10:06.232609  3647 raft_consensus.cc:2749] T c30590d28e344e5893b66d9ab9a46490 P d010230fc35241c0b5351b6d5e93ed28 [term 1 FOLLOWER]: Leader pre-election lost for term 1. Reason: could not achieve majority
I20260710 11:10:06.235240  3631 consensus_queue.cc:1048] T daae60c1e8ee4976b734dae1a0b2caf5 P c1355272b91c44e5a18322f10652bb8e [LEADER]: Connected to new peer: Peer: permanent_uuid: "7c70061be61e4bfa94922e5eb4325e2a" member_type: VOTER last_known_addr { host: "127.2.182.195" port: 40423 }, Status: LMP_MISMATCH, Last received: 0.0, Next index: 1, Last known committed idx: 0, Time since last communication: 0.000s
I20260710 11:10:06.245010  3611 raft_consensus.cc:493] T d0762d306cf442e3af4490eb84c15115 P 7c70061be61e4bfa94922e5eb4325e2a [term 0 FOLLOWER]: Starting pre-election (no leader contacted us within the election timeout)
I20260710 11:10:06.245568  3611 raft_consensus.cc:515] T d0762d306cf442e3af4490eb84c15115 P 7c70061be61e4bfa94922e5eb4325e2a [term 0 FOLLOWER]: Starting pre-election with config: opid_index: -1 OBSOLETE_local: false peers { permanent_uuid: "d010230fc35241c0b5351b6d5e93ed28" member_type: VOTER last_known_addr { host: "127.2.182.193" port: 35275 } } peers { permanent_uuid: "c1355272b91c44e5a18322f10652bb8e" member_type: VOTER last_known_addr { host: "127.2.182.194" port: 43319 } } peers { permanent_uuid: "7c70061be61e4bfa94922e5eb4325e2a" member_type: VOTER last_known_addr { host: "127.2.182.195" port: 40423 } }
I20260710 11:10:06.247890  3611 leader_election.cc:290] T d0762d306cf442e3af4490eb84c15115 P 7c70061be61e4bfa94922e5eb4325e2a [CANDIDATE]: Term 1 pre-election: Requested pre-vote from peers d010230fc35241c0b5351b6d5e93ed28 (127.2.182.193:35275), c1355272b91c44e5a18322f10652bb8e (127.2.182.194:43319)
I20260710 11:10:06.248449  3413 tablet_service.cc:1917] Received RequestConsensusVote() RPC: tablet_id: "d0762d306cf442e3af4490eb84c15115" candidate_uuid: "7c70061be61e4bfa94922e5eb4325e2a" candidate_term: 1 candidate_status { last_received { term: 0 index: 0 } } ignore_live_leader: false dest_uuid: "d010230fc35241c0b5351b6d5e93ed28" is_pre_election: true
I20260710 11:10:06.249089  3413 raft_consensus.cc:2468] T d0762d306cf442e3af4490eb84c15115 P d010230fc35241c0b5351b6d5e93ed28 [term 0 FOLLOWER]: Leader pre-election vote request: Granting yes vote for candidate 7c70061be61e4bfa94922e5eb4325e2a in term 0.
I20260710 11:10:06.249481  3489 tablet_service.cc:1917] Received RequestConsensusVote() RPC: tablet_id: "d0762d306cf442e3af4490eb84c15115" candidate_uuid: "7c70061be61e4bfa94922e5eb4325e2a" candidate_term: 1 candidate_status { last_received { term: 0 index: 0 } } ignore_live_leader: false dest_uuid: "c1355272b91c44e5a18322f10652bb8e" is_pre_election: true
I20260710 11:10:06.250174  3489 raft_consensus.cc:2468] T d0762d306cf442e3af4490eb84c15115 P c1355272b91c44e5a18322f10652bb8e [term 0 FOLLOWER]: Leader pre-election vote request: Granting yes vote for candidate 7c70061be61e4bfa94922e5eb4325e2a in term 0.
I20260710 11:10:06.251585  3631 consensus_queue.cc:1048] T daae60c1e8ee4976b734dae1a0b2caf5 P c1355272b91c44e5a18322f10652bb8e [LEADER]: Connected to new peer: Peer: permanent_uuid: "d010230fc35241c0b5351b6d5e93ed28" member_type: VOTER last_known_addr { host: "127.2.182.193" port: 35275 }, Status: LMP_MISMATCH, Last received: 0.0, Next index: 1, Last known committed idx: 0, Time since last communication: 0.000s
I20260710 11:10:06.251852  3526 leader_election.cc:304] T d0762d306cf442e3af4490eb84c15115 P 7c70061be61e4bfa94922e5eb4325e2a [CANDIDATE]: Term 1 pre-election: Election decided. Result: candidate won. Election summary: received 2 responses out of 3 voters: 2 yes votes; 0 no votes. yes voters: 7c70061be61e4bfa94922e5eb4325e2a, c1355272b91c44e5a18322f10652bb8e; no voters: 
I20260710 11:10:06.253415  3650 raft_consensus.cc:2804] T d0762d306cf442e3af4490eb84c15115 P 7c70061be61e4bfa94922e5eb4325e2a [term 0 FOLLOWER]: Leader pre-election won for term 1
I20260710 11:10:06.253822  3650 raft_consensus.cc:493] T d0762d306cf442e3af4490eb84c15115 P 7c70061be61e4bfa94922e5eb4325e2a [term 0 FOLLOWER]: Starting leader election (no leader contacted us within the election timeout)
I20260710 11:10:06.254194  3650 raft_consensus.cc:3060] T d0762d306cf442e3af4490eb84c15115 P 7c70061be61e4bfa94922e5eb4325e2a [term 0 FOLLOWER]: Advancing to term 1
I20260710 11:10:06.263298  3650 raft_consensus.cc:515] T d0762d306cf442e3af4490eb84c15115 P 7c70061be61e4bfa94922e5eb4325e2a [term 1 FOLLOWER]: Starting leader election with config: opid_index: -1 OBSOLETE_local: false peers { permanent_uuid: "d010230fc35241c0b5351b6d5e93ed28" member_type: VOTER last_known_addr { host: "127.2.182.193" port: 35275 } } peers { permanent_uuid: "c1355272b91c44e5a18322f10652bb8e" member_type: VOTER last_known_addr { host: "127.2.182.194" port: 43319 } } peers { permanent_uuid: "7c70061be61e4bfa94922e5eb4325e2a" member_type: VOTER last_known_addr { host: "127.2.182.195" port: 40423 } }
I20260710 11:10:06.265367  3650 leader_election.cc:290] T d0762d306cf442e3af4490eb84c15115 P 7c70061be61e4bfa94922e5eb4325e2a [CANDIDATE]: Term 1 election: Requested vote from peers d010230fc35241c0b5351b6d5e93ed28 (127.2.182.193:35275), c1355272b91c44e5a18322f10652bb8e (127.2.182.194:43319)
I20260710 11:10:06.266433  3489 tablet_service.cc:1917] Received RequestConsensusVote() RPC: tablet_id: "d0762d306cf442e3af4490eb84c15115" candidate_uuid: "7c70061be61e4bfa94922e5eb4325e2a" candidate_term: 1 candidate_status { last_received { term: 0 index: 0 } } ignore_live_leader: false dest_uuid: "c1355272b91c44e5a18322f10652bb8e"
I20260710 11:10:06.266916  3489 raft_consensus.cc:3060] T d0762d306cf442e3af4490eb84c15115 P c1355272b91c44e5a18322f10652bb8e [term 0 FOLLOWER]: Advancing to term 1
I20260710 11:10:06.267025  3412 tablet_service.cc:1917] Received RequestConsensusVote() RPC: tablet_id: "d0762d306cf442e3af4490eb84c15115" candidate_uuid: "7c70061be61e4bfa94922e5eb4325e2a" candidate_term: 1 candidate_status { last_received { term: 0 index: 0 } } ignore_live_leader: false dest_uuid: "d010230fc35241c0b5351b6d5e93ed28"
I20260710 11:10:06.267629  3412 raft_consensus.cc:3060] T d0762d306cf442e3af4490eb84c15115 P d010230fc35241c0b5351b6d5e93ed28 [term 0 FOLLOWER]: Advancing to term 1
I20260710 11:10:06.272403  3412 raft_consensus.cc:2468] T d0762d306cf442e3af4490eb84c15115 P d010230fc35241c0b5351b6d5e93ed28 [term 1 FOLLOWER]: Leader election vote request: Granting yes vote for candidate 7c70061be61e4bfa94922e5eb4325e2a in term 1.
I20260710 11:10:06.273066  3489 raft_consensus.cc:2468] T d0762d306cf442e3af4490eb84c15115 P c1355272b91c44e5a18322f10652bb8e [term 1 FOLLOWER]: Leader election vote request: Granting yes vote for candidate 7c70061be61e4bfa94922e5eb4325e2a in term 1.
I20260710 11:10:06.273427  3526 leader_election.cc:304] T d0762d306cf442e3af4490eb84c15115 P 7c70061be61e4bfa94922e5eb4325e2a [CANDIDATE]: Term 1 election: Election decided. Result: candidate won. Election summary: received 2 responses out of 3 voters: 2 yes votes; 0 no votes. yes voters: 7c70061be61e4bfa94922e5eb4325e2a, d010230fc35241c0b5351b6d5e93ed28; no voters: 
I20260710 11:10:06.274209  3650 raft_consensus.cc:2804] T d0762d306cf442e3af4490eb84c15115 P 7c70061be61e4bfa94922e5eb4325e2a [term 1 FOLLOWER]: Leader election won for term 1
I20260710 11:10:06.274680  3650 raft_consensus.cc:697] T d0762d306cf442e3af4490eb84c15115 P 7c70061be61e4bfa94922e5eb4325e2a [term 1 LEADER]: Becoming Leader. State: Replica: 7c70061be61e4bfa94922e5eb4325e2a, State: Running, Role: LEADER
I20260710 11:10:06.275316  3650 consensus_queue.cc:237] T d0762d306cf442e3af4490eb84c15115 P 7c70061be61e4bfa94922e5eb4325e2a [LEADER]: Queue going to LEADER mode. State: All replicated index: 0, Majority replicated index: 0, Committed index: 0, Last appended: 0.0, Last appended by leader: 0, Current term: 1, Majority size: 2, State: 0, Mode: LEADER, active raft config: opid_index: -1 OBSOLETE_local: false peers { permanent_uuid: "d010230fc35241c0b5351b6d5e93ed28" member_type: VOTER last_known_addr { host: "127.2.182.193" port: 35275 } } peers { permanent_uuid: "c1355272b91c44e5a18322f10652bb8e" member_type: VOTER last_known_addr { host: "127.2.182.194" port: 43319 } } peers { permanent_uuid: "7c70061be61e4bfa94922e5eb4325e2a" member_type: VOTER last_known_addr { host: "127.2.182.195" port: 40423 } }
I20260710 11:10:06.283166  3309 catalog_manager.cc:5697] T d0762d306cf442e3af4490eb84c15115 P 7c70061be61e4bfa94922e5eb4325e2a reported cstate change: term changed from 0 to 1, leader changed from <none> to 7c70061be61e4bfa94922e5eb4325e2a (127.2.182.195). New cstate: current_term: 1 leader_uuid: "7c70061be61e4bfa94922e5eb4325e2a" committed_config { opid_index: -1 OBSOLETE_local: false peers { permanent_uuid: "d010230fc35241c0b5351b6d5e93ed28" member_type: VOTER last_known_addr { host: "127.2.182.193" port: 35275 } health_report { overall_health: UNKNOWN } } peers { permanent_uuid: "c1355272b91c44e5a18322f10652bb8e" member_type: VOTER last_known_addr { host: "127.2.182.194" port: 43319 } health_report { overall_health: UNKNOWN } } peers { permanent_uuid: "7c70061be61e4bfa94922e5eb4325e2a" member_type: VOTER last_known_addr { host: "127.2.182.195" port: 40423 } health_report { overall_health: HEALTHY } } }
I20260710 11:10:06.330323  3489 tablet_service.cc:2072] Received LeaderStepDown RPC: tablet_id: "4320f1c8ea3143f3acddc50186ffff1c"
dest_uuid: "c1355272b91c44e5a18322f10652bb8e"
mode: GRACEFUL
new_leader_uuid: "d010230fc35241c0b5351b6d5e93ed28"
 from {username='slave'} at 127.0.0.1:57228
I20260710 11:10:06.330945  3489 raft_consensus.cc:606] T 4320f1c8ea3143f3acddc50186ffff1c P c1355272b91c44e5a18322f10652bb8e [term 1 LEADER]: Received request to transfer leadership to TS d010230fc35241c0b5351b6d5e93ed28
I20260710 11:10:06.335979  3489 tablet_service.cc:2072] Received LeaderStepDown RPC: tablet_id: "c30590d28e344e5893b66d9ab9a46490"
dest_uuid: "c1355272b91c44e5a18322f10652bb8e"
mode: GRACEFUL
new_leader_uuid: "d010230fc35241c0b5351b6d5e93ed28"
 from {username='slave'} at 127.0.0.1:57228
I20260710 11:10:06.336499  3489 raft_consensus.cc:606] T c30590d28e344e5893b66d9ab9a46490 P c1355272b91c44e5a18322f10652bb8e [term 1 LEADER]: Received request to transfer leadership to TS d010230fc35241c0b5351b6d5e93ed28
I20260710 11:10:06.344152  3489 tablet_service.cc:2072] Received LeaderStepDown RPC: tablet_id: "ea99940d349742f1b9ecbe74474b3f0a"
dest_uuid: "c1355272b91c44e5a18322f10652bb8e"
mode: GRACEFUL
new_leader_uuid: "d010230fc35241c0b5351b6d5e93ed28"
 from {username='slave'} at 127.0.0.1:57228
I20260710 11:10:06.344650  3489 raft_consensus.cc:606] T ea99940d349742f1b9ecbe74474b3f0a P c1355272b91c44e5a18322f10652bb8e [term 1 LEADER]: Received request to transfer leadership to TS d010230fc35241c0b5351b6d5e93ed28
I20260710 11:10:06.363202  3562 tablet_service.cc:2072] Received LeaderStepDown RPC: tablet_id: "d0762d306cf442e3af4490eb84c15115"
dest_uuid: "7c70061be61e4bfa94922e5eb4325e2a"
mode: GRACEFUL
new_leader_uuid: "c1355272b91c44e5a18322f10652bb8e"
 from {username='slave'} at 127.0.0.1:49852
I20260710 11:10:06.363806  3562 raft_consensus.cc:606] T d0762d306cf442e3af4490eb84c15115 P 7c70061be61e4bfa94922e5eb4325e2a [term 1 LEADER]: Received request to transfer leadership to TS c1355272b91c44e5a18322f10652bb8e
I20260710 11:10:06.366377  3647 consensus_queue.cc:1048] T 41a459e2d07f4b3699449cdca9807a51 P d010230fc35241c0b5351b6d5e93ed28 [LEADER]: Connected to new peer: Peer: permanent_uuid: "c1355272b91c44e5a18322f10652bb8e" member_type: VOTER last_known_addr { host: "127.2.182.194" port: 43319 }, Status: LMP_MISMATCH, Last received: 0.0, Next index: 1, Last known committed idx: 0, Time since last communication: 0.000s
I20260710 11:10:06.378520  3562 raft_consensus.cc:3060] T 41a459e2d07f4b3699449cdca9807a51 P 7c70061be61e4bfa94922e5eb4325e2a [term 0 FOLLOWER]: Advancing to term 1
I20260710 11:10:06.386987  3648 consensus_queue.cc:1048] T a8f553ac9677484f960df0ec96aa3373 P d010230fc35241c0b5351b6d5e93ed28 [LEADER]: Connected to new peer: Peer: permanent_uuid: "7c70061be61e4bfa94922e5eb4325e2a" member_type: VOTER last_known_addr { host: "127.2.182.195" port: 40423 }, Status: LMP_MISMATCH, Last received: 0.0, Next index: 1, Last known committed idx: 0, Time since last communication: 0.001s
I20260710 11:10:06.388702  3648 consensus_queue.cc:1048] T 41a459e2d07f4b3699449cdca9807a51 P d010230fc35241c0b5351b6d5e93ed28 [LEADER]: Connected to new peer: Peer: permanent_uuid: "7c70061be61e4bfa94922e5eb4325e2a" member_type: VOTER last_known_addr { host: "127.2.182.195" port: 40423 }, Status: LMP_MISMATCH, Last received: 0.0, Next index: 1, Last known committed idx: 0, Time since last communication: 0.000s
I20260710 11:10:06.389940  3412 tablet_service.cc:2072] Received LeaderStepDown RPC: tablet_id: "41a459e2d07f4b3699449cdca9807a51"
dest_uuid: "d010230fc35241c0b5351b6d5e93ed28"
mode: GRACEFUL
new_leader_uuid: "c1355272b91c44e5a18322f10652bb8e"
 from {username='slave'} at 127.0.0.1:58700
I20260710 11:10:06.390617  3412 raft_consensus.cc:606] T 41a459e2d07f4b3699449cdca9807a51 P d010230fc35241c0b5351b6d5e93ed28 [term 1 LEADER]: Received request to transfer leadership to TS c1355272b91c44e5a18322f10652bb8e
I20260710 11:10:06.396710  3412 tablet_service.cc:2072] Received LeaderStepDown RPC: tablet_id: "a8f553ac9677484f960df0ec96aa3373"
dest_uuid: "d010230fc35241c0b5351b6d5e93ed28"
mode: GRACEFUL
new_leader_uuid: "7c70061be61e4bfa94922e5eb4325e2a"
 from {username='slave'} at 127.0.0.1:58700
I20260710 11:10:06.397348  3412 raft_consensus.cc:606] T a8f553ac9677484f960df0ec96aa3373 P d010230fc35241c0b5351b6d5e93ed28 [term 1 LEADER]: Received request to transfer leadership to TS 7c70061be61e4bfa94922e5eb4325e2a
I20260710 11:10:06.399284  3631 raft_consensus.cc:493] T a8f553ac9677484f960df0ec96aa3373 P c1355272b91c44e5a18322f10652bb8e [term 0 FOLLOWER]: Starting pre-election (no leader contacted us within the election timeout)
I20260710 11:10:06.399760  3631 raft_consensus.cc:515] T a8f553ac9677484f960df0ec96aa3373 P c1355272b91c44e5a18322f10652bb8e [term 0 FOLLOWER]: Starting pre-election with config: opid_index: -1 OBSOLETE_local: false peers { permanent_uuid: "d010230fc35241c0b5351b6d5e93ed28" member_type: VOTER last_known_addr { host: "127.2.182.193" port: 35275 } } peers { permanent_uuid: "c1355272b91c44e5a18322f10652bb8e" member_type: VOTER last_known_addr { host: "127.2.182.194" port: 43319 } } peers { permanent_uuid: "7c70061be61e4bfa94922e5eb4325e2a" member_type: VOTER last_known_addr { host: "127.2.182.195" port: 40423 } }
I20260710 11:10:06.401654  3631 leader_election.cc:290] T a8f553ac9677484f960df0ec96aa3373 P c1355272b91c44e5a18322f10652bb8e [CANDIDATE]: Term 1 pre-election: Requested pre-vote from peers d010230fc35241c0b5351b6d5e93ed28 (127.2.182.193:35275), 7c70061be61e4bfa94922e5eb4325e2a (127.2.182.195:40423)
I20260710 11:10:06.402787  3412 tablet_service.cc:1917] Received RequestConsensusVote() RPC: tablet_id: "a8f553ac9677484f960df0ec96aa3373" candidate_uuid: "c1355272b91c44e5a18322f10652bb8e" candidate_term: 1 candidate_status { last_received { term: 0 index: 0 } } ignore_live_leader: false dest_uuid: "d010230fc35241c0b5351b6d5e93ed28" is_pre_election: true
I20260710 11:10:06.402853  3563 tablet_service.cc:1917] Received RequestConsensusVote() RPC: tablet_id: "a8f553ac9677484f960df0ec96aa3373" candidate_uuid: "c1355272b91c44e5a18322f10652bb8e" candidate_term: 1 candidate_status { last_received { term: 0 index: 0 } } ignore_live_leader: false dest_uuid: "7c70061be61e4bfa94922e5eb4325e2a" is_pre_election: true
I20260710 11:10:06.404603  3455 leader_election.cc:304] T a8f553ac9677484f960df0ec96aa3373 P c1355272b91c44e5a18322f10652bb8e [CANDIDATE]: Term 1 pre-election: Election decided. Result: candidate lost. Election summary: received 3 responses out of 3 voters: 1 yes votes; 2 no votes. yes voters: c1355272b91c44e5a18322f10652bb8e; no voters: 7c70061be61e4bfa94922e5eb4325e2a, d010230fc35241c0b5351b6d5e93ed28
I20260710 11:10:06.406160  3633 raft_consensus.cc:993] T a8f553ac9677484f960df0ec96aa3373 P d010230fc35241c0b5351b6d5e93ed28: : Instructing follower 7c70061be61e4bfa94922e5eb4325e2a to start an election
I20260710 11:10:06.406713  3633 raft_consensus.cc:1081] T a8f553ac9677484f960df0ec96aa3373 P d010230fc35241c0b5351b6d5e93ed28 [term 1 LEADER]: Signalling peer 7c70061be61e4bfa94922e5eb4325e2a to start an election
I20260710 11:10:06.405761  3631 raft_consensus.cc:2749] T a8f553ac9677484f960df0ec96aa3373 P c1355272b91c44e5a18322f10652bb8e [term 0 FOLLOWER]: Leader pre-election lost for term 1. Reason: could not achieve majority
I20260710 11:10:06.408484  3563 tablet_service.cc:2044] Received Run Leader Election RPC: tablet_id: "a8f553ac9677484f960df0ec96aa3373"
dest_uuid: "7c70061be61e4bfa94922e5eb4325e2a"
 from {username='slave'} at 127.0.0.1:49844
I20260710 11:10:06.411569  3563 raft_consensus.cc:493] T a8f553ac9677484f960df0ec96aa3373 P 7c70061be61e4bfa94922e5eb4325e2a [term 1 FOLLOWER]: Starting forced leader election (received explicit request)
I20260710 11:10:06.412002  3563 raft_consensus.cc:3060] T a8f553ac9677484f960df0ec96aa3373 P 7c70061be61e4bfa94922e5eb4325e2a [term 1 FOLLOWER]: Advancing to term 2
I20260710 11:10:06.412101  3489 raft_consensus.cc:3060] T a8f553ac9677484f960df0ec96aa3373 P c1355272b91c44e5a18322f10652bb8e [term 0 FOLLOWER]: Advancing to term 1
I20260710 11:10:06.418883  3563 raft_consensus.cc:515] T a8f553ac9677484f960df0ec96aa3373 P 7c70061be61e4bfa94922e5eb4325e2a [term 2 FOLLOWER]: Starting forced leader election with config: opid_index: -1 OBSOLETE_local: false peers { permanent_uuid: "d010230fc35241c0b5351b6d5e93ed28" member_type: VOTER last_known_addr { host: "127.2.182.193" port: 35275 } } peers { permanent_uuid: "c1355272b91c44e5a18322f10652bb8e" member_type: VOTER last_known_addr { host: "127.2.182.194" port: 43319 } } peers { permanent_uuid: "7c70061be61e4bfa94922e5eb4325e2a" member_type: VOTER last_known_addr { host: "127.2.182.195" port: 40423 } }
I20260710 11:10:06.420886  3642 consensus_queue.cc:1048] T a8f553ac9677484f960df0ec96aa3373 P d010230fc35241c0b5351b6d5e93ed28 [LEADER]: Connected to new peer: Peer: permanent_uuid: "c1355272b91c44e5a18322f10652bb8e" member_type: VOTER last_known_addr { host: "127.2.182.194" port: 43319 }, Status: LMP_MISMATCH, Last received: 0.0, Next index: 1, Last known committed idx: 0, Time since last communication: 0.000s
I20260710 11:10:06.425959  3412 tablet_service.cc:1917] Received RequestConsensusVote() RPC: tablet_id: "a8f553ac9677484f960df0ec96aa3373" candidate_uuid: "7c70061be61e4bfa94922e5eb4325e2a" candidate_term: 2 candidate_status { last_received { term: 1 index: 1 } } ignore_live_leader: true dest_uuid: "d010230fc35241c0b5351b6d5e93ed28"
