I20260710 11:10:15.035140  9367 raft_consensus.cc:2804] T 942612ded86a475895938f0885351539 P 7bcdeef9983b4588a8923b526a06d040 [term 0 FOLLOWER]: Leader pre-election won for term 1
I20260710 11:10:15.035586  9367 raft_consensus.cc:493] T 942612ded86a475895938f0885351539 P 7bcdeef9983b4588a8923b526a06d040 [term 0 FOLLOWER]: Starting leader election (no leader contacted us within the election timeout)
I20260710 11:10:15.035988  9367 raft_consensus.cc:3060] T 942612ded86a475895938f0885351539 P 7bcdeef9983b4588a8923b526a06d040 [term 0 FOLLOWER]: Advancing to term 1
I20260710 11:10:15.043239  9370 raft_consensus.cc:493] T ad70ee5e99614592a20615e5f799dc69 P 7bcdeef9983b4588a8923b526a06d040 [term 0 FOLLOWER]: Starting pre-election (no leader contacted us within the election timeout)
I20260710 11:10:15.043943  9370 raft_consensus.cc:515] T ad70ee5e99614592a20615e5f799dc69 P 7bcdeef9983b4588a8923b526a06d040 [term 0 FOLLOWER]: Starting pre-election with config: opid_index: -1 OBSOLETE_local: false peers { permanent_uuid: "74ffa214c8474cee91b90d265e6811c7" member_type: VOTER last_known_addr { host: "127.7.201.129" port: 39545 } } peers { permanent_uuid: "0f4f08a65de24413ab7a069a8ee08f3b" member_type: VOTER last_known_addr { host: "127.7.201.130" port: 36623 } } peers { permanent_uuid: "7bcdeef9983b4588a8923b526a06d040" member_type: VOTER last_known_addr { host: "127.7.201.131" port: 43219 } }
I20260710 11:10:15.047936  9082 tablet_service.cc:1917] Received RequestConsensusVote() RPC: tablet_id: "ad70ee5e99614592a20615e5f799dc69" candidate_uuid: "7bcdeef9983b4588a8923b526a06d040" candidate_term: 1 candidate_status { last_received { term: 0 index: 0 } } ignore_live_leader: false dest_uuid: "74ffa214c8474cee91b90d265e6811c7" is_pre_election: true
I20260710 11:10:15.048731  9082 raft_consensus.cc:2468] T ad70ee5e99614592a20615e5f799dc69 P 74ffa214c8474cee91b90d265e6811c7 [term 0 FOLLOWER]: Leader pre-election vote request: Granting yes vote for candidate 7bcdeef9983b4588a8923b526a06d040 in term 0.
I20260710 11:10:15.050411  9195 leader_election.cc:304] T ad70ee5e99614592a20615e5f799dc69 P 7bcdeef9983b4588a8923b526a06d040 [CANDIDATE]: Term 1 pre-election: Election decided. Result: candidate won. Election summary: received 2 responses out of 3 voters: 2 yes votes; 0 no votes. yes voters: 74ffa214c8474cee91b90d265e6811c7, 7bcdeef9983b4588a8923b526a06d040; no voters: 
I20260710 11:10:15.051462  9392 raft_consensus.cc:2804] T ad70ee5e99614592a20615e5f799dc69 P 7bcdeef9983b4588a8923b526a06d040 [term 0 FOLLOWER]: Leader pre-election won for term 1
I20260710 11:10:15.051915  9392 raft_consensus.cc:493] T ad70ee5e99614592a20615e5f799dc69 P 7bcdeef9983b4588a8923b526a06d040 [term 0 FOLLOWER]: Starting leader election (no leader contacted us within the election timeout)
I20260710 11:10:15.052331  9392 raft_consensus.cc:3060] T ad70ee5e99614592a20615e5f799dc69 P 7bcdeef9983b4588a8923b526a06d040 [term 0 FOLLOWER]: Advancing to term 1
I20260710 11:10:15.017242  8980 catalog_manager.cc:5697] T f77e0482f4194de09760c88f85826141 P 74ffa214c8474cee91b90d265e6811c7 reported cstate change: term changed from 0 to 1, leader changed from <none> to 74ffa214c8474cee91b90d265e6811c7 (127.7.201.129). New cstate: current_term: 1 leader_uuid: "74ffa214c8474cee91b90d265e6811c7" committed_config { opid_index: -1 OBSOLETE_local: false peers { permanent_uuid: "74ffa214c8474cee91b90d265e6811c7" member_type: VOTER last_known_addr { host: "127.7.201.129" port: 39545 } health_report { overall_health: HEALTHY } } peers { permanent_uuid: "0f4f08a65de24413ab7a069a8ee08f3b" member_type: VOTER last_known_addr { host: "127.7.201.130" port: 36623 } health_report { overall_health: UNKNOWN } } peers { permanent_uuid: "7bcdeef9983b4588a8923b526a06d040" member_type: VOTER last_known_addr { host: "127.7.201.131" port: 43219 } health_report { overall_health: UNKNOWN } } }
I20260710 11:10:15.055117  8980 catalog_manager.cc:5697] T 9ca0236c6c134a34b54eed0504296ce3 P 74ffa214c8474cee91b90d265e6811c7 reported cstate change: term changed from 0 to 1, leader changed from <none> to 74ffa214c8474cee91b90d265e6811c7 (127.7.201.129). New cstate: current_term: 1 leader_uuid: "74ffa214c8474cee91b90d265e6811c7" committed_config { opid_index: -1 OBSOLETE_local: false peers { permanent_uuid: "74ffa214c8474cee91b90d265e6811c7" member_type: VOTER last_known_addr { host: "127.7.201.129" port: 39545 } health_report { overall_health: HEALTHY } } peers { permanent_uuid: "0f4f08a65de24413ab7a069a8ee08f3b" member_type: VOTER last_known_addr { host: "127.7.201.130" port: 36623 } health_report { overall_health: UNKNOWN } } peers { permanent_uuid: "7bcdeef9983b4588a8923b526a06d040" member_type: VOTER last_known_addr { host: "127.7.201.131" port: 43219 } health_report { overall_health: UNKNOWN } } }
I20260710 11:10:15.071085  8980 catalog_manager.cc:5697] T c19aa8a656d842b0b28873a130c49d77 P 74ffa214c8474cee91b90d265e6811c7 reported cstate change: term changed from 0 to 1, leader changed from <none> to 74ffa214c8474cee91b90d265e6811c7 (127.7.201.129). New cstate: current_term: 1 leader_uuid: "74ffa214c8474cee91b90d265e6811c7" committed_config { opid_index: -1 OBSOLETE_local: false peers { permanent_uuid: "74ffa214c8474cee91b90d265e6811c7" member_type: VOTER last_known_addr { host: "127.7.201.129" port: 39545 } health_report { overall_health: HEALTHY } } peers { permanent_uuid: "0f4f08a65de24413ab7a069a8ee08f3b" member_type: VOTER last_known_addr { host: "127.7.201.130" port: 36623 } health_report { overall_health: UNKNOWN } } peers { permanent_uuid: "7bcdeef9983b4588a8923b526a06d040" member_type: VOTER last_known_addr { host: "127.7.201.131" port: 43219 } health_report { overall_health: UNKNOWN } } }
I20260710 11:10:15.072944  9271 tablet_bootstrap.cc:492] T d5d4dc563862434f81b4cc8152a80466 P 7bcdeef9983b4588a8923b526a06d040: No bootstrap required, opened a new log
I20260710 11:10:15.073452  9271 ts_tablet_manager.cc:1403] T d5d4dc563862434f81b4cc8152a80466 P 7bcdeef9983b4588a8923b526a06d040: Time spent bootstrapping tablet: real 0.063s	user 0.012s	sys 0.005s
I20260710 11:10:15.075511  9271 raft_consensus.cc:359] T d5d4dc563862434f81b4cc8152a80466 P 7bcdeef9983b4588a8923b526a06d040 [term 0 FOLLOWER]: Replica starting. Triggering 0 pending ops. Active config: opid_index: -1 OBSOLETE_local: false peers { permanent_uuid: "74ffa214c8474cee91b90d265e6811c7" member_type: VOTER last_known_addr { host: "127.7.201.129" port: 39545 } } peers { permanent_uuid: "0f4f08a65de24413ab7a069a8ee08f3b" member_type: VOTER last_known_addr { host: "127.7.201.130" port: 36623 } } peers { permanent_uuid: "7bcdeef9983b4588a8923b526a06d040" member_type: VOTER last_known_addr { host: "127.7.201.131" port: 43219 } }
I20260710 11:10:15.075996  9271 raft_consensus.cc:385] T d5d4dc563862434f81b4cc8152a80466 P 7bcdeef9983b4588a8923b526a06d040 [term 0 FOLLOWER]: Consensus starting up: Expiring failure detector timer to make a prompt election more likely
I20260710 11:10:15.076257  9271 raft_consensus.cc:740] T d5d4dc563862434f81b4cc8152a80466 P 7bcdeef9983b4588a8923b526a06d040 [term 0 FOLLOWER]: Becoming Follower/Learner. State: Replica: 7bcdeef9983b4588a8923b526a06d040, State: Initialized, Role: FOLLOWER
I20260710 11:10:15.076557  9154 raft_consensus.cc:2468] T 68cb5ad7aa19422aad76e123b4f29d1c P 0f4f08a65de24413ab7a069a8ee08f3b [term 1 FOLLOWER]: Leader election vote request: Granting yes vote for candidate 74ffa214c8474cee91b90d265e6811c7 in term 1.
I20260710 11:10:15.076896  9271 consensus_queue.cc:260] T d5d4dc563862434f81b4cc8152a80466 P 7bcdeef9983b4588a8923b526a06d040 [NON_LEADER]: Queue going to NON_LEADER mode. State: All replicated index: 0, Majority replicated index: 0, Committed index: 0, Last appended: 0.0, Last appended by leader: 0, Current term: 0, Majority size: -1, State: 0, Mode: NON_LEADER, active raft config: opid_index: -1 OBSOLETE_local: false peers { permanent_uuid: "74ffa214c8474cee91b90d265e6811c7" member_type: VOTER last_known_addr { host: "127.7.201.129" port: 39545 } } peers { permanent_uuid: "0f4f08a65de24413ab7a069a8ee08f3b" member_type: VOTER last_known_addr { host: "127.7.201.130" port: 36623 } } peers { permanent_uuid: "7bcdeef9983b4588a8923b526a06d040" member_type: VOTER last_known_addr { host: "127.7.201.131" port: 43219 } }
I20260710 11:10:15.080822  9392 raft_consensus.cc:515] T ad70ee5e99614592a20615e5f799dc69 P 7bcdeef9983b4588a8923b526a06d040 [term 1 FOLLOWER]: Starting leader election with config: opid_index: -1 OBSOLETE_local: false peers { permanent_uuid: "74ffa214c8474cee91b90d265e6811c7" member_type: VOTER last_known_addr { host: "127.7.201.129" port: 39545 } } peers { permanent_uuid: "0f4f08a65de24413ab7a069a8ee08f3b" member_type: VOTER last_known_addr { host: "127.7.201.130" port: 36623 } } peers { permanent_uuid: "7bcdeef9983b4588a8923b526a06d040" member_type: VOTER last_known_addr { host: "127.7.201.131" port: 43219 } }
I20260710 11:10:15.079362  9047 leader_election.cc:304] T 68cb5ad7aa19422aad76e123b4f29d1c P 74ffa214c8474cee91b90d265e6811c7 [CANDIDATE]: Term 1 election: Election decided. Result: candidate won. Election summary: received 3 responses out of 3 voters: 2 yes votes; 1 no votes. yes voters: 0f4f08a65de24413ab7a069a8ee08f3b, 74ffa214c8474cee91b90d265e6811c7; no voters: 7bcdeef9983b4588a8923b526a06d040
I20260710 11:10:15.082587  9271 ts_tablet_manager.cc:1434] T d5d4dc563862434f81b4cc8152a80466 P 7bcdeef9983b4588a8923b526a06d040: Time spent starting tablet: real 0.009s	user 0.006s	sys 0.000s
I20260710 11:10:15.083323  9370 leader_election.cc:290] T ad70ee5e99614592a20615e5f799dc69 P 7bcdeef9983b4588a8923b526a06d040 [CANDIDATE]: Term 1 pre-election: Requested pre-vote from peers 74ffa214c8474cee91b90d265e6811c7 (127.7.201.129:39545), 0f4f08a65de24413ab7a069a8ee08f3b (127.7.201.130:36623)
I20260710 11:10:15.082134  9305 raft_consensus.cc:2804] T 68cb5ad7aa19422aad76e123b4f29d1c P 74ffa214c8474cee91b90d265e6811c7 [term 1 FOLLOWER]: Leader election won for term 1
I20260710 11:10:15.085220  9271 tablet_bootstrap.cc:492] T 68cb5ad7aa19422aad76e123b4f29d1c P 7bcdeef9983b4588a8923b526a06d040: Bootstrap starting.
I20260710 11:10:15.084851  9305 raft_consensus.cc:697] T 68cb5ad7aa19422aad76e123b4f29d1c P 74ffa214c8474cee91b90d265e6811c7 [term 1 LEADER]: Becoming Leader. State: Replica: 74ffa214c8474cee91b90d265e6811c7, State: Running, Role: LEADER
I20260710 11:10:15.086295  9305 consensus_queue.cc:237] T 68cb5ad7aa19422aad76e123b4f29d1c P 74ffa214c8474cee91b90d265e6811c7 [LEADER]: Queue going to LEADER mode. State: All replicated index: 0, Majority replicated index: 0, Committed index: 0, Last appended: 0.0, Last appended by leader: 0, Current term: 1, Majority size: 2, State: 0, Mode: LEADER, active raft config: opid_index: -1 OBSOLETE_local: false peers { permanent_uuid: "74ffa214c8474cee91b90d265e6811c7" member_type: VOTER last_known_addr { host: "127.7.201.129" port: 39545 } } peers { permanent_uuid: "0f4f08a65de24413ab7a069a8ee08f3b" member_type: VOTER last_known_addr { host: "127.7.201.130" port: 36623 } } peers { permanent_uuid: "7bcdeef9983b4588a8923b526a06d040" member_type: VOTER last_known_addr { host: "127.7.201.131" port: 43219 } }
I20260710 11:10:15.107311  9367 raft_consensus.cc:515] T 942612ded86a475895938f0885351539 P 7bcdeef9983b4588a8923b526a06d040 [term 1 FOLLOWER]: Starting leader election with config: opid_index: -1 OBSOLETE_local: false peers { permanent_uuid: "74ffa214c8474cee91b90d265e6811c7" member_type: VOTER last_known_addr { host: "127.7.201.129" port: 39545 } } peers { permanent_uuid: "0f4f08a65de24413ab7a069a8ee08f3b" member_type: VOTER last_known_addr { host: "127.7.201.130" port: 36623 } } peers { permanent_uuid: "7bcdeef9983b4588a8923b526a06d040" member_type: VOTER last_known_addr { host: "127.7.201.131" port: 43219 } }
I20260710 11:10:15.109028  9274 tablet_bootstrap.cc:492] T 942612ded86a475895938f0885351539 P 0f4f08a65de24413ab7a069a8ee08f3b: No bootstrap required, opened a new log
I20260710 11:10:15.109517  9274 ts_tablet_manager.cc:1403] T 942612ded86a475895938f0885351539 P 0f4f08a65de24413ab7a069a8ee08f3b: Time spent bootstrapping tablet: real 0.181s	user 0.055s	sys 0.059s
I20260710 11:10:15.111162  9271 tablet_bootstrap.cc:654] T 68cb5ad7aa19422aad76e123b4f29d1c P 7bcdeef9983b4588a8923b526a06d040: Neither blocks nor log segments found. Creating new log.
I20260710 11:10:15.112143  9274 raft_consensus.cc:359] T 942612ded86a475895938f0885351539 P 0f4f08a65de24413ab7a069a8ee08f3b [term 0 FOLLOWER]: Replica starting. Triggering 0 pending ops. Active config: opid_index: -1 OBSOLETE_local: false peers { permanent_uuid: "74ffa214c8474cee91b90d265e6811c7" member_type: VOTER last_known_addr { host: "127.7.201.129" port: 39545 } } peers { permanent_uuid: "0f4f08a65de24413ab7a069a8ee08f3b" member_type: VOTER last_known_addr { host: "127.7.201.130" port: 36623 } } peers { permanent_uuid: "7bcdeef9983b4588a8923b526a06d040" member_type: VOTER last_known_addr { host: "127.7.201.131" port: 43219 } }
I20260710 11:10:15.112653  9274 raft_consensus.cc:385] T 942612ded86a475895938f0885351539 P 0f4f08a65de24413ab7a069a8ee08f3b [term 0 FOLLOWER]: Consensus starting up: Expiring failure detector timer to make a prompt election more likely
I20260710 11:10:15.112922  9274 raft_consensus.cc:740] T 942612ded86a475895938f0885351539 P 0f4f08a65de24413ab7a069a8ee08f3b [term 0 FOLLOWER]: Becoming Follower/Learner. State: Replica: 0f4f08a65de24413ab7a069a8ee08f3b, State: Initialized, Role: FOLLOWER
I20260710 11:10:15.111187  9082 tablet_service.cc:1917] Received RequestConsensusVote() RPC: tablet_id: "942612ded86a475895938f0885351539" candidate_uuid: "7bcdeef9983b4588a8923b526a06d040" candidate_term: 1 candidate_status { last_received { term: 0 index: 0 } } ignore_live_leader: false dest_uuid: "74ffa214c8474cee91b90d265e6811c7"
I20260710 11:10:15.115717  9082 raft_consensus.cc:3060] T 942612ded86a475895938f0885351539 P 74ffa214c8474cee91b90d265e6811c7 [term 0 FOLLOWER]: Advancing to term 1
I20260710 11:10:15.117098  9274 consensus_queue.cc:260] T 942612ded86a475895938f0885351539 P 0f4f08a65de24413ab7a069a8ee08f3b [NON_LEADER]: Queue going to NON_LEADER mode. State: All replicated index: 0, Majority replicated index: 0, Committed index: 0, Last appended: 0.0, Last appended by leader: 0, Current term: 0, Majority size: -1, State: 0, Mode: NON_LEADER, active raft config: opid_index: -1 OBSOLETE_local: false peers { permanent_uuid: "74ffa214c8474cee91b90d265e6811c7" member_type: VOTER last_known_addr { host: "127.7.201.129" port: 39545 } } peers { permanent_uuid: "0f4f08a65de24413ab7a069a8ee08f3b" member_type: VOTER last_known_addr { host: "127.7.201.130" port: 36623 } } peers { permanent_uuid: "7bcdeef9983b4588a8923b526a06d040" member_type: VOTER last_known_addr { host: "127.7.201.131" port: 43219 } }
I20260710 11:10:15.113839  9367 leader_election.cc:290] T 942612ded86a475895938f0885351539 P 7bcdeef9983b4588a8923b526a06d040 [CANDIDATE]: Term 1 election: Requested vote from peers 74ffa214c8474cee91b90d265e6811c7 (127.7.201.129:39545), 0f4f08a65de24413ab7a069a8ee08f3b (127.7.201.130:36623)
I20260710 11:10:15.117879  9155 tablet_service.cc:1917] Received RequestConsensusVote() RPC: tablet_id: "942612ded86a475895938f0885351539" candidate_uuid: "7bcdeef9983b4588a8923b526a06d040" candidate_term: 1 candidate_status { last_received { term: 0 index: 0 } } ignore_live_leader: false dest_uuid: "0f4f08a65de24413ab7a069a8ee08f3b"
I20260710 11:10:15.118098  9377 raft_consensus.cc:493] T 942612ded86a475895938f0885351539 P 0f4f08a65de24413ab7a069a8ee08f3b [term 0 FOLLOWER]: Starting pre-election (no leader contacted us within the election timeout)
I20260710 11:10:15.120630  9377 raft_consensus.cc:515] T 942612ded86a475895938f0885351539 P 0f4f08a65de24413ab7a069a8ee08f3b [term 0 FOLLOWER]: Starting pre-election with config: opid_index: -1 OBSOLETE_local: false peers { permanent_uuid: "74ffa214c8474cee91b90d265e6811c7" member_type: VOTER last_known_addr { host: "127.7.201.129" port: 39545 } } peers { permanent_uuid: "0f4f08a65de24413ab7a069a8ee08f3b" member_type: VOTER last_known_addr { host: "127.7.201.130" port: 36623 } } peers { permanent_uuid: "7bcdeef9983b4588a8923b526a06d040" member_type: VOTER last_known_addr { host: "127.7.201.131" port: 43219 } }
I20260710 11:10:15.121680  9077 tablet_service.cc:1917] Received RequestConsensusVote() RPC: tablet_id: "ad70ee5e99614592a20615e5f799dc69" candidate_uuid: "7bcdeef9983b4588a8923b526a06d040" candidate_term: 1 candidate_status { last_received { term: 0 index: 0 } } ignore_live_leader: false dest_uuid: "74ffa214c8474cee91b90d265e6811c7"
I20260710 11:10:15.122244  9077 raft_consensus.cc:3060] T ad70ee5e99614592a20615e5f799dc69 P 74ffa214c8474cee91b90d265e6811c7 [term 0 FOLLOWER]: Advancing to term 1
I20260710 11:10:15.124284  9227 tablet_service.cc:1917] Received RequestConsensusVote() RPC: tablet_id: "942612ded86a475895938f0885351539" candidate_uuid: "0f4f08a65de24413ab7a069a8ee08f3b" candidate_term: 1 candidate_status { last_received { term: 0 index: 0 } } ignore_live_leader: false dest_uuid: "7bcdeef9983b4588a8923b526a06d040" is_pre_election: true
I20260710 11:10:15.125089  9227 raft_consensus.cc:2393] T 942612ded86a475895938f0885351539 P 7bcdeef9983b4588a8923b526a06d040 [term 1 FOLLOWER]: Leader pre-election vote request: Denying vote to candidate 0f4f08a65de24413ab7a069a8ee08f3b in current term 1: Already voted for candidate 7bcdeef9983b4588a8923b526a06d040 in this term.
I20260710 11:10:15.125613  9155 raft_consensus.cc:3060] T 942612ded86a475895938f0885351539 P 0f4f08a65de24413ab7a069a8ee08f3b [term 0 FOLLOWER]: Advancing to term 1
I20260710 11:10:15.126504  9080 tablet_service.cc:1917] Received RequestConsensusVote() RPC: tablet_id: "942612ded86a475895938f0885351539" candidate_uuid: "0f4f08a65de24413ab7a069a8ee08f3b" candidate_term: 1 candidate_status { last_received { term: 0 index: 0 } } ignore_live_leader: false dest_uuid: "74ffa214c8474cee91b90d265e6811c7" is_pre_election: true
I20260710 11:10:15.128196  9121 leader_election.cc:304] T 942612ded86a475895938f0885351539 P 0f4f08a65de24413ab7a069a8ee08f3b [CANDIDATE]: Term 1 pre-election: Election decided. Result: candidate lost. Election summary: received 3 responses out of 3 voters: 1 yes votes; 2 no votes. yes voters: 0f4f08a65de24413ab7a069a8ee08f3b; no voters: 74ffa214c8474cee91b90d265e6811c7, 7bcdeef9983b4588a8923b526a06d040
I20260710 11:10:15.131735  8980 catalog_manager.cc:5697] T 68cb5ad7aa19422aad76e123b4f29d1c P 74ffa214c8474cee91b90d265e6811c7 reported cstate change: term changed from 0 to 1, leader changed from <none> to 74ffa214c8474cee91b90d265e6811c7 (127.7.201.129). New cstate: current_term: 1 leader_uuid: "74ffa214c8474cee91b90d265e6811c7" committed_config { opid_index: -1 OBSOLETE_local: false peers { permanent_uuid: "74ffa214c8474cee91b90d265e6811c7" member_type: VOTER last_known_addr { host: "127.7.201.129" port: 39545 } health_report { overall_health: HEALTHY } } peers { permanent_uuid: "0f4f08a65de24413ab7a069a8ee08f3b" member_type: VOTER last_known_addr { host: "127.7.201.130" port: 36623 } health_report { overall_health: UNKNOWN } } peers { permanent_uuid: "7bcdeef9983b4588a8923b526a06d040" member_type: VOTER last_known_addr { host: "127.7.201.131" port: 43219 } health_report { overall_health: UNKNOWN } } }
I20260710 11:10:15.122699  9377 leader_election.cc:290] T 942612ded86a475895938f0885351539 P 0f4f08a65de24413ab7a069a8ee08f3b [CANDIDATE]: Term 1 pre-election: Requested pre-vote from peers 74ffa214c8474cee91b90d265e6811c7 (127.7.201.129:39545), 7bcdeef9983b4588a8923b526a06d040 (127.7.201.131:43219)
I20260710 11:10:15.133805  9369 raft_consensus.cc:493] T d5d4dc563862434f81b4cc8152a80466 P 0f4f08a65de24413ab7a069a8ee08f3b [term 0 FOLLOWER]: Starting pre-election (no leader contacted us within the election timeout)
I20260710 11:10:15.134239  9369 raft_consensus.cc:515] T d5d4dc563862434f81b4cc8152a80466 P 0f4f08a65de24413ab7a069a8ee08f3b [term 0 FOLLOWER]: Starting pre-election with config: opid_index: -1 OBSOLETE_local: false peers { permanent_uuid: "74ffa214c8474cee91b90d265e6811c7" member_type: VOTER last_known_addr { host: "127.7.201.129" port: 39545 } } peers { permanent_uuid: "0f4f08a65de24413ab7a069a8ee08f3b" member_type: VOTER last_known_addr { host: "127.7.201.130" port: 36623 } } peers { permanent_uuid: "7bcdeef9983b4588a8923b526a06d040" member_type: VOTER last_known_addr { host: "127.7.201.131" port: 43219 } }
I20260710 11:10:15.135617  9392 leader_election.cc:290] T ad70ee5e99614592a20615e5f799dc69 P 7bcdeef9983b4588a8923b526a06d040 [CANDIDATE]: Term 1 election: Requested vote from peers 74ffa214c8474cee91b90d265e6811c7 (127.7.201.129:39545), 0f4f08a65de24413ab7a069a8ee08f3b (127.7.201.130:36623)
I20260710 11:10:15.135747  9156 tablet_service.cc:1917] Received RequestConsensusVote() RPC: tablet_id: "ad70ee5e99614592a20615e5f799dc69" candidate_uuid: "7bcdeef9983b4588a8923b526a06d040" candidate_term: 1 candidate_status { last_received { term: 0 index: 0 } } ignore_live_leader: false dest_uuid: "0f4f08a65de24413ab7a069a8ee08f3b"
I20260710 11:10:15.136245  9369 leader_election.cc:290] T d5d4dc563862434f81b4cc8152a80466 P 0f4f08a65de24413ab7a069a8ee08f3b [CANDIDATE]: Term 1 pre-election: Requested pre-vote from peers 74ffa214c8474cee91b90d265e6811c7 (127.7.201.129:39545), 7bcdeef9983b4588a8923b526a06d040 (127.7.201.131:43219)
W20260710 11:10:15.137151  9196 leader_election.cc:343] T ad70ee5e99614592a20615e5f799dc69 P 7bcdeef9983b4588a8923b526a06d040 [CANDIDATE]: Term 1 election: Tablet error from VoteRequest() call to peer 0f4f08a65de24413ab7a069a8ee08f3b (127.7.201.130:36623): Illegal state: must be running to vote when last-logged opid is not known
I20260710 11:10:15.138906  9080 tablet_service.cc:1917] Received RequestConsensusVote() RPC: tablet_id: "d5d4dc563862434f81b4cc8152a80466" candidate_uuid: "0f4f08a65de24413ab7a069a8ee08f3b" candidate_term: 1 candidate_status { last_received { term: 0 index: 0 } } ignore_live_leader: false dest_uuid: "74ffa214c8474cee91b90d265e6811c7" is_pre_election: true
I20260710 11:10:15.139418  9082 raft_consensus.cc:2468] T 942612ded86a475895938f0885351539 P 74ffa214c8474cee91b90d265e6811c7 [term 1 FOLLOWER]: Leader election vote request: Granting yes vote for candidate 7bcdeef9983b4588a8923b526a06d040 in term 1.
I20260710 11:10:15.140010  9227 tablet_service.cc:1917] Received RequestConsensusVote() RPC: tablet_id: "d5d4dc563862434f81b4cc8152a80466" candidate_uuid: "0f4f08a65de24413ab7a069a8ee08f3b" candidate_term: 1 candidate_status { last_received { term: 0 index: 0 } } ignore_live_leader: false dest_uuid: "7bcdeef9983b4588a8923b526a06d040" is_pre_election: true
I20260710 11:10:15.140610  9227 raft_consensus.cc:2468] T d5d4dc563862434f81b4cc8152a80466 P 7bcdeef9983b4588a8923b526a06d040 [term 0 FOLLOWER]: Leader pre-election vote request: Granting yes vote for candidate 0f4f08a65de24413ab7a069a8ee08f3b in term 0.
I20260710 11:10:15.140720  9155 raft_consensus.cc:2468] T 942612ded86a475895938f0885351539 P 0f4f08a65de24413ab7a069a8ee08f3b [term 1 FOLLOWER]: Leader election vote request: Granting yes vote for candidate 7bcdeef9983b4588a8923b526a06d040 in term 1.
I20260710 11:10:15.141327  9378 raft_consensus.cc:2749] T 942612ded86a475895938f0885351539 P 0f4f08a65de24413ab7a069a8ee08f3b [term 1 FOLLOWER]: Leader pre-election lost for term 1. Reason: could not achieve majority
I20260710 11:10:15.146353  9196 leader_election.cc:304] T 942612ded86a475895938f0885351539 P 7bcdeef9983b4588a8923b526a06d040 [CANDIDATE]: Term 1 election: Election decided. Result: candidate won. Election summary: received 2 responses out of 3 voters: 2 yes votes; 0 no votes. yes voters: 0f4f08a65de24413ab7a069a8ee08f3b, 7bcdeef9983b4588a8923b526a06d040; no voters: 
I20260710 11:10:15.147282  9120 leader_election.cc:304] T d5d4dc563862434f81b4cc8152a80466 P 0f4f08a65de24413ab7a069a8ee08f3b [CANDIDATE]: Term 1 pre-election: Election decided. Result: candidate won. Election summary: received 2 responses out of 3 voters: 2 yes votes; 0 no votes. yes voters: 0f4f08a65de24413ab7a069a8ee08f3b, 7bcdeef9983b4588a8923b526a06d040; no voters: 
I20260710 11:10:15.139514  9274 ts_tablet_manager.cc:1434] T 942612ded86a475895938f0885351539 P 0f4f08a65de24413ab7a069a8ee08f3b: Time spent starting tablet: real 0.030s	user 0.005s	sys 0.001s
I20260710 11:10:15.154767  9154 tablet_service.cc:1917] Received RequestConsensusVote() RPC: tablet_id: "ad70ee5e99614592a20615e5f799dc69" candidate_uuid: "7bcdeef9983b4588a8923b526a06d040" candidate_term: 1 candidate_status { last_received { term: 0 index: 0 } } ignore_live_leader: false dest_uuid: "0f4f08a65de24413ab7a069a8ee08f3b" is_pre_election: true
W20260710 11:10:15.155964  9121 leader_election.cc:343] T d5d4dc563862434f81b4cc8152a80466 P 0f4f08a65de24413ab7a069a8ee08f3b [CANDIDATE]: Term 1 pre-election: Tablet error from VoteRequest() call to peer 74ffa214c8474cee91b90d265e6811c7 (127.7.201.129:39545): Illegal state: must be running to vote when last-logged opid is not known
W20260710 11:10:15.156108  9196 leader_election.cc:343] T ad70ee5e99614592a20615e5f799dc69 P 7bcdeef9983b4588a8923b526a06d040 [CANDIDATE]: Term 1 pre-election: Tablet error from VoteRequest() call to peer 0f4f08a65de24413ab7a069a8ee08f3b (127.7.201.130:36623): Illegal state: must be running to vote when last-logged opid is not known
I20260710 11:10:15.158066  9367 raft_consensus.cc:493] T 4341eccac5d64e8d98e5b68d1c5d8d64 P 7bcdeef9983b4588a8923b526a06d040 [term 0 FOLLOWER]: Starting pre-election (no leader contacted us within the election timeout)
I20260710 11:10:15.158499  9367 raft_consensus.cc:515] T 4341eccac5d64e8d98e5b68d1c5d8d64 P 7bcdeef9983b4588a8923b526a06d040 [term 0 FOLLOWER]: Starting pre-election with config: opid_index: -1 OBSOLETE_local: false peers { permanent_uuid: "74ffa214c8474cee91b90d265e6811c7" member_type: VOTER last_known_addr { host: "127.7.201.129" port: 39545 } } peers { permanent_uuid: "0f4f08a65de24413ab7a069a8ee08f3b" member_type: VOTER last_known_addr { host: "127.7.201.130" port: 36623 } } peers { permanent_uuid: "7bcdeef9983b4588a8923b526a06d040" member_type: VOTER last_known_addr { host: "127.7.201.131" port: 43219 } }
I20260710 11:10:15.160480  9367 leader_election.cc:290] T 4341eccac5d64e8d98e5b68d1c5d8d64 P 7bcdeef9983b4588a8923b526a06d040 [CANDIDATE]: Term 1 pre-election: Requested pre-vote from peers 74ffa214c8474cee91b90d265e6811c7 (127.7.201.129:39545), 0f4f08a65de24413ab7a069a8ee08f3b (127.7.201.130:36623)
I20260710 11:10:15.161185  9305 raft_consensus.cc:493] T cf9e8c1917a643448ce38d45ea26cb2f P 74ffa214c8474cee91b90d265e6811c7 [term 0 FOLLOWER]: Starting pre-election (no leader contacted us within the election timeout)
I20260710 11:10:15.161969  9274 tablet_bootstrap.cc:492] T 3651c217ec5042a6bfd471263112c3bc P 0f4f08a65de24413ab7a069a8ee08f3b: Bootstrap starting.
I20260710 11:10:15.161664  9305 raft_consensus.cc:515] T cf9e8c1917a643448ce38d45ea26cb2f P 74ffa214c8474cee91b90d265e6811c7 [term 0 FOLLOWER]: Starting pre-election with config: opid_index: -1 OBSOLETE_local: false peers { permanent_uuid: "74ffa214c8474cee91b90d265e6811c7" member_type: VOTER last_known_addr { host: "127.7.201.129" port: 39545 } } peers { permanent_uuid: "0f4f08a65de24413ab7a069a8ee08f3b" member_type: VOTER last_known_addr { host: "127.7.201.130" port: 36623 } } peers { permanent_uuid: "7bcdeef9983b4588a8923b526a06d040" member_type: VOTER last_known_addr { host: "127.7.201.131" port: 43219 } }
I20260710 11:10:15.163720  9305 leader_election.cc:290] T cf9e8c1917a643448ce38d45ea26cb2f P 74ffa214c8474cee91b90d265e6811c7 [CANDIDATE]: Term 1 pre-election: Requested pre-vote from peers 0f4f08a65de24413ab7a069a8ee08f3b (127.7.201.130:36623), 7bcdeef9983b4588a8923b526a06d040 (127.7.201.131:43219)
I20260710 11:10:15.165953  9229 tablet_service.cc:1917] Received RequestConsensusVote() RPC: tablet_id: "cf9e8c1917a643448ce38d45ea26cb2f" candidate_uuid: "74ffa214c8474cee91b90d265e6811c7" candidate_term: 1 candidate_status { last_received { term: 0 index: 0 } } ignore_live_leader: false dest_uuid: "7bcdeef9983b4588a8923b526a06d040" is_pre_election: true
I20260710 11:10:15.168534  9077 raft_consensus.cc:2468] T ad70ee5e99614592a20615e5f799dc69 P 74ffa214c8474cee91b90d265e6811c7 [term 1 FOLLOWER]: Leader election vote request: Granting yes vote for candidate 7bcdeef9983b4588a8923b526a06d040 in term 1.
I20260710 11:10:15.166822  9273 tablet_bootstrap.cc:492] T ad495d203fd1431d9c8b00a1a6b023a3 P 74ffa214c8474cee91b90d265e6811c7: No bootstrap required, opened a new log
W20260710 11:10:15.168933  9045 leader_election.cc:343] T cf9e8c1917a643448ce38d45ea26cb2f P 74ffa214c8474cee91b90d265e6811c7 [CANDIDATE]: Term 1 pre-election: Tablet error from VoteRequest() call to peer 7bcdeef9983b4588a8923b526a06d040 (127.7.201.131:43219): Illegal state: must be running to vote when last-logged opid is not known
I20260710 11:10:15.179950  9273 ts_tablet_manager.cc:1403] T ad495d203fd1431d9c8b00a1a6b023a3 P 74ffa214c8474cee91b90d265e6811c7: Time spent bootstrapping tablet: real 0.192s	user 0.040s	sys 0.036s
I20260710 11:10:15.169946  9154 tablet_service.cc:1917] Received RequestConsensusVote() RPC: tablet_id: "4341eccac5d64e8d98e5b68d1c5d8d64" candidate_uuid: "7bcdeef9983b4588a8923b526a06d040" candidate_term: 1 candidate_status { last_received { term: 0 index: 0 } } ignore_live_leader: false dest_uuid: "0f4f08a65de24413ab7a069a8ee08f3b" is_pre_election: true
I20260710 11:10:15.150259  9378 raft_consensus.cc:2804] T d5d4dc563862434f81b4cc8152a80466 P 0f4f08a65de24413ab7a069a8ee08f3b [term 0 FOLLOWER]: Leader pre-election won for term 1
I20260710 11:10:15.171952  9155 tablet_service.cc:1917] Received RequestConsensusVote() RPC: tablet_id: "cf9e8c1917a643448ce38d45ea26cb2f" candidate_uuid: "74ffa214c8474cee91b90d265e6811c7" candidate_term: 1 candidate_status { last_received { term: 0 index: 0 } } ignore_live_leader: false dest_uuid: "0f4f08a65de24413ab7a069a8ee08f3b" is_pre_election: true
W20260710 11:10:15.173461  9047 consensus_peers.cc:597] T b8a2541175f04dd6bd65ca79df40ca08 P 74ffa214c8474cee91b90d265e6811c7 -> Peer 0f4f08a65de24413ab7a069a8ee08f3b (127.7.201.130:36623): Couldn't send request to peer 0f4f08a65de24413ab7a069a8ee08f3b. Error code: TABLET_NOT_RUNNING (12). Status: Illegal state: Tablet not RUNNING: INITIALIZED. This is attempt 1: this message will repeat every 5th retry.
I20260710 11:10:15.150739  9392 raft_consensus.cc:2804] T 942612ded86a475895938f0885351539 P 7bcdeef9983b4588a8923b526a06d040 [term 1 FOLLOWER]: Leader election won for term 1
I20260710 11:10:15.175683  9082 tablet_service.cc:1917] Received RequestConsensusVote() RPC: tablet_id: "4341eccac5d64e8d98e5b68d1c5d8d64" candidate_uuid: "7bcdeef9983b4588a8923b526a06d040" candidate_term: 1 candidate_status { last_received { term: 0 index: 0 } } ignore_live_leader: false dest_uuid: "74ffa214c8474cee91b90d265e6811c7" is_pre_election: true
I20260710 11:10:15.174414  9080 raft_consensus.cc:1275] T 272068b5bbda4b6094bf4dcd16b93da7 P 74ffa214c8474cee91b90d265e6811c7 [term 2 FOLLOWER]: Refusing update from remote peer 7bcdeef9983b4588a8923b526a06d040: Log matching property violated. Preceding OpId in replica: term: 1 index: 1. Preceding OpId from leader: term: 2 index: 1. (term mismatch)
I20260710 11:10:15.181591  9080 pending_rounds.cc:85] T 272068b5bbda4b6094bf4dcd16b93da7 P 74ffa214c8474cee91b90d265e6811c7: Aborting all ops after (but not including) 0
I20260710 11:10:15.184732  9080 pending_rounds.cc:107] T 272068b5bbda4b6094bf4dcd16b93da7 P 74ffa214c8474cee91b90d265e6811c7: Aborting uncommitted NO_OP operation due to leader change: 1.1
I20260710 11:10:15.180923  9367 raft_consensus.cc:493] T f77e0482f4194de09760c88f85826141 P 7bcdeef9983b4588a8923b526a06d040 [term 0 FOLLOWER]: Starting pre-election (no leader contacted us within the election timeout)
I20260710 11:10:15.180918  9378 raft_consensus.cc:493] T d5d4dc563862434f81b4cc8152a80466 P 0f4f08a65de24413ab7a069a8ee08f3b [term 0 FOLLOWER]: Starting leader election (no leader contacted us within the election timeout)
I20260710 11:10:15.185182  9367 raft_consensus.cc:515] T f77e0482f4194de09760c88f85826141 P 7bcdeef9983b4588a8923b526a06d040 [term 0 FOLLOWER]: Starting pre-election with config: opid_index: -1 OBSOLETE_local: false peers { permanent_uuid: "74ffa214c8474cee91b90d265e6811c7" member_type: VOTER last_known_addr { host: "127.7.201.129" port: 39545 } } peers { permanent_uuid: "0f4f08a65de24413ab7a069a8ee08f3b" member_type: VOTER last_known_addr { host: "127.7.201.130" port: 36623 } } peers { permanent_uuid: "7bcdeef9983b4588a8923b526a06d040" member_type: VOTER last_known_addr { host: "127.7.201.131" port: 43219 } }
I20260710 11:10:15.185791  9378 raft_consensus.cc:3060] T d5d4dc563862434f81b4cc8152a80466 P 0f4f08a65de24413ab7a069a8ee08f3b [term 0 FOLLOWER]: Advancing to term 1
W20260710 11:10:15.185958  9047 leader_election.cc:343] T cf9e8c1917a643448ce38d45ea26cb2f P 74ffa214c8474cee91b90d265e6811c7 [CANDIDATE]: Term 1 pre-election: Tablet error from VoteRequest() call to peer 0f4f08a65de24413ab7a069a8ee08f3b (127.7.201.130:36623): Illegal state: must be running to vote when last-logged opid is not known
I20260710 11:10:15.186396  9047 leader_election.cc:304] T cf9e8c1917a643448ce38d45ea26cb2f P 74ffa214c8474cee91b90d265e6811c7 [CANDIDATE]: Term 1 pre-election: Election decided. Result: candidate lost. Election summary: received 3 responses out of 3 voters: 1 yes votes; 2 no votes. yes voters: 74ffa214c8474cee91b90d265e6811c7; no voters: 0f4f08a65de24413ab7a069a8ee08f3b, 7bcdeef9983b4588a8923b526a06d040
I20260710 11:10:15.187402  9305 raft_consensus.cc:2749] T cf9e8c1917a643448ce38d45ea26cb2f P 74ffa214c8474cee91b90d265e6811c7 [term 0 FOLLOWER]: Leader pre-election lost for term 1. Reason: could not achieve majority
I20260710 11:10:15.187672  9367 leader_election.cc:290] T f77e0482f4194de09760c88f85826141 P 7bcdeef9983b4588a8923b526a06d040 [CANDIDATE]: Term 1 pre-election: Requested pre-vote from peers 74ffa214c8474cee91b90d265e6811c7 (127.7.201.129:39545), 0f4f08a65de24413ab7a069a8ee08f3b (127.7.201.130:36623)
I20260710 11:10:15.188141  9273 raft_consensus.cc:359] T ad495d203fd1431d9c8b00a1a6b023a3 P 74ffa214c8474cee91b90d265e6811c7 [term 0 FOLLOWER]: Replica starting. Triggering 0 pending ops. Active config: opid_index: -1 OBSOLETE_local: false peers { permanent_uuid: "74ffa214c8474cee91b90d265e6811c7" member_type: VOTER last_known_addr { host: "127.7.201.129" port: 39545 } } peers { permanent_uuid: "0f4f08a65de24413ab7a069a8ee08f3b" member_type: VOTER last_known_addr { host: "127.7.201.130" port: 36623 } } peers { permanent_uuid: "7bcdeef9983b4588a8923b526a06d040" member_type: VOTER last_known_addr { host: "127.7.201.131" port: 43219 } }
I20260710 11:10:15.188824  9273 raft_consensus.cc:385] T ad495d203fd1431d9c8b00a1a6b023a3 P 74ffa214c8474cee91b90d265e6811c7 [term 0 FOLLOWER]: Consensus starting up: Expiring failure detector timer to make a prompt election more likely
I20260710 11:10:15.189082  9273 raft_consensus.cc:740] T ad495d203fd1431d9c8b00a1a6b023a3 P 74ffa214c8474cee91b90d265e6811c7 [term 0 FOLLOWER]: Becoming Follower/Learner. State: Replica: 74ffa214c8474cee91b90d265e6811c7, State: Initialized, Role: FOLLOWER
I20260710 11:10:15.189603  9155 tablet_service.cc:1917] Received RequestConsensusVote() RPC: tablet_id: "f77e0482f4194de09760c88f85826141" candidate_uuid: "7bcdeef9983b4588a8923b526a06d040" candidate_term: 1 candidate_status { last_received { term: 0 index: 0 } } ignore_live_leader: false dest_uuid: "0f4f08a65de24413ab7a069a8ee08f3b" is_pre_election: true
I20260710 11:10:15.190358  9155 raft_consensus.cc:2393] T f77e0482f4194de09760c88f85826141 P 0f4f08a65de24413ab7a069a8ee08f3b [term 1 FOLLOWER]: Leader pre-election vote request: Denying vote to candidate 7bcdeef9983b4588a8923b526a06d040 in current term 1: Already voted for candidate 74ffa214c8474cee91b90d265e6811c7 in this term.
I20260710 11:10:15.191368  9392 raft_consensus.cc:697] T 942612ded86a475895938f0885351539 P 7bcdeef9983b4588a8923b526a06d040 [term 1 LEADER]: Becoming Leader. State: Replica: 7bcdeef9983b4588a8923b526a06d040, State: Running, Role: LEADER
I20260710 11:10:15.191511  9195 leader_election.cc:304] T ad70ee5e99614592a20615e5f799dc69 P 7bcdeef9983b4588a8923b526a06d040 [CANDIDATE]: Term 1 election: Election decided. Result: candidate won. Election summary: received 3 responses out of 3 voters: 2 yes votes; 1 no votes. yes voters: 74ffa214c8474cee91b90d265e6811c7, 7bcdeef9983b4588a8923b526a06d040; no voters: 0f4f08a65de24413ab7a069a8ee08f3b
I20260710 11:10:15.185046  9080 raft_consensus.cc:2889] T 272068b5bbda4b6094bf4dcd16b93da7 P 74ffa214c8474cee91b90d265e6811c7 [term 2 FOLLOWER]: NO_OP replication failed: Aborted: Op aborted by new leader
I20260710 11:10:15.192492  9370 raft_consensus.cc:2804] T ad70ee5e99614592a20615e5f799dc69 P 7bcdeef9983b4588a8923b526a06d040 [term 1 FOLLOWER]: Leader election won for term 1
I20260710 11:10:15.192999  9370 raft_consensus.cc:697] T ad70ee5e99614592a20615e5f799dc69 P 7bcdeef9983b4588a8923b526a06d040 [term 1 LEADER]: Becoming Leader. State: Replica: 7bcdeef9983b4588a8923b526a06d040, State: Running, Role: LEADER
I20260710 11:10:15.193783  9370 consensus_queue.cc:237] T ad70ee5e99614592a20615e5f799dc69 P 7bcdeef9983b4588a8923b526a06d040 [LEADER]: Queue going to LEADER mode. State: All replicated index: 0, Majority replicated index: 0, Committed index: 0, Last appended: 0.0, Last appended by leader: 0, Current term: 1, Majority size: 2, State: 0, Mode: LEADER, active raft config: opid_index: -1 OBSOLETE_local: false peers { permanent_uuid: "74ffa214c8474cee91b90d265e6811c7" member_type: VOTER last_known_addr { host: "127.7.201.129" port: 39545 } } peers { permanent_uuid: "0f4f08a65de24413ab7a069a8ee08f3b" member_type: VOTER last_known_addr { host: "127.7.201.130" port: 36623 } } peers { permanent_uuid: "7bcdeef9983b4588a8923b526a06d040" member_type: VOTER last_known_addr { host: "127.7.201.131" port: 43219 } }
W20260710 11:10:15.194329  9195 leader_election.cc:343] T 4341eccac5d64e8d98e5b68d1c5d8d64 P 7bcdeef9983b4588a8923b526a06d040 [CANDIDATE]: Term 1 pre-election: Tablet error from VoteRequest() call to peer 74ffa214c8474cee91b90d265e6811c7 (127.7.201.129:39545): Illegal state: must be running to vote when last-logged opid is not known
I20260710 11:10:15.194345  9080 tablet_service.cc:1917] Received RequestConsensusVote() RPC: tablet_id: "f77e0482f4194de09760c88f85826141" candidate_uuid: "7bcdeef9983b4588a8923b526a06d040" candidate_term: 1 candidate_status { last_received { term: 0 index: 0 } } ignore_live_leader: false dest_uuid: "74ffa214c8474cee91b90d265e6811c7" is_pre_election: true
I20260710 11:10:15.195307  9376 consensus_queue.cc:1048] T 272068b5bbda4b6094bf4dcd16b93da7 P 7bcdeef9983b4588a8923b526a06d040 [LEADER]: Connected to new peer: Peer: permanent_uuid: "74ffa214c8474cee91b90d265e6811c7" member_type: VOTER last_known_addr { host: "127.7.201.129" port: 39545 }, Status: LMP_MISMATCH, Last received: 0.0, Next index: 1, Last known committed idx: 0, Time since last communication: 0.000s
I20260710 11:10:15.199697  9195 leader_election.cc:304] T f77e0482f4194de09760c88f85826141 P 7bcdeef9983b4588a8923b526a06d040 [CANDIDATE]: Term 1 pre-election: Election decided. Result: candidate lost. Election summary: received 3 responses out of 3 voters: 1 yes votes; 2 no votes. yes voters: 7bcdeef9983b4588a8923b526a06d040; no voters: 0f4f08a65de24413ab7a069a8ee08f3b, 74ffa214c8474cee91b90d265e6811c7
I20260710 11:10:15.200881  9387 raft_consensus.cc:3060] T f77e0482f4194de09760c88f85826141 P 7bcdeef9983b4588a8923b526a06d040 [term 0 FOLLOWER]: Advancing to term 1
I20260710 11:10:15.189766  9273 consensus_queue.cc:260] T ad495d203fd1431d9c8b00a1a6b023a3 P 74ffa214c8474cee91b90d265e6811c7 [NON_LEADER]: Queue going to NON_LEADER mode. State: All replicated index: 0, Majority replicated index: 0, Committed index: 0, Last appended: 0.0, Last appended by leader: 0, Current term: 0, Majority size: -1, State: 0, Mode: NON_LEADER, active raft config: opid_index: -1 OBSOLETE_local: false peers { permanent_uuid: "74ffa214c8474cee91b90d265e6811c7" member_type: VOTER last_known_addr { host: "127.7.201.129" port: 39545 } } peers { permanent_uuid: "0f4f08a65de24413ab7a069a8ee08f3b" member_type: VOTER last_known_addr { host: "127.7.201.130" port: 36623 } } peers { permanent_uuid: "7bcdeef9983b4588a8923b526a06d040" member_type: VOTER last_known_addr { host: "127.7.201.131" port: 43219 } }
I20260710 11:10:15.202363  9274 tablet_bootstrap.cc:654] T 3651c217ec5042a6bfd471263112c3bc P 0f4f08a65de24413ab7a069a8ee08f3b: Neither blocks nor log segments found. Creating new log.
W20260710 11:10:15.205541  9196 leader_election.cc:343] T 4341eccac5d64e8d98e5b68d1c5d8d64 P 7bcdeef9983b4588a8923b526a06d040 [CANDIDATE]: Term 1 pre-election: Tablet error from VoteRequest() call to peer 0f4f08a65de24413ab7a069a8ee08f3b (127.7.201.130:36623): Illegal state: must be running to vote when last-logged opid is not known
I20260710 11:10:15.206183  9196 leader_election.cc:304] T 4341eccac5d64e8d98e5b68d1c5d8d64 P 7bcdeef9983b4588a8923b526a06d040 [CANDIDATE]: Term 1 pre-election: Election decided. Result: candidate lost. Election summary: received 3 responses out of 3 voters: 1 yes votes; 2 no votes. yes voters: 7bcdeef9983b4588a8923b526a06d040; no voters: 0f4f08a65de24413ab7a069a8ee08f3b, 74ffa214c8474cee91b90d265e6811c7
I20260710 11:10:15.207273  9376 raft_consensus.cc:2749] T 4341eccac5d64e8d98e5b68d1c5d8d64 P 7bcdeef9983b4588a8923b526a06d040 [term 0 FOLLOWER]: Leader pre-election lost for term 1. Reason: could not achieve majority
I20260710 11:10:15.205760  9378 raft_consensus.cc:515] T d5d4dc563862434f81b4cc8152a80466 P 0f4f08a65de24413ab7a069a8ee08f3b [term 1 FOLLOWER]: Starting leader election with config: opid_index: -1 OBSOLETE_local: false peers { permanent_uuid: "74ffa214c8474cee91b90d265e6811c7" member_type: VOTER last_known_addr { host: "127.7.201.129" port: 39545 } } peers { permanent_uuid: "0f4f08a65de24413ab7a069a8ee08f3b" member_type: VOTER last_known_addr { host: "127.7.201.130" port: 36623 } } peers { permanent_uuid: "7bcdeef9983b4588a8923b526a06d040" member_type: VOTER last_known_addr { host: "127.7.201.131" port: 43219 } }
I20260710 11:10:15.202072  9392 consensus_queue.cc:237] T 942612ded86a475895938f0885351539 P 7bcdeef9983b4588a8923b526a06d040 [LEADER]: Queue going to LEADER mode. State: All replicated index: 0, Majority replicated index: 0, Committed index: 0, Last appended: 0.0, Last appended by leader: 0, Current term: 1, Majority size: 2, State: 0, Mode: LEADER, active raft config: opid_index: -1 OBSOLETE_local: false peers { permanent_uuid: "74ffa214c8474cee91b90d265e6811c7" member_type: VOTER last_known_addr { host: "127.7.201.129" port: 39545 } } peers { permanent_uuid: "0f4f08a65de24413ab7a069a8ee08f3b" member_type: VOTER last_known_addr { host: "127.7.201.130" port: 36623 } } peers { permanent_uuid: "7bcdeef9983b4588a8923b526a06d040" member_type: VOTER last_known_addr { host: "127.7.201.131" port: 43219 } }
I20260710 11:10:15.213074  9082 tablet_service.cc:1917] Received RequestConsensusVote() RPC: tablet_id: "d5d4dc563862434f81b4cc8152a80466" candidate_uuid: "0f4f08a65de24413ab7a069a8ee08f3b" candidate_term: 1 candidate_status { last_received { term: 0 index: 0 } } ignore_live_leader: false dest_uuid: "74ffa214c8474cee91b90d265e6811c7"
I20260710 11:10:15.218791  9273 ts_tablet_manager.cc:1434] T ad495d203fd1431d9c8b00a1a6b023a3 P 74ffa214c8474cee91b90d265e6811c7: Time spent starting tablet: real 0.039s	user 0.006s	sys 0.000s
I20260710 11:10:15.219172  9271 tablet_bootstrap.cc:492] T 68cb5ad7aa19422aad76e123b4f29d1c P 7bcdeef9983b4588a8923b526a06d040: No bootstrap required, opened a new log
I20260710 11:10:15.219739  9271 ts_tablet_manager.cc:1403] T 68cb5ad7aa19422aad76e123b4f29d1c P 7bcdeef9983b4588a8923b526a06d040: Time spent bootstrapping tablet: real 0.137s	user 0.012s	sys 0.019s
I20260710 11:10:15.220206  9273 tablet_bootstrap.cc:492] T d5d4dc563862434f81b4cc8152a80466 P 74ffa214c8474cee91b90d265e6811c7: Bootstrap starting.
I20260710 11:10:15.219317  9387 raft_consensus.cc:2749] T f77e0482f4194de09760c88f85826141 P 7bcdeef9983b4588a8923b526a06d040 [term 1 FOLLOWER]: Leader pre-election lost for term 1. Reason: could not achieve majority
I20260710 11:10:15.226912  9271 raft_consensus.cc:359] T 68cb5ad7aa19422aad76e123b4f29d1c P 7bcdeef9983b4588a8923b526a06d040 [term 0 FOLLOWER]: Replica starting. Triggering 0 pending ops. Active config: opid_index: -1 OBSOLETE_local: false peers { permanent_uuid: "74ffa214c8474cee91b90d265e6811c7" member_type: VOTER last_known_addr { host: "127.7.201.129" port: 39545 } } peers { permanent_uuid: "0f4f08a65de24413ab7a069a8ee08f3b" member_type: VOTER last_known_addr { host: "127.7.201.130" port: 36623 } } peers { permanent_uuid: "7bcdeef9983b4588a8923b526a06d040" member_type: VOTER last_known_addr { host: "127.7.201.131" port: 43219 } }
W20260710 11:10:15.228155  9121 leader_election.cc:343] T d5d4dc563862434f81b4cc8152a80466 P 0f4f08a65de24413ab7a069a8ee08f3b [CANDIDATE]: Term 1 election: Tablet error from VoteRequest() call to peer 74ffa214c8474cee91b90d265e6811c7 (127.7.201.129:39545): Illegal state: must be running to vote when last-logged opid is not known
I20260710 11:10:15.230687  9227 tablet_service.cc:1917] Received RequestConsensusVote() RPC: tablet_id: "d5d4dc563862434f81b4cc8152a80466" candidate_uuid: "0f4f08a65de24413ab7a069a8ee08f3b" candidate_term: 1 candidate_status { last_received { term: 0 index: 0 } } ignore_live_leader: false dest_uuid: "7bcdeef9983b4588a8923b526a06d040"
I20260710 11:10:15.233203  9227 raft_consensus.cc:3060] T d5d4dc563862434f81b4cc8152a80466 P 7bcdeef9983b4588a8923b526a06d040 [term 0 FOLLOWER]: Advancing to term 1
I20260710 11:10:15.231349  9378 leader_election.cc:290] T d5d4dc563862434f81b4cc8152a80466 P 0f4f08a65de24413ab7a069a8ee08f3b [CANDIDATE]: Term 1 election: Requested vote from peers 74ffa214c8474cee91b90d265e6811c7 (127.7.201.129:39545), 7bcdeef9983b4588a8923b526a06d040 (127.7.201.131:43219)
I20260710 11:10:15.234472  9271 raft_consensus.cc:385] T 68cb5ad7aa19422aad76e123b4f29d1c P 7bcdeef9983b4588a8923b526a06d040 [term 0 FOLLOWER]: Consensus starting up: Expiring failure detector timer to make a prompt election more likely
I20260710 11:10:15.235801  9271 raft_consensus.cc:740] T 68cb5ad7aa19422aad76e123b4f29d1c P 7bcdeef9983b4588a8923b526a06d040 [term 0 FOLLOWER]: Becoming Follower/Learner. State: Replica: 7bcdeef9983b4588a8923b526a06d040, State: Initialized, Role: FOLLOWER
I20260710 11:10:15.236750  9271 consensus_queue.cc:260] T 68cb5ad7aa19422aad76e123b4f29d1c P 7bcdeef9983b4588a8923b526a06d040 [NON_LEADER]: Queue going to NON_LEADER mode. State: All replicated index: 0, Majority replicated index: 0, Committed index: 0, Last appended: 0.0, Last appended by leader: 0, Current term: 0, Majority size: -1, State: 0, Mode: NON_LEADER, active raft config: opid_index: -1 OBSOLETE_local: false peers { permanent_uuid: "74ffa214c8474cee91b90d265e6811c7" member_type: VOTER last_known_addr { host: "127.7.201.129" port: 39545 } } peers { permanent_uuid: "0f4f08a65de24413ab7a069a8ee08f3b" member_type: VOTER last_known_addr { host: "127.7.201.130" port: 36623 } } peers { permanent_uuid: "7bcdeef9983b4588a8923b526a06d040" member_type: VOTER last_known_addr { host: "127.7.201.131" port: 43219 } }
I20260710 11:10:15.240979  9271 ts_tablet_manager.cc:1434] T 68cb5ad7aa19422aad76e123b4f29d1c P 7bcdeef9983b4588a8923b526a06d040: Time spent starting tablet: real 0.021s	user 0.007s	sys 0.000s
I20260710 11:10:15.249645  9154 raft_consensus.cc:1275] T 272068b5bbda4b6094bf4dcd16b93da7 P 0f4f08a65de24413ab7a069a8ee08f3b [term 2 FOLLOWER]: Refusing update from remote peer 7bcdeef9983b4588a8923b526a06d040: Log matching property violated. Preceding OpId in replica: term: 0 index: 0. Preceding OpId from leader: term: 2 index: 1. (index mismatch)
I20260710 11:10:15.251181  9271 tablet_bootstrap.cc:492] T 3651c217ec5042a6bfd471263112c3bc P 7bcdeef9983b4588a8923b526a06d040: Bootstrap starting.
I20260710 11:10:15.255509  9370 consensus_queue.cc:1048] T 272068b5bbda4b6094bf4dcd16b93da7 P 7bcdeef9983b4588a8923b526a06d040 [LEADER]: Connected to new peer: Peer: permanent_uuid: "0f4f08a65de24413ab7a069a8ee08f3b" member_type: VOTER last_known_addr { host: "127.7.201.130" port: 36623 }, Status: LMP_MISMATCH, Last received: 0.0, Next index: 1, Last known committed idx: 0, Time since last communication: 0.000s
I20260710 11:10:15.264902  9273 tablet_bootstrap.cc:654] T d5d4dc563862434f81b4cc8152a80466 P 74ffa214c8474cee91b90d265e6811c7: Neither blocks nor log segments found. Creating new log.
I20260710 11:10:15.269814  9227 raft_consensus.cc:2468] T d5d4dc563862434f81b4cc8152a80466 P 7bcdeef9983b4588a8923b526a06d040 [term 1 FOLLOWER]: Leader election vote request: Granting yes vote for candidate 0f4f08a65de24413ab7a069a8ee08f3b in term 1.
I20260710 11:10:15.270918  9120 leader_election.cc:304] T d5d4dc563862434f81b4cc8152a80466 P 0f4f08a65de24413ab7a069a8ee08f3b [CANDIDATE]: Term 1 election: Election decided. Result: candidate won. Election summary: received 3 responses out of 3 voters: 2 yes votes; 1 no votes. yes voters: 0f4f08a65de24413ab7a069a8ee08f3b, 7bcdeef9983b4588a8923b526a06d040; no voters: 74ffa214c8474cee91b90d265e6811c7
I20260710 11:10:15.272523  9274 tablet_bootstrap.cc:492] T 3651c217ec5042a6bfd471263112c3bc P 0f4f08a65de24413ab7a069a8ee08f3b: No bootstrap required, opened a new log
I20260710 11:10:15.272840  9274 ts_tablet_manager.cc:1403] T 3651c217ec5042a6bfd471263112c3bc P 0f4f08a65de24413ab7a069a8ee08f3b: Time spent bootstrapping tablet: real 0.111s	user 0.006s	sys 0.010s
I20260710 11:10:15.273612  9378 raft_consensus.cc:2804] T d5d4dc563862434f81b4cc8152a80466 P 0f4f08a65de24413ab7a069a8ee08f3b [term 1 FOLLOWER]: Leader election won for term 1
