I20260710 11:09:51.635448 15103 tablet_bootstrap.cc:492] T 4b768fa7df0a4a4a911aa7b79f8df568 P c9e816955119466990f549d8d7358747: Bootstrap starting.
I20260710 11:09:51.641086 14983 tablet_service.cc:1917] Received RequestConsensusVote() RPC: tablet_id: "b248456084a944d3a242aa87bd6fbcdf" candidate_uuid: "4ae8f09748694d43bf337e7fc6b4101e" candidate_term: 1 candidate_status { last_received { term: 0 index: 0 } } ignore_live_leader: false dest_uuid: "c9e816955119466990f549d8d7358747" is_pre_election: true
W20260710 11:09:51.643556 15022 leader_election.cc:343] T b248456084a944d3a242aa87bd6fbcdf P 4ae8f09748694d43bf337e7fc6b4101e [CANDIDATE]: Term 1 pre-election: Tablet error from VoteRequest() call to peer c9e816955119466990f549d8d7358747 (127.14.109.66:44169): Illegal state: must be running to vote when last-logged opid is not known
I20260710 11:09:51.643766 14908 tablet_service.cc:1917] Received RequestConsensusVote() RPC: tablet_id: "b248456084a944d3a242aa87bd6fbcdf" candidate_uuid: "4ae8f09748694d43bf337e7fc6b4101e" candidate_term: 1 candidate_status { last_received { term: 0 index: 0 } } ignore_live_leader: false dest_uuid: "7ca4c604f8134bf8a310fad80cd70cad" is_pre_election: true
I20260710 11:09:51.645036 14908 raft_consensus.cc:2468] T b248456084a944d3a242aa87bd6fbcdf P 7ca4c604f8134bf8a310fad80cd70cad [term 0 FOLLOWER]: Leader pre-election vote request: Granting yes vote for candidate 4ae8f09748694d43bf337e7fc6b4101e in term 0.
I20260710 11:09:51.646703 15022 leader_election.cc:304] T b248456084a944d3a242aa87bd6fbcdf P 4ae8f09748694d43bf337e7fc6b4101e [CANDIDATE]: Term 1 pre-election: Election decided. Result: candidate won. Election summary: received 3 responses out of 3 voters: 2 yes votes; 1 no votes. yes voters: 4ae8f09748694d43bf337e7fc6b4101e, 7ca4c604f8134bf8a310fad80cd70cad; no voters: c9e816955119466990f549d8d7358747
I20260710 11:09:51.648072 15105 raft_consensus.cc:2804] T b248456084a944d3a242aa87bd6fbcdf P 4ae8f09748694d43bf337e7fc6b4101e [term 0 FOLLOWER]: Leader pre-election won for term 1
I20260710 11:09:51.648566 15105 raft_consensus.cc:493] T b248456084a944d3a242aa87bd6fbcdf P 4ae8f09748694d43bf337e7fc6b4101e [term 0 FOLLOWER]: Starting leader election (no leader contacted us within the election timeout)
I20260710 11:09:51.648118 15101 raft_consensus.cc:359] T 4af31ac9c9044fc58b19d6df25f23dc4 P 7ca4c604f8134bf8a310fad80cd70cad [term 0 FOLLOWER]: Replica starting. Triggering 0 pending ops. Active config: opid_index: -1 OBSOLETE_local: false peers { permanent_uuid: "7ca4c604f8134bf8a310fad80cd70cad" member_type: VOTER last_known_addr { host: "127.14.109.65" port: 46527 } } peers { permanent_uuid: "c9e816955119466990f549d8d7358747" member_type: VOTER last_known_addr { host: "127.14.109.66" port: 44169 } } peers { permanent_uuid: "4ae8f09748694d43bf337e7fc6b4101e" member_type: VOTER last_known_addr { host: "127.14.109.67" port: 41323 } }
I20260710 11:09:51.648964 15101 raft_consensus.cc:385] T 4af31ac9c9044fc58b19d6df25f23dc4 P 7ca4c604f8134bf8a310fad80cd70cad [term 0 FOLLOWER]: Consensus starting up: Expiring failure detector timer to make a prompt election more likely
I20260710 11:09:51.648922 15105 raft_consensus.cc:3060] T b248456084a944d3a242aa87bd6fbcdf P 4ae8f09748694d43bf337e7fc6b4101e [term 0 FOLLOWER]: Advancing to term 1
I20260710 11:09:51.652172 15103 tablet_bootstrap.cc:654] T 4b768fa7df0a4a4a911aa7b79f8df568 P c9e816955119466990f549d8d7358747: Neither blocks nor log segments found. Creating new log.
I20260710 11:09:51.652896 15100 tablet_bootstrap.cc:492] T f3d2c973b8744bbfb528c2d67e2edd9a P 4ae8f09748694d43bf337e7fc6b4101e: No bootstrap required, opened a new log
I20260710 11:09:51.653409 15100 ts_tablet_manager.cc:1403] T f3d2c973b8744bbfb528c2d67e2edd9a P 4ae8f09748694d43bf337e7fc6b4101e: Time spent bootstrapping tablet: real 0.061s	user 0.017s	sys 0.003s
I20260710 11:09:51.656144 15100 raft_consensus.cc:359] T f3d2c973b8744bbfb528c2d67e2edd9a P 4ae8f09748694d43bf337e7fc6b4101e [term 0 FOLLOWER]: Replica starting. Triggering 0 pending ops. Active config: opid_index: -1 OBSOLETE_local: false peers { permanent_uuid: "7ca4c604f8134bf8a310fad80cd70cad" member_type: VOTER last_known_addr { host: "127.14.109.65" port: 46527 } } peers { permanent_uuid: "c9e816955119466990f549d8d7358747" member_type: VOTER last_known_addr { host: "127.14.109.66" port: 44169 } } peers { permanent_uuid: "4ae8f09748694d43bf337e7fc6b4101e" member_type: VOTER last_known_addr { host: "127.14.109.67" port: 41323 } }
I20260710 11:09:51.656813 15100 raft_consensus.cc:385] T f3d2c973b8744bbfb528c2d67e2edd9a P 4ae8f09748694d43bf337e7fc6b4101e [term 0 FOLLOWER]: Consensus starting up: Expiring failure detector timer to make a prompt election more likely
I20260710 11:09:51.657081 15100 raft_consensus.cc:740] T f3d2c973b8744bbfb528c2d67e2edd9a P 4ae8f09748694d43bf337e7fc6b4101e [term 0 FOLLOWER]: Becoming Follower/Learner. State: Replica: 4ae8f09748694d43bf337e7fc6b4101e, State: Initialized, Role: FOLLOWER
I20260710 11:09:51.657780 15100 consensus_queue.cc:260] T f3d2c973b8744bbfb528c2d67e2edd9a P 4ae8f09748694d43bf337e7fc6b4101e [NON_LEADER]: Queue going to NON_LEADER mode. State: All replicated index: 0, Majority replicated index: 0, Committed index: 0, Last appended: 0.0, Last appended by leader: 0, Current term: 0, Majority size: -1, State: 0, Mode: NON_LEADER, active raft config: opid_index: -1 OBSOLETE_local: false peers { permanent_uuid: "7ca4c604f8134bf8a310fad80cd70cad" member_type: VOTER last_known_addr { host: "127.14.109.65" port: 46527 } } peers { permanent_uuid: "c9e816955119466990f549d8d7358747" member_type: VOTER last_known_addr { host: "127.14.109.66" port: 44169 } } peers { permanent_uuid: "4ae8f09748694d43bf337e7fc6b4101e" member_type: VOTER last_known_addr { host: "127.14.109.67" port: 41323 } }
I20260710 11:09:51.657797 15101 raft_consensus.cc:740] T 4af31ac9c9044fc58b19d6df25f23dc4 P 7ca4c604f8134bf8a310fad80cd70cad [term 0 FOLLOWER]: Becoming Follower/Learner. State: Replica: 7ca4c604f8134bf8a310fad80cd70cad, State: Initialized, Role: FOLLOWER
I20260710 11:09:51.659498 15101 consensus_queue.cc:260] T 4af31ac9c9044fc58b19d6df25f23dc4 P 7ca4c604f8134bf8a310fad80cd70cad [NON_LEADER]: Queue going to NON_LEADER mode. State: All replicated index: 0, Majority replicated index: 0, Committed index: 0, Last appended: 0.0, Last appended by leader: 0, Current term: 0, Majority size: -1, State: 0, Mode: NON_LEADER, active raft config: opid_index: -1 OBSOLETE_local: false peers { permanent_uuid: "7ca4c604f8134bf8a310fad80cd70cad" member_type: VOTER last_known_addr { host: "127.14.109.65" port: 46527 } } peers { permanent_uuid: "c9e816955119466990f549d8d7358747" member_type: VOTER last_known_addr { host: "127.14.109.66" port: 44169 } } peers { permanent_uuid: "4ae8f09748694d43bf337e7fc6b4101e" member_type: VOTER last_known_addr { host: "127.14.109.67" port: 41323 } }
I20260710 11:09:51.657379 15105 raft_consensus.cc:515] T b248456084a944d3a242aa87bd6fbcdf P 4ae8f09748694d43bf337e7fc6b4101e [term 1 FOLLOWER]: Starting leader election with config: opid_index: -1 OBSOLETE_local: false peers { permanent_uuid: "7ca4c604f8134bf8a310fad80cd70cad" member_type: VOTER last_known_addr { host: "127.14.109.65" port: 46527 } } peers { permanent_uuid: "c9e816955119466990f549d8d7358747" member_type: VOTER last_known_addr { host: "127.14.109.66" port: 44169 } } peers { permanent_uuid: "4ae8f09748694d43bf337e7fc6b4101e" member_type: VOTER last_known_addr { host: "127.14.109.67" port: 41323 } }
I20260710 11:09:51.662570 15105 leader_election.cc:290] T b248456084a944d3a242aa87bd6fbcdf P 4ae8f09748694d43bf337e7fc6b4101e [CANDIDATE]: Term 1 election: Requested vote from peers 7ca4c604f8134bf8a310fad80cd70cad (127.14.109.65:46527), c9e816955119466990f549d8d7358747 (127.14.109.66:44169)
I20260710 11:09:51.664449 14983 tablet_service.cc:1917] Received RequestConsensusVote() RPC: tablet_id: "b248456084a944d3a242aa87bd6fbcdf" candidate_uuid: "4ae8f09748694d43bf337e7fc6b4101e" candidate_term: 1 candidate_status { last_received { term: 0 index: 0 } } ignore_live_leader: false dest_uuid: "c9e816955119466990f549d8d7358747"
W20260710 11:09:51.665957 15022 leader_election.cc:343] T b248456084a944d3a242aa87bd6fbcdf P 4ae8f09748694d43bf337e7fc6b4101e [CANDIDATE]: Term 1 election: Tablet error from VoteRequest() call to peer c9e816955119466990f549d8d7358747 (127.14.109.66:44169): Illegal state: must be running to vote when last-logged opid is not known
I20260710 11:09:51.669528 15103 tablet_bootstrap.cc:492] T 4b768fa7df0a4a4a911aa7b79f8df568 P c9e816955119466990f549d8d7358747: No bootstrap required, opened a new log
I20260710 11:09:51.670085 15103 ts_tablet_manager.cc:1403] T 4b768fa7df0a4a4a911aa7b79f8df568 P c9e816955119466990f549d8d7358747: Time spent bootstrapping tablet: real 0.035s	user 0.015s	sys 0.004s
I20260710 11:09:51.672905 15103 raft_consensus.cc:359] T 4b768fa7df0a4a4a911aa7b79f8df568 P c9e816955119466990f549d8d7358747 [term 0 FOLLOWER]: Replica starting. Triggering 0 pending ops. Active config: opid_index: -1 OBSOLETE_local: false peers { permanent_uuid: "7ca4c604f8134bf8a310fad80cd70cad" member_type: VOTER last_known_addr { host: "127.14.109.65" port: 46527 } } peers { permanent_uuid: "c9e816955119466990f549d8d7358747" member_type: VOTER last_known_addr { host: "127.14.109.66" port: 44169 } } peers { permanent_uuid: "4ae8f09748694d43bf337e7fc6b4101e" member_type: VOTER last_known_addr { host: "127.14.109.67" port: 41323 } }
I20260710 11:09:51.674759 14908 tablet_service.cc:1917] Received RequestConsensusVote() RPC: tablet_id: "b248456084a944d3a242aa87bd6fbcdf" candidate_uuid: "4ae8f09748694d43bf337e7fc6b4101e" candidate_term: 1 candidate_status { last_received { term: 0 index: 0 } } ignore_live_leader: false dest_uuid: "7ca4c604f8134bf8a310fad80cd70cad"
I20260710 11:09:51.677675 14908 raft_consensus.cc:3060] T b248456084a944d3a242aa87bd6fbcdf P 7ca4c604f8134bf8a310fad80cd70cad [term 0 FOLLOWER]: Advancing to term 1
I20260710 11:09:51.677950 15100 ts_tablet_manager.cc:1434] T f3d2c973b8744bbfb528c2d67e2edd9a P 4ae8f09748694d43bf337e7fc6b4101e: Time spent starting tablet: real 0.024s	user 0.019s	sys 0.004s
I20260710 11:09:51.673738 15103 raft_consensus.cc:385] T 4b768fa7df0a4a4a911aa7b79f8df568 P c9e816955119466990f549d8d7358747 [term 0 FOLLOWER]: Consensus starting up: Expiring failure detector timer to make a prompt election more likely
I20260710 11:09:51.678960 15100 tablet_bootstrap.cc:492] T 4af31ac9c9044fc58b19d6df25f23dc4 P 4ae8f09748694d43bf337e7fc6b4101e: Bootstrap starting.
I20260710 11:09:51.681422 15103 raft_consensus.cc:740] T 4b768fa7df0a4a4a911aa7b79f8df568 P c9e816955119466990f549d8d7358747 [term 0 FOLLOWER]: Becoming Follower/Learner. State: Replica: c9e816955119466990f549d8d7358747, State: Initialized, Role: FOLLOWER
I20260710 11:09:51.682197 15103 consensus_queue.cc:260] T 4b768fa7df0a4a4a911aa7b79f8df568 P c9e816955119466990f549d8d7358747 [NON_LEADER]: Queue going to NON_LEADER mode. State: All replicated index: 0, Majority replicated index: 0, Committed index: 0, Last appended: 0.0, Last appended by leader: 0, Current term: 0, Majority size: -1, State: 0, Mode: NON_LEADER, active raft config: opid_index: -1 OBSOLETE_local: false peers { permanent_uuid: "7ca4c604f8134bf8a310fad80cd70cad" member_type: VOTER last_known_addr { host: "127.14.109.65" port: 46527 } } peers { permanent_uuid: "c9e816955119466990f549d8d7358747" member_type: VOTER last_known_addr { host: "127.14.109.66" port: 44169 } } peers { permanent_uuid: "4ae8f09748694d43bf337e7fc6b4101e" member_type: VOTER last_known_addr { host: "127.14.109.67" port: 41323 } }
I20260710 11:09:51.684675 15103 ts_tablet_manager.cc:1434] T 4b768fa7df0a4a4a911aa7b79f8df568 P c9e816955119466990f549d8d7358747: Time spent starting tablet: real 0.014s	user 0.005s	sys 0.000s
I20260710 11:09:51.684821 15100 tablet_bootstrap.cc:654] T 4af31ac9c9044fc58b19d6df25f23dc4 P 4ae8f09748694d43bf337e7fc6b4101e: Neither blocks nor log segments found. Creating new log.
I20260710 11:09:51.685675 15103 tablet_bootstrap.cc:492] T b248456084a944d3a242aa87bd6fbcdf P c9e816955119466990f549d8d7358747: Bootstrap starting.
I20260710 11:09:51.690357 15132 raft_consensus.cc:493] T 55b0ca67542645ec828ba4488649ae9d P 4ae8f09748694d43bf337e7fc6b4101e [term 0 FOLLOWER]: Starting pre-election (no leader contacted us within the election timeout)
I20260710 11:09:51.690886 15132 raft_consensus.cc:515] T 55b0ca67542645ec828ba4488649ae9d P 4ae8f09748694d43bf337e7fc6b4101e [term 0 FOLLOWER]: Starting pre-election with config: opid_index: -1 OBSOLETE_local: false peers { permanent_uuid: "c9e816955119466990f549d8d7358747" member_type: VOTER last_known_addr { host: "127.14.109.66" port: 44169 } } peers { permanent_uuid: "4ae8f09748694d43bf337e7fc6b4101e" member_type: VOTER last_known_addr { host: "127.14.109.67" port: 41323 } } peers { permanent_uuid: "7ca4c604f8134bf8a310fad80cd70cad" member_type: VOTER last_known_addr { host: "127.14.109.65" port: 46527 } }
I20260710 11:09:51.693948 14983 tablet_service.cc:1917] Received RequestConsensusVote() RPC: tablet_id: "55b0ca67542645ec828ba4488649ae9d" candidate_uuid: "4ae8f09748694d43bf337e7fc6b4101e" candidate_term: 1 candidate_status { last_received { term: 0 index: 0 } } ignore_live_leader: false dest_uuid: "c9e816955119466990f549d8d7358747" is_pre_election: true
I20260710 11:09:51.694614 14983 raft_consensus.cc:2468] T 55b0ca67542645ec828ba4488649ae9d P c9e816955119466990f549d8d7358747 [term 0 FOLLOWER]: Leader pre-election vote request: Granting yes vote for candidate 4ae8f09748694d43bf337e7fc6b4101e in term 0.
I20260710 11:09:51.695910 15022 leader_election.cc:304] T 55b0ca67542645ec828ba4488649ae9d P 4ae8f09748694d43bf337e7fc6b4101e [CANDIDATE]: Term 1 pre-election: Election decided. Result: candidate won. Election summary: received 2 responses out of 3 voters: 2 yes votes; 0 no votes. yes voters: 4ae8f09748694d43bf337e7fc6b4101e, c9e816955119466990f549d8d7358747; no voters: 
I20260710 11:09:51.698021 15132 leader_election.cc:290] T 55b0ca67542645ec828ba4488649ae9d P 4ae8f09748694d43bf337e7fc6b4101e [CANDIDATE]: Term 1 pre-election: Requested pre-vote from peers c9e816955119466990f549d8d7358747 (127.14.109.66:44169), 7ca4c604f8134bf8a310fad80cd70cad (127.14.109.65:46527)
I20260710 11:09:51.698704 15132 raft_consensus.cc:2804] T 55b0ca67542645ec828ba4488649ae9d P 4ae8f09748694d43bf337e7fc6b4101e [term 0 FOLLOWER]: Leader pre-election won for term 1
I20260710 11:09:51.698431 14907 tablet_service.cc:1917] Received RequestConsensusVote() RPC: tablet_id: "55b0ca67542645ec828ba4488649ae9d" candidate_uuid: "4ae8f09748694d43bf337e7fc6b4101e" candidate_term: 1 candidate_status { last_received { term: 0 index: 0 } } ignore_live_leader: false dest_uuid: "7ca4c604f8134bf8a310fad80cd70cad" is_pre_election: true
I20260710 11:09:51.699134 15132 raft_consensus.cc:493] T 55b0ca67542645ec828ba4488649ae9d P 4ae8f09748694d43bf337e7fc6b4101e [term 0 FOLLOWER]: Starting leader election (no leader contacted us within the election timeout)
I20260710 11:09:51.699321 14907 raft_consensus.cc:2468] T 55b0ca67542645ec828ba4488649ae9d P 7ca4c604f8134bf8a310fad80cd70cad [term 0 FOLLOWER]: Leader pre-election vote request: Granting yes vote for candidate 4ae8f09748694d43bf337e7fc6b4101e in term 0.
I20260710 11:09:51.699546 15132 raft_consensus.cc:3060] T 55b0ca67542645ec828ba4488649ae9d P 4ae8f09748694d43bf337e7fc6b4101e [term 0 FOLLOWER]: Advancing to term 1
I20260710 11:09:51.704883 15111 raft_consensus.cc:493] T f3d2c973b8744bbfb528c2d67e2edd9a P c9e816955119466990f549d8d7358747 [term 0 FOLLOWER]: Starting pre-election (no leader contacted us within the election timeout)
I20260710 11:09:51.705493 15111 raft_consensus.cc:515] T f3d2c973b8744bbfb528c2d67e2edd9a P c9e816955119466990f549d8d7358747 [term 0 FOLLOWER]: Starting pre-election with config: opid_index: -1 OBSOLETE_local: false peers { permanent_uuid: "7ca4c604f8134bf8a310fad80cd70cad" member_type: VOTER last_known_addr { host: "127.14.109.65" port: 46527 } } peers { permanent_uuid: "c9e816955119466990f549d8d7358747" member_type: VOTER last_known_addr { host: "127.14.109.66" port: 44169 } } peers { permanent_uuid: "4ae8f09748694d43bf337e7fc6b4101e" member_type: VOTER last_known_addr { host: "127.14.109.67" port: 41323 } }
I20260710 11:09:51.712664 15103 tablet_bootstrap.cc:654] T b248456084a944d3a242aa87bd6fbcdf P c9e816955119466990f549d8d7358747: Neither blocks nor log segments found. Creating new log.
I20260710 11:09:51.711979 15101 ts_tablet_manager.cc:1434] T 4af31ac9c9044fc58b19d6df25f23dc4 P 7ca4c604f8134bf8a310fad80cd70cad: Time spent starting tablet: real 0.080s	user 0.009s	sys 0.000s
I20260710 11:09:51.714403 15111 leader_election.cc:290] T f3d2c973b8744bbfb528c2d67e2edd9a P c9e816955119466990f549d8d7358747 [CANDIDATE]: Term 1 pre-election: Requested pre-vote from peers 7ca4c604f8134bf8a310fad80cd70cad (127.14.109.65:46527), 4ae8f09748694d43bf337e7fc6b4101e (127.14.109.67:41323)
I20260710 11:09:51.716373 15111 raft_consensus.cc:493] T 67b7cfa1c2524e7eb4de13e1f7c149a7 P c9e816955119466990f549d8d7358747 [term 0 FOLLOWER]: Starting pre-election (no leader contacted us within the election timeout)
I20260710 11:09:51.723388 15111 raft_consensus.cc:515] T 67b7cfa1c2524e7eb4de13e1f7c149a7 P c9e816955119466990f549d8d7358747 [term 0 FOLLOWER]: Starting pre-election with config: opid_index: -1 OBSOLETE_local: false peers { permanent_uuid: "7ca4c604f8134bf8a310fad80cd70cad" member_type: VOTER last_known_addr { host: "127.14.109.65" port: 46527 } } peers { permanent_uuid: "c9e816955119466990f549d8d7358747" member_type: VOTER last_known_addr { host: "127.14.109.66" port: 44169 } } peers { permanent_uuid: "4ae8f09748694d43bf337e7fc6b4101e" member_type: VOTER last_known_addr { host: "127.14.109.67" port: 41323 } }
I20260710 11:09:51.727574 15101 tablet_bootstrap.cc:492] T f3d2c973b8744bbfb528c2d67e2edd9a P 7ca4c604f8134bf8a310fad80cd70cad: Bootstrap starting.
I20260710 11:09:51.729890 14908 raft_consensus.cc:2468] T b248456084a944d3a242aa87bd6fbcdf P 7ca4c604f8134bf8a310fad80cd70cad [term 1 FOLLOWER]: Leader election vote request: Granting yes vote for candidate 4ae8f09748694d43bf337e7fc6b4101e in term 1.
I20260710 11:09:51.731328 15022 leader_election.cc:304] T b248456084a944d3a242aa87bd6fbcdf P 4ae8f09748694d43bf337e7fc6b4101e [CANDIDATE]: Term 1 election: Election decided. Result: candidate won. Election summary: received 3 responses out of 3 voters: 2 yes votes; 1 no votes. yes voters: 4ae8f09748694d43bf337e7fc6b4101e, 7ca4c604f8134bf8a310fad80cd70cad; no voters: c9e816955119466990f549d8d7358747
I20260710 11:09:51.732244 15105 raft_consensus.cc:2804] T b248456084a944d3a242aa87bd6fbcdf P 4ae8f09748694d43bf337e7fc6b4101e [term 1 FOLLOWER]: Leader election won for term 1
I20260710 11:09:51.734201 15101 tablet_bootstrap.cc:654] T f3d2c973b8744bbfb528c2d67e2edd9a P 7ca4c604f8134bf8a310fad80cd70cad: Neither blocks nor log segments found. Creating new log.
I20260710 11:09:51.741276 15100 tablet_bootstrap.cc:492] T 4af31ac9c9044fc58b19d6df25f23dc4 P 4ae8f09748694d43bf337e7fc6b4101e: No bootstrap required, opened a new log
I20260710 11:09:51.744433 15100 ts_tablet_manager.cc:1403] T 4af31ac9c9044fc58b19d6df25f23dc4 P 4ae8f09748694d43bf337e7fc6b4101e: Time spent bootstrapping tablet: real 0.066s	user 0.024s	sys 0.008s
I20260710 11:09:51.743052 15105 raft_consensus.cc:697] T b248456084a944d3a242aa87bd6fbcdf P 4ae8f09748694d43bf337e7fc6b4101e [term 1 LEADER]: Becoming Leader. State: Replica: 4ae8f09748694d43bf337e7fc6b4101e, State: Running, Role: LEADER
I20260710 11:09:51.746944 15105 consensus_queue.cc:237] T b248456084a944d3a242aa87bd6fbcdf P 4ae8f09748694d43bf337e7fc6b4101e [LEADER]: Queue going to LEADER mode. State: All replicated index: 0, Majority replicated index: 0, Committed index: 0, Last appended: 0.0, Last appended by leader: 0, Current term: 1, Majority size: 2, State: 0, Mode: LEADER, active raft config: opid_index: -1 OBSOLETE_local: false peers { permanent_uuid: "7ca4c604f8134bf8a310fad80cd70cad" member_type: VOTER last_known_addr { host: "127.14.109.65" port: 46527 } } peers { permanent_uuid: "c9e816955119466990f549d8d7358747" member_type: VOTER last_known_addr { host: "127.14.109.66" port: 44169 } } peers { permanent_uuid: "4ae8f09748694d43bf337e7fc6b4101e" member_type: VOTER last_known_addr { host: "127.14.109.67" port: 41323 } }
I20260710 11:09:51.756104 15106 raft_consensus.cc:493] T 59c4c9c484804173bf275abbb45988a4 P 7ca4c604f8134bf8a310fad80cd70cad [term 0 FOLLOWER]: Starting pre-election (no leader contacted us within the election timeout)
I20260710 11:09:51.754498 15111 leader_election.cc:290] T 67b7cfa1c2524e7eb4de13e1f7c149a7 P c9e816955119466990f549d8d7358747 [CANDIDATE]: Term 1 pre-election: Requested pre-vote from peers 7ca4c604f8134bf8a310fad80cd70cad (127.14.109.65:46527), 4ae8f09748694d43bf337e7fc6b4101e (127.14.109.67:41323)
I20260710 11:09:51.756640 15106 raft_consensus.cc:515] T 59c4c9c484804173bf275abbb45988a4 P 7ca4c604f8134bf8a310fad80cd70cad [term 0 FOLLOWER]: Starting pre-election with config: opid_index: -1 OBSOLETE_local: false peers { permanent_uuid: "7ca4c604f8134bf8a310fad80cd70cad" member_type: VOTER last_known_addr { host: "127.14.109.65" port: 46527 } } peers { permanent_uuid: "c9e816955119466990f549d8d7358747" member_type: VOTER last_known_addr { host: "127.14.109.66" port: 44169 } } peers { permanent_uuid: "4ae8f09748694d43bf337e7fc6b4101e" member_type: VOTER last_known_addr { host: "127.14.109.67" port: 41323 } }
I20260710 11:09:51.757913 15134 raft_consensus.cc:493] T 9252ccef0cf64f77ad3732817fb5fba7 P c9e816955119466990f549d8d7358747 [term 0 FOLLOWER]: Starting pre-election (no leader contacted us within the election timeout)
I20260710 11:09:51.759660 15106 leader_election.cc:290] T 59c4c9c484804173bf275abbb45988a4 P 7ca4c604f8134bf8a310fad80cd70cad [CANDIDATE]: Term 1 pre-election: Requested pre-vote from peers c9e816955119466990f549d8d7358747 (127.14.109.66:44169), 4ae8f09748694d43bf337e7fc6b4101e (127.14.109.67:41323)
I20260710 11:09:51.760445 14983 tablet_service.cc:1917] Received RequestConsensusVote() RPC: tablet_id: "59c4c9c484804173bf275abbb45988a4" candidate_uuid: "7ca4c604f8134bf8a310fad80cd70cad" candidate_term: 1 candidate_status { last_received { term: 0 index: 0 } } ignore_live_leader: false dest_uuid: "c9e816955119466990f549d8d7358747" is_pre_election: true
I20260710 11:09:51.761080 14983 raft_consensus.cc:2468] T 59c4c9c484804173bf275abbb45988a4 P c9e816955119466990f549d8d7358747 [term 0 FOLLOWER]: Leader pre-election vote request: Granting yes vote for candidate 7ca4c604f8134bf8a310fad80cd70cad in term 0.
I20260710 11:09:51.761152 15057 tablet_service.cc:1917] Received RequestConsensusVote() RPC: tablet_id: "59c4c9c484804173bf275abbb45988a4" candidate_uuid: "7ca4c604f8134bf8a310fad80cd70cad" candidate_term: 1 candidate_status { last_received { term: 0 index: 0 } } ignore_live_leader: false dest_uuid: "4ae8f09748694d43bf337e7fc6b4101e" is_pre_election: true
I20260710 11:09:51.762027 15057 raft_consensus.cc:2468] T 59c4c9c484804173bf275abbb45988a4 P 4ae8f09748694d43bf337e7fc6b4101e [term 0 FOLLOWER]: Leader pre-election vote request: Granting yes vote for candidate 7ca4c604f8134bf8a310fad80cd70cad in term 0.
I20260710 11:09:51.763484 14873 leader_election.cc:304] T 59c4c9c484804173bf275abbb45988a4 P 7ca4c604f8134bf8a310fad80cd70cad [CANDIDATE]: Term 1 pre-election: Election decided. Result: candidate won. Election summary: received 2 responses out of 3 voters: 2 yes votes; 0 no votes. yes voters: 7ca4c604f8134bf8a310fad80cd70cad, c9e816955119466990f549d8d7358747; no voters: 
I20260710 11:09:51.764242 15106 raft_consensus.cc:2804] T 59c4c9c484804173bf275abbb45988a4 P 7ca4c604f8134bf8a310fad80cd70cad [term 0 FOLLOWER]: Leader pre-election won for term 1
I20260710 11:09:51.765280 15106 raft_consensus.cc:493] T 59c4c9c484804173bf275abbb45988a4 P 7ca4c604f8134bf8a310fad80cd70cad [term 0 FOLLOWER]: Starting leader election (no leader contacted us within the election timeout)
I20260710 11:09:51.766589 15106 raft_consensus.cc:3060] T 59c4c9c484804173bf275abbb45988a4 P 7ca4c604f8134bf8a310fad80cd70cad [term 0 FOLLOWER]: Advancing to term 1
I20260710 11:09:51.758512 15134 raft_consensus.cc:515] T 9252ccef0cf64f77ad3732817fb5fba7 P c9e816955119466990f549d8d7358747 [term 0 FOLLOWER]: Starting pre-election with config: opid_index: -1 OBSOLETE_local: false peers { permanent_uuid: "7ca4c604f8134bf8a310fad80cd70cad" member_type: VOTER last_known_addr { host: "127.14.109.65" port: 46527 } } peers { permanent_uuid: "c9e816955119466990f549d8d7358747" member_type: VOTER last_known_addr { host: "127.14.109.66" port: 44169 } } peers { permanent_uuid: "4ae8f09748694d43bf337e7fc6b4101e" member_type: VOTER last_known_addr { host: "127.14.109.67" port: 41323 } }
I20260710 11:09:51.771929 15111 raft_consensus.cc:493] T 4af31ac9c9044fc58b19d6df25f23dc4 P c9e816955119466990f549d8d7358747 [term 0 FOLLOWER]: Starting pre-election (no leader contacted us within the election timeout)
I20260710 11:09:51.772454 15111 raft_consensus.cc:515] T 4af31ac9c9044fc58b19d6df25f23dc4 P c9e816955119466990f549d8d7358747 [term 0 FOLLOWER]: Starting pre-election with config: opid_index: -1 OBSOLETE_local: false peers { permanent_uuid: "7ca4c604f8134bf8a310fad80cd70cad" member_type: VOTER last_known_addr { host: "127.14.109.65" port: 46527 } } peers { permanent_uuid: "c9e816955119466990f549d8d7358747" member_type: VOTER last_known_addr { host: "127.14.109.66" port: 44169 } } peers { permanent_uuid: "4ae8f09748694d43bf337e7fc6b4101e" member_type: VOTER last_known_addr { host: "127.14.109.67" port: 41323 } }
I20260710 11:09:51.774324 15100 raft_consensus.cc:359] T 4af31ac9c9044fc58b19d6df25f23dc4 P 4ae8f09748694d43bf337e7fc6b4101e [term 0 FOLLOWER]: Replica starting. Triggering 0 pending ops. Active config: opid_index: -1 OBSOLETE_local: false peers { permanent_uuid: "7ca4c604f8134bf8a310fad80cd70cad" member_type: VOTER last_known_addr { host: "127.14.109.65" port: 46527 } } peers { permanent_uuid: "c9e816955119466990f549d8d7358747" member_type: VOTER last_known_addr { host: "127.14.109.66" port: 44169 } } peers { permanent_uuid: "4ae8f09748694d43bf337e7fc6b4101e" member_type: VOTER last_known_addr { host: "127.14.109.67" port: 41323 } }
I20260710 11:09:51.775861 15100 raft_consensus.cc:385] T 4af31ac9c9044fc58b19d6df25f23dc4 P 4ae8f09748694d43bf337e7fc6b4101e [term 0 FOLLOWER]: Consensus starting up: Expiring failure detector timer to make a prompt election more likely
I20260710 11:09:51.776260 15100 raft_consensus.cc:740] T 4af31ac9c9044fc58b19d6df25f23dc4 P 4ae8f09748694d43bf337e7fc6b4101e [term 0 FOLLOWER]: Becoming Follower/Learner. State: Replica: 4ae8f09748694d43bf337e7fc6b4101e, State: Initialized, Role: FOLLOWER
I20260710 11:09:51.772058 15132 raft_consensus.cc:515] T 55b0ca67542645ec828ba4488649ae9d P 4ae8f09748694d43bf337e7fc6b4101e [term 1 FOLLOWER]: Starting leader election with config: opid_index: -1 OBSOLETE_local: false peers { permanent_uuid: "c9e816955119466990f549d8d7358747" member_type: VOTER last_known_addr { host: "127.14.109.66" port: 44169 } } peers { permanent_uuid: "4ae8f09748694d43bf337e7fc6b4101e" member_type: VOTER last_known_addr { host: "127.14.109.67" port: 41323 } } peers { permanent_uuid: "7ca4c604f8134bf8a310fad80cd70cad" member_type: VOTER last_known_addr { host: "127.14.109.65" port: 46527 } }
I20260710 11:09:51.780925 15111 leader_election.cc:290] T 4af31ac9c9044fc58b19d6df25f23dc4 P c9e816955119466990f549d8d7358747 [CANDIDATE]: Term 1 pre-election: Requested pre-vote from peers 7ca4c604f8134bf8a310fad80cd70cad (127.14.109.65:46527), 4ae8f09748694d43bf337e7fc6b4101e (127.14.109.67:41323)
I20260710 11:09:51.781087 15100 consensus_queue.cc:260] T 4af31ac9c9044fc58b19d6df25f23dc4 P 4ae8f09748694d43bf337e7fc6b4101e [NON_LEADER]: Queue going to NON_LEADER mode. State: All replicated index: 0, Majority replicated index: 0, Committed index: 0, Last appended: 0.0, Last appended by leader: 0, Current term: 0, Majority size: -1, State: 0, Mode: NON_LEADER, active raft config: opid_index: -1 OBSOLETE_local: false peers { permanent_uuid: "7ca4c604f8134bf8a310fad80cd70cad" member_type: VOTER last_known_addr { host: "127.14.109.65" port: 46527 } } peers { permanent_uuid: "c9e816955119466990f549d8d7358747" member_type: VOTER last_known_addr { host: "127.14.109.66" port: 44169 } } peers { permanent_uuid: "4ae8f09748694d43bf337e7fc6b4101e" member_type: VOTER last_known_addr { host: "127.14.109.67" port: 41323 } }
I20260710 11:09:51.793243 15100 ts_tablet_manager.cc:1434] T 4af31ac9c9044fc58b19d6df25f23dc4 P 4ae8f09748694d43bf337e7fc6b4101e: Time spent starting tablet: real 0.047s	user 0.008s	sys 0.001s
I20260710 11:09:51.794430 15137 raft_consensus.cc:493] T 9252ccef0cf64f77ad3732817fb5fba7 P 4ae8f09748694d43bf337e7fc6b4101e [term 0 FOLLOWER]: Starting pre-election (no leader contacted us within the election timeout)
I20260710 11:09:51.795337 15137 raft_consensus.cc:515] T 9252ccef0cf64f77ad3732817fb5fba7 P 4ae8f09748694d43bf337e7fc6b4101e [term 0 FOLLOWER]: Starting pre-election with config: opid_index: -1 OBSOLETE_local: false peers { permanent_uuid: "7ca4c604f8134bf8a310fad80cd70cad" member_type: VOTER last_known_addr { host: "127.14.109.65" port: 46527 } } peers { permanent_uuid: "c9e816955119466990f549d8d7358747" member_type: VOTER last_known_addr { host: "127.14.109.66" port: 44169 } } peers { permanent_uuid: "4ae8f09748694d43bf337e7fc6b4101e" member_type: VOTER last_known_addr { host: "127.14.109.67" port: 41323 } }
I20260710 11:09:51.800652 15134 leader_election.cc:290] T 9252ccef0cf64f77ad3732817fb5fba7 P c9e816955119466990f549d8d7358747 [CANDIDATE]: Term 1 pre-election: Requested pre-vote from peers 7ca4c604f8134bf8a310fad80cd70cad (127.14.109.65:46527), 4ae8f09748694d43bf337e7fc6b4101e (127.14.109.67:41323)
I20260710 11:09:51.804215 15137 leader_election.cc:290] T 9252ccef0cf64f77ad3732817fb5fba7 P 4ae8f09748694d43bf337e7fc6b4101e [CANDIDATE]: Term 1 pre-election: Requested pre-vote from peers 7ca4c604f8134bf8a310fad80cd70cad (127.14.109.65:46527), c9e816955119466990f549d8d7358747 (127.14.109.66:44169)
I20260710 11:09:51.805589 15132 leader_election.cc:290] T 55b0ca67542645ec828ba4488649ae9d P 4ae8f09748694d43bf337e7fc6b4101e [CANDIDATE]: Term 1 election: Requested vote from peers c9e816955119466990f549d8d7358747 (127.14.109.66:44169), 7ca4c604f8134bf8a310fad80cd70cad (127.14.109.65:46527)
I20260710 11:09:51.805735 14907 tablet_service.cc:1917] Received RequestConsensusVote() RPC: tablet_id: "9252ccef0cf64f77ad3732817fb5fba7" candidate_uuid: "4ae8f09748694d43bf337e7fc6b4101e" candidate_term: 1 candidate_status { last_received { term: 0 index: 0 } } ignore_live_leader: false dest_uuid: "7ca4c604f8134bf8a310fad80cd70cad" is_pre_election: true
I20260710 11:09:51.806384 15101 tablet_bootstrap.cc:492] T f3d2c973b8744bbfb528c2d67e2edd9a P 7ca4c604f8134bf8a310fad80cd70cad: No bootstrap required, opened a new log
I20260710 11:09:51.808207 15101 ts_tablet_manager.cc:1403] T f3d2c973b8744bbfb528c2d67e2edd9a P 7ca4c604f8134bf8a310fad80cd70cad: Time spent bootstrapping tablet: real 0.088s	user 0.020s	sys 0.018s
I20260710 11:09:51.808391 14983 tablet_service.cc:1917] Received RequestConsensusVote() RPC: tablet_id: "55b0ca67542645ec828ba4488649ae9d" candidate_uuid: "4ae8f09748694d43bf337e7fc6b4101e" candidate_term: 1 candidate_status { last_received { term: 0 index: 0 } } ignore_live_leader: false dest_uuid: "c9e816955119466990f549d8d7358747"
I20260710 11:09:51.807556 14908 tablet_service.cc:1917] Received RequestConsensusVote() RPC: tablet_id: "f3d2c973b8744bbfb528c2d67e2edd9a" candidate_uuid: "c9e816955119466990f549d8d7358747" candidate_term: 1 candidate_status { last_received { term: 0 index: 0 } } ignore_live_leader: false dest_uuid: "7ca4c604f8134bf8a310fad80cd70cad" is_pre_election: true
I20260710 11:09:51.810007 14983 raft_consensus.cc:3060] T 55b0ca67542645ec828ba4488649ae9d P c9e816955119466990f549d8d7358747 [term 0 FOLLOWER]: Advancing to term 1
I20260710 11:09:51.810889 14904 tablet_service.cc:1917] Received RequestConsensusVote() RPC: tablet_id: "9252ccef0cf64f77ad3732817fb5fba7" candidate_uuid: "c9e816955119466990f549d8d7358747" candidate_term: 1 candidate_status { last_received { term: 0 index: 0 } } ignore_live_leader: false dest_uuid: "7ca4c604f8134bf8a310fad80cd70cad" is_pre_election: true
I20260710 11:09:51.813158 15103 tablet_bootstrap.cc:492] T b248456084a944d3a242aa87bd6fbcdf P c9e816955119466990f549d8d7358747: No bootstrap required, opened a new log
I20260710 11:09:51.813607 15103 ts_tablet_manager.cc:1403] T b248456084a944d3a242aa87bd6fbcdf P c9e816955119466990f549d8d7358747: Time spent bootstrapping tablet: real 0.128s	user 0.010s	sys 0.007s
W20260710 11:09:51.816270 14948 leader_election.cc:343] T 9252ccef0cf64f77ad3732817fb5fba7 P c9e816955119466990f549d8d7358747 [CANDIDATE]: Term 1 pre-election: Tablet error from VoteRequest() call to peer 7ca4c604f8134bf8a310fad80cd70cad (127.14.109.65:46527): Illegal state: must be running to vote when last-logged opid is not known
I20260710 11:09:51.810899 14905 tablet_service.cc:1917] Received RequestConsensusVote() RPC: tablet_id: "4af31ac9c9044fc58b19d6df25f23dc4" candidate_uuid: "c9e816955119466990f549d8d7358747" candidate_term: 1 candidate_status { last_received { term: 0 index: 0 } } ignore_live_leader: false dest_uuid: "7ca4c604f8134bf8a310fad80cd70cad" is_pre_election: true
I20260710 11:09:51.811887 14906 tablet_service.cc:1917] Received RequestConsensusVote() RPC: tablet_id: "67b7cfa1c2524e7eb4de13e1f7c149a7" candidate_uuid: "c9e816955119466990f549d8d7358747" candidate_term: 1 candidate_status { last_received { term: 0 index: 0 } } ignore_live_leader: false dest_uuid: "7ca4c604f8134bf8a310fad80cd70cad" is_pre_election: true
W20260710 11:09:51.813313 15022 leader_election.cc:343] T 9252ccef0cf64f77ad3732817fb5fba7 P 4ae8f09748694d43bf337e7fc6b4101e [CANDIDATE]: Term 1 pre-election: Tablet error from VoteRequest() call to peer 7ca4c604f8134bf8a310fad80cd70cad (127.14.109.65:46527): Illegal state: must be running to vote when last-logged opid is not known
I20260710 11:09:51.817436 14905 raft_consensus.cc:2468] T 4af31ac9c9044fc58b19d6df25f23dc4 P 7ca4c604f8134bf8a310fad80cd70cad [term 0 FOLLOWER]: Leader pre-election vote request: Granting yes vote for candidate c9e816955119466990f549d8d7358747 in term 0.
I20260710 11:09:51.814332 15106 raft_consensus.cc:515] T 59c4c9c484804173bf275abbb45988a4 P 7ca4c604f8134bf8a310fad80cd70cad [term 1 FOLLOWER]: Starting leader election with config: opid_index: -1 OBSOLETE_local: false peers { permanent_uuid: "7ca4c604f8134bf8a310fad80cd70cad" member_type: VOTER last_known_addr { host: "127.14.109.65" port: 46527 } } peers { permanent_uuid: "c9e816955119466990f549d8d7358747" member_type: VOTER last_known_addr { host: "127.14.109.66" port: 44169 } } peers { permanent_uuid: "4ae8f09748694d43bf337e7fc6b4101e" member_type: VOTER last_known_addr { host: "127.14.109.67" port: 41323 } }
I20260710 11:09:51.816919 14907 tablet_service.cc:1917] Received RequestConsensusVote() RPC: tablet_id: "55b0ca67542645ec828ba4488649ae9d" candidate_uuid: "4ae8f09748694d43bf337e7fc6b4101e" candidate_term: 1 candidate_status { last_received { term: 0 index: 0 } } ignore_live_leader: false dest_uuid: "7ca4c604f8134bf8a310fad80cd70cad"
I20260710 11:09:51.818524 15103 raft_consensus.cc:359] T b248456084a944d3a242aa87bd6fbcdf P c9e816955119466990f549d8d7358747 [term 0 FOLLOWER]: Replica starting. Triggering 0 pending ops. Active config: opid_index: -1 OBSOLETE_local: false peers { permanent_uuid: "7ca4c604f8134bf8a310fad80cd70cad" member_type: VOTER last_known_addr { host: "127.14.109.65" port: 46527 } } peers { permanent_uuid: "c9e816955119466990f549d8d7358747" member_type: VOTER last_known_addr { host: "127.14.109.66" port: 44169 } } peers { permanent_uuid: "4ae8f09748694d43bf337e7fc6b4101e" member_type: VOTER last_known_addr { host: "127.14.109.67" port: 41323 } }
I20260710 11:09:51.819897 15103 raft_consensus.cc:385] T b248456084a944d3a242aa87bd6fbcdf P c9e816955119466990f549d8d7358747 [term 0 FOLLOWER]: Consensus starting up: Expiring failure detector timer to make a prompt election more likely
I20260710 11:09:51.820202 15103 raft_consensus.cc:740] T b248456084a944d3a242aa87bd6fbcdf P c9e816955119466990f549d8d7358747 [term 0 FOLLOWER]: Becoming Follower/Learner. State: Replica: c9e816955119466990f549d8d7358747, State: Initialized, Role: FOLLOWER
W20260710 11:09:51.820681 14948 leader_election.cc:343] T 67b7cfa1c2524e7eb4de13e1f7c149a7 P c9e816955119466990f549d8d7358747 [CANDIDATE]: Term 1 pre-election: Tablet error from VoteRequest() call to peer 7ca4c604f8134bf8a310fad80cd70cad (127.14.109.65:46527): Illegal state: must be running to vote when last-logged opid is not known
I20260710 11:09:51.824007 15103 consensus_queue.cc:260] T b248456084a944d3a242aa87bd6fbcdf P c9e816955119466990f549d8d7358747 [NON_LEADER]: Queue going to NON_LEADER mode. State: All replicated index: 0, Majority replicated index: 0, Committed index: 0, Last appended: 0.0, Last appended by leader: 0, Current term: 0, Majority size: -1, State: 0, Mode: NON_LEADER, active raft config: opid_index: -1 OBSOLETE_local: false peers { permanent_uuid: "7ca4c604f8134bf8a310fad80cd70cad" member_type: VOTER last_known_addr { host: "127.14.109.65" port: 46527 } } peers { permanent_uuid: "c9e816955119466990f549d8d7358747" member_type: VOTER last_known_addr { host: "127.14.109.66" port: 44169 } } peers { permanent_uuid: "4ae8f09748694d43bf337e7fc6b4101e" member_type: VOTER last_known_addr { host: "127.14.109.67" port: 41323 } }
I20260710 11:09:51.819572 14907 raft_consensus.cc:3060] T 55b0ca67542645ec828ba4488649ae9d P 7ca4c604f8134bf8a310fad80cd70cad [term 0 FOLLOWER]: Advancing to term 1
I20260710 11:09:51.814100 14982 tablet_service.cc:1917] Received RequestConsensusVote() RPC: tablet_id: "9252ccef0cf64f77ad3732817fb5fba7" candidate_uuid: "4ae8f09748694d43bf337e7fc6b4101e" candidate_term: 1 candidate_status { last_received { term: 0 index: 0 } } ignore_live_leader: false dest_uuid: "c9e816955119466990f549d8d7358747" is_pre_election: true
I20260710 11:09:51.822078 15101 raft_consensus.cc:359] T f3d2c973b8744bbfb528c2d67e2edd9a P 7ca4c604f8134bf8a310fad80cd70cad [term 0 FOLLOWER]: Replica starting. Triggering 0 pending ops. Active config: opid_index: -1 OBSOLETE_local: false peers { permanent_uuid: "7ca4c604f8134bf8a310fad80cd70cad" member_type: VOTER last_known_addr { host: "127.14.109.65" port: 46527 } } peers { permanent_uuid: "c9e816955119466990f549d8d7358747" member_type: VOTER last_known_addr { host: "127.14.109.66" port: 44169 } } peers { permanent_uuid: "4ae8f09748694d43bf337e7fc6b4101e" member_type: VOTER last_known_addr { host: "127.14.109.67" port: 41323 } }
I20260710 11:09:51.830345 15103 ts_tablet_manager.cc:1434] T b248456084a944d3a242aa87bd6fbcdf P c9e816955119466990f549d8d7358747: Time spent starting tablet: real 0.016s	user 0.001s	sys 0.006s
I20260710 11:09:51.821866 14948 leader_election.cc:304] T 4af31ac9c9044fc58b19d6df25f23dc4 P c9e816955119466990f549d8d7358747 [CANDIDATE]: Term 1 pre-election: Election decided. Result: candidate won. Election summary: received 2 responses out of 3 voters: 2 yes votes; 0 no votes. yes voters: 7ca4c604f8134bf8a310fad80cd70cad, c9e816955119466990f549d8d7358747; no voters: 
I20260710 11:09:51.829382 15101 raft_consensus.cc:385] T f3d2c973b8744bbfb528c2d67e2edd9a P 7ca4c604f8134bf8a310fad80cd70cad [term 0 FOLLOWER]: Consensus starting up: Expiring failure detector timer to make a prompt election more likely
I20260710 11:09:51.834920 15057 tablet_service.cc:1917] Received RequestConsensusVote() RPC: tablet_id: "f3d2c973b8744bbfb528c2d67e2edd9a" candidate_uuid: "c9e816955119466990f549d8d7358747" candidate_term: 1 candidate_status { last_received { term: 0 index: 0 } } ignore_live_leader: false dest_uuid: "4ae8f09748694d43bf337e7fc6b4101e" is_pre_election: true
I20260710 11:09:51.829288 14982 raft_consensus.cc:2468] T 9252ccef0cf64f77ad3732817fb5fba7 P c9e816955119466990f549d8d7358747 [term 0 FOLLOWER]: Leader pre-election vote request: Granting yes vote for candidate 4ae8f09748694d43bf337e7fc6b4101e in term 0.
I20260710 11:09:51.836540 15101 raft_consensus.cc:740] T f3d2c973b8744bbfb528c2d67e2edd9a P 7ca4c604f8134bf8a310fad80cd70cad [term 0 FOLLOWER]: Becoming Follower/Learner. State: Replica: 7ca4c604f8134bf8a310fad80cd70cad, State: Initialized, Role: FOLLOWER
I20260710 11:09:51.838306 15134 raft_consensus.cc:2804] T 4af31ac9c9044fc58b19d6df25f23dc4 P c9e816955119466990f549d8d7358747 [term 0 FOLLOWER]: Leader pre-election won for term 1
I20260710 11:09:51.839318 15056 tablet_service.cc:1917] Received RequestConsensusVote() RPC: tablet_id: "67b7cfa1c2524e7eb4de13e1f7c149a7" candidate_uuid: "c9e816955119466990f549d8d7358747" candidate_term: 1 candidate_status { last_received { term: 0 index: 0 } } ignore_live_leader: false dest_uuid: "4ae8f09748694d43bf337e7fc6b4101e" is_pre_election: true
I20260710 11:09:51.839717 15057 raft_consensus.cc:2468] T f3d2c973b8744bbfb528c2d67e2edd9a P 4ae8f09748694d43bf337e7fc6b4101e [term 0 FOLLOWER]: Leader pre-election vote request: Granting yes vote for candidate c9e816955119466990f549d8d7358747 in term 0.
I20260710 11:09:51.840122 15134 raft_consensus.cc:493] T 4af31ac9c9044fc58b19d6df25f23dc4 P c9e816955119466990f549d8d7358747 [term 0 FOLLOWER]: Starting leader election (no leader contacted us within the election timeout)
I20260710 11:09:51.841131 15056 raft_consensus.cc:2468] T 67b7cfa1c2524e7eb4de13e1f7c149a7 P 4ae8f09748694d43bf337e7fc6b4101e [term 0 FOLLOWER]: Leader pre-election vote request: Granting yes vote for candidate c9e816955119466990f549d8d7358747 in term 0.
I20260710 11:09:51.839229 15055 tablet_service.cc:1917] Received RequestConsensusVote() RPC: tablet_id: "4af31ac9c9044fc58b19d6df25f23dc4" candidate_uuid: "c9e816955119466990f549d8d7358747" candidate_term: 1 candidate_status { last_received { term: 0 index: 0 } } ignore_live_leader: false dest_uuid: "4ae8f09748694d43bf337e7fc6b4101e" is_pre_election: true
I20260710 11:09:51.844017 15055 raft_consensus.cc:2468] T 4af31ac9c9044fc58b19d6df25f23dc4 P 4ae8f09748694d43bf337e7fc6b4101e [term 0 FOLLOWER]: Leader pre-election vote request: Granting yes vote for candidate c9e816955119466990f549d8d7358747 in term 0.
I20260710 11:09:51.844053 15101 consensus_queue.cc:260] T f3d2c973b8744bbfb528c2d67e2edd9a P 7ca4c604f8134bf8a310fad80cd70cad [NON_LEADER]: Queue going to NON_LEADER mode. State: All replicated index: 0, Majority replicated index: 0, Committed index: 0, Last appended: 0.0, Last appended by leader: 0, Current term: 0, Majority size: -1, State: 0, Mode: NON_LEADER, active raft config: opid_index: -1 OBSOLETE_local: false peers { permanent_uuid: "7ca4c604f8134bf8a310fad80cd70cad" member_type: VOTER last_known_addr { host: "127.14.109.65" port: 46527 } } peers { permanent_uuid: "c9e816955119466990f549d8d7358747" member_type: VOTER last_known_addr { host: "127.14.109.66" port: 44169 } } peers { permanent_uuid: "4ae8f09748694d43bf337e7fc6b4101e" member_type: VOTER last_known_addr { host: "127.14.109.67" port: 41323 } }
I20260710 11:09:51.840054 15054 tablet_service.cc:1917] Received RequestConsensusVote() RPC: tablet_id: "9252ccef0cf64f77ad3732817fb5fba7" candidate_uuid: "c9e816955119466990f549d8d7358747" candidate_term: 1 candidate_status { last_received { term: 0 index: 0 } } ignore_live_leader: false dest_uuid: "4ae8f09748694d43bf337e7fc6b4101e" is_pre_election: true
I20260710 11:09:51.843238 15134 raft_consensus.cc:3060] T 4af31ac9c9044fc58b19d6df25f23dc4 P c9e816955119466990f549d8d7358747 [term 0 FOLLOWER]: Advancing to term 1
I20260710 11:09:51.852157 14982 tablet_service.cc:1917] Received RequestConsensusVote() RPC: tablet_id: "59c4c9c484804173bf275abbb45988a4" candidate_uuid: "7ca4c604f8134bf8a310fad80cd70cad" candidate_term: 1 candidate_status { last_received { term: 0 index: 0 } } ignore_live_leader: false dest_uuid: "c9e816955119466990f549d8d7358747"
I20260710 11:09:51.853235 14982 raft_consensus.cc:3060] T 59c4c9c484804173bf275abbb45988a4 P c9e816955119466990f549d8d7358747 [term 0 FOLLOWER]: Advancing to term 1
I20260710 11:09:51.845228 15106 leader_election.cc:290] T 59c4c9c484804173bf275abbb45988a4 P 7ca4c604f8134bf8a310fad80cd70cad [CANDIDATE]: Term 1 election: Requested vote from peers c9e816955119466990f549d8d7358747 (127.14.109.66:44169), 4ae8f09748694d43bf337e7fc6b4101e (127.14.109.67:41323)
I20260710 11:09:51.843046 15022 leader_election.cc:304] T 9252ccef0cf64f77ad3732817fb5fba7 P 4ae8f09748694d43bf337e7fc6b4101e [CANDIDATE]: Term 1 pre-election: Election decided. Result: candidate won. Election summary: received 3 responses out of 3 voters: 2 yes votes; 1 no votes. yes voters: 4ae8f09748694d43bf337e7fc6b4101e, c9e816955119466990f549d8d7358747; no voters: 7ca4c604f8134bf8a310fad80cd70cad
I20260710 11:09:51.842923 15141 raft_consensus.cc:493] T 4af31ac9c9044fc58b19d6df25f23dc4 P 7ca4c604f8134bf8a310fad80cd70cad [term 0 FOLLOWER]: Starting pre-election (no leader contacted us within the election timeout)
I20260710 11:09:51.853911 15054 raft_consensus.cc:2468] T 9252ccef0cf64f77ad3732817fb5fba7 P 4ae8f09748694d43bf337e7fc6b4101e [term 0 FOLLOWER]: Leader pre-election vote request: Granting yes vote for candidate c9e816955119466990f549d8d7358747 in term 0.
I20260710 11:09:51.859903 15132 raft_consensus.cc:2804] T 9252ccef0cf64f77ad3732817fb5fba7 P 4ae8f09748694d43bf337e7fc6b4101e [term 0 FOLLOWER]: Leader pre-election won for term 1
I20260710 11:09:51.858935 15057 tablet_service.cc:1917] Received RequestConsensusVote() RPC: tablet_id: "59c4c9c484804173bf275abbb45988a4" candidate_uuid: "7ca4c604f8134bf8a310fad80cd70cad" candidate_term: 1 candidate_status { last_received { term: 0 index: 0 } } ignore_live_leader: false dest_uuid: "4ae8f09748694d43bf337e7fc6b4101e"
I20260710 11:09:51.858441 14947 leader_election.cc:304] T f3d2c973b8744bbfb528c2d67e2edd9a P c9e816955119466990f549d8d7358747 [CANDIDATE]: Term 1 pre-election: Election decided. Result: candidate won. Election summary: received 2 responses out of 3 voters: 2 yes votes; 0 no votes. yes voters: 4ae8f09748694d43bf337e7fc6b4101e, c9e816955119466990f549d8d7358747; no voters: 
I20260710 11:09:51.863354 15057 raft_consensus.cc:3060] T 59c4c9c484804173bf275abbb45988a4 P 4ae8f09748694d43bf337e7fc6b4101e [term 0 FOLLOWER]: Advancing to term 1
I20260710 11:09:51.866508 15111 raft_consensus.cc:2804] T f3d2c973b8744bbfb528c2d67e2edd9a P c9e816955119466990f549d8d7358747 [term 0 FOLLOWER]: Leader pre-election won for term 1
I20260710 11:09:51.866878 15111 raft_consensus.cc:493] T f3d2c973b8744bbfb528c2d67e2edd9a P c9e816955119466990f549d8d7358747 [term 0 FOLLOWER]: Starting leader election (no leader contacted us within the election timeout)
I20260710 11:09:51.867208 15111 raft_consensus.cc:3060] T f3d2c973b8744bbfb528c2d67e2edd9a P c9e816955119466990f549d8d7358747 [term 0 FOLLOWER]: Advancing to term 1
I20260710 11:09:51.859519 15141 raft_consensus.cc:515] T 4af31ac9c9044fc58b19d6df25f23dc4 P 7ca4c604f8134bf8a310fad80cd70cad [term 0 FOLLOWER]: Starting pre-election with config: opid_index: -1 OBSOLETE_local: false peers { permanent_uuid: "7ca4c604f8134bf8a310fad80cd70cad" member_type: VOTER last_known_addr { host: "127.14.109.65" port: 46527 } } peers { permanent_uuid: "c9e816955119466990f549d8d7358747" member_type: VOTER last_known_addr { host: "127.14.109.66" port: 44169 } } peers { permanent_uuid: "4ae8f09748694d43bf337e7fc6b4101e" member_type: VOTER last_known_addr { host: "127.14.109.67" port: 41323 } }
I20260710 11:09:51.868369 15101 ts_tablet_manager.cc:1434] T f3d2c973b8744bbfb528c2d67e2edd9a P 7ca4c604f8134bf8a310fad80cd70cad: Time spent starting tablet: real 0.060s	user 0.012s	sys 0.007s
I20260710 11:09:51.869946 15137 raft_consensus.cc:493] T 4b768fa7df0a4a4a911aa7b79f8df568 P 4ae8f09748694d43bf337e7fc6b4101e [term 0 FOLLOWER]: Starting pre-election (no leader contacted us within the election timeout)
I20260710 11:09:51.870523 15137 raft_consensus.cc:515] T 4b768fa7df0a4a4a911aa7b79f8df568 P 4ae8f09748694d43bf337e7fc6b4101e [term 0 FOLLOWER]: Starting pre-election with config: opid_index: -1 OBSOLETE_local: false peers { permanent_uuid: "7ca4c604f8134bf8a310fad80cd70cad" member_type: VOTER last_known_addr { host: "127.14.109.65" port: 46527 } } peers { permanent_uuid: "c9e816955119466990f549d8d7358747" member_type: VOTER last_known_addr { host: "127.14.109.66" port: 44169 } } peers { permanent_uuid: "4ae8f09748694d43bf337e7fc6b4101e" member_type: VOTER last_known_addr { host: "127.14.109.67" port: 41323 } }
I20260710 11:09:51.872526 15101 tablet_bootstrap.cc:492] T 9252ccef0cf64f77ad3732817fb5fba7 P 7ca4c604f8134bf8a310fad80cd70cad: Bootstrap starting.
I20260710 11:09:51.871729 14983 raft_consensus.cc:2468] T 55b0ca67542645ec828ba4488649ae9d P c9e816955119466990f549d8d7358747 [term 1 FOLLOWER]: Leader election vote request: Granting yes vote for candidate 4ae8f09748694d43bf337e7fc6b4101e in term 1.
I20260710 11:09:51.875182 15137 leader_election.cc:290] T 4b768fa7df0a4a4a911aa7b79f8df568 P 4ae8f09748694d43bf337e7fc6b4101e [CANDIDATE]: Term 1 pre-election: Requested pre-vote from peers 7ca4c604f8134bf8a310fad80cd70cad (127.14.109.65:46527), c9e816955119466990f549d8d7358747 (127.14.109.66:44169)
I20260710 11:09:51.876361 14905 tablet_service.cc:1917] Received RequestConsensusVote() RPC: tablet_id: "4b768fa7df0a4a4a911aa7b79f8df568" candidate_uuid: "4ae8f09748694d43bf337e7fc6b4101e" candidate_term: 1 candidate_status { last_received { term: 0 index: 0 } } ignore_live_leader: false dest_uuid: "7ca4c604f8134bf8a310fad80cd70cad" is_pre_election: true
