I20260710 11:10:02.695482   300 leader_election.cc:290] T 0fbf0769b1be4b6cba3d7a8a5634203e P 50d1a309c6d142d3b5ad18437cb0b1a2 [CANDIDATE]: Term 2 election: Requested vote from peers fa9ac5f369834338bc8f396c3080fdc2 (127.31.81.1:46721), 6f404d6773f04ac5a9732e707eae3058 (127.31.81.3:40659)
I20260710 11:10:02.696861   370 tablet_service.cc:1917] Received RequestConsensusVote() RPC: tablet_id: "0fbf0769b1be4b6cba3d7a8a5634203e" candidate_uuid: "50d1a309c6d142d3b5ad18437cb0b1a2" candidate_term: 2 candidate_status { last_received { term: 1 index: 1 } } ignore_live_leader: true dest_uuid: "6f404d6773f04ac5a9732e707eae3058"
I20260710 11:10:02.697686   370 raft_consensus.cc:3060] T 0fbf0769b1be4b6cba3d7a8a5634203e P 6f404d6773f04ac5a9732e707eae3058 [term 1 FOLLOWER]: Advancing to term 2
I20260710 11:10:02.698410 32690 raft_consensus.cc:2468] T 0fbf0769b1be4b6cba3d7a8a5634203e P fa9ac5f369834338bc8f396c3080fdc2 [term 2 FOLLOWER]: Leader election vote request: Granting yes vote for candidate 50d1a309c6d142d3b5ad18437cb0b1a2 in term 2.
I20260710 11:10:02.699507 32732 leader_election.cc:304] T 0fbf0769b1be4b6cba3d7a8a5634203e P 50d1a309c6d142d3b5ad18437cb0b1a2 [CANDIDATE]: Term 2 election: Election decided. Result: candidate won. Election summary: received 2 responses out of 3 voters: 2 yes votes; 0 no votes. yes voters: 50d1a309c6d142d3b5ad18437cb0b1a2, fa9ac5f369834338bc8f396c3080fdc2; no voters: 
I20260710 11:10:02.703892   455 raft_consensus.cc:2804] T 0fbf0769b1be4b6cba3d7a8a5634203e P 50d1a309c6d142d3b5ad18437cb0b1a2 [term 2 FOLLOWER]: Leader election won for term 2
I20260710 11:10:02.704389   455 raft_consensus.cc:697] T 0fbf0769b1be4b6cba3d7a8a5634203e P 50d1a309c6d142d3b5ad18437cb0b1a2 [term 2 LEADER]: Becoming Leader. State: Replica: 50d1a309c6d142d3b5ad18437cb0b1a2, State: Running, Role: LEADER
I20260710 11:10:02.705219   455 consensus_queue.cc:237] T 0fbf0769b1be4b6cba3d7a8a5634203e P 50d1a309c6d142d3b5ad18437cb0b1a2 [LEADER]: Queue going to LEADER mode. State: All replicated index: 0, Majority replicated index: 1, Committed index: 1, Last appended: 1.1, Last appended by leader: 1, Current term: 2, Majority size: 2, State: 0, Mode: LEADER, active raft config: opid_index: -1 OBSOLETE_local: false peers { permanent_uuid: "fa9ac5f369834338bc8f396c3080fdc2" member_type: VOTER last_known_addr { host: "127.31.81.1" port: 46721 } } peers { permanent_uuid: "50d1a309c6d142d3b5ad18437cb0b1a2" member_type: VOTER last_known_addr { host: "127.31.81.2" port: 41901 } } peers { permanent_uuid: "6f404d6773f04ac5a9732e707eae3058" member_type: VOTER last_known_addr { host: "127.31.81.3" port: 40659 } }
I20260710 11:10:02.708114   370 raft_consensus.cc:2468] T 0fbf0769b1be4b6cba3d7a8a5634203e P 6f404d6773f04ac5a9732e707eae3058 [term 2 FOLLOWER]: Leader election vote request: Granting yes vote for candidate 50d1a309c6d142d3b5ad18437cb0b1a2 in term 2.
I20260710 11:10:02.712529 32586 catalog_manager.cc:5697] T f1f6d150e893406e8c41015c081a35e7 P fa9ac5f369834338bc8f396c3080fdc2 reported cstate change: term changed from 1 to 2, leader changed from 50d1a309c6d142d3b5ad18437cb0b1a2 (127.31.81.2) to fa9ac5f369834338bc8f396c3080fdc2 (127.31.81.1). New cstate: current_term: 2 leader_uuid: "fa9ac5f369834338bc8f396c3080fdc2" committed_config { opid_index: -1 OBSOLETE_local: false peers { permanent_uuid: "fa9ac5f369834338bc8f396c3080fdc2" member_type: VOTER last_known_addr { host: "127.31.81.1" port: 46721 } health_report { overall_health: HEALTHY } } peers { permanent_uuid: "50d1a309c6d142d3b5ad18437cb0b1a2" member_type: VOTER last_known_addr { host: "127.31.81.2" port: 41901 } health_report { overall_health: UNKNOWN } } peers { permanent_uuid: "6f404d6773f04ac5a9732e707eae3058" member_type: VOTER last_known_addr { host: "127.31.81.3" port: 40659 } health_report { overall_health: UNKNOWN } } }
I20260710 11:10:02.714416 32589 catalog_manager.cc:5697] T 0fbf0769b1be4b6cba3d7a8a5634203e P 50d1a309c6d142d3b5ad18437cb0b1a2 reported cstate change: term changed from 1 to 2, leader changed from fa9ac5f369834338bc8f396c3080fdc2 (127.31.81.1) to 50d1a309c6d142d3b5ad18437cb0b1a2 (127.31.81.2). New cstate: current_term: 2 leader_uuid: "50d1a309c6d142d3b5ad18437cb0b1a2" committed_config { opid_index: -1 OBSOLETE_local: false peers { permanent_uuid: "fa9ac5f369834338bc8f396c3080fdc2" member_type: VOTER last_known_addr { host: "127.31.81.1" port: 46721 } health_report { overall_health: UNKNOWN } } peers { permanent_uuid: "50d1a309c6d142d3b5ad18437cb0b1a2" member_type: VOTER last_known_addr { host: "127.31.81.2" port: 41901 } health_report { overall_health: HEALTHY } } peers { permanent_uuid: "6f404d6773f04ac5a9732e707eae3058" member_type: VOTER last_known_addr { host: "127.31.81.3" port: 40659 } health_report { overall_health: UNKNOWN } } }
I20260710 11:10:02.717195   450 raft_consensus.cc:993] T eac610936c2548728f27f19cf3851952 P 50d1a309c6d142d3b5ad18437cb0b1a2: : Instructing follower 6f404d6773f04ac5a9732e707eae3058 to start an election
I20260710 11:10:02.717672   450 raft_consensus.cc:1081] T eac610936c2548728f27f19cf3851952 P 50d1a309c6d142d3b5ad18437cb0b1a2 [term 1 LEADER]: Signalling peer 6f404d6773f04ac5a9732e707eae3058 to start an election
I20260710 11:10:02.719954   374 tablet_service.cc:2044] Received Run Leader Election RPC: tablet_id: "eac610936c2548728f27f19cf3851952"
dest_uuid: "6f404d6773f04ac5a9732e707eae3058"
 from {username='slave'} at 127.0.0.1:54010
I20260710 11:10:02.720556   374 raft_consensus.cc:493] T eac610936c2548728f27f19cf3851952 P 6f404d6773f04ac5a9732e707eae3058 [term 1 FOLLOWER]: Starting forced leader election (received explicit request)
I20260710 11:10:02.720952   374 raft_consensus.cc:3060] T eac610936c2548728f27f19cf3851952 P 6f404d6773f04ac5a9732e707eae3058 [term 1 FOLLOWER]: Advancing to term 2
I20260710 11:10:02.727653   374 raft_consensus.cc:515] T eac610936c2548728f27f19cf3851952 P 6f404d6773f04ac5a9732e707eae3058 [term 2 FOLLOWER]: Starting forced leader election with config: opid_index: -1 OBSOLETE_local: false peers { permanent_uuid: "fa9ac5f369834338bc8f396c3080fdc2" member_type: VOTER last_known_addr { host: "127.31.81.1" port: 46721 } } peers { permanent_uuid: "50d1a309c6d142d3b5ad18437cb0b1a2" member_type: VOTER last_known_addr { host: "127.31.81.2" port: 41901 } } peers { permanent_uuid: "6f404d6773f04ac5a9732e707eae3058" member_type: VOTER last_known_addr { host: "127.31.81.3" port: 40659 } }
I20260710 11:10:02.729704   374 leader_election.cc:290] T eac610936c2548728f27f19cf3851952 P 6f404d6773f04ac5a9732e707eae3058 [CANDIDATE]: Term 2 election: Requested vote from peers fa9ac5f369834338bc8f396c3080fdc2 (127.31.81.1:46721), 50d1a309c6d142d3b5ad18437cb0b1a2 (127.31.81.2:41901)
I20260710 11:10:02.730784   300 tablet_service.cc:1917] Received RequestConsensusVote() RPC: tablet_id: "eac610936c2548728f27f19cf3851952" candidate_uuid: "6f404d6773f04ac5a9732e707eae3058" candidate_term: 2 candidate_status { last_received { term: 1 index: 1 } } ignore_live_leader: true dest_uuid: "50d1a309c6d142d3b5ad18437cb0b1a2"
I20260710 11:10:02.731396   300 raft_consensus.cc:3055] T eac610936c2548728f27f19cf3851952 P 50d1a309c6d142d3b5ad18437cb0b1a2 [term 1 LEADER]: Stepping down as leader of term 1
I20260710 11:10:02.731887   300 raft_consensus.cc:740] T eac610936c2548728f27f19cf3851952 P 50d1a309c6d142d3b5ad18437cb0b1a2 [term 1 LEADER]: Becoming Follower/Learner. State: Replica: 50d1a309c6d142d3b5ad18437cb0b1a2, State: Running, Role: LEADER
I20260710 11:10:02.732570   300 consensus_queue.cc:260] T eac610936c2548728f27f19cf3851952 P 50d1a309c6d142d3b5ad18437cb0b1a2 [NON_LEADER]: Queue going to NON_LEADER mode. State: All replicated index: 0, Majority replicated index: 1, Committed index: 1, Last appended: 1.1, Last appended by leader: 1, Current term: 1, Majority size: -1, State: 0, Mode: NON_LEADER, active raft config: opid_index: -1 OBSOLETE_local: false peers { permanent_uuid: "fa9ac5f369834338bc8f396c3080fdc2" member_type: VOTER last_known_addr { host: "127.31.81.1" port: 46721 } } peers { permanent_uuid: "50d1a309c6d142d3b5ad18437cb0b1a2" member_type: VOTER last_known_addr { host: "127.31.81.2" port: 41901 } } peers { permanent_uuid: "6f404d6773f04ac5a9732e707eae3058" member_type: VOTER last_known_addr { host: "127.31.81.3" port: 40659 } }
I20260710 11:10:02.733485   300 raft_consensus.cc:3060] T eac610936c2548728f27f19cf3851952 P 50d1a309c6d142d3b5ad18437cb0b1a2 [term 1 FOLLOWER]: Advancing to term 2
I20260710 11:10:02.736617 32690 tablet_service.cc:1917] Received RequestConsensusVote() RPC: tablet_id: "eac610936c2548728f27f19cf3851952" candidate_uuid: "6f404d6773f04ac5a9732e707eae3058" candidate_term: 2 candidate_status { last_received { term: 1 index: 1 } } ignore_live_leader: true dest_uuid: "fa9ac5f369834338bc8f396c3080fdc2"
I20260710 11:10:02.737255 32690 raft_consensus.cc:3060] T eac610936c2548728f27f19cf3851952 P fa9ac5f369834338bc8f396c3080fdc2 [term 1 FOLLOWER]: Advancing to term 2
I20260710 11:10:02.738826   300 raft_consensus.cc:2468] T eac610936c2548728f27f19cf3851952 P 50d1a309c6d142d3b5ad18437cb0b1a2 [term 2 FOLLOWER]: Leader election vote request: Granting yes vote for candidate 6f404d6773f04ac5a9732e707eae3058 in term 2.
I20260710 11:10:02.740183   338 leader_election.cc:304] T eac610936c2548728f27f19cf3851952 P 6f404d6773f04ac5a9732e707eae3058 [CANDIDATE]: Term 2 election: Election decided. Result: candidate won. Election summary: received 2 responses out of 3 voters: 2 yes votes; 0 no votes. yes voters: 50d1a309c6d142d3b5ad18437cb0b1a2, 6f404d6773f04ac5a9732e707eae3058; no voters: 
I20260710 11:10:02.740908   423 raft_consensus.cc:2804] T eac610936c2548728f27f19cf3851952 P 6f404d6773f04ac5a9732e707eae3058 [term 2 FOLLOWER]: Leader election won for term 2
I20260710 11:10:02.741354   423 raft_consensus.cc:697] T eac610936c2548728f27f19cf3851952 P 6f404d6773f04ac5a9732e707eae3058 [term 2 LEADER]: Becoming Leader. State: Replica: 6f404d6773f04ac5a9732e707eae3058, State: Running, Role: LEADER
I20260710 11:10:02.742072   423 consensus_queue.cc:237] T eac610936c2548728f27f19cf3851952 P 6f404d6773f04ac5a9732e707eae3058 [LEADER]: Queue going to LEADER mode. State: All replicated index: 0, Majority replicated index: 1, Committed index: 1, Last appended: 1.1, Last appended by leader: 1, Current term: 2, Majority size: 2, State: 0, Mode: LEADER, active raft config: opid_index: -1 OBSOLETE_local: false peers { permanent_uuid: "fa9ac5f369834338bc8f396c3080fdc2" member_type: VOTER last_known_addr { host: "127.31.81.1" port: 46721 } } peers { permanent_uuid: "50d1a309c6d142d3b5ad18437cb0b1a2" member_type: VOTER last_known_addr { host: "127.31.81.2" port: 41901 } } peers { permanent_uuid: "6f404d6773f04ac5a9732e707eae3058" member_type: VOTER last_known_addr { host: "127.31.81.3" port: 40659 } }
I20260710 11:10:02.743710 32690 raft_consensus.cc:2468] T eac610936c2548728f27f19cf3851952 P fa9ac5f369834338bc8f396c3080fdc2 [term 2 FOLLOWER]: Leader election vote request: Granting yes vote for candidate 6f404d6773f04ac5a9732e707eae3058 in term 2.
I20260710 11:10:02.748848 32588 catalog_manager.cc:5697] T eac610936c2548728f27f19cf3851952 P 6f404d6773f04ac5a9732e707eae3058 reported cstate change: term changed from 1 to 2, leader changed from 50d1a309c6d142d3b5ad18437cb0b1a2 (127.31.81.2) to 6f404d6773f04ac5a9732e707eae3058 (127.31.81.3). New cstate: current_term: 2 leader_uuid: "6f404d6773f04ac5a9732e707eae3058" committed_config { opid_index: -1 OBSOLETE_local: false peers { permanent_uuid: "fa9ac5f369834338bc8f396c3080fdc2" member_type: VOTER last_known_addr { host: "127.31.81.1" port: 46721 } health_report { overall_health: UNKNOWN } } peers { permanent_uuid: "50d1a309c6d142d3b5ad18437cb0b1a2" member_type: VOTER last_known_addr { host: "127.31.81.2" port: 41901 } health_report { overall_health: UNKNOWN } } peers { permanent_uuid: "6f404d6773f04ac5a9732e707eae3058" member_type: VOTER last_known_addr { host: "127.31.81.3" port: 40659 } health_report { overall_health: HEALTHY } } }
I20260710 11:10:02.994743   300 raft_consensus.cc:1275] T a2a3e2cf841f40d7bc2a989f23179e21 P 50d1a309c6d142d3b5ad18437cb0b1a2 [term 2 FOLLOWER]: Refusing update from remote peer fa9ac5f369834338bc8f396c3080fdc2: Log matching property violated. Preceding OpId in replica: term: 1 index: 1. Preceding OpId from leader: term: 2 index: 2. (index mismatch)
I20260710 11:10:02.996209   448 consensus_queue.cc:1048] T a2a3e2cf841f40d7bc2a989f23179e21 P fa9ac5f369834338bc8f396c3080fdc2 [LEADER]: Connected to new peer: Peer: permanent_uuid: "50d1a309c6d142d3b5ad18437cb0b1a2" member_type: VOTER last_known_addr { host: "127.31.81.2" port: 41901 }, Status: LMP_MISMATCH, Last received: 0.0, Next index: 2, Last known committed idx: 1, Time since last communication: 0.000s
I20260710 11:10:03.008072   374 raft_consensus.cc:1275] T a2a3e2cf841f40d7bc2a989f23179e21 P 6f404d6773f04ac5a9732e707eae3058 [term 2 FOLLOWER]: Refusing update from remote peer fa9ac5f369834338bc8f396c3080fdc2: Log matching property violated. Preceding OpId in replica: term: 1 index: 1. Preceding OpId from leader: term: 2 index: 2. (index mismatch)
I20260710 11:10:03.009366   422 consensus_queue.cc:1048] T a2a3e2cf841f40d7bc2a989f23179e21 P fa9ac5f369834338bc8f396c3080fdc2 [LEADER]: Connected to new peer: Peer: permanent_uuid: "6f404d6773f04ac5a9732e707eae3058" member_type: VOTER last_known_addr { host: "127.31.81.3" port: 40659 }, Status: LMP_MISMATCH, Last received: 0.0, Next index: 2, Last known committed idx: 1, Time since last communication: 0.000s
I20260710 11:10:03.019534   374 raft_consensus.cc:1275] T 852a3953f4f84142bdff526f3b482a62 P 6f404d6773f04ac5a9732e707eae3058 [term 2 FOLLOWER]: Refusing update from remote peer fa9ac5f369834338bc8f396c3080fdc2: Log matching property violated. Preceding OpId in replica: term: 1 index: 1. Preceding OpId from leader: term: 2 index: 2. (index mismatch)
I20260710 11:10:03.020764   422 consensus_queue.cc:1048] T 852a3953f4f84142bdff526f3b482a62 P fa9ac5f369834338bc8f396c3080fdc2 [LEADER]: Connected to new peer: Peer: permanent_uuid: "6f404d6773f04ac5a9732e707eae3058" member_type: VOTER last_known_addr { host: "127.31.81.3" port: 40659 }, Status: LMP_MISMATCH, Last received: 0.0, Next index: 2, Last known committed idx: 1, Time since last communication: 0.000s
I20260710 11:10:03.027711   300 raft_consensus.cc:1275] T 852a3953f4f84142bdff526f3b482a62 P 50d1a309c6d142d3b5ad18437cb0b1a2 [term 2 FOLLOWER]: Refusing update from remote peer fa9ac5f369834338bc8f396c3080fdc2: Log matching property violated. Preceding OpId in replica: term: 1 index: 1. Preceding OpId from leader: term: 2 index: 2. (index mismatch)
I20260710 11:10:03.029210   448 consensus_queue.cc:1048] T 852a3953f4f84142bdff526f3b482a62 P fa9ac5f369834338bc8f396c3080fdc2 [LEADER]: Connected to new peer: Peer: permanent_uuid: "50d1a309c6d142d3b5ad18437cb0b1a2" member_type: VOTER last_known_addr { host: "127.31.81.2" port: 41901 }, Status: LMP_MISMATCH, Last received: 0.0, Next index: 2, Last known committed idx: 1, Time since last communication: 0.000s
I20260710 11:10:03.047837 32690 raft_consensus.cc:1275] T 58f7e2e6fb414242921343d70e8a27e9 P fa9ac5f369834338bc8f396c3080fdc2 [term 2 FOLLOWER]: Refusing update from remote peer 50d1a309c6d142d3b5ad18437cb0b1a2: Log matching property violated. Preceding OpId in replica: term: 1 index: 1. Preceding OpId from leader: term: 2 index: 2. (index mismatch)
I20260710 11:10:03.049171   450 consensus_queue.cc:1048] T 58f7e2e6fb414242921343d70e8a27e9 P 50d1a309c6d142d3b5ad18437cb0b1a2 [LEADER]: Connected to new peer: Peer: permanent_uuid: "fa9ac5f369834338bc8f396c3080fdc2" member_type: VOTER last_known_addr { host: "127.31.81.1" port: 46721 }, Status: LMP_MISMATCH, Last received: 0.0, Next index: 2, Last known committed idx: 1, Time since last communication: 0.000s
I20260710 11:10:03.057958   374 raft_consensus.cc:1275] T 58f7e2e6fb414242921343d70e8a27e9 P 6f404d6773f04ac5a9732e707eae3058 [term 2 FOLLOWER]: Refusing update from remote peer 50d1a309c6d142d3b5ad18437cb0b1a2: Log matching property violated. Preceding OpId in replica: term: 1 index: 1. Preceding OpId from leader: term: 2 index: 2. (index mismatch)
I20260710 11:10:03.059892   455 consensus_queue.cc:1048] T 58f7e2e6fb414242921343d70e8a27e9 P 50d1a309c6d142d3b5ad18437cb0b1a2 [LEADER]: Connected to new peer: Peer: permanent_uuid: "6f404d6773f04ac5a9732e707eae3058" member_type: VOTER last_known_addr { host: "127.31.81.3" port: 40659 }, Status: LMP_MISMATCH, Last received: 0.0, Next index: 2, Last known committed idx: 1, Time since last communication: 0.000s
I20260710 11:10:03.075230   374 raft_consensus.cc:1275] T 5c7539286dbc484a926bf20128e8df2a P 6f404d6773f04ac5a9732e707eae3058 [term 2 FOLLOWER]: Refusing update from remote peer fa9ac5f369834338bc8f396c3080fdc2: Log matching property violated. Preceding OpId in replica: term: 1 index: 1. Preceding OpId from leader: term: 2 index: 2. (index mismatch)
I20260710 11:10:03.076700   448 consensus_queue.cc:1048] T 5c7539286dbc484a926bf20128e8df2a P fa9ac5f369834338bc8f396c3080fdc2 [LEADER]: Connected to new peer: Peer: permanent_uuid: "6f404d6773f04ac5a9732e707eae3058" member_type: VOTER last_known_addr { host: "127.31.81.3" port: 40659 }, Status: LMP_MISMATCH, Last received: 0.0, Next index: 2, Last known committed idx: 1, Time since last communication: 0.000s
I20260710 11:10:03.085593   300 raft_consensus.cc:1275] T 5c7539286dbc484a926bf20128e8df2a P 50d1a309c6d142d3b5ad18437cb0b1a2 [term 2 FOLLOWER]: Refusing update from remote peer fa9ac5f369834338bc8f396c3080fdc2: Log matching property violated. Preceding OpId in replica: term: 1 index: 1. Preceding OpId from leader: term: 2 index: 2. (index mismatch)
I20260710 11:10:03.087270   422 consensus_queue.cc:1048] T 5c7539286dbc484a926bf20128e8df2a P fa9ac5f369834338bc8f396c3080fdc2 [LEADER]: Connected to new peer: Peer: permanent_uuid: "50d1a309c6d142d3b5ad18437cb0b1a2" member_type: VOTER last_known_addr { host: "127.31.81.2" port: 41901 }, Status: LMP_MISMATCH, Last received: 0.0, Next index: 2, Last known committed idx: 1, Time since last communication: 0.000s
I20260710 11:10:03.146570   300 raft_consensus.cc:1275] T f1f6d150e893406e8c41015c081a35e7 P 50d1a309c6d142d3b5ad18437cb0b1a2 [term 2 FOLLOWER]: Refusing update from remote peer fa9ac5f369834338bc8f396c3080fdc2: Log matching property violated. Preceding OpId in replica: term: 1 index: 1. Preceding OpId from leader: term: 2 index: 2. (index mismatch)
I20260710 11:10:03.147925   422 consensus_queue.cc:1048] T f1f6d150e893406e8c41015c081a35e7 P fa9ac5f369834338bc8f396c3080fdc2 [LEADER]: Connected to new peer: Peer: permanent_uuid: "50d1a309c6d142d3b5ad18437cb0b1a2" member_type: VOTER last_known_addr { host: "127.31.81.2" port: 41901 }, Status: LMP_MISMATCH, Last received: 0.0, Next index: 2, Last known committed idx: 1, Time since last communication: 0.000s
I20260710 11:10:03.156648   374 raft_consensus.cc:3060] T f1f6d150e893406e8c41015c081a35e7 P 6f404d6773f04ac5a9732e707eae3058 [term 1 FOLLOWER]: Advancing to term 2
I20260710 11:10:03.164983   374 raft_consensus.cc:1275] T f1f6d150e893406e8c41015c081a35e7 P 6f404d6773f04ac5a9732e707eae3058 [term 2 FOLLOWER]: Refusing update from remote peer fa9ac5f369834338bc8f396c3080fdc2: Log matching property violated. Preceding OpId in replica: term: 1 index: 1. Preceding OpId from leader: term: 2 index: 2. (index mismatch)
I20260710 11:10:03.166366   448 consensus_queue.cc:1048] T f1f6d150e893406e8c41015c081a35e7 P fa9ac5f369834338bc8f396c3080fdc2 [LEADER]: Connected to new peer: Peer: permanent_uuid: "6f404d6773f04ac5a9732e707eae3058" member_type: VOTER last_known_addr { host: "127.31.81.3" port: 40659 }, Status: LMP_MISMATCH, Last received: 0.0, Next index: 2, Last known committed idx: 1, Time since last communication: 0.000s
I20260710 11:10:03.244114 32690 raft_consensus.cc:1275] T 0fbf0769b1be4b6cba3d7a8a5634203e P fa9ac5f369834338bc8f396c3080fdc2 [term 2 FOLLOWER]: Refusing update from remote peer 50d1a309c6d142d3b5ad18437cb0b1a2: Log matching property violated. Preceding OpId in replica: term: 1 index: 1. Preceding OpId from leader: term: 2 index: 2. (index mismatch)
I20260710 11:10:03.245348   451 consensus_queue.cc:1048] T 0fbf0769b1be4b6cba3d7a8a5634203e P 50d1a309c6d142d3b5ad18437cb0b1a2 [LEADER]: Connected to new peer: Peer: permanent_uuid: "fa9ac5f369834338bc8f396c3080fdc2" member_type: VOTER last_known_addr { host: "127.31.81.1" port: 46721 }, Status: LMP_MISMATCH, Last received: 0.0, Next index: 2, Last known committed idx: 1, Time since last communication: 0.000s
I20260710 11:10:03.253271   374 raft_consensus.cc:1275] T 0fbf0769b1be4b6cba3d7a8a5634203e P 6f404d6773f04ac5a9732e707eae3058 [term 2 FOLLOWER]: Refusing update from remote peer 50d1a309c6d142d3b5ad18437cb0b1a2: Log matching property violated. Preceding OpId in replica: term: 1 index: 1. Preceding OpId from leader: term: 2 index: 2. (index mismatch)
I20260710 11:10:03.255707   417 consensus_queue.cc:1048] T 0fbf0769b1be4b6cba3d7a8a5634203e P 50d1a309c6d142d3b5ad18437cb0b1a2 [LEADER]: Connected to new peer: Peer: permanent_uuid: "6f404d6773f04ac5a9732e707eae3058" member_type: VOTER last_known_addr { host: "127.31.81.3" port: 40659 }, Status: LMP_MISMATCH, Last received: 0.0, Next index: 2, Last known committed idx: 1, Time since last communication: 0.000s
I20260710 11:10:03.273729 32690 raft_consensus.cc:1275] T eac610936c2548728f27f19cf3851952 P fa9ac5f369834338bc8f396c3080fdc2 [term 2 FOLLOWER]: Refusing update from remote peer 6f404d6773f04ac5a9732e707eae3058: Log matching property violated. Preceding OpId in replica: term: 1 index: 1. Preceding OpId from leader: term: 2 index: 2. (index mismatch)
I20260710 11:10:03.275167   423 consensus_queue.cc:1048] T eac610936c2548728f27f19cf3851952 P 6f404d6773f04ac5a9732e707eae3058 [LEADER]: Connected to new peer: Peer: permanent_uuid: "fa9ac5f369834338bc8f396c3080fdc2" member_type: VOTER last_known_addr { host: "127.31.81.1" port: 46721 }, Status: LMP_MISMATCH, Last received: 0.0, Next index: 2, Last known committed idx: 1, Time since last communication: 0.000s
I20260710 11:10:03.283771   300 raft_consensus.cc:1275] T eac610936c2548728f27f19cf3851952 P 50d1a309c6d142d3b5ad18437cb0b1a2 [term 2 FOLLOWER]: Refusing update from remote peer 6f404d6773f04ac5a9732e707eae3058: Log matching property violated. Preceding OpId in replica: term: 1 index: 1. Preceding OpId from leader: term: 2 index: 2. (index mismatch)
I20260710 11:10:03.285599   508 consensus_queue.cc:1048] T eac610936c2548728f27f19cf3851952 P 6f404d6773f04ac5a9732e707eae3058 [LEADER]: Connected to new peer: Peer: permanent_uuid: "50d1a309c6d142d3b5ad18437cb0b1a2" member_type: VOTER last_known_addr { host: "127.31.81.2" port: 41901 }, Status: LMP_MISMATCH, Last received: 0.0, Next index: 2, Last known committed idx: 1, Time since last communication: 0.000s
I20260710 11:10:05.503047 32068 auto_leader_rebalancer-test.cc:348] The leader distribution is 
I20260710 11:10:05.503979 32068 auto_leader_rebalancer.cc:141] leader rebalance for table test-workload
I20260710 11:10:05.521795 32690 tablet_service.cc:2072] Received LeaderStepDown RPC: tablet_id: "852a3953f4f84142bdff526f3b482a62"
dest_uuid: "fa9ac5f369834338bc8f396c3080fdc2"
mode: GRACEFUL
new_leader_uuid: "6f404d6773f04ac5a9732e707eae3058"
 from {username='slave'} at 127.0.0.1:40826
I20260710 11:10:05.522478 32690 raft_consensus.cc:606] T 852a3953f4f84142bdff526f3b482a62 P fa9ac5f369834338bc8f396c3080fdc2 [term 2 LEADER]: Received request to transfer leadership to TS 6f404d6773f04ac5a9732e707eae3058
I20260710 11:10:05.525199 32690 tablet_service.cc:2072] Received LeaderStepDown RPC: tablet_id: "f1f6d150e893406e8c41015c081a35e7"
dest_uuid: "fa9ac5f369834338bc8f396c3080fdc2"
mode: GRACEFUL
new_leader_uuid: "6f404d6773f04ac5a9732e707eae3058"
 from {username='slave'} at 127.0.0.1:40826
I20260710 11:10:05.525655 32690 raft_consensus.cc:606] T f1f6d150e893406e8c41015c081a35e7 P fa9ac5f369834338bc8f396c3080fdc2 [term 2 LEADER]: Received request to transfer leadership to TS 6f404d6773f04ac5a9732e707eae3058
I20260710 11:10:05.526830 32068 auto_leader_rebalancer.cc:452] table: test-workload, leader rebalance finish, leader transfer count: 2
I20260710 11:10:05.527221 32068 auto_leader_rebalancer.cc:527] All tables' leader rebalancing finished this round
I20260710 11:10:05.549331   448 raft_consensus.cc:993] T 852a3953f4f84142bdff526f3b482a62 P fa9ac5f369834338bc8f396c3080fdc2: : Instructing follower 6f404d6773f04ac5a9732e707eae3058 to start an election
I20260710 11:10:05.549794   510 raft_consensus.cc:1081] T 852a3953f4f84142bdff526f3b482a62 P fa9ac5f369834338bc8f396c3080fdc2 [term 2 LEADER]: Signalling peer 6f404d6773f04ac5a9732e707eae3058 to start an election
I20260710 11:10:05.551498   370 tablet_service.cc:2044] Received Run Leader Election RPC: tablet_id: "852a3953f4f84142bdff526f3b482a62"
dest_uuid: "6f404d6773f04ac5a9732e707eae3058"
 from {username='slave'} at 127.0.0.1:53994
I20260710 11:10:05.552109   370 raft_consensus.cc:493] T 852a3953f4f84142bdff526f3b482a62 P 6f404d6773f04ac5a9732e707eae3058 [term 2 FOLLOWER]: Starting forced leader election (received explicit request)
I20260710 11:10:05.552446   370 raft_consensus.cc:3060] T 852a3953f4f84142bdff526f3b482a62 P 6f404d6773f04ac5a9732e707eae3058 [term 2 FOLLOWER]: Advancing to term 3
I20260710 11:10:05.557710   370 raft_consensus.cc:515] T 852a3953f4f84142bdff526f3b482a62 P 6f404d6773f04ac5a9732e707eae3058 [term 3 FOLLOWER]: Starting forced leader election with config: opid_index: -1 OBSOLETE_local: false peers { permanent_uuid: "fa9ac5f369834338bc8f396c3080fdc2" member_type: VOTER last_known_addr { host: "127.31.81.1" port: 46721 } } peers { permanent_uuid: "50d1a309c6d142d3b5ad18437cb0b1a2" member_type: VOTER last_known_addr { host: "127.31.81.2" port: 41901 } } peers { permanent_uuid: "6f404d6773f04ac5a9732e707eae3058" member_type: VOTER last_known_addr { host: "127.31.81.3" port: 40659 } }
I20260710 11:10:05.559615   370 leader_election.cc:290] T 852a3953f4f84142bdff526f3b482a62 P 6f404d6773f04ac5a9732e707eae3058 [CANDIDATE]: Term 3 election: Requested vote from peers fa9ac5f369834338bc8f396c3080fdc2 (127.31.81.1:46721), 50d1a309c6d142d3b5ad18437cb0b1a2 (127.31.81.2:41901)
I20260710 11:10:05.560456 32690 tablet_service.cc:1917] Received RequestConsensusVote() RPC: tablet_id: "852a3953f4f84142bdff526f3b482a62" candidate_uuid: "6f404d6773f04ac5a9732e707eae3058" candidate_term: 3 candidate_status { last_received { term: 2 index: 2 } } ignore_live_leader: true dest_uuid: "fa9ac5f369834338bc8f396c3080fdc2"
I20260710 11:10:05.560869   300 tablet_service.cc:1917] Received RequestConsensusVote() RPC: tablet_id: "852a3953f4f84142bdff526f3b482a62" candidate_uuid: "6f404d6773f04ac5a9732e707eae3058" candidate_term: 3 candidate_status { last_received { term: 2 index: 2 } } ignore_live_leader: true dest_uuid: "50d1a309c6d142d3b5ad18437cb0b1a2"
I20260710 11:10:05.561023 32690 raft_consensus.cc:3055] T 852a3953f4f84142bdff526f3b482a62 P fa9ac5f369834338bc8f396c3080fdc2 [term 2 LEADER]: Stepping down as leader of term 2
I20260710 11:10:05.561416 32690 raft_consensus.cc:740] T 852a3953f4f84142bdff526f3b482a62 P fa9ac5f369834338bc8f396c3080fdc2 [term 2 LEADER]: Becoming Follower/Learner. State: Replica: fa9ac5f369834338bc8f396c3080fdc2, State: Running, Role: LEADER
I20260710 11:10:05.561457   300 raft_consensus.cc:3060] T 852a3953f4f84142bdff526f3b482a62 P 50d1a309c6d142d3b5ad18437cb0b1a2 [term 2 FOLLOWER]: Advancing to term 3
I20260710 11:10:05.562139 32690 consensus_queue.cc:260] T 852a3953f4f84142bdff526f3b482a62 P fa9ac5f369834338bc8f396c3080fdc2 [NON_LEADER]: Queue going to NON_LEADER mode. State: All replicated index: 0, Majority replicated index: 2, Committed index: 2, Last appended: 2.2, Last appended by leader: 2, Current term: 2, Majority size: -1, State: 0, Mode: NON_LEADER, active raft config: opid_index: -1 OBSOLETE_local: false peers { permanent_uuid: "fa9ac5f369834338bc8f396c3080fdc2" member_type: VOTER last_known_addr { host: "127.31.81.1" port: 46721 } } peers { permanent_uuid: "50d1a309c6d142d3b5ad18437cb0b1a2" member_type: VOTER last_known_addr { host: "127.31.81.2" port: 41901 } } peers { permanent_uuid: "6f404d6773f04ac5a9732e707eae3058" member_type: VOTER last_known_addr { host: "127.31.81.3" port: 40659 } }
I20260710 11:10:05.563036 32690 raft_consensus.cc:3060] T 852a3953f4f84142bdff526f3b482a62 P fa9ac5f369834338bc8f396c3080fdc2 [term 2 FOLLOWER]: Advancing to term 3
I20260710 11:10:05.566551   300 raft_consensus.cc:2468] T 852a3953f4f84142bdff526f3b482a62 P 50d1a309c6d142d3b5ad18437cb0b1a2 [term 3 FOLLOWER]: Leader election vote request: Granting yes vote for candidate 6f404d6773f04ac5a9732e707eae3058 in term 3.
I20260710 11:10:05.567477 32690 raft_consensus.cc:2468] T 852a3953f4f84142bdff526f3b482a62 P fa9ac5f369834338bc8f396c3080fdc2 [term 3 FOLLOWER]: Leader election vote request: Granting yes vote for candidate 6f404d6773f04ac5a9732e707eae3058 in term 3.
I20260710 11:10:05.567746   338 leader_election.cc:304] T 852a3953f4f84142bdff526f3b482a62 P 6f404d6773f04ac5a9732e707eae3058 [CANDIDATE]: Term 3 election: Election decided. Result: candidate won. Election summary: received 2 responses out of 3 voters: 2 yes votes; 0 no votes. yes voters: 50d1a309c6d142d3b5ad18437cb0b1a2, 6f404d6773f04ac5a9732e707eae3058; no voters: 
I20260710 11:10:05.568651   508 raft_consensus.cc:2804] T 852a3953f4f84142bdff526f3b482a62 P 6f404d6773f04ac5a9732e707eae3058 [term 3 FOLLOWER]: Leader election won for term 3
I20260710 11:10:05.569655   508 raft_consensus.cc:697] T 852a3953f4f84142bdff526f3b482a62 P 6f404d6773f04ac5a9732e707eae3058 [term 3 LEADER]: Becoming Leader. State: Replica: 6f404d6773f04ac5a9732e707eae3058, State: Running, Role: LEADER
I20260710 11:10:05.570377   508 consensus_queue.cc:237] T 852a3953f4f84142bdff526f3b482a62 P 6f404d6773f04ac5a9732e707eae3058 [LEADER]: Queue going to LEADER mode. State: All replicated index: 0, Majority replicated index: 2, Committed index: 2, Last appended: 2.2, Last appended by leader: 2, Current term: 3, Majority size: 2, State: 0, Mode: LEADER, active raft config: opid_index: -1 OBSOLETE_local: false peers { permanent_uuid: "fa9ac5f369834338bc8f396c3080fdc2" member_type: VOTER last_known_addr { host: "127.31.81.1" port: 46721 } } peers { permanent_uuid: "50d1a309c6d142d3b5ad18437cb0b1a2" member_type: VOTER last_known_addr { host: "127.31.81.2" port: 41901 } } peers { permanent_uuid: "6f404d6773f04ac5a9732e707eae3058" member_type: VOTER last_known_addr { host: "127.31.81.3" port: 40659 } }
I20260710 11:10:05.578328 32588 catalog_manager.cc:5697] T 852a3953f4f84142bdff526f3b482a62 P 6f404d6773f04ac5a9732e707eae3058 reported cstate change: term changed from 2 to 3, leader changed from fa9ac5f369834338bc8f396c3080fdc2 (127.31.81.1) to 6f404d6773f04ac5a9732e707eae3058 (127.31.81.3). New cstate: current_term: 3 leader_uuid: "6f404d6773f04ac5a9732e707eae3058" committed_config { opid_index: -1 OBSOLETE_local: false peers { permanent_uuid: "fa9ac5f369834338bc8f396c3080fdc2" member_type: VOTER last_known_addr { host: "127.31.81.1" port: 46721 } health_report { overall_health: UNKNOWN } } peers { permanent_uuid: "50d1a309c6d142d3b5ad18437cb0b1a2" member_type: VOTER last_known_addr { host: "127.31.81.2" port: 41901 } health_report { overall_health: UNKNOWN } } peers { permanent_uuid: "6f404d6773f04ac5a9732e707eae3058" member_type: VOTER last_known_addr { host: "127.31.81.3" port: 40659 } health_report { overall_health: HEALTHY } } }
I20260710 11:10:05.657913   448 raft_consensus.cc:993] T f1f6d150e893406e8c41015c081a35e7 P fa9ac5f369834338bc8f396c3080fdc2: : Instructing follower 6f404d6773f04ac5a9732e707eae3058 to start an election
I20260710 11:10:05.658387   510 raft_consensus.cc:1081] T f1f6d150e893406e8c41015c081a35e7 P fa9ac5f369834338bc8f396c3080fdc2 [term 2 LEADER]: Signalling peer 6f404d6773f04ac5a9732e707eae3058 to start an election
I20260710 11:10:05.659888   370 tablet_service.cc:2044] Received Run Leader Election RPC: tablet_id: "f1f6d150e893406e8c41015c081a35e7"
dest_uuid: "6f404d6773f04ac5a9732e707eae3058"
 from {username='slave'} at 127.0.0.1:53994
I20260710 11:10:05.660429   370 raft_consensus.cc:493] T f1f6d150e893406e8c41015c081a35e7 P 6f404d6773f04ac5a9732e707eae3058 [term 2 FOLLOWER]: Starting forced leader election (received explicit request)
I20260710 11:10:05.660804   370 raft_consensus.cc:3060] T f1f6d150e893406e8c41015c081a35e7 P 6f404d6773f04ac5a9732e707eae3058 [term 2 FOLLOWER]: Advancing to term 3
I20260710 11:10:05.665802   370 raft_consensus.cc:515] T f1f6d150e893406e8c41015c081a35e7 P 6f404d6773f04ac5a9732e707eae3058 [term 3 FOLLOWER]: Starting forced leader election with config: opid_index: -1 OBSOLETE_local: false peers { permanent_uuid: "fa9ac5f369834338bc8f396c3080fdc2" member_type: VOTER last_known_addr { host: "127.31.81.1" port: 46721 } } peers { permanent_uuid: "50d1a309c6d142d3b5ad18437cb0b1a2" member_type: VOTER last_known_addr { host: "127.31.81.2" port: 41901 } } peers { permanent_uuid: "6f404d6773f04ac5a9732e707eae3058" member_type: VOTER last_known_addr { host: "127.31.81.3" port: 40659 } }
I20260710 11:10:05.667436   370 leader_election.cc:290] T f1f6d150e893406e8c41015c081a35e7 P 6f404d6773f04ac5a9732e707eae3058 [CANDIDATE]: Term 3 election: Requested vote from peers fa9ac5f369834338bc8f396c3080fdc2 (127.31.81.1:46721), 50d1a309c6d142d3b5ad18437cb0b1a2 (127.31.81.2:41901)
I20260710 11:10:05.668524 32690 tablet_service.cc:1917] Received RequestConsensusVote() RPC: tablet_id: "f1f6d150e893406e8c41015c081a35e7" candidate_uuid: "6f404d6773f04ac5a9732e707eae3058" candidate_term: 3 candidate_status { last_received { term: 2 index: 2 } } ignore_live_leader: true dest_uuid: "fa9ac5f369834338bc8f396c3080fdc2"
I20260710 11:10:05.668813   300 tablet_service.cc:1917] Received RequestConsensusVote() RPC: tablet_id: "f1f6d150e893406e8c41015c081a35e7" candidate_uuid: "6f404d6773f04ac5a9732e707eae3058" candidate_term: 3 candidate_status { last_received { term: 2 index: 2 } } ignore_live_leader: true dest_uuid: "50d1a309c6d142d3b5ad18437cb0b1a2"
I20260710 11:10:05.669091 32690 raft_consensus.cc:3055] T f1f6d150e893406e8c41015c081a35e7 P fa9ac5f369834338bc8f396c3080fdc2 [term 2 LEADER]: Stepping down as leader of term 2
I20260710 11:10:05.669346   300 raft_consensus.cc:3060] T f1f6d150e893406e8c41015c081a35e7 P 50d1a309c6d142d3b5ad18437cb0b1a2 [term 2 FOLLOWER]: Advancing to term 3
I20260710 11:10:05.669442 32690 raft_consensus.cc:740] T f1f6d150e893406e8c41015c081a35e7 P fa9ac5f369834338bc8f396c3080fdc2 [term 2 LEADER]: Becoming Follower/Learner. State: Replica: fa9ac5f369834338bc8f396c3080fdc2, State: Running, Role: LEADER
I20260710 11:10:05.670279 32690 consensus_queue.cc:260] T f1f6d150e893406e8c41015c081a35e7 P fa9ac5f369834338bc8f396c3080fdc2 [NON_LEADER]: Queue going to NON_LEADER mode. State: All replicated index: 0, Majority replicated index: 2, Committed index: 2, Last appended: 2.2, Last appended by leader: 2, Current term: 2, Majority size: -1, State: 0, Mode: NON_LEADER, active raft config: opid_index: -1 OBSOLETE_local: false peers { permanent_uuid: "fa9ac5f369834338bc8f396c3080fdc2" member_type: VOTER last_known_addr { host: "127.31.81.1" port: 46721 } } peers { permanent_uuid: "50d1a309c6d142d3b5ad18437cb0b1a2" member_type: VOTER last_known_addr { host: "127.31.81.2" port: 41901 } } peers { permanent_uuid: "6f404d6773f04ac5a9732e707eae3058" member_type: VOTER last_known_addr { host: "127.31.81.3" port: 40659 } }
I20260710 11:10:05.671255 32690 raft_consensus.cc:3060] T f1f6d150e893406e8c41015c081a35e7 P fa9ac5f369834338bc8f396c3080fdc2 [term 2 FOLLOWER]: Advancing to term 3
I20260710 11:10:05.675664   300 raft_consensus.cc:2468] T f1f6d150e893406e8c41015c081a35e7 P 50d1a309c6d142d3b5ad18437cb0b1a2 [term 3 FOLLOWER]: Leader election vote request: Granting yes vote for candidate 6f404d6773f04ac5a9732e707eae3058 in term 3.
I20260710 11:10:05.677022   338 leader_election.cc:304] T f1f6d150e893406e8c41015c081a35e7 P 6f404d6773f04ac5a9732e707eae3058 [CANDIDATE]: Term 3 election: Election decided. Result: candidate won. Election summary: received 2 responses out of 3 voters: 2 yes votes; 0 no votes. yes voters: 50d1a309c6d142d3b5ad18437cb0b1a2, 6f404d6773f04ac5a9732e707eae3058; no voters: 
I20260710 11:10:05.677923   508 raft_consensus.cc:2804] T f1f6d150e893406e8c41015c081a35e7 P 6f404d6773f04ac5a9732e707eae3058 [term 3 FOLLOWER]: Leader election won for term 3
I20260710 11:10:05.678413   508 raft_consensus.cc:697] T f1f6d150e893406e8c41015c081a35e7 P 6f404d6773f04ac5a9732e707eae3058 [term 3 LEADER]: Becoming Leader. State: Replica: 6f404d6773f04ac5a9732e707eae3058, State: Running, Role: LEADER
I20260710 11:10:05.679210   508 consensus_queue.cc:237] T f1f6d150e893406e8c41015c081a35e7 P 6f404d6773f04ac5a9732e707eae3058 [LEADER]: Queue going to LEADER mode. State: All replicated index: 0, Majority replicated index: 2, Committed index: 2, Last appended: 2.2, Last appended by leader: 2, Current term: 3, Majority size: 2, State: 0, Mode: LEADER, active raft config: opid_index: -1 OBSOLETE_local: false peers { permanent_uuid: "fa9ac5f369834338bc8f396c3080fdc2" member_type: VOTER last_known_addr { host: "127.31.81.1" port: 46721 } } peers { permanent_uuid: "50d1a309c6d142d3b5ad18437cb0b1a2" member_type: VOTER last_known_addr { host: "127.31.81.2" port: 41901 } } peers { permanent_uuid: "6f404d6773f04ac5a9732e707eae3058" member_type: VOTER last_known_addr { host: "127.31.81.3" port: 40659 } }
I20260710 11:10:05.679977 32690 raft_consensus.cc:2468] T f1f6d150e893406e8c41015c081a35e7 P fa9ac5f369834338bc8f396c3080fdc2 [term 3 FOLLOWER]: Leader election vote request: Granting yes vote for candidate 6f404d6773f04ac5a9732e707eae3058 in term 3.
I20260710 11:10:05.687700 32588 catalog_manager.cc:5697] T f1f6d150e893406e8c41015c081a35e7 P 6f404d6773f04ac5a9732e707eae3058 reported cstate change: term changed from 2 to 3, leader changed from fa9ac5f369834338bc8f396c3080fdc2 (127.31.81.1) to 6f404d6773f04ac5a9732e707eae3058 (127.31.81.3). New cstate: current_term: 3 leader_uuid: "6f404d6773f04ac5a9732e707eae3058" committed_config { opid_index: -1 OBSOLETE_local: false peers { permanent_uuid: "fa9ac5f369834338bc8f396c3080fdc2" member_type: VOTER last_known_addr { host: "127.31.81.1" port: 46721 } health_report { overall_health: UNKNOWN } } peers { permanent_uuid: "50d1a309c6d142d3b5ad18437cb0b1a2" member_type: VOTER last_known_addr { host: "127.31.81.2" port: 41901 } health_report { overall_health: UNKNOWN } } peers { permanent_uuid: "6f404d6773f04ac5a9732e707eae3058" member_type: VOTER last_known_addr { host: "127.31.81.3" port: 40659 } health_report { overall_health: HEALTHY } } }
I20260710 11:10:06.033936   300 raft_consensus.cc:1275] T 852a3953f4f84142bdff526f3b482a62 P 50d1a309c6d142d3b5ad18437cb0b1a2 [term 3 FOLLOWER]: Refusing update from remote peer 6f404d6773f04ac5a9732e707eae3058: Log matching property violated. Preceding OpId in replica: term: 2 index: 2. Preceding OpId from leader: term: 3 index: 3. (index mismatch)
I20260710 11:10:06.035193   508 consensus_queue.cc:1048] T 852a3953f4f84142bdff526f3b482a62 P 6f404d6773f04ac5a9732e707eae3058 [LEADER]: Connected to new peer: Peer: permanent_uuid: "50d1a309c6d142d3b5ad18437cb0b1a2" member_type: VOTER last_known_addr { host: "127.31.81.2" port: 41901 }, Status: LMP_MISMATCH, Last received: 0.0, Next index: 3, Last known committed idx: 2, Time since last communication: 0.000s
I20260710 11:10:06.045754 32692 raft_consensus.cc:1275] T 852a3953f4f84142bdff526f3b482a62 P fa9ac5f369834338bc8f396c3080fdc2 [term 3 FOLLOWER]: Refusing update from remote peer 6f404d6773f04ac5a9732e707eae3058: Log matching property violated. Preceding OpId in replica: term: 2 index: 2. Preceding OpId from leader: term: 3 index: 3. (index mismatch)
I20260710 11:10:06.047379   508 consensus_queue.cc:1048] T 852a3953f4f84142bdff526f3b482a62 P 6f404d6773f04ac5a9732e707eae3058 [LEADER]: Connected to new peer: Peer: permanent_uuid: "fa9ac5f369834338bc8f396c3080fdc2" member_type: VOTER last_known_addr { host: "127.31.81.1" port: 46721 }, Status: LMP_MISMATCH, Last received: 0.0, Next index: 3, Last known committed idx: 2, Time since last communication: 0.000s
I20260710 11:10:06.061970 32692 raft_consensus.cc:1275] T f1f6d150e893406e8c41015c081a35e7 P fa9ac5f369834338bc8f396c3080fdc2 [term 3 FOLLOWER]: Refusing update from remote peer 6f404d6773f04ac5a9732e707eae3058: Log matching property violated. Preceding OpId in replica: term: 2 index: 2. Preceding OpId from leader: term: 3 index: 3. (index mismatch)
I20260710 11:10:06.063413   508 consensus_queue.cc:1048] T f1f6d150e893406e8c41015c081a35e7 P 6f404d6773f04ac5a9732e707eae3058 [LEADER]: Connected to new peer: Peer: permanent_uuid: "fa9ac5f369834338bc8f396c3080fdc2" member_type: VOTER last_known_addr { host: "127.31.81.1" port: 46721 }, Status: LMP_MISMATCH, Last received: 0.0, Next index: 3, Last known committed idx: 2, Time since last communication: 0.000s
I20260710 11:10:06.075057   300 raft_consensus.cc:1275] T f1f6d150e893406e8c41015c081a35e7 P 50d1a309c6d142d3b5ad18437cb0b1a2 [term 3 FOLLOWER]: Refusing update from remote peer 6f404d6773f04ac5a9732e707eae3058: Log matching property violated. Preceding OpId in replica: term: 2 index: 2. Preceding OpId from leader: term: 3 index: 3. (index mismatch)
I20260710 11:10:06.076419   528 consensus_queue.cc:1048] T f1f6d150e893406e8c41015c081a35e7 P 6f404d6773f04ac5a9732e707eae3058 [LEADER]: Connected to new peer: Peer: permanent_uuid: "50d1a309c6d142d3b5ad18437cb0b1a2" member_type: VOTER last_known_addr { host: "127.31.81.2" port: 41901 }, Status: LMP_MISMATCH, Last received: 0.0, Next index: 3, Last known committed idx: 2, Time since last communication: 0.001s
I20260710 11:10:06.528105 32068 auto_leader_rebalancer.cc:141] leader rebalance for table test-workload
I20260710 11:10:06.543255   370 tablet_service.cc:2072] Received LeaderStepDown RPC: tablet_id: "f1f6d150e893406e8c41015c081a35e7"
dest_uuid: "6f404d6773f04ac5a9732e707eae3058"
mode: GRACEFUL
new_leader_uuid: "fa9ac5f369834338bc8f396c3080fdc2"
 from {username='slave'} at 127.0.0.1:54022
I20260710 11:10:06.543802   370 raft_consensus.cc:606] T f1f6d150e893406e8c41015c081a35e7 P 6f404d6773f04ac5a9732e707eae3058 [term 3 LEADER]: Received request to transfer leadership to TS fa9ac5f369834338bc8f396c3080fdc2
I20260710 11:10:06.554251   370 tablet_service.cc:2072] Received LeaderStepDown RPC: tablet_id: "852a3953f4f84142bdff526f3b482a62"
dest_uuid: "6f404d6773f04ac5a9732e707eae3058"
mode: GRACEFUL
new_leader_uuid: "fa9ac5f369834338bc8f396c3080fdc2"
 from {username='slave'} at 127.0.0.1:54022
I20260710 11:10:06.554772   370 raft_consensus.cc:606] T 852a3953f4f84142bdff526f3b482a62 P 6f404d6773f04ac5a9732e707eae3058 [term 3 LEADER]: Received request to transfer leadership to TS fa9ac5f369834338bc8f396c3080fdc2
I20260710 11:10:06.559559   300 tablet_service.cc:2072] Received LeaderStepDown RPC: tablet_id: "af37826aece24701b30f73aba4ba7d87"
dest_uuid: "50d1a309c6d142d3b5ad18437cb0b1a2"
mode: GRACEFUL
new_leader_uuid: "fa9ac5f369834338bc8f396c3080fdc2"
 from {username='slave'} at 127.0.0.1:46212
I20260710 11:10:06.560156   300 raft_consensus.cc:606] T af37826aece24701b30f73aba4ba7d87 P 50d1a309c6d142d3b5ad18437cb0b1a2 [term 1 LEADER]: Received request to transfer leadership to TS fa9ac5f369834338bc8f396c3080fdc2
I20260710 11:10:06.564839   300 tablet_service.cc:2072] Received LeaderStepDown RPC: tablet_id: "58f7e2e6fb414242921343d70e8a27e9"
dest_uuid: "50d1a309c6d142d3b5ad18437cb0b1a2"
mode: GRACEFUL
new_leader_uuid: "fa9ac5f369834338bc8f396c3080fdc2"
 from {username='slave'} at 127.0.0.1:46212
I20260710 11:10:06.565374   300 raft_consensus.cc:606] T 58f7e2e6fb414242921343d70e8a27e9 P 50d1a309c6d142d3b5ad18437cb0b1a2 [term 2 LEADER]: Received request to transfer leadership to TS fa9ac5f369834338bc8f396c3080fdc2
I20260710 11:10:06.570017   300 tablet_service.cc:2072] Received LeaderStepDown RPC: tablet_id: "3dc4176f97434eeca181fcd4e24ac80c"
dest_uuid: "50d1a309c6d142d3b5ad18437cb0b1a2"
mode: GRACEFUL
new_leader_uuid: "fa9ac5f369834338bc8f396c3080fdc2"
 from {username='slave'} at 127.0.0.1:46212
I20260710 11:10:06.570564   300 raft_consensus.cc:606] T 3dc4176f97434eeca181fcd4e24ac80c P 50d1a309c6d142d3b5ad18437cb0b1a2 [term 1 LEADER]: Received request to transfer leadership to TS fa9ac5f369834338bc8f396c3080fdc2
I20260710 11:10:06.679701   523 raft_consensus.cc:993] T f1f6d150e893406e8c41015c081a35e7 P 6f404d6773f04ac5a9732e707eae3058: : Instructing follower fa9ac5f369834338bc8f396c3080fdc2 to start an election
I20260710 11:10:06.680192   523 raft_consensus.cc:1081] T f1f6d150e893406e8c41015c081a35e7 P 6f404d6773f04ac5a9732e707eae3058 [term 3 LEADER]: Signalling peer fa9ac5f369834338bc8f396c3080fdc2 to start an election
I20260710 11:10:06.681624 32692 tablet_service.cc:2044] Received Run Leader Election RPC: tablet_id: "f1f6d150e893406e8c41015c081a35e7"
dest_uuid: "fa9ac5f369834338bc8f396c3080fdc2"
 from {username='slave'} at 127.0.0.1:44220
I20260710 11:10:06.682071 32692 raft_consensus.cc:493] T f1f6d150e893406e8c41015c081a35e7 P fa9ac5f369834338bc8f396c3080fdc2 [term 3 FOLLOWER]: Starting forced leader election (received explicit request)
I20260710 11:10:06.682320 32692 raft_consensus.cc:3060] T f1f6d150e893406e8c41015c081a35e7 P fa9ac5f369834338bc8f396c3080fdc2 [term 3 FOLLOWER]: Advancing to term 4
I20260710 11:10:06.686867 32692 raft_consensus.cc:515] T f1f6d150e893406e8c41015c081a35e7 P fa9ac5f369834338bc8f396c3080fdc2 [term 4 FOLLOWER]: Starting forced leader election with config: opid_index: -1 OBSOLETE_local: false peers { permanent_uuid: "fa9ac5f369834338bc8f396c3080fdc2" member_type: VOTER last_known_addr { host: "127.31.81.1" port: 46721 } } peers { permanent_uuid: "50d1a309c6d142d3b5ad18437cb0b1a2" member_type: VOTER last_known_addr { host: "127.31.81.2" port: 41901 } } peers { permanent_uuid: "6f404d6773f04ac5a9732e707eae3058" member_type: VOTER last_known_addr { host: "127.31.81.3" port: 40659 } }
I20260710 11:10:06.688583 32692 leader_election.cc:290] T f1f6d150e893406e8c41015c081a35e7 P fa9ac5f369834338bc8f396c3080fdc2 [CANDIDATE]: Term 4 election: Requested vote from peers 50d1a309c6d142d3b5ad18437cb0b1a2 (127.31.81.2:41901), 6f404d6773f04ac5a9732e707eae3058 (127.31.81.3:40659)
I20260710 11:10:06.689343   300 tablet_service.cc:1917] Received RequestConsensusVote() RPC: tablet_id: "f1f6d150e893406e8c41015c081a35e7" candidate_uuid: "fa9ac5f369834338bc8f396c3080fdc2" candidate_term: 4 candidate_status { last_received { term: 3 index: 3 } } ignore_live_leader: true dest_uuid: "50d1a309c6d142d3b5ad18437cb0b1a2"
I20260710 11:10:06.689519   370 tablet_service.cc:1917] Received RequestConsensusVote() RPC: tablet_id: "f1f6d150e893406e8c41015c081a35e7" candidate_uuid: "fa9ac5f369834338bc8f396c3080fdc2" candidate_term: 4 candidate_status { last_received { term: 3 index: 3 } } ignore_live_leader: true dest_uuid: "6f404d6773f04ac5a9732e707eae3058"
I20260710 11:10:06.689985   300 raft_consensus.cc:3060] T f1f6d150e893406e8c41015c081a35e7 P 50d1a309c6d142d3b5ad18437cb0b1a2 [term 3 FOLLOWER]: Advancing to term 4
I20260710 11:10:06.690064   370 raft_consensus.cc:3055] T f1f6d150e893406e8c41015c081a35e7 P 6f404d6773f04ac5a9732e707eae3058 [term 3 LEADER]: Stepping down as leader of term 3
I20260710 11:10:06.690547   370 raft_consensus.cc:740] T f1f6d150e893406e8c41015c081a35e7 P 6f404d6773f04ac5a9732e707eae3058 [term 3 LEADER]: Becoming Follower/Learner. State: Replica: 6f404d6773f04ac5a9732e707eae3058, State: Running, Role: LEADER
I20260710 11:10:06.691483   370 consensus_queue.cc:260] T f1f6d150e893406e8c41015c081a35e7 P 6f404d6773f04ac5a9732e707eae3058 [NON_LEADER]: Queue going to NON_LEADER mode. State: All replicated index: 0, Majority replicated index: 3, Committed index: 3, Last appended: 3.3, Last appended by leader: 3, Current term: 3, Majority size: -1, State: 0, Mode: NON_LEADER, active raft config: opid_index: -1 OBSOLETE_local: false peers { permanent_uuid: "fa9ac5f369834338bc8f396c3080fdc2" member_type: VOTER last_known_addr { host: "127.31.81.1" port: 46721 } } peers { permanent_uuid: "50d1a309c6d142d3b5ad18437cb0b1a2" member_type: VOTER last_known_addr { host: "127.31.81.2" port: 41901 } } peers { permanent_uuid: "6f404d6773f04ac5a9732e707eae3058" member_type: VOTER last_known_addr { host: "127.31.81.3" port: 40659 } }
I20260710 11:10:06.692800   370 raft_consensus.cc:3060] T f1f6d150e893406e8c41015c081a35e7 P 6f404d6773f04ac5a9732e707eae3058 [term 3 FOLLOWER]: Advancing to term 4
I20260710 11:10:06.697021   300 raft_consensus.cc:2468] T f1f6d150e893406e8c41015c081a35e7 P 50d1a309c6d142d3b5ad18437cb0b1a2 [term 4 FOLLOWER]: Leader election vote request: Granting yes vote for candidate fa9ac5f369834338bc8f396c3080fdc2 in term 4.
I20260710 11:10:06.698360 32657 leader_election.cc:304] T f1f6d150e893406e8c41015c081a35e7 P fa9ac5f369834338bc8f396c3080fdc2 [CANDIDATE]: Term 4 election: Election decided. Result: candidate won. Election summary: received 2 responses out of 3 voters: 2 yes votes; 0 no votes. yes voters: 50d1a309c6d142d3b5ad18437cb0b1a2, fa9ac5f369834338bc8f396c3080fdc2; no voters: 
I20260710 11:10:06.699079   510 raft_consensus.cc:2804] T f1f6d150e893406e8c41015c081a35e7 P fa9ac5f369834338bc8f396c3080fdc2 [term 4 FOLLOWER]: Leader election won for term 4
I20260710 11:10:06.699131   370 raft_consensus.cc:2468] T f1f6d150e893406e8c41015c081a35e7 P 6f404d6773f04ac5a9732e707eae3058 [term 4 FOLLOWER]: Leader election vote request: Granting yes vote for candidate fa9ac5f369834338bc8f396c3080fdc2 in term 4.
I20260710 11:10:06.700284   510 raft_consensus.cc:697] T f1f6d150e893406e8c41015c081a35e7 P fa9ac5f369834338bc8f396c3080fdc2 [term 4 LEADER]: Becoming Leader. State: Replica: fa9ac5f369834338bc8f396c3080fdc2, State: Running, Role: LEADER
