I20260710 11:00:06.592816  7216 raft_consensus.cc:493] T 094e4824989e443b9b90d3d097e5c04b P bf999126b2e544dc85b62aabba2f3a8c [term 0 FOLLOWER]: Starting pre-election (no leader contacted us within the election timeout)
I20260710 11:00:06.593257  7216 raft_consensus.cc:515] T 094e4824989e443b9b90d3d097e5c04b P bf999126b2e544dc85b62aabba2f3a8c [term 0 FOLLOWER]: Starting pre-election with config: opid_index: -1 OBSOLETE_local: false peers { permanent_uuid: "c449ce076bce48eb8d4b5f5d82f7ade3" member_type: VOTER last_known_addr { host: "127.5.189.65" port: 35181 } } peers { permanent_uuid: "bf999126b2e544dc85b62aabba2f3a8c" member_type: VOTER last_known_addr { host: "127.5.189.66" port: 36099 } } peers { permanent_uuid: "a9f26f5dd2a743ed92cba36f71f54e0f" member_type: VOTER last_known_addr { host: "127.5.189.67" port: 42767 } }
I20260710 11:00:06.594769  7216 leader_election.cc:290] T 094e4824989e443b9b90d3d097e5c04b P bf999126b2e544dc85b62aabba2f3a8c [CANDIDATE]: Term 1 pre-election: Requested pre-vote from peers c449ce076bce48eb8d4b5f5d82f7ade3 (127.5.189.65:35181), a9f26f5dd2a743ed92cba36f71f54e0f (127.5.189.67:42767)
I20260710 11:00:06.595445  6979 tablet_service.cc:1917] Received RequestConsensusVote() RPC: tablet_id: "094e4824989e443b9b90d3d097e5c04b" candidate_uuid: "bf999126b2e544dc85b62aabba2f3a8c" candidate_term: 1 candidate_status { last_received { term: 0 index: 0 } } ignore_live_leader: false dest_uuid: "c449ce076bce48eb8d4b5f5d82f7ade3" is_pre_election: true
I20260710 11:00:06.595719  7127 tablet_service.cc:1917] Received RequestConsensusVote() RPC: tablet_id: "094e4824989e443b9b90d3d097e5c04b" candidate_uuid: "bf999126b2e544dc85b62aabba2f3a8c" candidate_term: 1 candidate_status { last_received { term: 0 index: 0 } } ignore_live_leader: false dest_uuid: "a9f26f5dd2a743ed92cba36f71f54e0f" is_pre_election: true
I20260710 11:00:06.595980  6979 raft_consensus.cc:2468] T 094e4824989e443b9b90d3d097e5c04b P c449ce076bce48eb8d4b5f5d82f7ade3 [term 0 FOLLOWER]: Leader pre-election vote request: Granting yes vote for candidate bf999126b2e544dc85b62aabba2f3a8c in term 0.
I20260710 11:00:06.596269  7127 raft_consensus.cc:2468] T 094e4824989e443b9b90d3d097e5c04b P a9f26f5dd2a743ed92cba36f71f54e0f [term 0 FOLLOWER]: Leader pre-election vote request: Granting yes vote for candidate bf999126b2e544dc85b62aabba2f3a8c in term 0.
I20260710 11:00:06.597252  7024 leader_election.cc:304] T 094e4824989e443b9b90d3d097e5c04b P bf999126b2e544dc85b62aabba2f3a8c [CANDIDATE]: Term 1 pre-election: Election decided. Result: candidate won. Election summary: received 2 responses out of 3 voters: 2 yes votes; 0 no votes. yes voters: bf999126b2e544dc85b62aabba2f3a8c, c449ce076bce48eb8d4b5f5d82f7ade3; no voters: 
I20260710 11:00:06.597887  7216 raft_consensus.cc:2804] T 094e4824989e443b9b90d3d097e5c04b P bf999126b2e544dc85b62aabba2f3a8c [term 0 FOLLOWER]: Leader pre-election won for term 1
I20260710 11:00:06.598192  7216 raft_consensus.cc:493] T 094e4824989e443b9b90d3d097e5c04b P bf999126b2e544dc85b62aabba2f3a8c [term 0 FOLLOWER]: Starting leader election (no leader contacted us within the election timeout)
I20260710 11:00:06.598429  7216 raft_consensus.cc:3060] T 094e4824989e443b9b90d3d097e5c04b P bf999126b2e544dc85b62aabba2f3a8c [term 0 FOLLOWER]: Advancing to term 1
I20260710 11:00:06.602365  7216 raft_consensus.cc:515] T 094e4824989e443b9b90d3d097e5c04b P bf999126b2e544dc85b62aabba2f3a8c [term 1 FOLLOWER]: Starting leader election with config: opid_index: -1 OBSOLETE_local: false peers { permanent_uuid: "c449ce076bce48eb8d4b5f5d82f7ade3" member_type: VOTER last_known_addr { host: "127.5.189.65" port: 35181 } } peers { permanent_uuid: "bf999126b2e544dc85b62aabba2f3a8c" member_type: VOTER last_known_addr { host: "127.5.189.66" port: 36099 } } peers { permanent_uuid: "a9f26f5dd2a743ed92cba36f71f54e0f" member_type: VOTER last_known_addr { host: "127.5.189.67" port: 42767 } }
I20260710 11:00:06.603863  7216 leader_election.cc:290] T 094e4824989e443b9b90d3d097e5c04b P bf999126b2e544dc85b62aabba2f3a8c [CANDIDATE]: Term 1 election: Requested vote from peers c449ce076bce48eb8d4b5f5d82f7ade3 (127.5.189.65:35181), a9f26f5dd2a743ed92cba36f71f54e0f (127.5.189.67:42767)
I20260710 11:00:06.604391  6979 tablet_service.cc:1917] Received RequestConsensusVote() RPC: tablet_id: "094e4824989e443b9b90d3d097e5c04b" candidate_uuid: "bf999126b2e544dc85b62aabba2f3a8c" candidate_term: 1 candidate_status { last_received { term: 0 index: 0 } } ignore_live_leader: false dest_uuid: "c449ce076bce48eb8d4b5f5d82f7ade3"
I20260710 11:00:06.604730  7127 tablet_service.cc:1917] Received RequestConsensusVote() RPC: tablet_id: "094e4824989e443b9b90d3d097e5c04b" candidate_uuid: "bf999126b2e544dc85b62aabba2f3a8c" candidate_term: 1 candidate_status { last_received { term: 0 index: 0 } } ignore_live_leader: false dest_uuid: "a9f26f5dd2a743ed92cba36f71f54e0f"
I20260710 11:00:06.604893  6979 raft_consensus.cc:3060] T 094e4824989e443b9b90d3d097e5c04b P c449ce076bce48eb8d4b5f5d82f7ade3 [term 0 FOLLOWER]: Advancing to term 1
I20260710 11:00:06.605270  7127 raft_consensus.cc:3060] T 094e4824989e443b9b90d3d097e5c04b P a9f26f5dd2a743ed92cba36f71f54e0f [term 0 FOLLOWER]: Advancing to term 1
I20260710 11:00:06.611100  6979 raft_consensus.cc:2468] T 094e4824989e443b9b90d3d097e5c04b P c449ce076bce48eb8d4b5f5d82f7ade3 [term 1 FOLLOWER]: Leader election vote request: Granting yes vote for candidate bf999126b2e544dc85b62aabba2f3a8c in term 1.
I20260710 11:00:06.611655  7127 raft_consensus.cc:2468] T 094e4824989e443b9b90d3d097e5c04b P a9f26f5dd2a743ed92cba36f71f54e0f [term 1 FOLLOWER]: Leader election vote request: Granting yes vote for candidate bf999126b2e544dc85b62aabba2f3a8c in term 1.
I20260710 11:00:06.611959  7174 consensus_queue.cc:1048] T ff91cb39d33341949b9b95d806ceaa62 P c449ce076bce48eb8d4b5f5d82f7ade3 [LEADER]: Connected to new peer: Peer: permanent_uuid: "bf999126b2e544dc85b62aabba2f3a8c" member_type: VOTER last_known_addr { host: "127.5.189.66" port: 36099 }, Status: LMP_MISMATCH, Last received: 0.0, Next index: 1, Last known committed idx: 0, Time since last communication: 0.000s
I20260710 11:00:06.612396  7024 leader_election.cc:304] T 094e4824989e443b9b90d3d097e5c04b P bf999126b2e544dc85b62aabba2f3a8c [CANDIDATE]: Term 1 election: Election decided. Result: candidate won. Election summary: received 2 responses out of 3 voters: 2 yes votes; 0 no votes. yes voters: bf999126b2e544dc85b62aabba2f3a8c, c449ce076bce48eb8d4b5f5d82f7ade3; no voters: 
I20260710 11:00:06.613161  7216 raft_consensus.cc:2804] T 094e4824989e443b9b90d3d097e5c04b P bf999126b2e544dc85b62aabba2f3a8c [term 1 FOLLOWER]: Leader election won for term 1
I20260710 11:00:06.613610  7216 raft_consensus.cc:697] T 094e4824989e443b9b90d3d097e5c04b P bf999126b2e544dc85b62aabba2f3a8c [term 1 LEADER]: Becoming Leader. State: Replica: bf999126b2e544dc85b62aabba2f3a8c, State: Running, Role: LEADER
I20260710 11:00:06.614353  7216 consensus_queue.cc:237] T 094e4824989e443b9b90d3d097e5c04b P bf999126b2e544dc85b62aabba2f3a8c [LEADER]: Queue going to LEADER mode. State: All replicated index: 0, Majority replicated index: 0, Committed index: 0, Last appended: 0.0, Last appended by leader: 0, Current term: 1, Majority size: 2, State: 0, Mode: LEADER, active raft config: opid_index: -1 OBSOLETE_local: false peers { permanent_uuid: "c449ce076bce48eb8d4b5f5d82f7ade3" member_type: VOTER last_known_addr { host: "127.5.189.65" port: 35181 } } peers { permanent_uuid: "bf999126b2e544dc85b62aabba2f3a8c" member_type: VOTER last_known_addr { host: "127.5.189.66" port: 36099 } } peers { permanent_uuid: "a9f26f5dd2a743ed92cba36f71f54e0f" member_type: VOTER last_known_addr { host: "127.5.189.67" port: 42767 } }
I20260710 11:00:06.623431  6881 catalog_manager.cc:5697] T 094e4824989e443b9b90d3d097e5c04b P bf999126b2e544dc85b62aabba2f3a8c reported cstate change: term changed from 0 to 1, leader changed from <none> to bf999126b2e544dc85b62aabba2f3a8c (127.5.189.66). New cstate: current_term: 1 leader_uuid: "bf999126b2e544dc85b62aabba2f3a8c" committed_config { opid_index: -1 OBSOLETE_local: false peers { permanent_uuid: "c449ce076bce48eb8d4b5f5d82f7ade3" member_type: VOTER last_known_addr { host: "127.5.189.65" port: 35181 } health_report { overall_health: UNKNOWN } } peers { permanent_uuid: "bf999126b2e544dc85b62aabba2f3a8c" member_type: VOTER last_known_addr { host: "127.5.189.66" port: 36099 } health_report { overall_health: HEALTHY } } peers { permanent_uuid: "a9f26f5dd2a743ed92cba36f71f54e0f" member_type: VOTER last_known_addr { host: "127.5.189.67" port: 42767 } health_report { overall_health: UNKNOWN } } }
I20260710 11:00:06.624100  7192 consensus_queue.cc:1048] T ff91cb39d33341949b9b95d806ceaa62 P c449ce076bce48eb8d4b5f5d82f7ade3 [LEADER]: Connected to new peer: Peer: permanent_uuid: "a9f26f5dd2a743ed92cba36f71f54e0f" member_type: VOTER last_known_addr { host: "127.5.189.67" port: 42767 }, Status: LMP_MISMATCH, Last received: 0.0, Next index: 1, Last known committed idx: 0, Time since last communication: 0.000s
I20260710 11:00:06.648499  7129 raft_consensus.cc:3060] T b75e772d2d434f03abfba355a7f03f05 P a9f26f5dd2a743ed92cba36f71f54e0f [term 0 FOLLOWER]: Advancing to term 1
I20260710 11:00:06.654328  7216 consensus_queue.cc:1048] T b75e772d2d434f03abfba355a7f03f05 P bf999126b2e544dc85b62aabba2f3a8c [LEADER]: Connected to new peer: Peer: permanent_uuid: "a9f26f5dd2a743ed92cba36f71f54e0f" member_type: VOTER last_known_addr { host: "127.5.189.67" port: 42767 }, Status: LMP_MISMATCH, Last received: 0.0, Next index: 1, Last known committed idx: 0, Time since last communication: 0.000s
I20260710 11:00:06.661199  5877 file_cache.cc:504] Constructed file cache file cache with capacity 419430
I20260710 11:00:06.667276  7207 consensus_queue.cc:1048] T b75e772d2d434f03abfba355a7f03f05 P bf999126b2e544dc85b62aabba2f3a8c [LEADER]: Connected to new peer: Peer: permanent_uuid: "c449ce076bce48eb8d4b5f5d82f7ade3" member_type: VOTER last_known_addr { host: "127.5.189.65" port: 35181 }, Status: LMP_MISMATCH, Last received: 0.0, Next index: 1, Last known committed idx: 0, Time since last communication: 0.000s
W20260710 11:00:06.675468  7340 instance_detector.cc:116] could not retrieve AWS instance metadata: Network error: curl error: HTTP response code said error: The requested URL returned error: 404
W20260710 11:00:06.682257  7341 instance_detector.cc:116] could not retrieve Azure instance metadata: Network error: curl error: HTTP response code said error: The requested URL returned error: 404
W20260710 11:00:06.691042  7345 instance_detector.cc:116] could not retrieve OpenStack instance metadata: Network error: curl error: HTTP response code said error: The requested URL returned error: 404
I20260710 11:00:06.693284  5877 server_base.cc:1061] running on GCE node
I20260710 11:00:06.694129  5877 hybrid_clock.cc:584] initializing the hybrid clock with 'system_unsync' time source
W20260710 11:00:06.694331  5877 system_unsync_time.cc:38] NTP support is disabled. Clock error bounds will not be accurate. This configuration is not suitable for distributed clusters.
I20260710 11:00:06.694494  5877 hybrid_clock.cc:648] HybridClock initialized: now 1783681206694475 us; error 0 us; skew 500 ppm
I20260710 11:00:06.695217  5877 server_base.cc:861] Flag tcmalloc_max_total_thread_cache_bytes is not working since tcmalloc is not enabled.
I20260710 11:00:06.698225  5877 webserver.cc:533] Webserver started at http://127.5.189.68:38627/ using document root <none> and password file <none>
I20260710 11:00:06.698696  5877 fs_manager.cc:362] Metadata directory not provided
I20260710 11:00:06.698865  5877 fs_manager.cc:368] Using write-ahead log directory (fs_wal_dir) as metadata directory
I20260710 11:00:06.699112  5877 server_base.cc:909] This appears to be a new deployment of Kudu; creating new FS layout
I20260710 11:00:06.700060  5877 fs_manager.cc:1068] Generated new instance metadata in path /tmp/dist-test-task8IZ8Gt/test-tmp/auto_leader_rebalancer-test.0.LeaderRebalancerTest.AddTserver.1783681180705682-5877-0/minicluster-data/ts-3-root/instance:
uuid: "e9ae4b63859f4979be773b860bc9c030"
format_stamp: "Formatted at 2026-07-10 11:00:06 on dist-test-slave-qp7x"
I20260710 11:00:06.704267  5877 fs_manager.cc:696] Time spent creating directory manager: real 0.004s	user 0.005s	sys 0.000s
I20260710 11:00:06.707530  7349 log_block_manager.cc:4127] Time spent loading block containers with low live blocks: real 0.000s	user 0.000s	sys 0.000s
I20260710 11:00:06.708276  5877 fs_manager.cc:730] Time spent opening block manager: real 0.002s	user 0.002s	sys 0.000s
I20260710 11:00:06.708577  5877 fs_manager.cc:647] Opened local filesystem: /tmp/dist-test-task8IZ8Gt/test-tmp/auto_leader_rebalancer-test.0.LeaderRebalancerTest.AddTserver.1783681180705682-5877-0/minicluster-data/ts-3-root
uuid: "e9ae4b63859f4979be773b860bc9c030"
format_stamp: "Formatted at 2026-07-10 11:00:06 on dist-test-slave-qp7x"
I20260710 11:00:06.708838  5877 fs_report.cc:389] FS layout report
--------------------
wal directory: /tmp/dist-test-task8IZ8Gt/test-tmp/auto_leader_rebalancer-test.0.LeaderRebalancerTest.AddTserver.1783681180705682-5877-0/minicluster-data/ts-3-root
metadata directory: /tmp/dist-test-task8IZ8Gt/test-tmp/auto_leader_rebalancer-test.0.LeaderRebalancerTest.AddTserver.1783681180705682-5877-0/minicluster-data/ts-3-root
1 data directories: /tmp/dist-test-task8IZ8Gt/test-tmp/auto_leader_rebalancer-test.0.LeaderRebalancerTest.AddTserver.1783681180705682-5877-0/minicluster-data/ts-3-root/data
Total live blocks: 0
Total live bytes: 0
Total live bytes (after alignment): 0
Total number of LBM containers: 0 (0 full)
Did not check for missing blocks
Did not check for orphaned blocks
Total full LBM containers with extra space: 0 (0 repaired)
Total full LBM container extra space in bytes: 0 (0 repaired)
Total incomplete LBM containers: 0 (0 repaired)
Total LBM partial records: 0 (0 repaired)
Total corrupted LBM metadata records in RocksDB: 0 (0 repaired)
I20260710 11:00:06.722098  5877 rpc_server.cc:225] running with OpenSSL 1.1.1  11 Sep 2018
I20260710 11:00:06.723520  5877 kserver.cc:163] Server-wide thread pool size limit: 3276
I20260710 11:00:06.724994  5877 txn_system_client.cc:432] TxnSystemClient initialization is disabled...
I20260710 11:00:06.727306  5877 ts_tablet_manager.cc:585] Loaded tablet metadata (0 total tablets, 0 live tablets)
I20260710 11:00:06.727499  5877 ts_tablet_manager.cc:531] Time spent load tablet metadata: real 0.000s	user 0.000s	sys 0.000s
I20260710 11:00:06.727725  5877 ts_tablet_manager.cc:616] Registered 0 tablets
I20260710 11:00:06.727883  5877 ts_tablet_manager.cc:595] Time spent register tablets: real 0.000s	user 0.000s	sys 0.000s
I20260710 11:00:06.797333  5877 rpc_server.cc:307] RPC server started. Bound to: 127.5.189.68:45149
I20260710 11:00:06.797443  7411 acceptor_pool.cc:272] collecting diagnostics on the listening RPC socket 127.5.189.68:45149 every 8 connection(s)
I20260710 11:00:06.803740  5877 auto_leader_rebalancer-test.cc:388] add a tserver: e9ae4b63859f4979be773b860bc9c030
I20260710 11:00:06.815987  7412 heartbeater.cc:344] Connected to a master server at 127.5.189.126:34523
I20260710 11:00:06.816372  7412 heartbeater.cc:461] Registering TS with master...
I20260710 11:00:06.817185  7412 heartbeater.cc:507] Master 127.5.189.126:34523 requested a full tablet report, sending...
I20260710 11:00:06.818961  6881 ts_manager.cc:194] Registered new tserver with Master: e9ae4b63859f4979be773b860bc9c030 (127.5.189.68:45149)
I20260710 11:00:06.820261  6881 master_service.cc:502] Signed X509 certificate for tserver {username='slave'} at 127.0.0.1:42386
I20260710 11:00:06.826274  7207 consensus_queue.cc:1048] T 029e5e843cfe4912a333f6835ef74c95 P bf999126b2e544dc85b62aabba2f3a8c [LEADER]: Connected to new peer: Peer: permanent_uuid: "c449ce076bce48eb8d4b5f5d82f7ade3" member_type: VOTER last_known_addr { host: "127.5.189.65" port: 35181 }, Status: LMP_MISMATCH, Last received: 0.0, Next index: 1, Last known committed idx: 0, Time since last communication: 0.000s
I20260710 11:00:06.836263  7207 consensus_queue.cc:1048] T 029e5e843cfe4912a333f6835ef74c95 P bf999126b2e544dc85b62aabba2f3a8c [LEADER]: Connected to new peer: Peer: permanent_uuid: "a9f26f5dd2a743ed92cba36f71f54e0f" member_type: VOTER last_known_addr { host: "127.5.189.67" port: 42767 }, Status: LMP_MISMATCH, Last received: 0.0, Next index: 1, Last known committed idx: 0, Time since last communication: 0.000s
I20260710 11:00:06.843245  7127 raft_consensus.cc:3060] T 53c2bdb6f0174cf08174452214b3d65b P a9f26f5dd2a743ed92cba36f71f54e0f [term 0 FOLLOWER]: Advancing to term 1
I20260710 11:00:06.884747  7291 consensus_queue.cc:1048] T a343caf3e9e04e7694ef1dfddd72fda8 P a9f26f5dd2a743ed92cba36f71f54e0f [LEADER]: Connected to new peer: Peer: permanent_uuid: "c449ce076bce48eb8d4b5f5d82f7ade3" member_type: VOTER last_known_addr { host: "127.5.189.65" port: 35181 }, Status: LMP_MISMATCH, Last received: 0.0, Next index: 1, Last known committed idx: 0, Time since last communication: 0.000s
I20260710 11:00:06.896925  7291 consensus_queue.cc:1048] T a343caf3e9e04e7694ef1dfddd72fda8 P a9f26f5dd2a743ed92cba36f71f54e0f [LEADER]: Connected to new peer: Peer: permanent_uuid: "bf999126b2e544dc85b62aabba2f3a8c" member_type: VOTER last_known_addr { host: "127.5.189.66" port: 36099 }, Status: LMP_MISMATCH, Last received: 0.0, Next index: 1, Last known committed idx: 0, Time since last communication: 0.000s
I20260710 11:00:06.904633  7185 consensus_queue.cc:1048] T b5881dc030824beeadeb46fc297c077e P a9f26f5dd2a743ed92cba36f71f54e0f [LEADER]: Connected to new peer: Peer: permanent_uuid: "c449ce076bce48eb8d4b5f5d82f7ade3" member_type: VOTER last_known_addr { host: "127.5.189.65" port: 35181 }, Status: LMP_MISMATCH, Last received: 0.0, Next index: 1, Last known committed idx: 0, Time since last communication: 0.000s
I20260710 11:00:06.916683  7291 consensus_queue.cc:1048] T b5881dc030824beeadeb46fc297c077e P a9f26f5dd2a743ed92cba36f71f54e0f [LEADER]: Connected to new peer: Peer: permanent_uuid: "bf999126b2e544dc85b62aabba2f3a8c" member_type: VOTER last_known_addr { host: "127.5.189.66" port: 36099 }, Status: LMP_MISMATCH, Last received: 0.0, Next index: 1, Last known committed idx: 0, Time since last communication: 0.000s
I20260710 11:00:06.955096  7291 consensus_queue.cc:1048] T 3bd8c7df589643c789fa448e8b0bd09e P a9f26f5dd2a743ed92cba36f71f54e0f [LEADER]: Connected to new peer: Peer: permanent_uuid: "bf999126b2e544dc85b62aabba2f3a8c" member_type: VOTER last_known_addr { host: "127.5.189.66" port: 36099 }, Status: LMP_MISMATCH, Last received: 0.0, Next index: 1, Last known committed idx: 0, Time since last communication: 0.000s
I20260710 11:00:06.963723  7291 consensus_queue.cc:1048] T 3bd8c7df589643c789fa448e8b0bd09e P a9f26f5dd2a743ed92cba36f71f54e0f [LEADER]: Connected to new peer: Peer: permanent_uuid: "c449ce076bce48eb8d4b5f5d82f7ade3" member_type: VOTER last_known_addr { host: "127.5.189.65" port: 35181 }, Status: LMP_MISMATCH, Last received: 0.0, Next index: 1, Last known committed idx: 0, Time since last communication: 0.001s
I20260710 11:00:07.166692  7207 consensus_queue.cc:1048] T 094e4824989e443b9b90d3d097e5c04b P bf999126b2e544dc85b62aabba2f3a8c [LEADER]: Connected to new peer: Peer: permanent_uuid: "a9f26f5dd2a743ed92cba36f71f54e0f" member_type: VOTER last_known_addr { host: "127.5.189.67" port: 42767 }, Status: LMP_MISMATCH, Last received: 0.0, Next index: 1, Last known committed idx: 0, Time since last communication: 0.000s
I20260710 11:00:07.176436  7207 consensus_queue.cc:1048] T 094e4824989e443b9b90d3d097e5c04b P bf999126b2e544dc85b62aabba2f3a8c [LEADER]: Connected to new peer: Peer: permanent_uuid: "c449ce076bce48eb8d4b5f5d82f7ade3" member_type: VOTER last_known_addr { host: "127.5.189.65" port: 35181 }, Status: LMP_MISMATCH, Last received: 0.0, Next index: 1, Last known committed idx: 0, Time since last communication: 0.000s
I20260710 11:00:07.587211  7127 consensus_queue.cc:237] T a343caf3e9e04e7694ef1dfddd72fda8 P a9f26f5dd2a743ed92cba36f71f54e0f [LEADER]: Queue going to LEADER mode. State: All replicated index: 0, Majority replicated index: 1, Committed index: 1, Last appended: 1.1, Last appended by leader: 0, Current term: 1, Majority size: 2, State: 0, Mode: LEADER, active raft config: opid_index: 2 OBSOLETE_local: false peers { permanent_uuid: "c449ce076bce48eb8d4b5f5d82f7ade3" member_type: VOTER last_known_addr { host: "127.5.189.65" port: 35181 } attrs { replace: true } } peers { permanent_uuid: "bf999126b2e544dc85b62aabba2f3a8c" member_type: VOTER last_known_addr { host: "127.5.189.66" port: 36099 } } peers { permanent_uuid: "a9f26f5dd2a743ed92cba36f71f54e0f" member_type: VOTER last_known_addr { host: "127.5.189.67" port: 42767 } } peers { permanent_uuid: "e9ae4b63859f4979be773b860bc9c030" member_type: NON_VOTER last_known_addr { host: "127.5.189.68" port: 45149 } attrs { promote: true } }
I20260710 11:00:07.592864  6979 raft_consensus.cc:1275] T a343caf3e9e04e7694ef1dfddd72fda8 P c449ce076bce48eb8d4b5f5d82f7ade3 [term 1 FOLLOWER]: Refusing update from remote peer a9f26f5dd2a743ed92cba36f71f54e0f: Log matching property violated. Preceding OpId in replica: term: 1 index: 1. Preceding OpId from leader: term: 1 index: 2. (index mismatch)
I20260710 11:00:07.594724  7291 consensus_queue.cc:1048] T a343caf3e9e04e7694ef1dfddd72fda8 P a9f26f5dd2a743ed92cba36f71f54e0f [LEADER]: Connected to new peer: Peer: permanent_uuid: "c449ce076bce48eb8d4b5f5d82f7ade3" member_type: VOTER last_known_addr { host: "127.5.189.65" port: 35181 } attrs { replace: true }, Status: LMP_MISMATCH, Last received: 0.0, Next index: 2, Last known committed idx: 1, Time since last communication: 0.000s
I20260710 11:00:07.597438  7058 raft_consensus.cc:1275] T a343caf3e9e04e7694ef1dfddd72fda8 P bf999126b2e544dc85b62aabba2f3a8c [term 1 FOLLOWER]: Refusing update from remote peer a9f26f5dd2a743ed92cba36f71f54e0f: Log matching property violated. Preceding OpId in replica: term: 1 index: 1. Preceding OpId from leader: term: 1 index: 2. (index mismatch)
I20260710 11:00:07.599689  7291 consensus_queue.cc:1048] T a343caf3e9e04e7694ef1dfddd72fda8 P a9f26f5dd2a743ed92cba36f71f54e0f [LEADER]: Connected to new peer: Peer: permanent_uuid: "bf999126b2e544dc85b62aabba2f3a8c" member_type: VOTER last_known_addr { host: "127.5.189.66" port: 36099 }, Status: LMP_MISMATCH, Last received: 0.0, Next index: 2, Last known committed idx: 1, Time since last communication: 0.001s
I20260710 11:00:07.604597  6979 raft_consensus.cc:2955] T a343caf3e9e04e7694ef1dfddd72fda8 P c449ce076bce48eb8d4b5f5d82f7ade3 [term 1 FOLLOWER]: Committing config change with OpId 1.2: config changed from index -1 to 2, NON_VOTER e9ae4b63859f4979be773b860bc9c030 (127.5.189.68) added. New config: { opid_index: 2 OBSOLETE_local: false peers { permanent_uuid: "c449ce076bce48eb8d4b5f5d82f7ade3" member_type: VOTER last_known_addr { host: "127.5.189.65" port: 35181 } attrs { replace: true } } peers { permanent_uuid: "bf999126b2e544dc85b62aabba2f3a8c" member_type: VOTER last_known_addr { host: "127.5.189.66" port: 36099 } } peers { permanent_uuid: "a9f26f5dd2a743ed92cba36f71f54e0f" member_type: VOTER last_known_addr { host: "127.5.189.67" port: 42767 } } peers { permanent_uuid: "e9ae4b63859f4979be773b860bc9c030" member_type: NON_VOTER last_known_addr { host: "127.5.189.68" port: 45149 } attrs { promote: true } } }
I20260710 11:00:07.603633  7291 raft_consensus.cc:2955] T a343caf3e9e04e7694ef1dfddd72fda8 P a9f26f5dd2a743ed92cba36f71f54e0f [term 1 LEADER]: Committing config change with OpId 1.2: config changed from index -1 to 2, NON_VOTER e9ae4b63859f4979be773b860bc9c030 (127.5.189.68) added. New config: { opid_index: 2 OBSOLETE_local: false peers { permanent_uuid: "c449ce076bce48eb8d4b5f5d82f7ade3" member_type: VOTER last_known_addr { host: "127.5.189.65" port: 35181 } attrs { replace: true } } peers { permanent_uuid: "bf999126b2e544dc85b62aabba2f3a8c" member_type: VOTER last_known_addr { host: "127.5.189.66" port: 36099 } } peers { permanent_uuid: "a9f26f5dd2a743ed92cba36f71f54e0f" member_type: VOTER last_known_addr { host: "127.5.189.67" port: 42767 } } peers { permanent_uuid: "e9ae4b63859f4979be773b860bc9c030" member_type: NON_VOTER last_known_addr { host: "127.5.189.68" port: 45149 } attrs { promote: true } } }
W20260710 11:00:07.606177  7096 consensus_peers.cc:597] T a343caf3e9e04e7694ef1dfddd72fda8 P a9f26f5dd2a743ed92cba36f71f54e0f -> Peer e9ae4b63859f4979be773b860bc9c030 (127.5.189.68:45149): Couldn't send request to peer e9ae4b63859f4979be773b860bc9c030. Error code: TABLET_NOT_FOUND (6). Status: Not found: Tablet not found: a343caf3e9e04e7694ef1dfddd72fda8. This is attempt 1: this message will repeat every 5th retry.
I20260710 11:00:07.608819  7058 raft_consensus.cc:2955] T a343caf3e9e04e7694ef1dfddd72fda8 P bf999126b2e544dc85b62aabba2f3a8c [term 1 FOLLOWER]: Committing config change with OpId 1.2: config changed from index -1 to 2, NON_VOTER e9ae4b63859f4979be773b860bc9c030 (127.5.189.68) added. New config: { opid_index: 2 OBSOLETE_local: false peers { permanent_uuid: "c449ce076bce48eb8d4b5f5d82f7ade3" member_type: VOTER last_known_addr { host: "127.5.189.65" port: 35181 } attrs { replace: true } } peers { permanent_uuid: "bf999126b2e544dc85b62aabba2f3a8c" member_type: VOTER last_known_addr { host: "127.5.189.66" port: 36099 } } peers { permanent_uuid: "a9f26f5dd2a743ed92cba36f71f54e0f" member_type: VOTER last_known_addr { host: "127.5.189.67" port: 42767 } } peers { permanent_uuid: "e9ae4b63859f4979be773b860bc9c030" member_type: NON_VOTER last_known_addr { host: "127.5.189.68" port: 45149 } attrs { promote: true } } }
I20260710 11:00:07.617518  6881 catalog_manager.cc:5697] T a343caf3e9e04e7694ef1dfddd72fda8 P a9f26f5dd2a743ed92cba36f71f54e0f reported cstate change: config changed from index -1 to 2, NON_VOTER e9ae4b63859f4979be773b860bc9c030 (127.5.189.68) added. New cstate: current_term: 1 leader_uuid: "a9f26f5dd2a743ed92cba36f71f54e0f" committed_config { opid_index: 2 OBSOLETE_local: false peers { permanent_uuid: "c449ce076bce48eb8d4b5f5d82f7ade3" member_type: VOTER last_known_addr { host: "127.5.189.65" port: 35181 } attrs { replace: true } health_report { overall_health: HEALTHY } } peers { permanent_uuid: "bf999126b2e544dc85b62aabba2f3a8c" member_type: VOTER last_known_addr { host: "127.5.189.66" port: 36099 } health_report { overall_health: HEALTHY } } peers { permanent_uuid: "a9f26f5dd2a743ed92cba36f71f54e0f" member_type: VOTER last_known_addr { host: "127.5.189.67" port: 42767 } health_report { overall_health: HEALTHY } } peers { permanent_uuid: "e9ae4b63859f4979be773b860bc9c030" member_type: NON_VOTER last_known_addr { host: "127.5.189.68" port: 45149 } attrs { promote: true } health_report { overall_health: UNKNOWN } } }
I20260710 11:00:07.639309  6979 consensus_queue.cc:237] T e8d30ce814264e47bb8128450cba6f73 P c449ce076bce48eb8d4b5f5d82f7ade3 [LEADER]: Queue going to LEADER mode. State: All replicated index: 0, Majority replicated index: 1, Committed index: 1, Last appended: 1.1, Last appended by leader: 0, Current term: 1, Majority size: 2, State: 0, Mode: LEADER, active raft config: opid_index: 2 OBSOLETE_local: false peers { permanent_uuid: "c449ce076bce48eb8d4b5f5d82f7ade3" member_type: VOTER last_known_addr { host: "127.5.189.65" port: 35181 } } peers { permanent_uuid: "bf999126b2e544dc85b62aabba2f3a8c" member_type: VOTER last_known_addr { host: "127.5.189.66" port: 36099 } attrs { replace: true } } peers { permanent_uuid: "a9f26f5dd2a743ed92cba36f71f54e0f" member_type: VOTER last_known_addr { host: "127.5.189.67" port: 42767 } } peers { permanent_uuid: "e9ae4b63859f4979be773b860bc9c030" member_type: NON_VOTER last_known_addr { host: "127.5.189.68" port: 45149 } attrs { promote: true } }
I20260710 11:00:07.646965  7127 raft_consensus.cc:1275] T e8d30ce814264e47bb8128450cba6f73 P a9f26f5dd2a743ed92cba36f71f54e0f [term 1 FOLLOWER]: Refusing update from remote peer c449ce076bce48eb8d4b5f5d82f7ade3: Log matching property violated. Preceding OpId in replica: term: 1 index: 1. Preceding OpId from leader: term: 1 index: 2. (index mismatch)
I20260710 11:00:07.647884  7058 raft_consensus.cc:1275] T e8d30ce814264e47bb8128450cba6f73 P bf999126b2e544dc85b62aabba2f3a8c [term 1 FOLLOWER]: Refusing update from remote peer c449ce076bce48eb8d4b5f5d82f7ade3: Log matching property violated. Preceding OpId in replica: term: 1 index: 1. Preceding OpId from leader: term: 1 index: 2. (index mismatch)
I20260710 11:00:07.648124  7436 consensus_queue.cc:1048] T e8d30ce814264e47bb8128450cba6f73 P c449ce076bce48eb8d4b5f5d82f7ade3 [LEADER]: Connected to new peer: Peer: permanent_uuid: "a9f26f5dd2a743ed92cba36f71f54e0f" member_type: VOTER last_known_addr { host: "127.5.189.67" port: 42767 }, Status: LMP_MISMATCH, Last received: 0.0, Next index: 2, Last known committed idx: 1, Time since last communication: 0.000s
I20260710 11:00:07.649185  7437 consensus_queue.cc:1048] T e8d30ce814264e47bb8128450cba6f73 P c449ce076bce48eb8d4b5f5d82f7ade3 [LEADER]: Connected to new peer: Peer: permanent_uuid: "bf999126b2e544dc85b62aabba2f3a8c" member_type: VOTER last_known_addr { host: "127.5.189.66" port: 36099 } attrs { replace: true }, Status: LMP_MISMATCH, Last received: 0.0, Next index: 2, Last known committed idx: 1, Time since last communication: 0.000s
W20260710 11:00:07.657670  6947 consensus_peers.cc:597] T e8d30ce814264e47bb8128450cba6f73 P c449ce076bce48eb8d4b5f5d82f7ade3 -> Peer e9ae4b63859f4979be773b860bc9c030 (127.5.189.68:45149): Couldn't send request to peer e9ae4b63859f4979be773b860bc9c030. Error code: TABLET_NOT_FOUND (6). Status: Not found: Tablet not found: e8d30ce814264e47bb8128450cba6f73. This is attempt 1: this message will repeat every 5th retry.
I20260710 11:00:07.657594  7192 raft_consensus.cc:2955] T e8d30ce814264e47bb8128450cba6f73 P c449ce076bce48eb8d4b5f5d82f7ade3 [term 1 LEADER]: Committing config change with OpId 1.2: config changed from index -1 to 2, NON_VOTER e9ae4b63859f4979be773b860bc9c030 (127.5.189.68) added. New config: { opid_index: 2 OBSOLETE_local: false peers { permanent_uuid: "c449ce076bce48eb8d4b5f5d82f7ade3" member_type: VOTER last_known_addr { host: "127.5.189.65" port: 35181 } } peers { permanent_uuid: "bf999126b2e544dc85b62aabba2f3a8c" member_type: VOTER last_known_addr { host: "127.5.189.66" port: 36099 } attrs { replace: true } } peers { permanent_uuid: "a9f26f5dd2a743ed92cba36f71f54e0f" member_type: VOTER last_known_addr { host: "127.5.189.67" port: 42767 } } peers { permanent_uuid: "e9ae4b63859f4979be773b860bc9c030" member_type: NON_VOTER last_known_addr { host: "127.5.189.68" port: 45149 } attrs { promote: true } } }
I20260710 11:00:07.659435  7058 raft_consensus.cc:2955] T e8d30ce814264e47bb8128450cba6f73 P bf999126b2e544dc85b62aabba2f3a8c [term 1 FOLLOWER]: Committing config change with OpId 1.2: config changed from index -1 to 2, NON_VOTER e9ae4b63859f4979be773b860bc9c030 (127.5.189.68) added. New config: { opid_index: 2 OBSOLETE_local: false peers { permanent_uuid: "c449ce076bce48eb8d4b5f5d82f7ade3" member_type: VOTER last_known_addr { host: "127.5.189.65" port: 35181 } } peers { permanent_uuid: "bf999126b2e544dc85b62aabba2f3a8c" member_type: VOTER last_known_addr { host: "127.5.189.66" port: 36099 } attrs { replace: true } } peers { permanent_uuid: "a9f26f5dd2a743ed92cba36f71f54e0f" member_type: VOTER last_known_addr { host: "127.5.189.67" port: 42767 } } peers { permanent_uuid: "e9ae4b63859f4979be773b860bc9c030" member_type: NON_VOTER last_known_addr { host: "127.5.189.68" port: 45149 } attrs { promote: true } } }
I20260710 11:00:07.659201  7127 raft_consensus.cc:2955] T e8d30ce814264e47bb8128450cba6f73 P a9f26f5dd2a743ed92cba36f71f54e0f [term 1 FOLLOWER]: Committing config change with OpId 1.2: config changed from index -1 to 2, NON_VOTER e9ae4b63859f4979be773b860bc9c030 (127.5.189.68) added. New config: { opid_index: 2 OBSOLETE_local: false peers { permanent_uuid: "c449ce076bce48eb8d4b5f5d82f7ade3" member_type: VOTER last_known_addr { host: "127.5.189.65" port: 35181 } } peers { permanent_uuid: "bf999126b2e544dc85b62aabba2f3a8c" member_type: VOTER last_known_addr { host: "127.5.189.66" port: 36099 } attrs { replace: true } } peers { permanent_uuid: "a9f26f5dd2a743ed92cba36f71f54e0f" member_type: VOTER last_known_addr { host: "127.5.189.67" port: 42767 } } peers { permanent_uuid: "e9ae4b63859f4979be773b860bc9c030" member_type: NON_VOTER last_known_addr { host: "127.5.189.68" port: 45149 } attrs { promote: true } } }
I20260710 11:00:07.673082  6878 catalog_manager.cc:5697] T e8d30ce814264e47bb8128450cba6f73 P bf999126b2e544dc85b62aabba2f3a8c reported cstate change: config changed from index -1 to 2, NON_VOTER e9ae4b63859f4979be773b860bc9c030 (127.5.189.68) added. New cstate: current_term: 1 leader_uuid: "c449ce076bce48eb8d4b5f5d82f7ade3" committed_config { opid_index: 2 OBSOLETE_local: false peers { permanent_uuid: "c449ce076bce48eb8d4b5f5d82f7ade3" member_type: VOTER last_known_addr { host: "127.5.189.65" port: 35181 } } peers { permanent_uuid: "bf999126b2e544dc85b62aabba2f3a8c" member_type: VOTER last_known_addr { host: "127.5.189.66" port: 36099 } attrs { replace: true } } peers { permanent_uuid: "a9f26f5dd2a743ed92cba36f71f54e0f" member_type: VOTER last_known_addr { host: "127.5.189.67" port: 42767 } } peers { permanent_uuid: "e9ae4b63859f4979be773b860bc9c030" member_type: NON_VOTER last_known_addr { host: "127.5.189.68" port: 45149 } attrs { promote: true } } }
I20260710 11:00:07.684571  7058 consensus_queue.cc:237] T a16c5d8e08764f18991d2f1df1c75b60 P bf999126b2e544dc85b62aabba2f3a8c [LEADER]: Queue going to LEADER mode. State: All replicated index: 0, Majority replicated index: 1, Committed index: 1, Last appended: 1.1, Last appended by leader: 0, Current term: 1, Majority size: 2, State: 0, Mode: LEADER, active raft config: opid_index: 2 OBSOLETE_local: false peers { permanent_uuid: "c449ce076bce48eb8d4b5f5d82f7ade3" member_type: VOTER last_known_addr { host: "127.5.189.65" port: 35181 } } peers { permanent_uuid: "bf999126b2e544dc85b62aabba2f3a8c" member_type: VOTER last_known_addr { host: "127.5.189.66" port: 36099 } } peers { permanent_uuid: "a9f26f5dd2a743ed92cba36f71f54e0f" member_type: VOTER last_known_addr { host: "127.5.189.67" port: 42767 } attrs { replace: true } } peers { permanent_uuid: "e9ae4b63859f4979be773b860bc9c030" member_type: NON_VOTER last_known_addr { host: "127.5.189.68" port: 45149 } attrs { promote: true } }
I20260710 11:00:07.692117  6979 raft_consensus.cc:1275] T a16c5d8e08764f18991d2f1df1c75b60 P c449ce076bce48eb8d4b5f5d82f7ade3 [term 1 FOLLOWER]: Refusing update from remote peer bf999126b2e544dc85b62aabba2f3a8c: Log matching property violated. Preceding OpId in replica: term: 1 index: 1. Preceding OpId from leader: term: 1 index: 2. (index mismatch)
I20260710 11:00:07.692373  7127 raft_consensus.cc:1275] T a16c5d8e08764f18991d2f1df1c75b60 P a9f26f5dd2a743ed92cba36f71f54e0f [term 1 FOLLOWER]: Refusing update from remote peer bf999126b2e544dc85b62aabba2f3a8c: Log matching property violated. Preceding OpId in replica: term: 1 index: 1. Preceding OpId from leader: term: 1 index: 2. (index mismatch)
I20260710 11:00:07.693670  7276 consensus_queue.cc:1048] T a16c5d8e08764f18991d2f1df1c75b60 P bf999126b2e544dc85b62aabba2f3a8c [LEADER]: Connected to new peer: Peer: permanent_uuid: "c449ce076bce48eb8d4b5f5d82f7ade3" member_type: VOTER last_known_addr { host: "127.5.189.65" port: 35181 }, Status: LMP_MISMATCH, Last received: 0.0, Next index: 2, Last known committed idx: 1, Time since last communication: 0.000s
I20260710 11:00:07.694468  7207 consensus_queue.cc:1048] T a16c5d8e08764f18991d2f1df1c75b60 P bf999126b2e544dc85b62aabba2f3a8c [LEADER]: Connected to new peer: Peer: permanent_uuid: "a9f26f5dd2a743ed92cba36f71f54e0f" member_type: VOTER last_known_addr { host: "127.5.189.67" port: 42767 } attrs { replace: true }, Status: LMP_MISMATCH, Last received: 0.0, Next index: 2, Last known committed idx: 1, Time since last communication: 0.000s
I20260710 11:00:07.701846  7276 raft_consensus.cc:2955] T a16c5d8e08764f18991d2f1df1c75b60 P bf999126b2e544dc85b62aabba2f3a8c [term 1 LEADER]: Committing config change with OpId 1.2: config changed from index -1 to 2, NON_VOTER e9ae4b63859f4979be773b860bc9c030 (127.5.189.68) added. New config: { opid_index: 2 OBSOLETE_local: false peers { permanent_uuid: "c449ce076bce48eb8d4b5f5d82f7ade3" member_type: VOTER last_known_addr { host: "127.5.189.65" port: 35181 } } peers { permanent_uuid: "bf999126b2e544dc85b62aabba2f3a8c" member_type: VOTER last_known_addr { host: "127.5.189.66" port: 36099 } } peers { permanent_uuid: "a9f26f5dd2a743ed92cba36f71f54e0f" member_type: VOTER last_known_addr { host: "127.5.189.67" port: 42767 } attrs { replace: true } } peers { permanent_uuid: "e9ae4b63859f4979be773b860bc9c030" member_type: NON_VOTER last_known_addr { host: "127.5.189.68" port: 45149 } attrs { promote: true } } }
I20260710 11:00:07.703605  7127 raft_consensus.cc:2955] T a16c5d8e08764f18991d2f1df1c75b60 P a9f26f5dd2a743ed92cba36f71f54e0f [term 1 FOLLOWER]: Committing config change with OpId 1.2: config changed from index -1 to 2, NON_VOTER e9ae4b63859f4979be773b860bc9c030 (127.5.189.68) added. New config: { opid_index: 2 OBSOLETE_local: false peers { permanent_uuid: "c449ce076bce48eb8d4b5f5d82f7ade3" member_type: VOTER last_known_addr { host: "127.5.189.65" port: 35181 } } peers { permanent_uuid: "bf999126b2e544dc85b62aabba2f3a8c" member_type: VOTER last_known_addr { host: "127.5.189.66" port: 36099 } } peers { permanent_uuid: "a9f26f5dd2a743ed92cba36f71f54e0f" member_type: VOTER last_known_addr { host: "127.5.189.67" port: 42767 } attrs { replace: true } } peers { permanent_uuid: "e9ae4b63859f4979be773b860bc9c030" member_type: NON_VOTER last_known_addr { host: "127.5.189.68" port: 45149 } attrs { promote: true } } }
W20260710 11:00:07.718585  7022 consensus_peers.cc:597] T a16c5d8e08764f18991d2f1df1c75b60 P bf999126b2e544dc85b62aabba2f3a8c -> Peer e9ae4b63859f4979be773b860bc9c030 (127.5.189.68:45149): Couldn't send request to peer e9ae4b63859f4979be773b860bc9c030. Error code: TABLET_NOT_FOUND (6). Status: Not found: Tablet not found: a16c5d8e08764f18991d2f1df1c75b60. This is attempt 1: this message will repeat every 5th retry.
I20260710 11:00:07.716971  6878 catalog_manager.cc:5697] T a16c5d8e08764f18991d2f1df1c75b60 P bf999126b2e544dc85b62aabba2f3a8c reported cstate change: config changed from index -1 to 2, NON_VOTER e9ae4b63859f4979be773b860bc9c030 (127.5.189.68) added. New cstate: current_term: 1 leader_uuid: "bf999126b2e544dc85b62aabba2f3a8c" committed_config { opid_index: 2 OBSOLETE_local: false peers { permanent_uuid: "c449ce076bce48eb8d4b5f5d82f7ade3" member_type: VOTER last_known_addr { host: "127.5.189.65" port: 35181 } health_report { overall_health: HEALTHY } } peers { permanent_uuid: "bf999126b2e544dc85b62aabba2f3a8c" member_type: VOTER last_known_addr { host: "127.5.189.66" port: 36099 } health_report { overall_health: HEALTHY } } peers { permanent_uuid: "a9f26f5dd2a743ed92cba36f71f54e0f" member_type: VOTER last_known_addr { host: "127.5.189.67" port: 42767 } attrs { replace: true } health_report { overall_health: HEALTHY } } peers { permanent_uuid: "e9ae4b63859f4979be773b860bc9c030" member_type: NON_VOTER last_known_addr { host: "127.5.189.68" port: 45149 } attrs { promote: true } health_report { overall_health: UNKNOWN } } }
I20260710 11:00:07.718637  6981 raft_consensus.cc:2955] T a16c5d8e08764f18991d2f1df1c75b60 P c449ce076bce48eb8d4b5f5d82f7ade3 [term 1 FOLLOWER]: Committing config change with OpId 1.2: config changed from index -1 to 2, NON_VOTER e9ae4b63859f4979be773b860bc9c030 (127.5.189.68) added. New config: { opid_index: 2 OBSOLETE_local: false peers { permanent_uuid: "c449ce076bce48eb8d4b5f5d82f7ade3" member_type: VOTER last_known_addr { host: "127.5.189.65" port: 35181 } } peers { permanent_uuid: "bf999126b2e544dc85b62aabba2f3a8c" member_type: VOTER last_known_addr { host: "127.5.189.66" port: 36099 } } peers { permanent_uuid: "a9f26f5dd2a743ed92cba36f71f54e0f" member_type: VOTER last_known_addr { host: "127.5.189.67" port: 42767 } attrs { replace: true } } peers { permanent_uuid: "e9ae4b63859f4979be773b860bc9c030" member_type: NON_VOTER last_known_addr { host: "127.5.189.68" port: 45149 } attrs { promote: true } } }
I20260710 11:00:07.721216  7127 consensus_queue.cc:237] T b5881dc030824beeadeb46fc297c077e P a9f26f5dd2a743ed92cba36f71f54e0f [LEADER]: Queue going to LEADER mode. State: All replicated index: 0, Majority replicated index: 1, Committed index: 1, Last appended: 1.1, Last appended by leader: 0, Current term: 1, Majority size: 2, State: 0, Mode: LEADER, active raft config: opid_index: 2 OBSOLETE_local: false peers { permanent_uuid: "c449ce076bce48eb8d4b5f5d82f7ade3" member_type: VOTER last_known_addr { host: "127.5.189.65" port: 35181 } attrs { replace: true } } peers { permanent_uuid: "bf999126b2e544dc85b62aabba2f3a8c" member_type: VOTER last_known_addr { host: "127.5.189.66" port: 36099 } } peers { permanent_uuid: "a9f26f5dd2a743ed92cba36f71f54e0f" member_type: VOTER last_known_addr { host: "127.5.189.67" port: 42767 } } peers { permanent_uuid: "e9ae4b63859f4979be773b860bc9c030" member_type: NON_VOTER last_known_addr { host: "127.5.189.68" port: 45149 } attrs { promote: true } }
I20260710 11:00:07.726902  7058 raft_consensus.cc:1275] T b5881dc030824beeadeb46fc297c077e P bf999126b2e544dc85b62aabba2f3a8c [term 1 FOLLOWER]: Refusing update from remote peer a9f26f5dd2a743ed92cba36f71f54e0f: Log matching property violated. Preceding OpId in replica: term: 1 index: 1. Preceding OpId from leader: term: 1 index: 2. (index mismatch)
I20260710 11:00:07.727330  6979 raft_consensus.cc:1275] T b5881dc030824beeadeb46fc297c077e P c449ce076bce48eb8d4b5f5d82f7ade3 [term 1 FOLLOWER]: Refusing update from remote peer a9f26f5dd2a743ed92cba36f71f54e0f: Log matching property violated. Preceding OpId in replica: term: 1 index: 1. Preceding OpId from leader: term: 1 index: 2. (index mismatch)
W20260710 11:00:07.728154  7096 consensus_peers.cc:597] T b5881dc030824beeadeb46fc297c077e P a9f26f5dd2a743ed92cba36f71f54e0f -> Peer e9ae4b63859f4979be773b860bc9c030 (127.5.189.68:45149): Couldn't send request to peer e9ae4b63859f4979be773b860bc9c030. Error code: TABLET_NOT_FOUND (6). Status: Not found: Tablet not found: b5881dc030824beeadeb46fc297c077e. This is attempt 1: this message will repeat every 5th retry.
I20260710 11:00:07.728559  7296 consensus_queue.cc:1048] T b5881dc030824beeadeb46fc297c077e P a9f26f5dd2a743ed92cba36f71f54e0f [LEADER]: Connected to new peer: Peer: permanent_uuid: "c449ce076bce48eb8d4b5f5d82f7ade3" member_type: VOTER last_known_addr { host: "127.5.189.65" port: 35181 } attrs { replace: true }, Status: LMP_MISMATCH, Last received: 0.0, Next index: 2, Last known committed idx: 1, Time since last communication: 0.000s
I20260710 11:00:07.729367  7185 consensus_queue.cc:1048] T b5881dc030824beeadeb46fc297c077e P a9f26f5dd2a743ed92cba36f71f54e0f [LEADER]: Connected to new peer: Peer: permanent_uuid: "bf999126b2e544dc85b62aabba2f3a8c" member_type: VOTER last_known_addr { host: "127.5.189.66" port: 36099 }, Status: LMP_MISMATCH, Last received: 0.0, Next index: 2, Last known committed idx: 1, Time since last communication: 0.000s
I20260710 11:00:07.735558  7185 raft_consensus.cc:2955] T b5881dc030824beeadeb46fc297c077e P a9f26f5dd2a743ed92cba36f71f54e0f [term 1 LEADER]: Committing config change with OpId 1.2: config changed from index -1 to 2, NON_VOTER e9ae4b63859f4979be773b860bc9c030 (127.5.189.68) added. New config: { opid_index: 2 OBSOLETE_local: false peers { permanent_uuid: "c449ce076bce48eb8d4b5f5d82f7ade3" member_type: VOTER last_known_addr { host: "127.5.189.65" port: 35181 } attrs { replace: true } } peers { permanent_uuid: "bf999126b2e544dc85b62aabba2f3a8c" member_type: VOTER last_known_addr { host: "127.5.189.66" port: 36099 } } peers { permanent_uuid: "a9f26f5dd2a743ed92cba36f71f54e0f" member_type: VOTER last_known_addr { host: "127.5.189.67" port: 42767 } } peers { permanent_uuid: "e9ae4b63859f4979be773b860bc9c030" member_type: NON_VOTER last_known_addr { host: "127.5.189.68" port: 45149 } attrs { promote: true } } }
I20260710 11:00:07.737944  7058 raft_consensus.cc:2955] T b5881dc030824beeadeb46fc297c077e P bf999126b2e544dc85b62aabba2f3a8c [term 1 FOLLOWER]: Committing config change with OpId 1.2: config changed from index -1 to 2, NON_VOTER e9ae4b63859f4979be773b860bc9c030 (127.5.189.68) added. New config: { opid_index: 2 OBSOLETE_local: false peers { permanent_uuid: "c449ce076bce48eb8d4b5f5d82f7ade3" member_type: VOTER last_known_addr { host: "127.5.189.65" port: 35181 } attrs { replace: true } } peers { permanent_uuid: "bf999126b2e544dc85b62aabba2f3a8c" member_type: VOTER last_known_addr { host: "127.5.189.66" port: 36099 } } peers { permanent_uuid: "a9f26f5dd2a743ed92cba36f71f54e0f" member_type: VOTER last_known_addr { host: "127.5.189.67" port: 42767 } } peers { permanent_uuid: "e9ae4b63859f4979be773b860bc9c030" member_type: NON_VOTER last_known_addr { host: "127.5.189.68" port: 45149 } attrs { promote: true } } }
I20260710 11:00:07.744396  6982 raft_consensus.cc:2955] T b5881dc030824beeadeb46fc297c077e P c449ce076bce48eb8d4b5f5d82f7ade3 [term 1 FOLLOWER]: Committing config change with OpId 1.2: config changed from index -1 to 2, NON_VOTER e9ae4b63859f4979be773b860bc9c030 (127.5.189.68) added. New config: { opid_index: 2 OBSOLETE_local: false peers { permanent_uuid: "c449ce076bce48eb8d4b5f5d82f7ade3" member_type: VOTER last_known_addr { host: "127.5.189.65" port: 35181 } attrs { replace: true } } peers { permanent_uuid: "bf999126b2e544dc85b62aabba2f3a8c" member_type: VOTER last_known_addr { host: "127.5.189.66" port: 36099 } } peers { permanent_uuid: "a9f26f5dd2a743ed92cba36f71f54e0f" member_type: VOTER last_known_addr { host: "127.5.189.67" port: 42767 } } peers { permanent_uuid: "e9ae4b63859f4979be773b860bc9c030" member_type: NON_VOTER last_known_addr { host: "127.5.189.68" port: 45149 } attrs { promote: true } } }
I20260710 11:00:07.758394  6878 catalog_manager.cc:5697] T b5881dc030824beeadeb46fc297c077e P bf999126b2e544dc85b62aabba2f3a8c reported cstate change: config changed from index -1 to 2, NON_VOTER e9ae4b63859f4979be773b860bc9c030 (127.5.189.68) added. New cstate: current_term: 1 leader_uuid: "a9f26f5dd2a743ed92cba36f71f54e0f" committed_config { opid_index: 2 OBSOLETE_local: false peers { permanent_uuid: "c449ce076bce48eb8d4b5f5d82f7ade3" member_type: VOTER last_known_addr { host: "127.5.189.65" port: 35181 } attrs { replace: true } } peers { permanent_uuid: "bf999126b2e544dc85b62aabba2f3a8c" member_type: VOTER last_known_addr { host: "127.5.189.66" port: 36099 } } peers { permanent_uuid: "a9f26f5dd2a743ed92cba36f71f54e0f" member_type: VOTER last_known_addr { host: "127.5.189.67" port: 42767 } } peers { permanent_uuid: "e9ae4b63859f4979be773b860bc9c030" member_type: NON_VOTER last_known_addr { host: "127.5.189.68" port: 45149 } attrs { promote: true } } }
I20260710 11:00:07.822535  7412 heartbeater.cc:499] Master 127.5.189.126:34523 was elected leader, sending a full tablet report...
I20260710 11:00:08.055105  7447 ts_tablet_manager.cc:933] T a343caf3e9e04e7694ef1dfddd72fda8 P e9ae4b63859f4979be773b860bc9c030: Initiating tablet copy from peer a9f26f5dd2a743ed92cba36f71f54e0f (127.5.189.67:42767)
I20260710 11:00:08.057125  7447 tablet_copy_client.cc:323] T a343caf3e9e04e7694ef1dfddd72fda8 P e9ae4b63859f4979be773b860bc9c030: tablet copy: Beginning tablet copy session from remote peer at address 127.5.189.67:42767
I20260710 11:00:08.068934  7142 tablet_copy_service.cc:140] P a9f26f5dd2a743ed92cba36f71f54e0f: Received BeginTabletCopySession request for tablet a343caf3e9e04e7694ef1dfddd72fda8 from peer e9ae4b63859f4979be773b860bc9c030 ({username='slave'} at 127.0.0.1:46046)
I20260710 11:00:08.069473  7142 tablet_copy_service.cc:161] P a9f26f5dd2a743ed92cba36f71f54e0f: Beginning new tablet copy session on tablet a343caf3e9e04e7694ef1dfddd72fda8 from peer e9ae4b63859f4979be773b860bc9c030 at {username='slave'} at 127.0.0.1:46046: session id = e9ae4b63859f4979be773b860bc9c030-a343caf3e9e04e7694ef1dfddd72fda8
I20260710 11:00:08.074427  7142 tablet_copy_source_session.cc:215] T a343caf3e9e04e7694ef1dfddd72fda8 P a9f26f5dd2a743ed92cba36f71f54e0f: Tablet Copy: opened 0 blocks and 1 log segments
I20260710 11:00:08.077386  7447 data_dirs.cc:400] Could only allocate 1 dirs of requested 3 for tablet a343caf3e9e04e7694ef1dfddd72fda8. 1 dirs total, 0 dirs full, 0 dirs failed
I20260710 11:00:08.087713  7447 tablet_copy_client.cc:806] T a343caf3e9e04e7694ef1dfddd72fda8 P e9ae4b63859f4979be773b860bc9c030: tablet copy: Starting download of 0 data blocks...
I20260710 11:00:08.088249  7447 tablet_copy_client.cc:670] T a343caf3e9e04e7694ef1dfddd72fda8 P e9ae4b63859f4979be773b860bc9c030: tablet copy: Starting download of 1 WAL segments...
I20260710 11:00:08.091837  7447 tablet_copy_client.cc:538] T a343caf3e9e04e7694ef1dfddd72fda8 P e9ae4b63859f4979be773b860bc9c030: tablet copy: Tablet Copy complete. Replacing tablet superblock.
I20260710 11:00:08.097922  7447 tablet_bootstrap.cc:492] T a343caf3e9e04e7694ef1dfddd72fda8 P e9ae4b63859f4979be773b860bc9c030: Bootstrap starting.
I20260710 11:00:08.107604  7450 ts_tablet_manager.cc:933] T a16c5d8e08764f18991d2f1df1c75b60 P e9ae4b63859f4979be773b860bc9c030: Initiating tablet copy from peer bf999126b2e544dc85b62aabba2f3a8c (127.5.189.66:36099)
I20260710 11:00:08.109579  7450 tablet_copy_client.cc:323] T a16c5d8e08764f18991d2f1df1c75b60 P e9ae4b63859f4979be773b860bc9c030: tablet copy: Beginning tablet copy session from remote peer at address 127.5.189.66:36099
