I20260710 11:09:49.542512 14093 raft_consensus.cc:515] T 21121ed253264d6089178df85923b5b8 P c96df301075a43a8a3b311093ca03d25 [term 0 FOLLOWER]: Starting pre-election with config: opid_index: -1 OBSOLETE_local: false peers { permanent_uuid: "d22f667961a8404aa102e0a77c98bb3c" member_type: VOTER last_known_addr { host: "127.13.107.193" port: 41231 } } peers { permanent_uuid: "c96df301075a43a8a3b311093ca03d25" member_type: VOTER last_known_addr { host: "127.13.107.194" port: 39217 } } peers { permanent_uuid: "0f33db5fa5cc4a9dbfa2f4641e775949" member_type: VOTER last_known_addr { host: "127.13.107.195" port: 39791 } }
I20260710 11:09:49.543241 14070 ts_tablet_manager.cc:1434] T 8d553867b9a14c83a8fd7fedecb7a521 P c96df301075a43a8a3b311093ca03d25: Time spent starting tablet: real 0.006s	user 0.007s	sys 0.000s
I20260710 11:09:49.544278 14070 tablet_bootstrap.cc:492] T 5151efaec481494190b267b8595b2113 P c96df301075a43a8a3b311093ca03d25: Bootstrap starting.
I20260710 11:09:49.546409 13878 tablet_service.cc:1917] Received RequestConsensusVote() RPC: tablet_id: "21121ed253264d6089178df85923b5b8" candidate_uuid: "c96df301075a43a8a3b311093ca03d25" candidate_term: 1 candidate_status { last_received { term: 0 index: 0 } } ignore_live_leader: false dest_uuid: "d22f667961a8404aa102e0a77c98bb3c" is_pre_election: true
I20260710 11:09:49.546857 14076 raft_consensus.cc:359] T 18b641288bef430c978abfadc217216d P d22f667961a8404aa102e0a77c98bb3c [term 0 FOLLOWER]: Replica starting. Triggering 0 pending ops. Active config: opid_index: -1 OBSOLETE_local: false peers { permanent_uuid: "d22f667961a8404aa102e0a77c98bb3c" member_type: VOTER last_known_addr { host: "127.13.107.193" port: 41231 } } peers { permanent_uuid: "c96df301075a43a8a3b311093ca03d25" member_type: VOTER last_known_addr { host: "127.13.107.194" port: 39217 } } peers { permanent_uuid: "0f33db5fa5cc4a9dbfa2f4641e775949" member_type: VOTER last_known_addr { host: "127.13.107.195" port: 39791 } }
I20260710 11:09:49.547797 14076 raft_consensus.cc:385] T 18b641288bef430c978abfadc217216d P d22f667961a8404aa102e0a77c98bb3c [term 0 FOLLOWER]: Consensus starting up: Expiring failure detector timer to make a prompt election more likely
W20260710 11:09:49.548038 13916 leader_election.cc:343] T 21121ed253264d6089178df85923b5b8 P c96df301075a43a8a3b311093ca03d25 [CANDIDATE]: Term 1 pre-election: Tablet error from VoteRequest() call to peer d22f667961a8404aa102e0a77c98bb3c (127.13.107.193:41231): Illegal state: must be running to vote when last-logged opid is not known
I20260710 11:09:49.548190 14076 raft_consensus.cc:740] T 18b641288bef430c978abfadc217216d P d22f667961a8404aa102e0a77c98bb3c [term 0 FOLLOWER]: Becoming Follower/Learner. State: Replica: d22f667961a8404aa102e0a77c98bb3c, State: Initialized, Role: FOLLOWER
I20260710 11:09:49.551122 14070 tablet_bootstrap.cc:654] T 5151efaec481494190b267b8595b2113 P c96df301075a43a8a3b311093ca03d25: Neither blocks nor log segments found. Creating new log.
I20260710 11:09:49.551707 14077 raft_consensus.cc:515] T aef2bf3f47cb432daf2b2c3dd28ac669 P 0f33db5fa5cc4a9dbfa2f4641e775949 [term 1 FOLLOWER]: Starting leader election with config: opid_index: -1 OBSOLETE_local: false peers { permanent_uuid: "c96df301075a43a8a3b311093ca03d25" member_type: VOTER last_known_addr { host: "127.13.107.194" port: 39217 } } peers { permanent_uuid: "0f33db5fa5cc4a9dbfa2f4641e775949" member_type: VOTER last_known_addr { host: "127.13.107.195" port: 39791 } } peers { permanent_uuid: "d22f667961a8404aa102e0a77c98bb3c" member_type: VOTER last_known_addr { host: "127.13.107.193" port: 41231 } }
I20260710 11:09:49.555460 13953 tablet_service.cc:1917] Received RequestConsensusVote() RPC: tablet_id: "aef2bf3f47cb432daf2b2c3dd28ac669" candidate_uuid: "0f33db5fa5cc4a9dbfa2f4641e775949" candidate_term: 1 candidate_status { last_received { term: 0 index: 0 } } ignore_live_leader: false dest_uuid: "c96df301075a43a8a3b311093ca03d25"
I20260710 11:09:49.556229 13953 raft_consensus.cc:3060] T aef2bf3f47cb432daf2b2c3dd28ac669 P c96df301075a43a8a3b311093ca03d25 [term 0 FOLLOWER]: Advancing to term 1
I20260710 11:09:49.562902 14070 tablet_bootstrap.cc:492] T 5151efaec481494190b267b8595b2113 P c96df301075a43a8a3b311093ca03d25: No bootstrap required, opened a new log
I20260710 11:09:49.563424 14070 ts_tablet_manager.cc:1403] T 5151efaec481494190b267b8595b2113 P c96df301075a43a8a3b311093ca03d25: Time spent bootstrapping tablet: real 0.019s	user 0.010s	sys 0.008s
I20260710 11:09:49.563315 14076 consensus_queue.cc:260] T 18b641288bef430c978abfadc217216d P d22f667961a8404aa102e0a77c98bb3c [NON_LEADER]: Queue going to NON_LEADER mode. State: All replicated index: 0, Majority replicated index: 0, Committed index: 0, Last appended: 0.0, Last appended by leader: 0, Current term: 0, Majority size: -1, State: 0, Mode: NON_LEADER, active raft config: opid_index: -1 OBSOLETE_local: false peers { permanent_uuid: "d22f667961a8404aa102e0a77c98bb3c" member_type: VOTER last_known_addr { host: "127.13.107.193" port: 41231 } } peers { permanent_uuid: "c96df301075a43a8a3b311093ca03d25" member_type: VOTER last_known_addr { host: "127.13.107.194" port: 39217 } } peers { permanent_uuid: "0f33db5fa5cc4a9dbfa2f4641e775949" member_type: VOTER last_known_addr { host: "127.13.107.195" port: 39791 } }
I20260710 11:09:49.566627 14070 raft_consensus.cc:359] T 5151efaec481494190b267b8595b2113 P c96df301075a43a8a3b311093ca03d25 [term 0 FOLLOWER]: Replica starting. Triggering 0 pending ops. Active config: opid_index: -1 OBSOLETE_local: false peers { permanent_uuid: "d22f667961a8404aa102e0a77c98bb3c" member_type: VOTER last_known_addr { host: "127.13.107.193" port: 41231 } } peers { permanent_uuid: "c96df301075a43a8a3b311093ca03d25" member_type: VOTER last_known_addr { host: "127.13.107.194" port: 39217 } } peers { permanent_uuid: "0f33db5fa5cc4a9dbfa2f4641e775949" member_type: VOTER last_known_addr { host: "127.13.107.195" port: 39791 } }
I20260710 11:09:49.567312 14070 raft_consensus.cc:385] T 5151efaec481494190b267b8595b2113 P c96df301075a43a8a3b311093ca03d25 [term 0 FOLLOWER]: Consensus starting up: Expiring failure detector timer to make a prompt election more likely
I20260710 11:09:49.568799 14070 raft_consensus.cc:740] T 5151efaec481494190b267b8595b2113 P c96df301075a43a8a3b311093ca03d25 [term 0 FOLLOWER]: Becoming Follower/Learner. State: Replica: c96df301075a43a8a3b311093ca03d25, State: Initialized, Role: FOLLOWER
I20260710 11:09:49.569638 14070 consensus_queue.cc:260] T 5151efaec481494190b267b8595b2113 P c96df301075a43a8a3b311093ca03d25 [NON_LEADER]: Queue going to NON_LEADER mode. State: All replicated index: 0, Majority replicated index: 0, Committed index: 0, Last appended: 0.0, Last appended by leader: 0, Current term: 0, Majority size: -1, State: 0, Mode: NON_LEADER, active raft config: opid_index: -1 OBSOLETE_local: false peers { permanent_uuid: "d22f667961a8404aa102e0a77c98bb3c" member_type: VOTER last_known_addr { host: "127.13.107.193" port: 41231 } } peers { permanent_uuid: "c96df301075a43a8a3b311093ca03d25" member_type: VOTER last_known_addr { host: "127.13.107.194" port: 39217 } } peers { permanent_uuid: "0f33db5fa5cc4a9dbfa2f4641e775949" member_type: VOTER last_known_addr { host: "127.13.107.195" port: 39791 } }
I20260710 11:09:49.569885 13953 raft_consensus.cc:2468] T aef2bf3f47cb432daf2b2c3dd28ac669 P c96df301075a43a8a3b311093ca03d25 [term 1 FOLLOWER]: Leader election vote request: Granting yes vote for candidate 0f33db5fa5cc4a9dbfa2f4641e775949 in term 1.
I20260710 11:09:49.581185 13878 tablet_service.cc:1917] Received RequestConsensusVote() RPC: tablet_id: "aef2bf3f47cb432daf2b2c3dd28ac669" candidate_uuid: "0f33db5fa5cc4a9dbfa2f4641e775949" candidate_term: 1 candidate_status { last_received { term: 0 index: 0 } } ignore_live_leader: false dest_uuid: "d22f667961a8404aa102e0a77c98bb3c"
I20260710 11:09:49.571146 14093 leader_election.cc:290] T 21121ed253264d6089178df85923b5b8 P c96df301075a43a8a3b311093ca03d25 [CANDIDATE]: Term 1 pre-election: Requested pre-vote from peers d22f667961a8404aa102e0a77c98bb3c (127.13.107.193:41231), 0f33db5fa5cc4a9dbfa2f4641e775949 (127.13.107.195:39791)
W20260710 11:09:49.576423 14095 log.cc:927] Time spent T 40699bc9d69c47c48d868f40fa1f4b2f P c96df301075a43a8a3b311093ca03d25: Append to log took a long time: real 0.065s	user 0.000s	sys 0.001s
I20260710 11:09:49.581915 13993 leader_election.cc:304] T aef2bf3f47cb432daf2b2c3dd28ac669 P 0f33db5fa5cc4a9dbfa2f4641e775949 [CANDIDATE]: Term 1 election: Election decided. Result: candidate won. Election summary: received 2 responses out of 3 voters: 2 yes votes; 0 no votes. yes voters: 0f33db5fa5cc4a9dbfa2f4641e775949, c96df301075a43a8a3b311093ca03d25; no voters: 
W20260710 11:09:49.582721 13990 leader_election.cc:343] T aef2bf3f47cb432daf2b2c3dd28ac669 P 0f33db5fa5cc4a9dbfa2f4641e775949 [CANDIDATE]: Term 1 election: Tablet error from VoteRequest() call to peer d22f667961a8404aa102e0a77c98bb3c (127.13.107.193:41231): Illegal state: must be running to vote when last-logged opid is not known
I20260710 11:09:49.572669 14027 tablet_service.cc:1917] Received RequestConsensusVote() RPC: tablet_id: "21121ed253264d6089178df85923b5b8" candidate_uuid: "c96df301075a43a8a3b311093ca03d25" candidate_term: 1 candidate_status { last_received { term: 0 index: 0 } } ignore_live_leader: false dest_uuid: "0f33db5fa5cc4a9dbfa2f4641e775949" is_pre_election: true
I20260710 11:09:49.583782 14070 ts_tablet_manager.cc:1434] T 5151efaec481494190b267b8595b2113 P c96df301075a43a8a3b311093ca03d25: Time spent starting tablet: real 0.020s	user 0.012s	sys 0.004s
I20260710 11:09:49.577986 14076 ts_tablet_manager.cc:1434] T 18b641288bef430c978abfadc217216d P d22f667961a8404aa102e0a77c98bb3c: Time spent starting tablet: real 0.039s	user 0.005s	sys 0.005s
I20260710 11:09:49.584887 14070 tablet_bootstrap.cc:492] T 0ee42d5957884c628e087789916c557c P c96df301075a43a8a3b311093ca03d25: Bootstrap starting.
W20260710 11:09:49.584720 13916 leader_election.cc:343] T 21121ed253264d6089178df85923b5b8 P c96df301075a43a8a3b311093ca03d25 [CANDIDATE]: Term 1 pre-election: Tablet error from VoteRequest() call to peer 0f33db5fa5cc4a9dbfa2f4641e775949 (127.13.107.195:39791): Illegal state: must be running to vote when last-logged opid is not known
I20260710 11:09:49.585198 14076 tablet_bootstrap.cc:492] T 5151efaec481494190b267b8595b2113 P d22f667961a8404aa102e0a77c98bb3c: Bootstrap starting.
I20260710 11:09:49.585250 13916 leader_election.cc:304] T 21121ed253264d6089178df85923b5b8 P c96df301075a43a8a3b311093ca03d25 [CANDIDATE]: Term 1 pre-election: Election decided. Result: candidate lost. Election summary: received 3 responses out of 3 voters: 1 yes votes; 2 no votes. yes voters: c96df301075a43a8a3b311093ca03d25; no voters: 0f33db5fa5cc4a9dbfa2f4641e775949, d22f667961a8404aa102e0a77c98bb3c
I20260710 11:09:49.587800 14091 raft_consensus.cc:2804] T aef2bf3f47cb432daf2b2c3dd28ac669 P 0f33db5fa5cc4a9dbfa2f4641e775949 [term 1 FOLLOWER]: Leader election won for term 1
I20260710 11:09:49.588533 14091 raft_consensus.cc:697] T aef2bf3f47cb432daf2b2c3dd28ac669 P 0f33db5fa5cc4a9dbfa2f4641e775949 [term 1 LEADER]: Becoming Leader. State: Replica: 0f33db5fa5cc4a9dbfa2f4641e775949, State: Running, Role: LEADER
I20260710 11:09:49.589385 14091 consensus_queue.cc:237] T aef2bf3f47cb432daf2b2c3dd28ac669 P 0f33db5fa5cc4a9dbfa2f4641e775949 [LEADER]: Queue going to LEADER mode. State: All replicated index: 0, Majority replicated index: 0, Committed index: 0, Last appended: 0.0, Last appended by leader: 0, Current term: 1, Majority size: 2, State: 0, Mode: LEADER, active raft config: opid_index: -1 OBSOLETE_local: false peers { permanent_uuid: "c96df301075a43a8a3b311093ca03d25" member_type: VOTER last_known_addr { host: "127.13.107.194" port: 39217 } } peers { permanent_uuid: "0f33db5fa5cc4a9dbfa2f4641e775949" member_type: VOTER last_known_addr { host: "127.13.107.195" port: 39791 } } peers { permanent_uuid: "d22f667961a8404aa102e0a77c98bb3c" member_type: VOTER last_known_addr { host: "127.13.107.193" port: 41231 } }
I20260710 11:09:49.594954 14093 raft_consensus.cc:2749] T 21121ed253264d6089178df85923b5b8 P c96df301075a43a8a3b311093ca03d25 [term 0 FOLLOWER]: Leader pre-election lost for term 1. Reason: could not achieve majority
I20260710 11:09:49.579847 14077 leader_election.cc:290] T aef2bf3f47cb432daf2b2c3dd28ac669 P 0f33db5fa5cc4a9dbfa2f4641e775949 [CANDIDATE]: Term 1 election: Requested vote from peers c96df301075a43a8a3b311093ca03d25 (127.13.107.194:39217), d22f667961a8404aa102e0a77c98bb3c (127.13.107.193:41231)
I20260710 11:09:49.602311 14070 tablet_bootstrap.cc:654] T 0ee42d5957884c628e087789916c557c P c96df301075a43a8a3b311093ca03d25: Neither blocks nor log segments found. Creating new log.
I20260710 11:09:49.611986 14070 tablet_bootstrap.cc:492] T 0ee42d5957884c628e087789916c557c P c96df301075a43a8a3b311093ca03d25: No bootstrap required, opened a new log
I20260710 11:09:49.612423 14070 ts_tablet_manager.cc:1403] T 0ee42d5957884c628e087789916c557c P c96df301075a43a8a3b311093ca03d25: Time spent bootstrapping tablet: real 0.028s	user 0.010s	sys 0.001s
I20260710 11:09:49.615082 14070 raft_consensus.cc:359] T 0ee42d5957884c628e087789916c557c P c96df301075a43a8a3b311093ca03d25 [term 0 FOLLOWER]: Replica starting. Triggering 0 pending ops. Active config: opid_index: -1 OBSOLETE_local: false peers { permanent_uuid: "d22f667961a8404aa102e0a77c98bb3c" member_type: VOTER last_known_addr { host: "127.13.107.193" port: 41231 } } peers { permanent_uuid: "c96df301075a43a8a3b311093ca03d25" member_type: VOTER last_known_addr { host: "127.13.107.194" port: 39217 } } peers { permanent_uuid: "0f33db5fa5cc4a9dbfa2f4641e775949" member_type: VOTER last_known_addr { host: "127.13.107.195" port: 39791 } }
I20260710 11:09:49.615746 14070 raft_consensus.cc:385] T 0ee42d5957884c628e087789916c557c P c96df301075a43a8a3b311093ca03d25 [term 0 FOLLOWER]: Consensus starting up: Expiring failure detector timer to make a prompt election more likely
I20260710 11:09:49.616039 14070 raft_consensus.cc:740] T 0ee42d5957884c628e087789916c557c P c96df301075a43a8a3b311093ca03d25 [term 0 FOLLOWER]: Becoming Follower/Learner. State: Replica: c96df301075a43a8a3b311093ca03d25, State: Initialized, Role: FOLLOWER
I20260710 11:09:49.617002 14070 consensus_queue.cc:260] T 0ee42d5957884c628e087789916c557c P c96df301075a43a8a3b311093ca03d25 [NON_LEADER]: Queue going to NON_LEADER mode. State: All replicated index: 0, Majority replicated index: 0, Committed index: 0, Last appended: 0.0, Last appended by leader: 0, Current term: 0, Majority size: -1, State: 0, Mode: NON_LEADER, active raft config: opid_index: -1 OBSOLETE_local: false peers { permanent_uuid: "d22f667961a8404aa102e0a77c98bb3c" member_type: VOTER last_known_addr { host: "127.13.107.193" port: 41231 } } peers { permanent_uuid: "c96df301075a43a8a3b311093ca03d25" member_type: VOTER last_known_addr { host: "127.13.107.194" port: 39217 } } peers { permanent_uuid: "0f33db5fa5cc4a9dbfa2f4641e775949" member_type: VOTER last_known_addr { host: "127.13.107.195" port: 39791 } }
I20260710 11:09:49.618978 14070 ts_tablet_manager.cc:1434] T 0ee42d5957884c628e087789916c557c P c96df301075a43a8a3b311093ca03d25: Time spent starting tablet: real 0.006s	user 0.003s	sys 0.004s
I20260710 11:09:49.619139 14071 tablet_bootstrap.cc:492] T ec91cd08f2f848b6b7ec0e6d6922f7bb P 0f33db5fa5cc4a9dbfa2f4641e775949: No bootstrap required, opened a new log
I20260710 11:09:49.619583 14070 tablet_bootstrap.cc:492] T ec91cd08f2f848b6b7ec0e6d6922f7bb P c96df301075a43a8a3b311093ca03d25: Bootstrap starting.
I20260710 11:09:49.619583 14071 ts_tablet_manager.cc:1403] T ec91cd08f2f848b6b7ec0e6d6922f7bb P 0f33db5fa5cc4a9dbfa2f4641e775949: Time spent bootstrapping tablet: real 0.107s	user 0.056s	sys 0.037s
I20260710 11:09:49.623045 14071 raft_consensus.cc:359] T ec91cd08f2f848b6b7ec0e6d6922f7bb P 0f33db5fa5cc4a9dbfa2f4641e775949 [term 0 FOLLOWER]: Replica starting. Triggering 0 pending ops. Active config: opid_index: -1 OBSOLETE_local: false peers { permanent_uuid: "d22f667961a8404aa102e0a77c98bb3c" member_type: VOTER last_known_addr { host: "127.13.107.193" port: 41231 } } peers { permanent_uuid: "c96df301075a43a8a3b311093ca03d25" member_type: VOTER last_known_addr { host: "127.13.107.194" port: 39217 } } peers { permanent_uuid: "0f33db5fa5cc4a9dbfa2f4641e775949" member_type: VOTER last_known_addr { host: "127.13.107.195" port: 39791 } }
I20260710 11:09:49.623898 14071 raft_consensus.cc:385] T ec91cd08f2f848b6b7ec0e6d6922f7bb P 0f33db5fa5cc4a9dbfa2f4641e775949 [term 0 FOLLOWER]: Consensus starting up: Expiring failure detector timer to make a prompt election more likely
I20260710 11:09:49.624857 14071 raft_consensus.cc:740] T ec91cd08f2f848b6b7ec0e6d6922f7bb P 0f33db5fa5cc4a9dbfa2f4641e775949 [term 0 FOLLOWER]: Becoming Follower/Learner. State: Replica: 0f33db5fa5cc4a9dbfa2f4641e775949, State: Initialized, Role: FOLLOWER
I20260710 11:09:49.625432 14076 tablet_bootstrap.cc:654] T 5151efaec481494190b267b8595b2113 P d22f667961a8404aa102e0a77c98bb3c: Neither blocks nor log segments found. Creating new log.
I20260710 11:09:49.625972 14071 consensus_queue.cc:260] T ec91cd08f2f848b6b7ec0e6d6922f7bb P 0f33db5fa5cc4a9dbfa2f4641e775949 [NON_LEADER]: Queue going to NON_LEADER mode. State: All replicated index: 0, Majority replicated index: 0, Committed index: 0, Last appended: 0.0, Last appended by leader: 0, Current term: 0, Majority size: -1, State: 0, Mode: NON_LEADER, active raft config: opid_index: -1 OBSOLETE_local: false peers { permanent_uuid: "d22f667961a8404aa102e0a77c98bb3c" member_type: VOTER last_known_addr { host: "127.13.107.193" port: 41231 } } peers { permanent_uuid: "c96df301075a43a8a3b311093ca03d25" member_type: VOTER last_known_addr { host: "127.13.107.194" port: 39217 } } peers { permanent_uuid: "0f33db5fa5cc4a9dbfa2f4641e775949" member_type: VOTER last_known_addr { host: "127.13.107.195" port: 39791 } }
I20260710 11:09:49.628546 14071 ts_tablet_manager.cc:1434] T ec91cd08f2f848b6b7ec0e6d6922f7bb P 0f33db5fa5cc4a9dbfa2f4641e775949: Time spent starting tablet: real 0.008s	user 0.005s	sys 0.001s
I20260710 11:09:49.632591 14071 tablet_bootstrap.cc:492] T 40699bc9d69c47c48d868f40fa1f4b2f P 0f33db5fa5cc4a9dbfa2f4641e775949: Bootstrap starting.
I20260710 11:09:49.644985 14070 tablet_bootstrap.cc:654] T ec91cd08f2f848b6b7ec0e6d6922f7bb P c96df301075a43a8a3b311093ca03d25: Neither blocks nor log segments found. Creating new log.
I20260710 11:09:49.654107 14070 tablet_bootstrap.cc:492] T ec91cd08f2f848b6b7ec0e6d6922f7bb P c96df301075a43a8a3b311093ca03d25: No bootstrap required, opened a new log
I20260710 11:09:49.654598 14070 ts_tablet_manager.cc:1403] T ec91cd08f2f848b6b7ec0e6d6922f7bb P c96df301075a43a8a3b311093ca03d25: Time spent bootstrapping tablet: real 0.035s	user 0.008s	sys 0.006s
I20260710 11:09:49.655186 14086 raft_consensus.cc:493] T 8a218ab9dfc44290ab59fc8257ee4ec9 P d22f667961a8404aa102e0a77c98bb3c [term 0 FOLLOWER]: Starting pre-election (no leader contacted us within the election timeout)
I20260710 11:09:49.655731 14086 raft_consensus.cc:515] T 8a218ab9dfc44290ab59fc8257ee4ec9 P d22f667961a8404aa102e0a77c98bb3c [term 0 FOLLOWER]: Starting pre-election with config: opid_index: -1 OBSOLETE_local: false peers { permanent_uuid: "d22f667961a8404aa102e0a77c98bb3c" member_type: VOTER last_known_addr { host: "127.13.107.193" port: 41231 } } peers { permanent_uuid: "c96df301075a43a8a3b311093ca03d25" member_type: VOTER last_known_addr { host: "127.13.107.194" port: 39217 } } peers { permanent_uuid: "0f33db5fa5cc4a9dbfa2f4641e775949" member_type: VOTER last_known_addr { host: "127.13.107.195" port: 39791 } }
I20260710 11:09:49.657646 14071 tablet_bootstrap.cc:654] T 40699bc9d69c47c48d868f40fa1f4b2f P 0f33db5fa5cc4a9dbfa2f4641e775949: Neither blocks nor log segments found. Creating new log.
I20260710 11:09:49.658776 14086 leader_election.cc:290] T 8a218ab9dfc44290ab59fc8257ee4ec9 P d22f667961a8404aa102e0a77c98bb3c [CANDIDATE]: Term 1 pre-election: Requested pre-vote from peers c96df301075a43a8a3b311093ca03d25 (127.13.107.194:39217), 0f33db5fa5cc4a9dbfa2f4641e775949 (127.13.107.195:39791)
I20260710 11:09:49.670185 14076 tablet_bootstrap.cc:492] T 5151efaec481494190b267b8595b2113 P d22f667961a8404aa102e0a77c98bb3c: No bootstrap required, opened a new log
I20260710 11:09:49.674968 14076 ts_tablet_manager.cc:1403] T 5151efaec481494190b267b8595b2113 P d22f667961a8404aa102e0a77c98bb3c: Time spent bootstrapping tablet: real 0.090s	user 0.017s	sys 0.000s
I20260710 11:09:49.676218 14070 raft_consensus.cc:359] T ec91cd08f2f848b6b7ec0e6d6922f7bb P c96df301075a43a8a3b311093ca03d25 [term 0 FOLLOWER]: Replica starting. Triggering 0 pending ops. Active config: opid_index: -1 OBSOLETE_local: false peers { permanent_uuid: "d22f667961a8404aa102e0a77c98bb3c" member_type: VOTER last_known_addr { host: "127.13.107.193" port: 41231 } } peers { permanent_uuid: "c96df301075a43a8a3b311093ca03d25" member_type: VOTER last_known_addr { host: "127.13.107.194" port: 39217 } } peers { permanent_uuid: "0f33db5fa5cc4a9dbfa2f4641e775949" member_type: VOTER last_known_addr { host: "127.13.107.195" port: 39791 } }
I20260710 11:09:49.676982 14070 raft_consensus.cc:385] T ec91cd08f2f848b6b7ec0e6d6922f7bb P c96df301075a43a8a3b311093ca03d25 [term 0 FOLLOWER]: Consensus starting up: Expiring failure detector timer to make a prompt election more likely
I20260710 11:09:49.677292 14070 raft_consensus.cc:740] T ec91cd08f2f848b6b7ec0e6d6922f7bb P c96df301075a43a8a3b311093ca03d25 [term 0 FOLLOWER]: Becoming Follower/Learner. State: Replica: c96df301075a43a8a3b311093ca03d25, State: Initialized, Role: FOLLOWER
I20260710 11:09:49.678617 14070 consensus_queue.cc:260] T ec91cd08f2f848b6b7ec0e6d6922f7bb P c96df301075a43a8a3b311093ca03d25 [NON_LEADER]: Queue going to NON_LEADER mode. State: All replicated index: 0, Majority replicated index: 0, Committed index: 0, Last appended: 0.0, Last appended by leader: 0, Current term: 0, Majority size: -1, State: 0, Mode: NON_LEADER, active raft config: opid_index: -1 OBSOLETE_local: false peers { permanent_uuid: "d22f667961a8404aa102e0a77c98bb3c" member_type: VOTER last_known_addr { host: "127.13.107.193" port: 41231 } } peers { permanent_uuid: "c96df301075a43a8a3b311093ca03d25" member_type: VOTER last_known_addr { host: "127.13.107.194" port: 39217 } } peers { permanent_uuid: "0f33db5fa5cc4a9dbfa2f4641e775949" member_type: VOTER last_known_addr { host: "127.13.107.195" port: 39791 } }
I20260710 11:09:49.683110 14070 ts_tablet_manager.cc:1434] T ec91cd08f2f848b6b7ec0e6d6922f7bb P c96df301075a43a8a3b311093ca03d25: Time spent starting tablet: real 0.028s	user 0.003s	sys 0.004s
I20260710 11:09:49.682621 13772 catalog_manager.cc:5697] T aef2bf3f47cb432daf2b2c3dd28ac669 P 0f33db5fa5cc4a9dbfa2f4641e775949 reported cstate change: term changed from 0 to 1, leader changed from <none> to 0f33db5fa5cc4a9dbfa2f4641e775949 (127.13.107.195). New cstate: current_term: 1 leader_uuid: "0f33db5fa5cc4a9dbfa2f4641e775949" committed_config { opid_index: -1 OBSOLETE_local: false peers { permanent_uuid: "c96df301075a43a8a3b311093ca03d25" member_type: VOTER last_known_addr { host: "127.13.107.194" port: 39217 } health_report { overall_health: UNKNOWN } } peers { permanent_uuid: "0f33db5fa5cc4a9dbfa2f4641e775949" member_type: VOTER last_known_addr { host: "127.13.107.195" port: 39791 } health_report { overall_health: HEALTHY } } peers { permanent_uuid: "d22f667961a8404aa102e0a77c98bb3c" member_type: VOTER last_known_addr { host: "127.13.107.193" port: 41231 } health_report { overall_health: UNKNOWN } } }
I20260710 11:09:49.687250 14071 tablet_bootstrap.cc:492] T 40699bc9d69c47c48d868f40fa1f4b2f P 0f33db5fa5cc4a9dbfa2f4641e775949: No bootstrap required, opened a new log
I20260710 11:09:49.687762 14071 ts_tablet_manager.cc:1403] T 40699bc9d69c47c48d868f40fa1f4b2f P 0f33db5fa5cc4a9dbfa2f4641e775949: Time spent bootstrapping tablet: real 0.056s	user 0.003s	sys 0.011s
I20260710 11:09:49.689411 14076 raft_consensus.cc:359] T 5151efaec481494190b267b8595b2113 P d22f667961a8404aa102e0a77c98bb3c [term 0 FOLLOWER]: Replica starting. Triggering 0 pending ops. Active config: opid_index: -1 OBSOLETE_local: false peers { permanent_uuid: "d22f667961a8404aa102e0a77c98bb3c" member_type: VOTER last_known_addr { host: "127.13.107.193" port: 41231 } } peers { permanent_uuid: "c96df301075a43a8a3b311093ca03d25" member_type: VOTER last_known_addr { host: "127.13.107.194" port: 39217 } } peers { permanent_uuid: "0f33db5fa5cc4a9dbfa2f4641e775949" member_type: VOTER last_known_addr { host: "127.13.107.195" port: 39791 } }
I20260710 11:09:49.690565 14076 raft_consensus.cc:385] T 5151efaec481494190b267b8595b2113 P d22f667961a8404aa102e0a77c98bb3c [term 0 FOLLOWER]: Consensus starting up: Expiring failure detector timer to make a prompt election more likely
I20260710 11:09:49.690965 14076 raft_consensus.cc:740] T 5151efaec481494190b267b8595b2113 P d22f667961a8404aa102e0a77c98bb3c [term 0 FOLLOWER]: Becoming Follower/Learner. State: Replica: d22f667961a8404aa102e0a77c98bb3c, State: Initialized, Role: FOLLOWER
I20260710 11:09:49.691908 14076 consensus_queue.cc:260] T 5151efaec481494190b267b8595b2113 P d22f667961a8404aa102e0a77c98bb3c [NON_LEADER]: Queue going to NON_LEADER mode. State: All replicated index: 0, Majority replicated index: 0, Committed index: 0, Last appended: 0.0, Last appended by leader: 0, Current term: 0, Majority size: -1, State: 0, Mode: NON_LEADER, active raft config: opid_index: -1 OBSOLETE_local: false peers { permanent_uuid: "d22f667961a8404aa102e0a77c98bb3c" member_type: VOTER last_known_addr { host: "127.13.107.193" port: 41231 } } peers { permanent_uuid: "c96df301075a43a8a3b311093ca03d25" member_type: VOTER last_known_addr { host: "127.13.107.194" port: 39217 } } peers { permanent_uuid: "0f33db5fa5cc4a9dbfa2f4641e775949" member_type: VOTER last_known_addr { host: "127.13.107.195" port: 39791 } }
I20260710 11:09:49.697829 14076 ts_tablet_manager.cc:1434] T 5151efaec481494190b267b8595b2113 P d22f667961a8404aa102e0a77c98bb3c: Time spent starting tablet: real 0.022s	user 0.001s	sys 0.004s
I20260710 11:09:49.698164 13953 tablet_service.cc:1917] Received RequestConsensusVote() RPC: tablet_id: "8a218ab9dfc44290ab59fc8257ee4ec9" candidate_uuid: "d22f667961a8404aa102e0a77c98bb3c" candidate_term: 1 candidate_status { last_received { term: 0 index: 0 } } ignore_live_leader: false dest_uuid: "c96df301075a43a8a3b311093ca03d25" is_pre_election: true
I20260710 11:09:49.698930 14076 tablet_bootstrap.cc:492] T ec91cd08f2f848b6b7ec0e6d6922f7bb P d22f667961a8404aa102e0a77c98bb3c: Bootstrap starting.
I20260710 11:09:49.698825 13953 raft_consensus.cc:2468] T 8a218ab9dfc44290ab59fc8257ee4ec9 P c96df301075a43a8a3b311093ca03d25 [term 0 FOLLOWER]: Leader pre-election vote request: Granting yes vote for candidate d22f667961a8404aa102e0a77c98bb3c in term 0.
I20260710 11:09:49.701380 14071 raft_consensus.cc:359] T 40699bc9d69c47c48d868f40fa1f4b2f P 0f33db5fa5cc4a9dbfa2f4641e775949 [term 0 FOLLOWER]: Replica starting. Triggering 0 pending ops. Active config: opid_index: -1 OBSOLETE_local: false peers { permanent_uuid: "d22f667961a8404aa102e0a77c98bb3c" member_type: VOTER last_known_addr { host: "127.13.107.193" port: 41231 } } peers { permanent_uuid: "c96df301075a43a8a3b311093ca03d25" member_type: VOTER last_known_addr { host: "127.13.107.194" port: 39217 } } peers { permanent_uuid: "0f33db5fa5cc4a9dbfa2f4641e775949" member_type: VOTER last_known_addr { host: "127.13.107.195" port: 39791 } }
I20260710 11:09:49.702126 14071 raft_consensus.cc:385] T 40699bc9d69c47c48d868f40fa1f4b2f P 0f33db5fa5cc4a9dbfa2f4641e775949 [term 0 FOLLOWER]: Consensus starting up: Expiring failure detector timer to make a prompt election more likely
I20260710 11:09:49.702381 13844 leader_election.cc:304] T 8a218ab9dfc44290ab59fc8257ee4ec9 P d22f667961a8404aa102e0a77c98bb3c [CANDIDATE]: Term 1 pre-election: Election decided. Result: candidate won. Election summary: received 2 responses out of 3 voters: 2 yes votes; 0 no votes. yes voters: c96df301075a43a8a3b311093ca03d25, d22f667961a8404aa102e0a77c98bb3c; no voters: 
I20260710 11:09:49.704839 14086 raft_consensus.cc:2804] T 8a218ab9dfc44290ab59fc8257ee4ec9 P d22f667961a8404aa102e0a77c98bb3c [term 0 FOLLOWER]: Leader pre-election won for term 1
I20260710 11:09:49.705219 14086 raft_consensus.cc:493] T 8a218ab9dfc44290ab59fc8257ee4ec9 P d22f667961a8404aa102e0a77c98bb3c [term 0 FOLLOWER]: Starting leader election (no leader contacted us within the election timeout)
I20260710 11:09:49.705574 14086 raft_consensus.cc:3060] T 8a218ab9dfc44290ab59fc8257ee4ec9 P d22f667961a8404aa102e0a77c98bb3c [term 0 FOLLOWER]: Advancing to term 1
I20260710 11:09:49.702445 14071 raft_consensus.cc:740] T 40699bc9d69c47c48d868f40fa1f4b2f P 0f33db5fa5cc4a9dbfa2f4641e775949 [term 0 FOLLOWER]: Becoming Follower/Learner. State: Replica: 0f33db5fa5cc4a9dbfa2f4641e775949, State: Initialized, Role: FOLLOWER
I20260710 11:09:49.710337 14071 consensus_queue.cc:260] T 40699bc9d69c47c48d868f40fa1f4b2f P 0f33db5fa5cc4a9dbfa2f4641e775949 [NON_LEADER]: Queue going to NON_LEADER mode. State: All replicated index: 0, Majority replicated index: 0, Committed index: 0, Last appended: 0.0, Last appended by leader: 0, Current term: 0, Majority size: -1, State: 0, Mode: NON_LEADER, active raft config: opid_index: -1 OBSOLETE_local: false peers { permanent_uuid: "d22f667961a8404aa102e0a77c98bb3c" member_type: VOTER last_known_addr { host: "127.13.107.193" port: 41231 } } peers { permanent_uuid: "c96df301075a43a8a3b311093ca03d25" member_type: VOTER last_known_addr { host: "127.13.107.194" port: 39217 } } peers { permanent_uuid: "0f33db5fa5cc4a9dbfa2f4641e775949" member_type: VOTER last_known_addr { host: "127.13.107.195" port: 39791 } }
I20260710 11:09:49.717293 14027 tablet_service.cc:1917] Received RequestConsensusVote() RPC: tablet_id: "8a218ab9dfc44290ab59fc8257ee4ec9" candidate_uuid: "d22f667961a8404aa102e0a77c98bb3c" candidate_term: 1 candidate_status { last_received { term: 0 index: 0 } } ignore_live_leader: false dest_uuid: "0f33db5fa5cc4a9dbfa2f4641e775949" is_pre_election: true
I20260710 11:09:49.718465 14071 ts_tablet_manager.cc:1434] T 40699bc9d69c47c48d868f40fa1f4b2f P 0f33db5fa5cc4a9dbfa2f4641e775949: Time spent starting tablet: real 0.029s	user 0.007s	sys 0.000s
W20260710 11:09:49.718842 13841 leader_election.cc:343] T 8a218ab9dfc44290ab59fc8257ee4ec9 P d22f667961a8404aa102e0a77c98bb3c [CANDIDATE]: Term 1 pre-election: Tablet error from VoteRequest() call to peer 0f33db5fa5cc4a9dbfa2f4641e775949 (127.13.107.195:39791): Illegal state: must be running to vote when last-logged opid is not known
I20260710 11:09:49.719607 14071 tablet_bootstrap.cc:492] T 21121ed253264d6089178df85923b5b8 P 0f33db5fa5cc4a9dbfa2f4641e775949: Bootstrap starting.
I20260710 11:09:49.721207 14086 raft_consensus.cc:515] T 8a218ab9dfc44290ab59fc8257ee4ec9 P d22f667961a8404aa102e0a77c98bb3c [term 1 FOLLOWER]: Starting leader election with config: opid_index: -1 OBSOLETE_local: false peers { permanent_uuid: "d22f667961a8404aa102e0a77c98bb3c" member_type: VOTER last_known_addr { host: "127.13.107.193" port: 41231 } } peers { permanent_uuid: "c96df301075a43a8a3b311093ca03d25" member_type: VOTER last_known_addr { host: "127.13.107.194" port: 39217 } } peers { permanent_uuid: "0f33db5fa5cc4a9dbfa2f4641e775949" member_type: VOTER last_known_addr { host: "127.13.107.195" port: 39791 } }
I20260710 11:09:49.723134 14086 leader_election.cc:290] T 8a218ab9dfc44290ab59fc8257ee4ec9 P d22f667961a8404aa102e0a77c98bb3c [CANDIDATE]: Term 1 election: Requested vote from peers c96df301075a43a8a3b311093ca03d25 (127.13.107.194:39217), 0f33db5fa5cc4a9dbfa2f4641e775949 (127.13.107.195:39791)
I20260710 11:09:49.714329 14076 tablet_bootstrap.cc:654] T ec91cd08f2f848b6b7ec0e6d6922f7bb P d22f667961a8404aa102e0a77c98bb3c: Neither blocks nor log segments found. Creating new log.
I20260710 11:09:49.723877 13953 tablet_service.cc:1917] Received RequestConsensusVote() RPC: tablet_id: "8a218ab9dfc44290ab59fc8257ee4ec9" candidate_uuid: "d22f667961a8404aa102e0a77c98bb3c" candidate_term: 1 candidate_status { last_received { term: 0 index: 0 } } ignore_live_leader: false dest_uuid: "c96df301075a43a8a3b311093ca03d25"
I20260710 11:09:49.724188 14027 tablet_service.cc:1917] Received RequestConsensusVote() RPC: tablet_id: "8a218ab9dfc44290ab59fc8257ee4ec9" candidate_uuid: "d22f667961a8404aa102e0a77c98bb3c" candidate_term: 1 candidate_status { last_received { term: 0 index: 0 } } ignore_live_leader: false dest_uuid: "0f33db5fa5cc4a9dbfa2f4641e775949"
I20260710 11:09:49.724437 13953 raft_consensus.cc:3060] T 8a218ab9dfc44290ab59fc8257ee4ec9 P c96df301075a43a8a3b311093ca03d25 [term 0 FOLLOWER]: Advancing to term 1
W20260710 11:09:49.725557 13841 leader_election.cc:343] T 8a218ab9dfc44290ab59fc8257ee4ec9 P d22f667961a8404aa102e0a77c98bb3c [CANDIDATE]: Term 1 election: Tablet error from VoteRequest() call to peer 0f33db5fa5cc4a9dbfa2f4641e775949 (127.13.107.195:39791): Illegal state: must be running to vote when last-logged opid is not known
I20260710 11:09:49.732993 13953 raft_consensus.cc:2468] T 8a218ab9dfc44290ab59fc8257ee4ec9 P c96df301075a43a8a3b311093ca03d25 [term 1 FOLLOWER]: Leader election vote request: Granting yes vote for candidate d22f667961a8404aa102e0a77c98bb3c in term 1.
I20260710 11:09:49.733280 14076 tablet_bootstrap.cc:492] T ec91cd08f2f848b6b7ec0e6d6922f7bb P d22f667961a8404aa102e0a77c98bb3c: No bootstrap required, opened a new log
I20260710 11:09:49.733870 14076 ts_tablet_manager.cc:1403] T ec91cd08f2f848b6b7ec0e6d6922f7bb P d22f667961a8404aa102e0a77c98bb3c: Time spent bootstrapping tablet: real 0.035s	user 0.010s	sys 0.005s
I20260710 11:09:49.734251 13844 leader_election.cc:304] T 8a218ab9dfc44290ab59fc8257ee4ec9 P d22f667961a8404aa102e0a77c98bb3c [CANDIDATE]: Term 1 election: Election decided. Result: candidate won. Election summary: received 3 responses out of 3 voters: 2 yes votes; 1 no votes. yes voters: c96df301075a43a8a3b311093ca03d25, d22f667961a8404aa102e0a77c98bb3c; no voters: 0f33db5fa5cc4a9dbfa2f4641e775949
I20260710 11:09:49.735539 14086 raft_consensus.cc:2804] T 8a218ab9dfc44290ab59fc8257ee4ec9 P d22f667961a8404aa102e0a77c98bb3c [term 1 FOLLOWER]: Leader election won for term 1
I20260710 11:09:49.736341 14071 tablet_bootstrap.cc:654] T 21121ed253264d6089178df85923b5b8 P 0f33db5fa5cc4a9dbfa2f4641e775949: Neither blocks nor log segments found. Creating new log.
I20260710 11:09:49.737809 14076 raft_consensus.cc:359] T ec91cd08f2f848b6b7ec0e6d6922f7bb P d22f667961a8404aa102e0a77c98bb3c [term 0 FOLLOWER]: Replica starting. Triggering 0 pending ops. Active config: opid_index: -1 OBSOLETE_local: false peers { permanent_uuid: "d22f667961a8404aa102e0a77c98bb3c" member_type: VOTER last_known_addr { host: "127.13.107.193" port: 41231 } } peers { permanent_uuid: "c96df301075a43a8a3b311093ca03d25" member_type: VOTER last_known_addr { host: "127.13.107.194" port: 39217 } } peers { permanent_uuid: "0f33db5fa5cc4a9dbfa2f4641e775949" member_type: VOTER last_known_addr { host: "127.13.107.195" port: 39791 } }
I20260710 11:09:49.738915 14076 raft_consensus.cc:385] T ec91cd08f2f848b6b7ec0e6d6922f7bb P d22f667961a8404aa102e0a77c98bb3c [term 0 FOLLOWER]: Consensus starting up: Expiring failure detector timer to make a prompt election more likely
I20260710 11:09:49.739372 14076 raft_consensus.cc:740] T ec91cd08f2f848b6b7ec0e6d6922f7bb P d22f667961a8404aa102e0a77c98bb3c [term 0 FOLLOWER]: Becoming Follower/Learner. State: Replica: d22f667961a8404aa102e0a77c98bb3c, State: Initialized, Role: FOLLOWER
I20260710 11:09:49.741837 14093 raft_consensus.cc:493] T 5151efaec481494190b267b8595b2113 P c96df301075a43a8a3b311093ca03d25 [term 0 FOLLOWER]: Starting pre-election (no leader contacted us within the election timeout)
I20260710 11:09:49.742468 14093 raft_consensus.cc:515] T 5151efaec481494190b267b8595b2113 P c96df301075a43a8a3b311093ca03d25 [term 0 FOLLOWER]: Starting pre-election with config: opid_index: -1 OBSOLETE_local: false peers { permanent_uuid: "d22f667961a8404aa102e0a77c98bb3c" member_type: VOTER last_known_addr { host: "127.13.107.193" port: 41231 } } peers { permanent_uuid: "c96df301075a43a8a3b311093ca03d25" member_type: VOTER last_known_addr { host: "127.13.107.194" port: 39217 } } peers { permanent_uuid: "0f33db5fa5cc4a9dbfa2f4641e775949" member_type: VOTER last_known_addr { host: "127.13.107.195" port: 39791 } }
I20260710 11:09:49.745158 14093 leader_election.cc:290] T 5151efaec481494190b267b8595b2113 P c96df301075a43a8a3b311093ca03d25 [CANDIDATE]: Term 1 pre-election: Requested pre-vote from peers d22f667961a8404aa102e0a77c98bb3c (127.13.107.193:41231), 0f33db5fa5cc4a9dbfa2f4641e775949 (127.13.107.195:39791)
I20260710 11:09:49.746385 14071 tablet_bootstrap.cc:492] T 21121ed253264d6089178df85923b5b8 P 0f33db5fa5cc4a9dbfa2f4641e775949: No bootstrap required, opened a new log
I20260710 11:09:49.746910 14071 ts_tablet_manager.cc:1403] T 21121ed253264d6089178df85923b5b8 P 0f33db5fa5cc4a9dbfa2f4641e775949: Time spent bootstrapping tablet: real 0.027s	user 0.015s	sys 0.000s
I20260710 11:09:49.747656 14027 tablet_service.cc:1917] Received RequestConsensusVote() RPC: tablet_id: "5151efaec481494190b267b8595b2113" candidate_uuid: "c96df301075a43a8a3b311093ca03d25" candidate_term: 1 candidate_status { last_received { term: 0 index: 0 } } ignore_live_leader: false dest_uuid: "0f33db5fa5cc4a9dbfa2f4641e775949" is_pre_election: true
I20260710 11:09:49.749637 14071 raft_consensus.cc:359] T 21121ed253264d6089178df85923b5b8 P 0f33db5fa5cc4a9dbfa2f4641e775949 [term 0 FOLLOWER]: Replica starting. Triggering 0 pending ops. Active config: opid_index: -1 OBSOLETE_local: false peers { permanent_uuid: "d22f667961a8404aa102e0a77c98bb3c" member_type: VOTER last_known_addr { host: "127.13.107.193" port: 41231 } } peers { permanent_uuid: "c96df301075a43a8a3b311093ca03d25" member_type: VOTER last_known_addr { host: "127.13.107.194" port: 39217 } } peers { permanent_uuid: "0f33db5fa5cc4a9dbfa2f4641e775949" member_type: VOTER last_known_addr { host: "127.13.107.195" port: 39791 } }
I20260710 11:09:49.750416 14071 raft_consensus.cc:385] T 21121ed253264d6089178df85923b5b8 P 0f33db5fa5cc4a9dbfa2f4641e775949 [term 0 FOLLOWER]: Consensus starting up: Expiring failure detector timer to make a prompt election more likely
I20260710 11:09:49.750730 14071 raft_consensus.cc:740] T 21121ed253264d6089178df85923b5b8 P 0f33db5fa5cc4a9dbfa2f4641e775949 [term 0 FOLLOWER]: Becoming Follower/Learner. State: Replica: 0f33db5fa5cc4a9dbfa2f4641e775949, State: Initialized, Role: FOLLOWER
I20260710 11:09:49.751006 13878 tablet_service.cc:1917] Received RequestConsensusVote() RPC: tablet_id: "5151efaec481494190b267b8595b2113" candidate_uuid: "c96df301075a43a8a3b311093ca03d25" candidate_term: 1 candidate_status { last_received { term: 0 index: 0 } } ignore_live_leader: false dest_uuid: "d22f667961a8404aa102e0a77c98bb3c" is_pre_election: true
I20260710 11:09:49.751816 13878 raft_consensus.cc:2468] T 5151efaec481494190b267b8595b2113 P d22f667961a8404aa102e0a77c98bb3c [term 0 FOLLOWER]: Leader pre-election vote request: Granting yes vote for candidate c96df301075a43a8a3b311093ca03d25 in term 0.
I20260710 11:09:49.751662 14071 consensus_queue.cc:260] T 21121ed253264d6089178df85923b5b8 P 0f33db5fa5cc4a9dbfa2f4641e775949 [NON_LEADER]: Queue going to NON_LEADER mode. State: All replicated index: 0, Majority replicated index: 0, Committed index: 0, Last appended: 0.0, Last appended by leader: 0, Current term: 0, Majority size: -1, State: 0, Mode: NON_LEADER, active raft config: opid_index: -1 OBSOLETE_local: false peers { permanent_uuid: "d22f667961a8404aa102e0a77c98bb3c" member_type: VOTER last_known_addr { host: "127.13.107.193" port: 41231 } } peers { permanent_uuid: "c96df301075a43a8a3b311093ca03d25" member_type: VOTER last_known_addr { host: "127.13.107.194" port: 39217 } } peers { permanent_uuid: "0f33db5fa5cc4a9dbfa2f4641e775949" member_type: VOTER last_known_addr { host: "127.13.107.195" port: 39791 } }
W20260710 11:09:49.749486 13916 leader_election.cc:343] T 5151efaec481494190b267b8595b2113 P c96df301075a43a8a3b311093ca03d25 [CANDIDATE]: Term 1 pre-election: Tablet error from VoteRequest() call to peer 0f33db5fa5cc4a9dbfa2f4641e775949 (127.13.107.195:39791): Illegal state: must be running to vote when last-logged opid is not known
I20260710 11:09:49.753432 14076 consensus_queue.cc:260] T ec91cd08f2f848b6b7ec0e6d6922f7bb P d22f667961a8404aa102e0a77c98bb3c [NON_LEADER]: Queue going to NON_LEADER mode. State: All replicated index: 0, Majority replicated index: 0, Committed index: 0, Last appended: 0.0, Last appended by leader: 0, Current term: 0, Majority size: -1, State: 0, Mode: NON_LEADER, active raft config: opid_index: -1 OBSOLETE_local: false peers { permanent_uuid: "d22f667961a8404aa102e0a77c98bb3c" member_type: VOTER last_known_addr { host: "127.13.107.193" port: 41231 } } peers { permanent_uuid: "c96df301075a43a8a3b311093ca03d25" member_type: VOTER last_known_addr { host: "127.13.107.194" port: 39217 } } peers { permanent_uuid: "0f33db5fa5cc4a9dbfa2f4641e775949" member_type: VOTER last_known_addr { host: "127.13.107.195" port: 39791 } }
I20260710 11:09:49.753748 13916 leader_election.cc:304] T 5151efaec481494190b267b8595b2113 P c96df301075a43a8a3b311093ca03d25 [CANDIDATE]: Term 1 pre-election: Election decided. Result: candidate won. Election summary: received 3 responses out of 3 voters: 2 yes votes; 1 no votes. yes voters: c96df301075a43a8a3b311093ca03d25, d22f667961a8404aa102e0a77c98bb3c; no voters: 0f33db5fa5cc4a9dbfa2f4641e775949
I20260710 11:09:49.754941 14093 raft_consensus.cc:2804] T 5151efaec481494190b267b8595b2113 P c96df301075a43a8a3b311093ca03d25 [term 0 FOLLOWER]: Leader pre-election won for term 1
I20260710 11:09:49.755326 14093 raft_consensus.cc:493] T 5151efaec481494190b267b8595b2113 P c96df301075a43a8a3b311093ca03d25 [term 0 FOLLOWER]: Starting leader election (no leader contacted us within the election timeout)
I20260710 11:09:49.755525 14076 ts_tablet_manager.cc:1434] T ec91cd08f2f848b6b7ec0e6d6922f7bb P d22f667961a8404aa102e0a77c98bb3c: Time spent starting tablet: real 0.021s	user 0.016s	sys 0.003s
I20260710 11:09:49.755682 14093 raft_consensus.cc:3060] T 5151efaec481494190b267b8595b2113 P c96df301075a43a8a3b311093ca03d25 [term 0 FOLLOWER]: Advancing to term 1
I20260710 11:09:49.756671 14076 tablet_bootstrap.cc:492] T 21121ed253264d6089178df85923b5b8 P d22f667961a8404aa102e0a77c98bb3c: Bootstrap starting.
I20260710 11:09:49.760286 14110 raft_consensus.cc:493] T ec91cd08f2f848b6b7ec0e6d6922f7bb P d22f667961a8404aa102e0a77c98bb3c [term 0 FOLLOWER]: Starting pre-election (no leader contacted us within the election timeout)
I20260710 11:09:49.754252 14086 raft_consensus.cc:697] T 8a218ab9dfc44290ab59fc8257ee4ec9 P d22f667961a8404aa102e0a77c98bb3c [term 1 LEADER]: Becoming Leader. State: Replica: d22f667961a8404aa102e0a77c98bb3c, State: Running, Role: LEADER
I20260710 11:09:49.761475 14110 raft_consensus.cc:515] T ec91cd08f2f848b6b7ec0e6d6922f7bb P d22f667961a8404aa102e0a77c98bb3c [term 0 FOLLOWER]: Starting pre-election with config: opid_index: -1 OBSOLETE_local: false peers { permanent_uuid: "d22f667961a8404aa102e0a77c98bb3c" member_type: VOTER last_known_addr { host: "127.13.107.193" port: 41231 } } peers { permanent_uuid: "c96df301075a43a8a3b311093ca03d25" member_type: VOTER last_known_addr { host: "127.13.107.194" port: 39217 } } peers { permanent_uuid: "0f33db5fa5cc4a9dbfa2f4641e775949" member_type: VOTER last_known_addr { host: "127.13.107.195" port: 39791 } }
I20260710 11:09:49.762306 14086 consensus_queue.cc:237] T 8a218ab9dfc44290ab59fc8257ee4ec9 P d22f667961a8404aa102e0a77c98bb3c [LEADER]: Queue going to LEADER mode. State: All replicated index: 0, Majority replicated index: 0, Committed index: 0, Last appended: 0.0, Last appended by leader: 0, Current term: 1, Majority size: 2, State: 0, Mode: LEADER, active raft config: opid_index: -1 OBSOLETE_local: false peers { permanent_uuid: "d22f667961a8404aa102e0a77c98bb3c" member_type: VOTER last_known_addr { host: "127.13.107.193" port: 41231 } } peers { permanent_uuid: "c96df301075a43a8a3b311093ca03d25" member_type: VOTER last_known_addr { host: "127.13.107.194" port: 39217 } } peers { permanent_uuid: "0f33db5fa5cc4a9dbfa2f4641e775949" member_type: VOTER last_known_addr { host: "127.13.107.195" port: 39791 } }
I20260710 11:09:49.766163 14093 raft_consensus.cc:515] T 5151efaec481494190b267b8595b2113 P c96df301075a43a8a3b311093ca03d25 [term 1 FOLLOWER]: Starting leader election with config: opid_index: -1 OBSOLETE_local: false peers { permanent_uuid: "d22f667961a8404aa102e0a77c98bb3c" member_type: VOTER last_known_addr { host: "127.13.107.193" port: 41231 } } peers { permanent_uuid: "c96df301075a43a8a3b311093ca03d25" member_type: VOTER last_known_addr { host: "127.13.107.194" port: 39217 } } peers { permanent_uuid: "0f33db5fa5cc4a9dbfa2f4641e775949" member_type: VOTER last_known_addr { host: "127.13.107.195" port: 39791 } }
I20260710 11:09:49.763640 14071 ts_tablet_manager.cc:1434] T 21121ed253264d6089178df85923b5b8 P 0f33db5fa5cc4a9dbfa2f4641e775949: Time spent starting tablet: real 0.016s	user 0.006s	sys 0.000s
I20260710 11:09:49.767172 14076 tablet_bootstrap.cc:654] T 21121ed253264d6089178df85923b5b8 P d22f667961a8404aa102e0a77c98bb3c: Neither blocks nor log segments found. Creating new log.
I20260710 11:09:49.767920 14071 tablet_bootstrap.cc:492] T 5151efaec481494190b267b8595b2113 P 0f33db5fa5cc4a9dbfa2f4641e775949: Bootstrap starting.
I20260710 11:09:49.776753 13878 tablet_service.cc:1917] Received RequestConsensusVote() RPC: tablet_id: "5151efaec481494190b267b8595b2113" candidate_uuid: "c96df301075a43a8a3b311093ca03d25" candidate_term: 1 candidate_status { last_received { term: 0 index: 0 } } ignore_live_leader: false dest_uuid: "d22f667961a8404aa102e0a77c98bb3c"
I20260710 11:09:49.777367 13878 raft_consensus.cc:3060] T 5151efaec481494190b267b8595b2113 P d22f667961a8404aa102e0a77c98bb3c [term 0 FOLLOWER]: Advancing to term 1
I20260710 11:09:49.778841 14071 tablet_bootstrap.cc:654] T 5151efaec481494190b267b8595b2113 P 0f33db5fa5cc4a9dbfa2f4641e775949: Neither blocks nor log segments found. Creating new log.
I20260710 11:09:49.784289 13878 raft_consensus.cc:2468] T 5151efaec481494190b267b8595b2113 P d22f667961a8404aa102e0a77c98bb3c [term 1 FOLLOWER]: Leader election vote request: Granting yes vote for candidate c96df301075a43a8a3b311093ca03d25 in term 1.
I20260710 11:09:49.785549 13916 leader_election.cc:304] T 5151efaec481494190b267b8595b2113 P c96df301075a43a8a3b311093ca03d25 [CANDIDATE]: Term 1 election: Election decided. Result: candidate won. Election summary: received 2 responses out of 3 voters: 2 yes votes; 0 no votes. yes voters: c96df301075a43a8a3b311093ca03d25, d22f667961a8404aa102e0a77c98bb3c; no voters: 
I20260710 11:09:49.786441 14073 raft_consensus.cc:2804] T 5151efaec481494190b267b8595b2113 P c96df301075a43a8a3b311093ca03d25 [term 1 FOLLOWER]: Leader election won for term 1
I20260710 11:09:49.791064 14073 raft_consensus.cc:697] T 5151efaec481494190b267b8595b2113 P c96df301075a43a8a3b311093ca03d25 [term 1 LEADER]: Becoming Leader. State: Replica: c96df301075a43a8a3b311093ca03d25, State: Running, Role: LEADER
I20260710 11:09:49.791968 14073 consensus_queue.cc:237] T 5151efaec481494190b267b8595b2113 P c96df301075a43a8a3b311093ca03d25 [LEADER]: Queue going to LEADER mode. State: All replicated index: 0, Majority replicated index: 0, Committed index: 0, Last appended: 0.0, Last appended by leader: 0, Current term: 1, Majority size: 2, State: 0, Mode: LEADER, active raft config: opid_index: -1 OBSOLETE_local: false peers { permanent_uuid: "d22f667961a8404aa102e0a77c98bb3c" member_type: VOTER last_known_addr { host: "127.13.107.193" port: 41231 } } peers { permanent_uuid: "c96df301075a43a8a3b311093ca03d25" member_type: VOTER last_known_addr { host: "127.13.107.194" port: 39217 } } peers { permanent_uuid: "0f33db5fa5cc4a9dbfa2f4641e775949" member_type: VOTER last_known_addr { host: "127.13.107.195" port: 39791 } }
I20260710 11:09:49.796221 14076 tablet_bootstrap.cc:492] T 21121ed253264d6089178df85923b5b8 P d22f667961a8404aa102e0a77c98bb3c: No bootstrap required, opened a new log
I20260710 11:09:49.790357 13772 catalog_manager.cc:5697] T 8a218ab9dfc44290ab59fc8257ee4ec9 P d22f667961a8404aa102e0a77c98bb3c reported cstate change: term changed from 0 to 1, leader changed from <none> to d22f667961a8404aa102e0a77c98bb3c (127.13.107.193). New cstate: current_term: 1 leader_uuid: "d22f667961a8404aa102e0a77c98bb3c" committed_config { opid_index: -1 OBSOLETE_local: false peers { permanent_uuid: "d22f667961a8404aa102e0a77c98bb3c" member_type: VOTER last_known_addr { host: "127.13.107.193" port: 41231 } health_report { overall_health: HEALTHY } } peers { permanent_uuid: "c96df301075a43a8a3b311093ca03d25" member_type: VOTER last_known_addr { host: "127.13.107.194" port: 39217 } health_report { overall_health: UNKNOWN } } peers { permanent_uuid: "0f33db5fa5cc4a9dbfa2f4641e775949" member_type: VOTER last_known_addr { host: "127.13.107.195" port: 39791 } health_report { overall_health: UNKNOWN } } }
I20260710 11:09:49.796937 14076 ts_tablet_manager.cc:1403] T 21121ed253264d6089178df85923b5b8 P d22f667961a8404aa102e0a77c98bb3c: Time spent bootstrapping tablet: real 0.040s	user 0.019s	sys 0.015s
