I20260710 11:10:12.803735  6293 raft_consensus.cc:493] T 8740d5d289f84150852942e2c9d1790d P f02063bafcb1472f82892f66b8a5a9f2 [term 0 FOLLOWER]: Starting pre-election (no leader contacted us within the election timeout)
I20260710 11:10:12.804260  6293 raft_consensus.cc:515] T 8740d5d289f84150852942e2c9d1790d P f02063bafcb1472f82892f66b8a5a9f2 [term 0 FOLLOWER]: Starting pre-election with config: opid_index: -1 OBSOLETE_local: false peers { permanent_uuid: "a0997a7f87ac4e209fee73a4865c7e18" member_type: VOTER last_known_addr { host: "127.4.222.193" port: 41215 } } peers { permanent_uuid: "f02063bafcb1472f82892f66b8a5a9f2" member_type: VOTER last_known_addr { host: "127.4.222.194" port: 34665 } } peers { permanent_uuid: "94c908c34165403ba067360af31edb09" member_type: VOTER last_known_addr { host: "127.4.222.195" port: 40479 } }
I20260710 11:10:12.806439  6293 leader_election.cc:290] T 8740d5d289f84150852942e2c9d1790d P f02063bafcb1472f82892f66b8a5a9f2 [CANDIDATE]: Term 1 pre-election: Requested pre-vote from peers a0997a7f87ac4e209fee73a4865c7e18 (127.4.222.193:41215), 94c908c34165403ba067360af31edb09 (127.4.222.195:40479)
I20260710 11:10:12.807323  6285 tablet_bootstrap.cc:654] T c3bde0571d3f481380053537fc522ff2 P 94c908c34165403ba067360af31edb09: Neither blocks nor log segments found. Creating new log.
I20260710 11:10:12.808269  6244 tablet_service.cc:1917] Received RequestConsensusVote() RPC: tablet_id: "8740d5d289f84150852942e2c9d1790d" candidate_uuid: "f02063bafcb1472f82892f66b8a5a9f2" candidate_term: 1 candidate_status { last_received { term: 0 index: 0 } } ignore_live_leader: false dest_uuid: "94c908c34165403ba067360af31edb09" is_pre_election: true
I20260710 11:10:12.807700  6327 raft_consensus.cc:515] T d2f370f3accf4509992c449a9177ca97 P 94c908c34165403ba067360af31edb09 [term 1 FOLLOWER]: Starting leader election with config: opid_index: -1 OBSOLETE_local: false peers { permanent_uuid: "a0997a7f87ac4e209fee73a4865c7e18" member_type: VOTER last_known_addr { host: "127.4.222.193" port: 41215 } } peers { permanent_uuid: "f02063bafcb1472f82892f66b8a5a9f2" member_type: VOTER last_known_addr { host: "127.4.222.194" port: 34665 } } peers { permanent_uuid: "94c908c34165403ba067360af31edb09" member_type: VOTER last_known_addr { host: "127.4.222.195" port: 40479 } }
I20260710 11:10:12.809032  6244 raft_consensus.cc:2468] T 8740d5d289f84150852942e2c9d1790d P 94c908c34165403ba067360af31edb09 [term 0 FOLLOWER]: Leader pre-election vote request: Granting yes vote for candidate f02063bafcb1472f82892f66b8a5a9f2 in term 0.
I20260710 11:10:12.811828  6292 raft_consensus.cc:493] T 00c0c00aad0e4d239d1ab1fe6e95538b P a0997a7f87ac4e209fee73a4865c7e18 [term 0 FOLLOWER]: Starting pre-election (no leader contacted us within the election timeout)
I20260710 11:10:12.811921  6137 leader_election.cc:304] T 8740d5d289f84150852942e2c9d1790d P f02063bafcb1472f82892f66b8a5a9f2 [CANDIDATE]: Term 1 pre-election: Election decided. Result: candidate won. Election summary: received 2 responses out of 3 voters: 2 yes votes; 0 no votes. yes voters: 94c908c34165403ba067360af31edb09, f02063bafcb1472f82892f66b8a5a9f2; no voters: 
I20260710 11:10:12.812422  6292 raft_consensus.cc:515] T 00c0c00aad0e4d239d1ab1fe6e95538b P a0997a7f87ac4e209fee73a4865c7e18 [term 0 FOLLOWER]: Starting pre-election with config: opid_index: -1 OBSOLETE_local: false peers { permanent_uuid: "a0997a7f87ac4e209fee73a4865c7e18" member_type: VOTER last_known_addr { host: "127.4.222.193" port: 41215 } } peers { permanent_uuid: "f02063bafcb1472f82892f66b8a5a9f2" member_type: VOTER last_known_addr { host: "127.4.222.194" port: 34665 } } peers { permanent_uuid: "94c908c34165403ba067360af31edb09" member_type: VOTER last_known_addr { host: "127.4.222.195" port: 40479 } }
I20260710 11:10:12.804795  6211 leader_election.cc:304] T c2cbf109c1a9404cb044f993da485afe P 94c908c34165403ba067360af31edb09 [CANDIDATE]: Term 1 pre-election: Election decided. Result: candidate lost. Election summary: received 3 responses out of 3 voters: 1 yes votes; 2 no votes. yes voters: 94c908c34165403ba067360af31edb09; no voters: a0997a7f87ac4e209fee73a4865c7e18, f02063bafcb1472f82892f66b8a5a9f2
I20260710 11:10:12.814730  6296 raft_consensus.cc:2804] T 8740d5d289f84150852942e2c9d1790d P f02063bafcb1472f82892f66b8a5a9f2 [term 0 FOLLOWER]: Leader pre-election won for term 1
I20260710 11:10:12.817350  6296 raft_consensus.cc:493] T 8740d5d289f84150852942e2c9d1790d P f02063bafcb1472f82892f66b8a5a9f2 [term 0 FOLLOWER]: Starting leader election (no leader contacted us within the election timeout)
I20260710 11:10:12.817720  6296 raft_consensus.cc:3060] T 8740d5d289f84150852942e2c9d1790d P f02063bafcb1472f82892f66b8a5a9f2 [term 0 FOLLOWER]: Advancing to term 1
I20260710 11:10:12.819528  6287 tablet_bootstrap.cc:654] T c3bde0571d3f481380053537fc522ff2 P f02063bafcb1472f82892f66b8a5a9f2: Neither blocks nor log segments found. Creating new log.
I20260710 11:10:12.804227  5994 catalog_manager.cc:5697] T 3048e6f799f14097b8b94842f5acce59 P a0997a7f87ac4e209fee73a4865c7e18 reported cstate change: term changed from 0 to 1, leader changed from <none> to a0997a7f87ac4e209fee73a4865c7e18 (127.4.222.193). New cstate: current_term: 1 leader_uuid: "a0997a7f87ac4e209fee73a4865c7e18" committed_config { opid_index: -1 OBSOLETE_local: false peers { permanent_uuid: "a0997a7f87ac4e209fee73a4865c7e18" member_type: VOTER last_known_addr { host: "127.4.222.193" port: 41215 } health_report { overall_health: HEALTHY } } peers { permanent_uuid: "f02063bafcb1472f82892f66b8a5a9f2" member_type: VOTER last_known_addr { host: "127.4.222.194" port: 34665 } health_report { overall_health: UNKNOWN } } peers { permanent_uuid: "94c908c34165403ba067360af31edb09" member_type: VOTER last_known_addr { host: "127.4.222.195" port: 40479 } health_report { overall_health: UNKNOWN } } }
I20260710 11:10:12.822921  6327 leader_election.cc:290] T d2f370f3accf4509992c449a9177ca97 P 94c908c34165403ba067360af31edb09 [CANDIDATE]: Term 1 election: Requested vote from peers a0997a7f87ac4e209fee73a4865c7e18 (127.4.222.193:41215), f02063bafcb1472f82892f66b8a5a9f2 (127.4.222.194:34665)
I20260710 11:10:12.825942  6096 tablet_service.cc:1917] Received RequestConsensusVote() RPC: tablet_id: "d2f370f3accf4509992c449a9177ca97" candidate_uuid: "94c908c34165403ba067360af31edb09" candidate_term: 1 candidate_status { last_received { term: 0 index: 0 } } ignore_live_leader: false dest_uuid: "a0997a7f87ac4e209fee73a4865c7e18"
I20260710 11:10:12.826130  6285 tablet_bootstrap.cc:492] T c3bde0571d3f481380053537fc522ff2 P 94c908c34165403ba067360af31edb09: No bootstrap required, opened a new log
I20260710 11:10:12.826552  6096 raft_consensus.cc:3060] T d2f370f3accf4509992c449a9177ca97 P a0997a7f87ac4e209fee73a4865c7e18 [term 0 FOLLOWER]: Advancing to term 1
I20260710 11:10:12.826856  6285 ts_tablet_manager.cc:1403] T c3bde0571d3f481380053537fc522ff2 P 94c908c34165403ba067360af31edb09: Time spent bootstrapping tablet: real 0.032s	user 0.010s	sys 0.000s
I20260710 11:10:12.815395  6292 leader_election.cc:290] T 00c0c00aad0e4d239d1ab1fe6e95538b P a0997a7f87ac4e209fee73a4865c7e18 [CANDIDATE]: Term 1 pre-election: Requested pre-vote from peers f02063bafcb1472f82892f66b8a5a9f2 (127.4.222.194:34665), 94c908c34165403ba067360af31edb09 (127.4.222.195:40479)
I20260710 11:10:12.815796  6244 tablet_service.cc:1917] Received RequestConsensusVote() RPC: tablet_id: "00c0c00aad0e4d239d1ab1fe6e95538b" candidate_uuid: "a0997a7f87ac4e209fee73a4865c7e18" candidate_term: 1 candidate_status { last_received { term: 0 index: 0 } } ignore_live_leader: false dest_uuid: "94c908c34165403ba067360af31edb09" is_pre_election: true
I20260710 11:10:12.838311  6170 tablet_service.cc:1917] Received RequestConsensusVote() RPC: tablet_id: "d2f370f3accf4509992c449a9177ca97" candidate_uuid: "94c908c34165403ba067360af31edb09" candidate_term: 1 candidate_status { last_received { term: 0 index: 0 } } ignore_live_leader: false dest_uuid: "f02063bafcb1472f82892f66b8a5a9f2"
I20260710 11:10:12.838994  6170 raft_consensus.cc:3060] T d2f370f3accf4509992c449a9177ca97 P f02063bafcb1472f82892f66b8a5a9f2 [term 0 FOLLOWER]: Advancing to term 1
I20260710 11:10:12.841349  6296 raft_consensus.cc:515] T 8740d5d289f84150852942e2c9d1790d P f02063bafcb1472f82892f66b8a5a9f2 [term 1 FOLLOWER]: Starting leader election with config: opid_index: -1 OBSOLETE_local: false peers { permanent_uuid: "a0997a7f87ac4e209fee73a4865c7e18" member_type: VOTER last_known_addr { host: "127.4.222.193" port: 41215 } } peers { permanent_uuid: "f02063bafcb1472f82892f66b8a5a9f2" member_type: VOTER last_known_addr { host: "127.4.222.194" port: 34665 } } peers { permanent_uuid: "94c908c34165403ba067360af31edb09" member_type: VOTER last_known_addr { host: "127.4.222.195" port: 40479 } }
I20260710 11:10:12.845350  6245 tablet_service.cc:1917] Received RequestConsensusVote() RPC: tablet_id: "8740d5d289f84150852942e2c9d1790d" candidate_uuid: "f02063bafcb1472f82892f66b8a5a9f2" candidate_term: 1 candidate_status { last_received { term: 0 index: 0 } } ignore_live_leader: false dest_uuid: "94c908c34165403ba067360af31edb09"
I20260710 11:10:12.846094  6245 raft_consensus.cc:3060] T 8740d5d289f84150852942e2c9d1790d P 94c908c34165403ba067360af31edb09 [term 0 FOLLOWER]: Advancing to term 1
I20260710 11:10:12.846809  6171 tablet_service.cc:1917] Received RequestConsensusVote() RPC: tablet_id: "00c0c00aad0e4d239d1ab1fe6e95538b" candidate_uuid: "a0997a7f87ac4e209fee73a4865c7e18" candidate_term: 1 candidate_status { last_received { term: 0 index: 0 } } ignore_live_leader: false dest_uuid: "f02063bafcb1472f82892f66b8a5a9f2" is_pre_election: true
I20260710 11:10:12.847597  6171 raft_consensus.cc:2393] T 00c0c00aad0e4d239d1ab1fe6e95538b P f02063bafcb1472f82892f66b8a5a9f2 [term 1 FOLLOWER]: Leader pre-election vote request: Denying vote to candidate a0997a7f87ac4e209fee73a4865c7e18 in current term 1: Already voted for candidate 94c908c34165403ba067360af31edb09 in this term.
I20260710 11:10:12.835165  6327 raft_consensus.cc:3060] T c2cbf109c1a9404cb044f993da485afe P 94c908c34165403ba067360af31edb09 [term 0 FOLLOWER]: Advancing to term 1
I20260710 11:10:12.845247  6094 tablet_service.cc:1917] Received RequestConsensusVote() RPC: tablet_id: "8740d5d289f84150852942e2c9d1790d" candidate_uuid: "f02063bafcb1472f82892f66b8a5a9f2" candidate_term: 1 candidate_status { last_received { term: 0 index: 0 } } ignore_live_leader: false dest_uuid: "a0997a7f87ac4e209fee73a4865c7e18"
I20260710 11:10:12.853085  6094 raft_consensus.cc:3060] T 8740d5d289f84150852942e2c9d1790d P a0997a7f87ac4e209fee73a4865c7e18 [term 0 FOLLOWER]: Advancing to term 1
I20260710 11:10:12.854390  6062 leader_election.cc:304] T 00c0c00aad0e4d239d1ab1fe6e95538b P a0997a7f87ac4e209fee73a4865c7e18 [CANDIDATE]: Term 1 pre-election: Election decided. Result: candidate lost. Election summary: received 3 responses out of 3 voters: 1 yes votes; 2 no votes. yes voters: a0997a7f87ac4e209fee73a4865c7e18; no voters: 94c908c34165403ba067360af31edb09, f02063bafcb1472f82892f66b8a5a9f2
I20260710 11:10:12.839815  6096 raft_consensus.cc:2468] T d2f370f3accf4509992c449a9177ca97 P a0997a7f87ac4e209fee73a4865c7e18 [term 1 FOLLOWER]: Leader election vote request: Granting yes vote for candidate 94c908c34165403ba067360af31edb09 in term 1.
I20260710 11:10:12.857668  6296 leader_election.cc:290] T 8740d5d289f84150852942e2c9d1790d P f02063bafcb1472f82892f66b8a5a9f2 [CANDIDATE]: Term 1 election: Requested vote from peers a0997a7f87ac4e209fee73a4865c7e18 (127.4.222.193:41215), 94c908c34165403ba067360af31edb09 (127.4.222.195:40479)
I20260710 11:10:12.871886  6285 raft_consensus.cc:359] T c3bde0571d3f481380053537fc522ff2 P 94c908c34165403ba067360af31edb09 [term 0 FOLLOWER]: Replica starting. Triggering 0 pending ops. Active config: opid_index: -1 OBSOLETE_local: false peers { permanent_uuid: "a0997a7f87ac4e209fee73a4865c7e18" member_type: VOTER last_known_addr { host: "127.4.222.193" port: 41215 } } peers { permanent_uuid: "f02063bafcb1472f82892f66b8a5a9f2" member_type: VOTER last_known_addr { host: "127.4.222.194" port: 34665 } } peers { permanent_uuid: "94c908c34165403ba067360af31edb09" member_type: VOTER last_known_addr { host: "127.4.222.195" port: 40479 } }
I20260710 11:10:12.872987  6285 raft_consensus.cc:385] T c3bde0571d3f481380053537fc522ff2 P 94c908c34165403ba067360af31edb09 [term 0 FOLLOWER]: Consensus starting up: Expiring failure detector timer to make a prompt election more likely
I20260710 11:10:12.873356  6285 raft_consensus.cc:740] T c3bde0571d3f481380053537fc522ff2 P 94c908c34165403ba067360af31edb09 [term 0 FOLLOWER]: Becoming Follower/Learner. State: Replica: 94c908c34165403ba067360af31edb09, State: Initialized, Role: FOLLOWER
I20260710 11:10:12.865556  6292 raft_consensus.cc:3060] T 00c0c00aad0e4d239d1ab1fe6e95538b P a0997a7f87ac4e209fee73a4865c7e18 [term 0 FOLLOWER]: Advancing to term 1
I20260710 11:10:12.875590  6285 consensus_queue.cc:260] T c3bde0571d3f481380053537fc522ff2 P 94c908c34165403ba067360af31edb09 [NON_LEADER]: Queue going to NON_LEADER mode. State: All replicated index: 0, Majority replicated index: 0, Committed index: 0, Last appended: 0.0, Last appended by leader: 0, Current term: 0, Majority size: -1, State: 0, Mode: NON_LEADER, active raft config: opid_index: -1 OBSOLETE_local: false peers { permanent_uuid: "a0997a7f87ac4e209fee73a4865c7e18" member_type: VOTER last_known_addr { host: "127.4.222.193" port: 41215 } } peers { permanent_uuid: "f02063bafcb1472f82892f66b8a5a9f2" member_type: VOTER last_known_addr { host: "127.4.222.194" port: 34665 } } peers { permanent_uuid: "94c908c34165403ba067360af31edb09" member_type: VOTER last_known_addr { host: "127.4.222.195" port: 40479 } }
I20260710 11:10:12.873960  6211 leader_election.cc:304] T d2f370f3accf4509992c449a9177ca97 P 94c908c34165403ba067360af31edb09 [CANDIDATE]: Term 1 election: Election decided. Result: candidate won. Election summary: received 2 responses out of 3 voters: 2 yes votes; 0 no votes. yes voters: 94c908c34165403ba067360af31edb09, a0997a7f87ac4e209fee73a4865c7e18; no voters: 
I20260710 11:10:12.879401  6291 raft_consensus.cc:2804] T d2f370f3accf4509992c449a9177ca97 P 94c908c34165403ba067360af31edb09 [term 1 FOLLOWER]: Leader election won for term 1
I20260710 11:10:12.880052  6291 raft_consensus.cc:697] T d2f370f3accf4509992c449a9177ca97 P 94c908c34165403ba067360af31edb09 [term 1 LEADER]: Becoming Leader. State: Replica: 94c908c34165403ba067360af31edb09, State: Running, Role: LEADER
I20260710 11:10:12.880906  6286 tablet_bootstrap.cc:492] T 012ba7173bdb41fab5f16db6d43ea753 P a0997a7f87ac4e209fee73a4865c7e18: No bootstrap required, opened a new log
I20260710 11:10:12.881428  6286 ts_tablet_manager.cc:1403] T 012ba7173bdb41fab5f16db6d43ea753 P a0997a7f87ac4e209fee73a4865c7e18: Time spent bootstrapping tablet: real 0.088s	user 0.031s	sys 0.037s
I20260710 11:10:12.880990  6291 consensus_queue.cc:237] T d2f370f3accf4509992c449a9177ca97 P 94c908c34165403ba067360af31edb09 [LEADER]: Queue going to LEADER mode. State: All replicated index: 0, Majority replicated index: 0, Committed index: 0, Last appended: 0.0, Last appended by leader: 0, Current term: 1, Majority size: 2, State: 0, Mode: LEADER, active raft config: opid_index: -1 OBSOLETE_local: false peers { permanent_uuid: "a0997a7f87ac4e209fee73a4865c7e18" member_type: VOTER last_known_addr { host: "127.4.222.193" port: 41215 } } peers { permanent_uuid: "f02063bafcb1472f82892f66b8a5a9f2" member_type: VOTER last_known_addr { host: "127.4.222.194" port: 34665 } } peers { permanent_uuid: "94c908c34165403ba067360af31edb09" member_type: VOTER last_known_addr { host: "127.4.222.195" port: 40479 } }
I20260710 11:10:12.881834  6287 tablet_bootstrap.cc:492] T c3bde0571d3f481380053537fc522ff2 P f02063bafcb1472f82892f66b8a5a9f2: No bootstrap required, opened a new log
I20260710 11:10:12.882254  6287 ts_tablet_manager.cc:1403] T c3bde0571d3f481380053537fc522ff2 P f02063bafcb1472f82892f66b8a5a9f2: Time spent bootstrapping tablet: real 0.080s	user 0.015s	sys 0.011s
I20260710 11:10:12.883788  6285 ts_tablet_manager.cc:1434] T c3bde0571d3f481380053537fc522ff2 P 94c908c34165403ba067360af31edb09: Time spent starting tablet: real 0.057s	user 0.011s	sys 0.000s
I20260710 11:10:12.874667  6170 raft_consensus.cc:2468] T d2f370f3accf4509992c449a9177ca97 P f02063bafcb1472f82892f66b8a5a9f2 [term 1 FOLLOWER]: Leader election vote request: Granting yes vote for candidate 94c908c34165403ba067360af31edb09 in term 1.
I20260710 11:10:12.889467  6293 consensus_queue.cc:1048] T 62ac58d37c4a4b8f81d61d0e243a5da6 P f02063bafcb1472f82892f66b8a5a9f2 [LEADER]: Connected to new peer: Peer: permanent_uuid: "94c908c34165403ba067360af31edb09" member_type: VOTER last_known_addr { host: "127.4.222.195" port: 40479 }, Status: LMP_MISMATCH, Last received: 0.0, Next index: 1, Last known committed idx: 0, Time since last communication: 0.001s
I20260710 11:10:12.890647  6345 consensus_queue.cc:1048] T 62ac58d37c4a4b8f81d61d0e243a5da6 P f02063bafcb1472f82892f66b8a5a9f2 [LEADER]: Connected to new peer: Peer: permanent_uuid: "a0997a7f87ac4e209fee73a4865c7e18" member_type: VOTER last_known_addr { host: "127.4.222.193" port: 41215 }, Status: LMP_MISMATCH, Last received: 0.0, Next index: 1, Last known committed idx: 0, Time since last communication: 0.000s
I20260710 11:10:12.890952  6325 consensus_queue.cc:1048] T 00c0c00aad0e4d239d1ab1fe6e95538b P 94c908c34165403ba067360af31edb09 [LEADER]: Connected to new peer: Peer: permanent_uuid: "f02063bafcb1472f82892f66b8a5a9f2" member_type: VOTER last_known_addr { host: "127.4.222.194" port: 34665 }, Status: LMP_MISMATCH, Last received: 0.0, Next index: 1, Last known committed idx: 0, Time since last communication: 0.000s
I20260710 11:10:12.892295  6287 raft_consensus.cc:359] T c3bde0571d3f481380053537fc522ff2 P f02063bafcb1472f82892f66b8a5a9f2 [term 0 FOLLOWER]: Replica starting. Triggering 0 pending ops. Active config: opid_index: -1 OBSOLETE_local: false peers { permanent_uuid: "a0997a7f87ac4e209fee73a4865c7e18" member_type: VOTER last_known_addr { host: "127.4.222.193" port: 41215 } } peers { permanent_uuid: "f02063bafcb1472f82892f66b8a5a9f2" member_type: VOTER last_known_addr { host: "127.4.222.194" port: 34665 } } peers { permanent_uuid: "94c908c34165403ba067360af31edb09" member_type: VOTER last_known_addr { host: "127.4.222.195" port: 40479 } }
I20260710 11:10:12.892462  6286 raft_consensus.cc:359] T 012ba7173bdb41fab5f16db6d43ea753 P a0997a7f87ac4e209fee73a4865c7e18 [term 0 FOLLOWER]: Replica starting. Triggering 0 pending ops. Active config: opid_index: -1 OBSOLETE_local: false peers { permanent_uuid: "a0997a7f87ac4e209fee73a4865c7e18" member_type: VOTER last_known_addr { host: "127.4.222.193" port: 41215 } } peers { permanent_uuid: "f02063bafcb1472f82892f66b8a5a9f2" member_type: VOTER last_known_addr { host: "127.4.222.194" port: 34665 } } peers { permanent_uuid: "94c908c34165403ba067360af31edb09" member_type: VOTER last_known_addr { host: "127.4.222.195" port: 40479 } }
I20260710 11:10:12.893870  6286 raft_consensus.cc:385] T 012ba7173bdb41fab5f16db6d43ea753 P a0997a7f87ac4e209fee73a4865c7e18 [term 0 FOLLOWER]: Consensus starting up: Expiring failure detector timer to make a prompt election more likely
I20260710 11:10:12.894593  6286 raft_consensus.cc:740] T 012ba7173bdb41fab5f16db6d43ea753 P a0997a7f87ac4e209fee73a4865c7e18 [term 0 FOLLOWER]: Becoming Follower/Learner. State: Replica: a0997a7f87ac4e209fee73a4865c7e18, State: Initialized, Role: FOLLOWER
I20260710 11:10:12.893177  6287 raft_consensus.cc:385] T c3bde0571d3f481380053537fc522ff2 P f02063bafcb1472f82892f66b8a5a9f2 [term 0 FOLLOWER]: Consensus starting up: Expiring failure detector timer to make a prompt election more likely
I20260710 11:10:12.874259  6095 tablet_service.cc:1917] Received RequestConsensusVote() RPC: tablet_id: "8740d5d289f84150852942e2c9d1790d" candidate_uuid: "f02063bafcb1472f82892f66b8a5a9f2" candidate_term: 1 candidate_status { last_received { term: 0 index: 0 } } ignore_live_leader: false dest_uuid: "a0997a7f87ac4e209fee73a4865c7e18" is_pre_election: true
I20260710 11:10:12.889786  6327 raft_consensus.cc:2749] T c2cbf109c1a9404cb044f993da485afe P 94c908c34165403ba067360af31edb09 [term 1 FOLLOWER]: Leader pre-election lost for term 1. Reason: could not achieve majority
I20260710 11:10:12.895548  6287 raft_consensus.cc:740] T c3bde0571d3f481380053537fc522ff2 P f02063bafcb1472f82892f66b8a5a9f2 [term 0 FOLLOWER]: Becoming Follower/Learner. State: Replica: f02063bafcb1472f82892f66b8a5a9f2, State: Initialized, Role: FOLLOWER
I20260710 11:10:12.902576  6286 consensus_queue.cc:260] T 012ba7173bdb41fab5f16db6d43ea753 P a0997a7f87ac4e209fee73a4865c7e18 [NON_LEADER]: Queue going to NON_LEADER mode. State: All replicated index: 0, Majority replicated index: 0, Committed index: 0, Last appended: 0.0, Last appended by leader: 0, Current term: 0, Majority size: -1, State: 0, Mode: NON_LEADER, active raft config: opid_index: -1 OBSOLETE_local: false peers { permanent_uuid: "a0997a7f87ac4e209fee73a4865c7e18" member_type: VOTER last_known_addr { host: "127.4.222.193" port: 41215 } } peers { permanent_uuid: "f02063bafcb1472f82892f66b8a5a9f2" member_type: VOTER last_known_addr { host: "127.4.222.194" port: 34665 } } peers { permanent_uuid: "94c908c34165403ba067360af31edb09" member_type: VOTER last_known_addr { host: "127.4.222.195" port: 40479 } }
I20260710 11:10:12.905702  6286 ts_tablet_manager.cc:1434] T 012ba7173bdb41fab5f16db6d43ea753 P a0997a7f87ac4e209fee73a4865c7e18: Time spent starting tablet: real 0.024s	user 0.008s	sys 0.000s
I20260710 11:10:12.907094  6286 tablet_bootstrap.cc:492] T 0df68f5dc1c64f02adc999e16e418863 P a0997a7f87ac4e209fee73a4865c7e18: Bootstrap starting.
I20260710 11:10:12.908409  6287 consensus_queue.cc:260] T c3bde0571d3f481380053537fc522ff2 P f02063bafcb1472f82892f66b8a5a9f2 [NON_LEADER]: Queue going to NON_LEADER mode. State: All replicated index: 0, Majority replicated index: 0, Committed index: 0, Last appended: 0.0, Last appended by leader: 0, Current term: 0, Majority size: -1, State: 0, Mode: NON_LEADER, active raft config: opid_index: -1 OBSOLETE_local: false peers { permanent_uuid: "a0997a7f87ac4e209fee73a4865c7e18" member_type: VOTER last_known_addr { host: "127.4.222.193" port: 41215 } } peers { permanent_uuid: "f02063bafcb1472f82892f66b8a5a9f2" member_type: VOTER last_known_addr { host: "127.4.222.194" port: 34665 } } peers { permanent_uuid: "94c908c34165403ba067360af31edb09" member_type: VOTER last_known_addr { host: "127.4.222.195" port: 40479 } }
I20260710 11:10:12.910081  6365 raft_consensus.cc:493] T f5159ded9c8845daaf9d585860df8604 P f02063bafcb1472f82892f66b8a5a9f2 [term 0 FOLLOWER]: Starting pre-election (no leader contacted us within the election timeout)
I20260710 11:10:12.922634  6287 ts_tablet_manager.cc:1434] T c3bde0571d3f481380053537fc522ff2 P f02063bafcb1472f82892f66b8a5a9f2: Time spent starting tablet: real 0.040s	user 0.010s	sys 0.000s
I20260710 11:10:12.910615  6365 raft_consensus.cc:515] T f5159ded9c8845daaf9d585860df8604 P f02063bafcb1472f82892f66b8a5a9f2 [term 0 FOLLOWER]: Starting pre-election with config: opid_index: -1 OBSOLETE_local: false peers { permanent_uuid: "a0997a7f87ac4e209fee73a4865c7e18" member_type: VOTER last_known_addr { host: "127.4.222.193" port: 41215 } } peers { permanent_uuid: "f02063bafcb1472f82892f66b8a5a9f2" member_type: VOTER last_known_addr { host: "127.4.222.194" port: 34665 } } peers { permanent_uuid: "94c908c34165403ba067360af31edb09" member_type: VOTER last_known_addr { host: "127.4.222.195" port: 40479 } }
I20260710 11:10:12.934948  6285 tablet_bootstrap.cc:492] T 2a4bde52cdd548c9b97769a5a82d20da P 94c908c34165403ba067360af31edb09: Bootstrap starting.
I20260710 11:10:12.935958  6245 raft_consensus.cc:2468] T 8740d5d289f84150852942e2c9d1790d P 94c908c34165403ba067360af31edb09 [term 1 FOLLOWER]: Leader election vote request: Granting yes vote for candidate f02063bafcb1472f82892f66b8a5a9f2 in term 1.
I20260710 11:10:12.937371  6137 leader_election.cc:304] T 8740d5d289f84150852942e2c9d1790d P f02063bafcb1472f82892f66b8a5a9f2 [CANDIDATE]: Term 1 election: Election decided. Result: candidate won. Election summary: received 2 responses out of 3 voters: 2 yes votes; 0 no votes. yes voters: 94c908c34165403ba067360af31edb09, f02063bafcb1472f82892f66b8a5a9f2; no voters: 
W20260710 11:10:12.944803  6042 auto_rebalancer.cc:288] Could not retrieve cluster info: Service unavailable: Tablet not running
I20260710 11:10:12.948299  6363 raft_consensus.cc:2804] T 8740d5d289f84150852942e2c9d1790d P f02063bafcb1472f82892f66b8a5a9f2 [term 1 FOLLOWER]: Leader election won for term 1
I20260710 11:10:12.948336  6285 tablet_bootstrap.cc:654] T 2a4bde52cdd548c9b97769a5a82d20da P 94c908c34165403ba067360af31edb09: Neither blocks nor log segments found. Creating new log.
I20260710 11:10:12.940030  6292 raft_consensus.cc:2749] T 00c0c00aad0e4d239d1ab1fe6e95538b P a0997a7f87ac4e209fee73a4865c7e18 [term 1 FOLLOWER]: Leader pre-election lost for term 1. Reason: could not achieve majority
I20260710 11:10:12.950950  6327 raft_consensus.cc:493] T f89f9f8a97334e9aa35cc0ac8d6083ce P 94c908c34165403ba067360af31edb09 [term 0 FOLLOWER]: Starting pre-election (no leader contacted us within the election timeout)
I20260710 11:10:12.951560  6327 raft_consensus.cc:515] T f89f9f8a97334e9aa35cc0ac8d6083ce P 94c908c34165403ba067360af31edb09 [term 0 FOLLOWER]: Starting pre-election with config: opid_index: -1 OBSOLETE_local: false peers { permanent_uuid: "a0997a7f87ac4e209fee73a4865c7e18" member_type: VOTER last_known_addr { host: "127.4.222.193" port: 41215 } } peers { permanent_uuid: "f02063bafcb1472f82892f66b8a5a9f2" member_type: VOTER last_known_addr { host: "127.4.222.194" port: 34665 } } peers { permanent_uuid: "94c908c34165403ba067360af31edb09" member_type: VOTER last_known_addr { host: "127.4.222.195" port: 40479 } }
I20260710 11:10:12.955745  6096 tablet_service.cc:1917] Received RequestConsensusVote() RPC: tablet_id: "f89f9f8a97334e9aa35cc0ac8d6083ce" candidate_uuid: "94c908c34165403ba067360af31edb09" candidate_term: 1 candidate_status { last_received { term: 0 index: 0 } } ignore_live_leader: false dest_uuid: "a0997a7f87ac4e209fee73a4865c7e18" is_pre_election: true
W20260710 11:10:12.959903  6211 leader_election.cc:343] T f89f9f8a97334e9aa35cc0ac8d6083ce P 94c908c34165403ba067360af31edb09 [CANDIDATE]: Term 1 pre-election: Tablet error from VoteRequest() call to peer a0997a7f87ac4e209fee73a4865c7e18 (127.4.222.193:41215): Illegal state: must be running to vote when last-logged opid is not known
I20260710 11:10:13.018155  6286 tablet_bootstrap.cc:654] T 0df68f5dc1c64f02adc999e16e418863 P a0997a7f87ac4e209fee73a4865c7e18: Neither blocks nor log segments found. Creating new log.
I20260710 11:10:12.961127  6327 leader_election.cc:290] T f89f9f8a97334e9aa35cc0ac8d6083ce P 94c908c34165403ba067360af31edb09 [CANDIDATE]: Term 1 pre-election: Requested pre-vote from peers a0997a7f87ac4e209fee73a4865c7e18 (127.4.222.193:41215), f02063bafcb1472f82892f66b8a5a9f2 (127.4.222.194:34665)
I20260710 11:10:12.980046  6170 tablet_service.cc:1917] Received RequestConsensusVote() RPC: tablet_id: "f89f9f8a97334e9aa35cc0ac8d6083ce" candidate_uuid: "94c908c34165403ba067360af31edb09" candidate_term: 1 candidate_status { last_received { term: 0 index: 0 } } ignore_live_leader: false dest_uuid: "f02063bafcb1472f82892f66b8a5a9f2" is_pre_election: true
I20260710 11:10:13.034323  6287 tablet_bootstrap.cc:492] T 28fbacacfbf9472ea72a49e514b3338b P f02063bafcb1472f82892f66b8a5a9f2: Bootstrap starting.
I20260710 11:10:13.033083  6170 raft_consensus.cc:2468] T f89f9f8a97334e9aa35cc0ac8d6083ce P f02063bafcb1472f82892f66b8a5a9f2 [term 0 FOLLOWER]: Leader pre-election vote request: Granting yes vote for candidate 94c908c34165403ba067360af31edb09 in term 0.
I20260710 11:10:12.981253  6325 raft_consensus.cc:493] T c3bde0571d3f481380053537fc522ff2 P 94c908c34165403ba067360af31edb09 [term 0 FOLLOWER]: Starting pre-election (no leader contacted us within the election timeout)
I20260710 11:10:13.018283  6291 consensus_queue.cc:1048] T 00c0c00aad0e4d239d1ab1fe6e95538b P 94c908c34165403ba067360af31edb09 [LEADER]: Connected to new peer: Peer: permanent_uuid: "a0997a7f87ac4e209fee73a4865c7e18" member_type: VOTER last_known_addr { host: "127.4.222.193" port: 41215 }, Status: LMP_MISMATCH, Last received: 0.0, Next index: 1, Last known committed idx: 0, Time since last communication: 0.020s
I20260710 11:10:13.025130  6363 raft_consensus.cc:697] T 8740d5d289f84150852942e2c9d1790d P f02063bafcb1472f82892f66b8a5a9f2 [term 1 LEADER]: Becoming Leader. State: Replica: f02063bafcb1472f82892f66b8a5a9f2, State: Running, Role: LEADER
I20260710 11:10:13.040203  6365 leader_election.cc:290] T f5159ded9c8845daaf9d585860df8604 P f02063bafcb1472f82892f66b8a5a9f2 [CANDIDATE]: Term 1 pre-election: Requested pre-vote from peers a0997a7f87ac4e209fee73a4865c7e18 (127.4.222.193:41215), 94c908c34165403ba067360af31edb09 (127.4.222.195:40479)
I20260710 11:10:13.040688  6363 consensus_queue.cc:237] T 8740d5d289f84150852942e2c9d1790d P f02063bafcb1472f82892f66b8a5a9f2 [LEADER]: Queue going to LEADER mode. State: All replicated index: 0, Majority replicated index: 0, Committed index: 0, Last appended: 0.0, Last appended by leader: 0, Current term: 1, Majority size: 2, State: 0, Mode: LEADER, active raft config: opid_index: -1 OBSOLETE_local: false peers { permanent_uuid: "a0997a7f87ac4e209fee73a4865c7e18" member_type: VOTER last_known_addr { host: "127.4.222.193" port: 41215 } } peers { permanent_uuid: "f02063bafcb1472f82892f66b8a5a9f2" member_type: VOTER last_known_addr { host: "127.4.222.194" port: 34665 } } peers { permanent_uuid: "94c908c34165403ba067360af31edb09" member_type: VOTER last_known_addr { host: "127.4.222.195" port: 40479 } }
I20260710 11:10:13.042613  6337 consensus_queue.cc:1048] T c2cbf109c1a9404cb044f993da485afe P a0997a7f87ac4e209fee73a4865c7e18 [LEADER]: Connected to new peer: Peer: permanent_uuid: "94c908c34165403ba067360af31edb09" member_type: VOTER last_known_addr { host: "127.4.222.195" port: 40479 }, Status: LMP_MISMATCH, Last received: 0.0, Next index: 1, Last known committed idx: 0, Time since last communication: 0.000s
I20260710 11:10:13.030189  5991 catalog_manager.cc:5697] T 40dc4c7a3c774a79990782329334ad31 P a0997a7f87ac4e209fee73a4865c7e18 reported cstate change: term changed from 0 to 1, leader changed from <none> to a0997a7f87ac4e209fee73a4865c7e18 (127.4.222.193). New cstate: current_term: 1 leader_uuid: "a0997a7f87ac4e209fee73a4865c7e18" committed_config { opid_index: -1 OBSOLETE_local: false peers { permanent_uuid: "a0997a7f87ac4e209fee73a4865c7e18" member_type: VOTER last_known_addr { host: "127.4.222.193" port: 41215 } health_report { overall_health: HEALTHY } } peers { permanent_uuid: "f02063bafcb1472f82892f66b8a5a9f2" member_type: VOTER last_known_addr { host: "127.4.222.194" port: 34665 } health_report { overall_health: UNKNOWN } } peers { permanent_uuid: "94c908c34165403ba067360af31edb09" member_type: VOTER last_known_addr { host: "127.4.222.195" port: 40479 } health_report { overall_health: UNKNOWN } } }
I20260710 11:10:13.043278  6094 raft_consensus.cc:2468] T 8740d5d289f84150852942e2c9d1790d P a0997a7f87ac4e209fee73a4865c7e18 [term 1 FOLLOWER]: Leader election vote request: Granting yes vote for candidate f02063bafcb1472f82892f66b8a5a9f2 in term 1.
W20260710 11:10:13.023501  6137 outbound_call.cc:321] RPC callback for RPC call kudu.consensus.ConsensusService.UpdateConsensus -> {remote=127.4.222.195:40479, user_credentials={real_user=slave}} blocked reactor thread for 71747.7us
I20260710 11:10:13.053931  6095 tablet_service.cc:1917] Received RequestConsensusVote() RPC: tablet_id: "f5159ded9c8845daaf9d585860df8604" candidate_uuid: "f02063bafcb1472f82892f66b8a5a9f2" candidate_term: 1 candidate_status { last_received { term: 0 index: 0 } } ignore_live_leader: false dest_uuid: "a0997a7f87ac4e209fee73a4865c7e18" is_pre_election: true
I20260710 11:10:13.054618  6095 raft_consensus.cc:2468] T f5159ded9c8845daaf9d585860df8604 P a0997a7f87ac4e209fee73a4865c7e18 [term 0 FOLLOWER]: Leader pre-election vote request: Granting yes vote for candidate f02063bafcb1472f82892f66b8a5a9f2 in term 0.
I20260710 11:10:13.050087  6208 leader_election.cc:304] T f89f9f8a97334e9aa35cc0ac8d6083ce P 94c908c34165403ba067360af31edb09 [CANDIDATE]: Term 1 pre-election: Election decided. Result: candidate won. Election summary: received 3 responses out of 3 voters: 2 yes votes; 1 no votes. yes voters: 94c908c34165403ba067360af31edb09, f02063bafcb1472f82892f66b8a5a9f2; no voters: a0997a7f87ac4e209fee73a4865c7e18
I20260710 11:10:13.056988  6285 tablet_bootstrap.cc:492] T 2a4bde52cdd548c9b97769a5a82d20da P 94c908c34165403ba067360af31edb09: No bootstrap required, opened a new log
I20260710 11:10:13.057374  6285 ts_tablet_manager.cc:1403] T 2a4bde52cdd548c9b97769a5a82d20da P 94c908c34165403ba067360af31edb09: Time spent bootstrapping tablet: real 0.123s	user 0.009s	sys 0.006s
I20260710 11:10:13.043998  6325 raft_consensus.cc:515] T c3bde0571d3f481380053537fc522ff2 P 94c908c34165403ba067360af31edb09 [term 0 FOLLOWER]: Starting pre-election with config: opid_index: -1 OBSOLETE_local: false peers { permanent_uuid: "a0997a7f87ac4e209fee73a4865c7e18" member_type: VOTER last_known_addr { host: "127.4.222.193" port: 41215 } } peers { permanent_uuid: "f02063bafcb1472f82892f66b8a5a9f2" member_type: VOTER last_known_addr { host: "127.4.222.194" port: 34665 } } peers { permanent_uuid: "94c908c34165403ba067360af31edb09" member_type: VOTER last_known_addr { host: "127.4.222.195" port: 40479 } }
I20260710 11:10:13.056650  6292 raft_consensus.cc:493] T 0631c7b1ddde44a89bf7efe916dd0564 P a0997a7f87ac4e209fee73a4865c7e18 [term 0 FOLLOWER]: Starting pre-election (no leader contacted us within the election timeout)
I20260710 11:10:13.059692  6291 raft_consensus.cc:2804] T f89f9f8a97334e9aa35cc0ac8d6083ce P 94c908c34165403ba067360af31edb09 [term 0 FOLLOWER]: Leader pre-election won for term 1
I20260710 11:10:13.063624  6291 raft_consensus.cc:493] T f89f9f8a97334e9aa35cc0ac8d6083ce P 94c908c34165403ba067360af31edb09 [term 0 FOLLOWER]: Starting leader election (no leader contacted us within the election timeout)
I20260710 11:10:13.063941  6137 leader_election.cc:304] T f5159ded9c8845daaf9d585860df8604 P f02063bafcb1472f82892f66b8a5a9f2 [CANDIDATE]: Term 1 pre-election: Election decided. Result: candidate won. Election summary: received 2 responses out of 3 voters: 2 yes votes; 0 no votes. yes voters: a0997a7f87ac4e209fee73a4865c7e18, f02063bafcb1472f82892f66b8a5a9f2; no voters: 
I20260710 11:10:13.067375  6291 raft_consensus.cc:3060] T f89f9f8a97334e9aa35cc0ac8d6083ce P 94c908c34165403ba067360af31edb09 [term 0 FOLLOWER]: Advancing to term 1
I20260710 11:10:13.063905  6292 raft_consensus.cc:515] T 0631c7b1ddde44a89bf7efe916dd0564 P a0997a7f87ac4e209fee73a4865c7e18 [term 0 FOLLOWER]: Starting pre-election with config: opid_index: -1 OBSOLETE_local: false peers { permanent_uuid: "94c908c34165403ba067360af31edb09" member_type: VOTER last_known_addr { host: "127.4.222.195" port: 40479 } } peers { permanent_uuid: "a0997a7f87ac4e209fee73a4865c7e18" member_type: VOTER last_known_addr { host: "127.4.222.193" port: 41215 } } peers { permanent_uuid: "f02063bafcb1472f82892f66b8a5a9f2" member_type: VOTER last_known_addr { host: "127.4.222.194" port: 34665 } }
I20260710 11:10:13.068650  6337 consensus_queue.cc:1048] T c2cbf109c1a9404cb044f993da485afe P a0997a7f87ac4e209fee73a4865c7e18 [LEADER]: Connected to new peer: Peer: permanent_uuid: "f02063bafcb1472f82892f66b8a5a9f2" member_type: VOTER last_known_addr { host: "127.4.222.194" port: 34665 }, Status: LMP_MISMATCH, Last received: 0.0, Next index: 1, Last known committed idx: 0, Time since last communication: 0.000s
I20260710 11:10:13.069139  6365 raft_consensus.cc:2804] T f5159ded9c8845daaf9d585860df8604 P f02063bafcb1472f82892f66b8a5a9f2 [term 0 FOLLOWER]: Leader pre-election won for term 1
I20260710 11:10:13.069509  6365 raft_consensus.cc:493] T f5159ded9c8845daaf9d585860df8604 P f02063bafcb1472f82892f66b8a5a9f2 [term 0 FOLLOWER]: Starting leader election (no leader contacted us within the election timeout)
I20260710 11:10:13.069849  6365 raft_consensus.cc:3060] T f5159ded9c8845daaf9d585860df8604 P f02063bafcb1472f82892f66b8a5a9f2 [term 0 FOLLOWER]: Advancing to term 1
I20260710 11:10:13.077332  6296 consensus_queue.cc:1048] T 0631c7b1ddde44a89bf7efe916dd0564 P f02063bafcb1472f82892f66b8a5a9f2 [LEADER]: Connected to new peer: Peer: permanent_uuid: "94c908c34165403ba067360af31edb09" member_type: VOTER last_known_addr { host: "127.4.222.195" port: 40479 }, Status: LMP_MISMATCH, Last received: 0.0, Next index: 1, Last known committed idx: 0, Time since last communication: 0.001s
I20260710 11:10:13.078651  6245 tablet_service.cc:1917] Received RequestConsensusVote() RPC: tablet_id: "f5159ded9c8845daaf9d585860df8604" candidate_uuid: "f02063bafcb1472f82892f66b8a5a9f2" candidate_term: 1 candidate_status { last_received { term: 0 index: 0 } } ignore_live_leader: false dest_uuid: "94c908c34165403ba067360af31edb09" is_pre_election: true
I20260710 11:10:13.081849  6285 raft_consensus.cc:359] T 2a4bde52cdd548c9b97769a5a82d20da P 94c908c34165403ba067360af31edb09 [term 0 FOLLOWER]: Replica starting. Triggering 0 pending ops. Active config: opid_index: -1 OBSOLETE_local: false peers { permanent_uuid: "a0997a7f87ac4e209fee73a4865c7e18" member_type: VOTER last_known_addr { host: "127.4.222.193" port: 41215 } } peers { permanent_uuid: "f02063bafcb1472f82892f66b8a5a9f2" member_type: VOTER last_known_addr { host: "127.4.222.194" port: 34665 } } peers { permanent_uuid: "94c908c34165403ba067360af31edb09" member_type: VOTER last_known_addr { host: "127.4.222.195" port: 40479 } }
I20260710 11:10:13.082553  6285 raft_consensus.cc:385] T 2a4bde52cdd548c9b97769a5a82d20da P 94c908c34165403ba067360af31edb09 [term 0 FOLLOWER]: Consensus starting up: Expiring failure detector timer to make a prompt election more likely
I20260710 11:10:13.082826  6285 raft_consensus.cc:740] T 2a4bde52cdd548c9b97769a5a82d20da P 94c908c34165403ba067360af31edb09 [term 0 FOLLOWER]: Becoming Follower/Learner. State: Replica: 94c908c34165403ba067360af31edb09, State: Initialized, Role: FOLLOWER
I20260710 11:10:13.084064  6374 consensus_queue.cc:1048] T d5ee8ec8066f4cc58825672c366095ed P f02063bafcb1472f82892f66b8a5a9f2 [LEADER]: Connected to new peer: Peer: permanent_uuid: "a0997a7f87ac4e209fee73a4865c7e18" member_type: VOTER last_known_addr { host: "127.4.222.193" port: 41215 }, Status: LMP_MISMATCH, Last received: 0.0, Next index: 1, Last known committed idx: 0, Time since last communication: 0.001s
I20260710 11:10:13.084293  6292 leader_election.cc:290] T 0631c7b1ddde44a89bf7efe916dd0564 P a0997a7f87ac4e209fee73a4865c7e18 [CANDIDATE]: Term 1 pre-election: Requested pre-vote from peers 94c908c34165403ba067360af31edb09 (127.4.222.195:40479), f02063bafcb1472f82892f66b8a5a9f2 (127.4.222.194:34665)
I20260710 11:10:13.086717  6287 tablet_bootstrap.cc:654] T 28fbacacfbf9472ea72a49e514b3338b P f02063bafcb1472f82892f66b8a5a9f2: Neither blocks nor log segments found. Creating new log.
I20260710 11:10:13.087582  6285 consensus_queue.cc:260] T 2a4bde52cdd548c9b97769a5a82d20da P 94c908c34165403ba067360af31edb09 [NON_LEADER]: Queue going to NON_LEADER mode. State: All replicated index: 0, Majority replicated index: 0, Committed index: 0, Last appended: 0.0, Last appended by leader: 0, Current term: 0, Majority size: -1, State: 0, Mode: NON_LEADER, active raft config: opid_index: -1 OBSOLETE_local: false peers { permanent_uuid: "a0997a7f87ac4e209fee73a4865c7e18" member_type: VOTER last_known_addr { host: "127.4.222.193" port: 41215 } } peers { permanent_uuid: "f02063bafcb1472f82892f66b8a5a9f2" member_type: VOTER last_known_addr { host: "127.4.222.194" port: 34665 } } peers { permanent_uuid: "94c908c34165403ba067360af31edb09" member_type: VOTER last_known_addr { host: "127.4.222.195" port: 40479 } }
W20260710 11:10:13.087286  6137 leader_election.cc:343] T f5159ded9c8845daaf9d585860df8604 P f02063bafcb1472f82892f66b8a5a9f2 [CANDIDATE]: Term 1 pre-election: Tablet error from VoteRequest() call to peer 94c908c34165403ba067360af31edb09 (127.4.222.195:40479): Illegal state: must be running to vote when last-logged opid is not known
I20260710 11:10:13.095834  6245 tablet_service.cc:1917] Received RequestConsensusVote() RPC: tablet_id: "0631c7b1ddde44a89bf7efe916dd0564" candidate_uuid: "a0997a7f87ac4e209fee73a4865c7e18" candidate_term: 1 candidate_status { last_received { term: 0 index: 0 } } ignore_live_leader: false dest_uuid: "94c908c34165403ba067360af31edb09" is_pre_election: true
I20260710 11:10:13.097963  6245 raft_consensus.cc:2393] T 0631c7b1ddde44a89bf7efe916dd0564 P 94c908c34165403ba067360af31edb09 [term 1 FOLLOWER]: Leader pre-election vote request: Denying vote to candidate a0997a7f87ac4e209fee73a4865c7e18 in current term 1: Already voted for candidate f02063bafcb1472f82892f66b8a5a9f2 in this term.
I20260710 11:10:13.088611  6291 raft_consensus.cc:515] T f89f9f8a97334e9aa35cc0ac8d6083ce P 94c908c34165403ba067360af31edb09 [term 1 FOLLOWER]: Starting leader election with config: opid_index: -1 OBSOLETE_local: false peers { permanent_uuid: "a0997a7f87ac4e209fee73a4865c7e18" member_type: VOTER last_known_addr { host: "127.4.222.193" port: 41215 } } peers { permanent_uuid: "f02063bafcb1472f82892f66b8a5a9f2" member_type: VOTER last_known_addr { host: "127.4.222.194" port: 34665 } } peers { permanent_uuid: "94c908c34165403ba067360af31edb09" member_type: VOTER last_known_addr { host: "127.4.222.195" port: 40479 } }
I20260710 11:10:13.108444  6095 tablet_service.cc:1917] Received RequestConsensusVote() RPC: tablet_id: "f89f9f8a97334e9aa35cc0ac8d6083ce" candidate_uuid: "94c908c34165403ba067360af31edb09" candidate_term: 1 candidate_status { last_received { term: 0 index: 0 } } ignore_live_leader: false dest_uuid: "a0997a7f87ac4e209fee73a4865c7e18"
I20260710 11:10:13.109802  6285 ts_tablet_manager.cc:1434] T 2a4bde52cdd548c9b97769a5a82d20da P 94c908c34165403ba067360af31edb09: Time spent starting tablet: real 0.052s	user 0.013s	sys 0.009s
I20260710 11:10:13.110733  6285 tablet_bootstrap.cc:492] T dc962fa23c4c438789d44e77fbb71a1f P 94c908c34165403ba067360af31edb09: Bootstrap starting.
I20260710 11:10:13.113760  6171 tablet_service.cc:1917] Received RequestConsensusVote() RPC: tablet_id: "f89f9f8a97334e9aa35cc0ac8d6083ce" candidate_uuid: "94c908c34165403ba067360af31edb09" candidate_term: 1 candidate_status { last_received { term: 0 index: 0 } } ignore_live_leader: false dest_uuid: "f02063bafcb1472f82892f66b8a5a9f2"
I20260710 11:10:13.113905  6337 raft_consensus.cc:493] T 2a4bde52cdd548c9b97769a5a82d20da P a0997a7f87ac4e209fee73a4865c7e18 [term 0 FOLLOWER]: Starting pre-election (no leader contacted us within the election timeout)
I20260710 11:10:13.114722  6171 raft_consensus.cc:3060] T f89f9f8a97334e9aa35cc0ac8d6083ce P f02063bafcb1472f82892f66b8a5a9f2 [term 0 FOLLOWER]: Advancing to term 1
W20260710 11:10:13.115029  6211 leader_election.cc:343] T f89f9f8a97334e9aa35cc0ac8d6083ce P 94c908c34165403ba067360af31edb09 [CANDIDATE]: Term 1 election: Tablet error from VoteRequest() call to peer a0997a7f87ac4e209fee73a4865c7e18 (127.4.222.193:41215): Illegal state: must be running to vote when last-logged opid is not known
I20260710 11:10:13.114790  6337 raft_consensus.cc:515] T 2a4bde52cdd548c9b97769a5a82d20da P a0997a7f87ac4e209fee73a4865c7e18 [term 0 FOLLOWER]: Starting pre-election with config: opid_index: -1 OBSOLETE_local: false peers { permanent_uuid: "a0997a7f87ac4e209fee73a4865c7e18" member_type: VOTER last_known_addr { host: "127.4.222.193" port: 41215 } } peers { permanent_uuid: "f02063bafcb1472f82892f66b8a5a9f2" member_type: VOTER last_known_addr { host: "127.4.222.194" port: 34665 } } peers { permanent_uuid: "94c908c34165403ba067360af31edb09" member_type: VOTER last_known_addr { host: "127.4.222.195" port: 40479 } }
I20260710 11:10:13.119164  6337 leader_election.cc:290] T 2a4bde52cdd548c9b97769a5a82d20da P a0997a7f87ac4e209fee73a4865c7e18 [CANDIDATE]: Term 1 pre-election: Requested pre-vote from peers f02063bafcb1472f82892f66b8a5a9f2 (127.4.222.194:34665), 94c908c34165403ba067360af31edb09 (127.4.222.195:40479)
I20260710 11:10:13.116545  6291 leader_election.cc:290] T f89f9f8a97334e9aa35cc0ac8d6083ce P 94c908c34165403ba067360af31edb09 [CANDIDATE]: Term 1 election: Requested vote from peers a0997a7f87ac4e209fee73a4865c7e18 (127.4.222.193:41215), f02063bafcb1472f82892f66b8a5a9f2 (127.4.222.194:34665)
I20260710 11:10:13.122646  6243 tablet_service.cc:1917] Received RequestConsensusVote() RPC: tablet_id: "2a4bde52cdd548c9b97769a5a82d20da" candidate_uuid: "a0997a7f87ac4e209fee73a4865c7e18" candidate_term: 1 candidate_status { last_received { term: 0 index: 0 } } ignore_live_leader: false dest_uuid: "94c908c34165403ba067360af31edb09" is_pre_election: true
I20260710 11:10:13.130223  6096 raft_consensus.cc:3060] T 0631c7b1ddde44a89bf7efe916dd0564 P a0997a7f87ac4e209fee73a4865c7e18 [term 0 FOLLOWER]: Advancing to term 1
I20260710 11:10:13.132503  6171 raft_consensus.cc:2468] T f89f9f8a97334e9aa35cc0ac8d6083ce P f02063bafcb1472f82892f66b8a5a9f2 [term 1 FOLLOWER]: Leader election vote request: Granting yes vote for candidate 94c908c34165403ba067360af31edb09 in term 1.
I20260710 11:10:13.135564  6208 leader_election.cc:304] T f89f9f8a97334e9aa35cc0ac8d6083ce P 94c908c34165403ba067360af31edb09 [CANDIDATE]: Term 1 election: Election decided. Result: candidate won. Election summary: received 3 responses out of 3 voters: 2 yes votes; 1 no votes. yes voters: 94c908c34165403ba067360af31edb09, f02063bafcb1472f82892f66b8a5a9f2; no voters: a0997a7f87ac4e209fee73a4865c7e18
I20260710 11:10:13.136408  6327 raft_consensus.cc:2804] T f89f9f8a97334e9aa35cc0ac8d6083ce P 94c908c34165403ba067360af31edb09 [term 1 FOLLOWER]: Leader election won for term 1
I20260710 11:10:13.136406  6285 tablet_bootstrap.cc:654] T dc962fa23c4c438789d44e77fbb71a1f P 94c908c34165403ba067360af31edb09: Neither blocks nor log segments found. Creating new log.
I20260710 11:10:13.128800  6243 raft_consensus.cc:2468] T 2a4bde52cdd548c9b97769a5a82d20da P 94c908c34165403ba067360af31edb09 [term 0 FOLLOWER]: Leader pre-election vote request: Granting yes vote for candidate a0997a7f87ac4e209fee73a4865c7e18 in term 0.
I20260710 11:10:13.137080  6327 raft_consensus.cc:697] T f89f9f8a97334e9aa35cc0ac8d6083ce P 94c908c34165403ba067360af31edb09 [term 1 LEADER]: Becoming Leader. State: Replica: 94c908c34165403ba067360af31edb09, State: Running, Role: LEADER
I20260710 11:10:13.135221  5992 catalog_manager.cc:5697] T d2f370f3accf4509992c449a9177ca97 P 94c908c34165403ba067360af31edb09 reported cstate change: term changed from 0 to 1, leader changed from <none> to 94c908c34165403ba067360af31edb09 (127.4.222.195). New cstate: current_term: 1 leader_uuid: "94c908c34165403ba067360af31edb09" committed_config { opid_index: -1 OBSOLETE_local: false peers { permanent_uuid: "a0997a7f87ac4e209fee73a4865c7e18" member_type: VOTER last_known_addr { host: "127.4.222.193" port: 41215 } health_report { overall_health: UNKNOWN } } peers { permanent_uuid: "f02063bafcb1472f82892f66b8a5a9f2" member_type: VOTER last_known_addr { host: "127.4.222.194" port: 34665 } health_report { overall_health: UNKNOWN } } peers { permanent_uuid: "94c908c34165403ba067360af31edb09" member_type: VOTER last_known_addr { host: "127.4.222.195" port: 40479 } health_report { overall_health: HEALTHY } } }
I20260710 11:10:13.145960  6093 tablet_service.cc:1917] Received RequestConsensusVote() RPC: tablet_id: "c3bde0571d3f481380053537fc522ff2" candidate_uuid: "94c908c34165403ba067360af31edb09" candidate_term: 1 candidate_status { last_received { term: 0 index: 0 } } ignore_live_leader: false dest_uuid: "a0997a7f87ac4e209fee73a4865c7e18" is_pre_election: true
I20260710 11:10:13.136646  6365 raft_consensus.cc:515] T f5159ded9c8845daaf9d585860df8604 P f02063bafcb1472f82892f66b8a5a9f2 [term 1 FOLLOWER]: Starting leader election with config: opid_index: -1 OBSOLETE_local: false peers { permanent_uuid: "a0997a7f87ac4e209fee73a4865c7e18" member_type: VOTER last_known_addr { host: "127.4.222.193" port: 41215 } } peers { permanent_uuid: "f02063bafcb1472f82892f66b8a5a9f2" member_type: VOTER last_known_addr { host: "127.4.222.194" port: 34665 } } peers { permanent_uuid: "94c908c34165403ba067360af31edb09" member_type: VOTER last_known_addr { host: "127.4.222.195" port: 40479 } }
I20260710 11:10:13.150106  6286 tablet_bootstrap.cc:492] T 0df68f5dc1c64f02adc999e16e418863 P a0997a7f87ac4e209fee73a4865c7e18: No bootstrap required, opened a new log
I20260710 11:10:13.151940  6286 ts_tablet_manager.cc:1403] T 0df68f5dc1c64f02adc999e16e418863 P a0997a7f87ac4e209fee73a4865c7e18: Time spent bootstrapping tablet: real 0.245s	user 0.021s	sys 0.008s
I20260710 11:10:13.159348  6327 consensus_queue.cc:237] T f89f9f8a97334e9aa35cc0ac8d6083ce P 94c908c34165403ba067360af31edb09 [LEADER]: Queue going to LEADER mode. State: All replicated index: 0, Majority replicated index: 0, Committed index: 0, Last appended: 0.0, Last appended by leader: 0, Current term: 1, Majority size: 2, State: 0, Mode: LEADER, active raft config: opid_index: -1 OBSOLETE_local: false peers { permanent_uuid: "a0997a7f87ac4e209fee73a4865c7e18" member_type: VOTER last_known_addr { host: "127.4.222.193" port: 41215 } } peers { permanent_uuid: "f02063bafcb1472f82892f66b8a5a9f2" member_type: VOTER last_known_addr { host: "127.4.222.194" port: 34665 } } peers { permanent_uuid: "94c908c34165403ba067360af31edb09" member_type: VOTER last_known_addr { host: "127.4.222.195" port: 40479 } }
