I20260710 11:10:10.040170 30102 raft_consensus.cc:2468] T 326a185da696498b938816018d1f6535 P 2b6e16082c3d4048a10a494a147a26a1 [term 0 FOLLOWER]: Leader pre-election vote request: Granting yes vote for candidate 1f521a49035a47ae9bfffd35f608e629 in term 0.
I20260710 11:10:10.042419 30218 leader_election.cc:304] T 326a185da696498b938816018d1f6535 P 1f521a49035a47ae9bfffd35f608e629 [CANDIDATE]: Term 1 pre-election: Election decided. Result: candidate won. Election summary: received 2 responses out of 3 voters: 2 yes votes; 0 no votes. yes voters: 1f521a49035a47ae9bfffd35f608e629, 2b6e16082c3d4048a10a494a147a26a1; no voters: 
I20260710 11:10:10.042994 30292 tablet_bootstrap.cc:654] T f0c6be12e7054ebabb029a2c0b92ea67 P 2b6e16082c3d4048a10a494a147a26a1: Neither blocks nor log segments found. Creating new log.
W20260710 11:10:10.043617 30141 leader_election.cc:343] T 03b9f4b6537140d5876090e8442338ab P afc6e0736d5b405e8b0addbadd382f8e [CANDIDATE]: Term 1 pre-election: Tablet error from VoteRequest() call to peer 1f521a49035a47ae9bfffd35f608e629 (127.28.78.131:32937): Illegal state: must be running to vote when last-logged opid is not known
I20260710 11:10:10.044178 30141 leader_election.cc:304] T 03b9f4b6537140d5876090e8442338ab P afc6e0736d5b405e8b0addbadd382f8e [CANDIDATE]: Term 1 pre-election: Election decided. Result: candidate lost. Election summary: received 3 responses out of 3 voters: 1 yes votes; 2 no votes. yes voters: afc6e0736d5b405e8b0addbadd382f8e; no voters: 1f521a49035a47ae9bfffd35f608e629, 2b6e16082c3d4048a10a494a147a26a1
I20260710 11:10:10.045508 30332 raft_consensus.cc:2804] T 326a185da696498b938816018d1f6535 P 1f521a49035a47ae9bfffd35f608e629 [term 0 FOLLOWER]: Leader pre-election won for term 1
I20260710 11:10:10.043288 30294 raft_consensus.cc:359] T 3ca89d13984e43b5ad6a51f3a4b0f336 P afc6e0736d5b405e8b0addbadd382f8e [term 0 FOLLOWER]: Replica starting. Triggering 0 pending ops. Active config: opid_index: -1 OBSOLETE_local: false peers { permanent_uuid: "2b6e16082c3d4048a10a494a147a26a1" member_type: VOTER last_known_addr { host: "127.28.78.129" port: 35319 } } peers { permanent_uuid: "afc6e0736d5b405e8b0addbadd382f8e" member_type: VOTER last_known_addr { host: "127.28.78.130" port: 35557 } } peers { permanent_uuid: "1f521a49035a47ae9bfffd35f608e629" member_type: VOTER last_known_addr { host: "127.28.78.131" port: 32937 } }
I20260710 11:10:10.045974 30332 raft_consensus.cc:493] T 326a185da696498b938816018d1f6535 P 1f521a49035a47ae9bfffd35f608e629 [term 0 FOLLOWER]: Starting leader election (no leader contacted us within the election timeout)
I20260710 11:10:10.046454 30332 raft_consensus.cc:3060] T 326a185da696498b938816018d1f6535 P 1f521a49035a47ae9bfffd35f608e629 [term 0 FOLLOWER]: Advancing to term 1
I20260710 11:10:10.047271 30178 tablet_service.cc:1917] Received RequestConsensusVote() RPC: tablet_id: "326a185da696498b938816018d1f6535" candidate_uuid: "1f521a49035a47ae9bfffd35f608e629" candidate_term: 1 candidate_status { last_received { term: 0 index: 0 } } ignore_live_leader: false dest_uuid: "afc6e0736d5b405e8b0addbadd382f8e" is_pre_election: true
I20260710 11:10:10.048359 30301 raft_consensus.cc:2749] T 03b9f4b6537140d5876090e8442338ab P afc6e0736d5b405e8b0addbadd382f8e [term 0 FOLLOWER]: Leader pre-election lost for term 1. Reason: could not achieve majority
I20260710 11:10:10.055444 30332 raft_consensus.cc:515] T 326a185da696498b938816018d1f6535 P 1f521a49035a47ae9bfffd35f608e629 [term 1 FOLLOWER]: Starting leader election with config: opid_index: -1 OBSOLETE_local: false peers { permanent_uuid: "1f521a49035a47ae9bfffd35f608e629" member_type: VOTER last_known_addr { host: "127.28.78.131" port: 32937 } } peers { permanent_uuid: "2b6e16082c3d4048a10a494a147a26a1" member_type: VOTER last_known_addr { host: "127.28.78.129" port: 35319 } } peers { permanent_uuid: "afc6e0736d5b405e8b0addbadd382f8e" member_type: VOTER last_known_addr { host: "127.28.78.130" port: 35557 } }
I20260710 11:10:10.056869 30300 tablet_bootstrap.cc:654] T 03b9f4b6537140d5876090e8442338ab P 1f521a49035a47ae9bfffd35f608e629: Neither blocks nor log segments found. Creating new log.
I20260710 11:10:10.057739 30332 leader_election.cc:290] T 326a185da696498b938816018d1f6535 P 1f521a49035a47ae9bfffd35f608e629 [CANDIDATE]: Term 1 election: Requested vote from peers 2b6e16082c3d4048a10a494a147a26a1 (127.28.78.129:35319), afc6e0736d5b405e8b0addbadd382f8e (127.28.78.130:35557)
I20260710 11:10:10.058367 30294 raft_consensus.cc:385] T 3ca89d13984e43b5ad6a51f3a4b0f336 P afc6e0736d5b405e8b0addbadd382f8e [term 0 FOLLOWER]: Consensus starting up: Expiring failure detector timer to make a prompt election more likely
I20260710 11:10:10.058709 30294 raft_consensus.cc:740] T 3ca89d13984e43b5ad6a51f3a4b0f336 P afc6e0736d5b405e8b0addbadd382f8e [term 0 FOLLOWER]: Becoming Follower/Learner. State: Replica: afc6e0736d5b405e8b0addbadd382f8e, State: Initialized, Role: FOLLOWER
I20260710 11:10:10.059698 30294 consensus_queue.cc:260] T 3ca89d13984e43b5ad6a51f3a4b0f336 P afc6e0736d5b405e8b0addbadd382f8e [NON_LEADER]: Queue going to NON_LEADER mode. State: All replicated index: 0, Majority replicated index: 0, Committed index: 0, Last appended: 0.0, Last appended by leader: 0, Current term: 0, Majority size: -1, State: 0, Mode: NON_LEADER, active raft config: opid_index: -1 OBSOLETE_local: false peers { permanent_uuid: "2b6e16082c3d4048a10a494a147a26a1" member_type: VOTER last_known_addr { host: "127.28.78.129" port: 35319 } } peers { permanent_uuid: "afc6e0736d5b405e8b0addbadd382f8e" member_type: VOTER last_known_addr { host: "127.28.78.130" port: 35557 } } peers { permanent_uuid: "1f521a49035a47ae9bfffd35f608e629" member_type: VOTER last_known_addr { host: "127.28.78.131" port: 32937 } }
W20260710 11:10:10.062120 30217 leader_election.cc:343] T 326a185da696498b938816018d1f6535 P 1f521a49035a47ae9bfffd35f608e629 [CANDIDATE]: Term 1 pre-election: Tablet error from VoteRequest() call to peer afc6e0736d5b405e8b0addbadd382f8e (127.28.78.130:35557): Illegal state: must be running to vote when last-logged opid is not known
I20260710 11:10:10.062656 30294 ts_tablet_manager.cc:1434] T 3ca89d13984e43b5ad6a51f3a4b0f336 P afc6e0736d5b405e8b0addbadd382f8e: Time spent starting tablet: real 0.023s	user 0.008s	sys 0.000s
I20260710 11:10:10.063488 30178 tablet_service.cc:1917] Received RequestConsensusVote() RPC: tablet_id: "326a185da696498b938816018d1f6535" candidate_uuid: "1f521a49035a47ae9bfffd35f608e629" candidate_term: 1 candidate_status { last_received { term: 0 index: 0 } } ignore_live_leader: false dest_uuid: "afc6e0736d5b405e8b0addbadd382f8e"
I20260710 11:10:10.064018 30294 tablet_bootstrap.cc:492] T 10d290e84c984abbaafb5a6e2315dc9b P afc6e0736d5b405e8b0addbadd382f8e: Bootstrap starting.
I20260710 11:10:10.035987 30295 raft_consensus.cc:2749] T 720377a3a9c544f39ba2685830b4d4cd P 2b6e16082c3d4048a10a494a147a26a1 [term 1 FOLLOWER]: Leader election lost for term 1. Reason: could not achieve majority
I20260710 11:10:10.068077 30300 tablet_bootstrap.cc:492] T 03b9f4b6537140d5876090e8442338ab P 1f521a49035a47ae9bfffd35f608e629: No bootstrap required, opened a new log
I20260710 11:10:10.068699 30300 ts_tablet_manager.cc:1403] T 03b9f4b6537140d5876090e8442338ab P 1f521a49035a47ae9bfffd35f608e629: Time spent bootstrapping tablet: real 0.033s	user 0.011s	sys 0.001s
W20260710 11:10:10.069941 30217 leader_election.cc:343] T 326a185da696498b938816018d1f6535 P 1f521a49035a47ae9bfffd35f608e629 [CANDIDATE]: Term 1 election: Tablet error from VoteRequest() call to peer afc6e0736d5b405e8b0addbadd382f8e (127.28.78.130:35557): Illegal state: must be running to vote when last-logged opid is not known
I20260710 11:10:10.071612 30300 raft_consensus.cc:359] T 03b9f4b6537140d5876090e8442338ab P 1f521a49035a47ae9bfffd35f608e629 [term 0 FOLLOWER]: Replica starting. Triggering 0 pending ops. Active config: opid_index: -1 OBSOLETE_local: false peers { permanent_uuid: "2b6e16082c3d4048a10a494a147a26a1" member_type: VOTER last_known_addr { host: "127.28.78.129" port: 35319 } } peers { permanent_uuid: "afc6e0736d5b405e8b0addbadd382f8e" member_type: VOTER last_known_addr { host: "127.28.78.130" port: 35557 } } peers { permanent_uuid: "1f521a49035a47ae9bfffd35f608e629" member_type: VOTER last_known_addr { host: "127.28.78.131" port: 32937 } }
I20260710 11:10:10.072332 30300 raft_consensus.cc:385] T 03b9f4b6537140d5876090e8442338ab P 1f521a49035a47ae9bfffd35f608e629 [term 0 FOLLOWER]: Consensus starting up: Expiring failure detector timer to make a prompt election more likely
I20260710 11:10:10.072618 30294 tablet_bootstrap.cc:654] T 10d290e84c984abbaafb5a6e2315dc9b P afc6e0736d5b405e8b0addbadd382f8e: Neither blocks nor log segments found. Creating new log.
I20260710 11:10:10.072415 30102 tablet_service.cc:1917] Received RequestConsensusVote() RPC: tablet_id: "326a185da696498b938816018d1f6535" candidate_uuid: "1f521a49035a47ae9bfffd35f608e629" candidate_term: 1 candidate_status { last_received { term: 0 index: 0 } } ignore_live_leader: false dest_uuid: "2b6e16082c3d4048a10a494a147a26a1"
I20260710 11:10:10.072721 30300 raft_consensus.cc:740] T 03b9f4b6537140d5876090e8442338ab P 1f521a49035a47ae9bfffd35f608e629 [term 0 FOLLOWER]: Becoming Follower/Learner. State: Replica: 1f521a49035a47ae9bfffd35f608e629, State: Initialized, Role: FOLLOWER
I20260710 11:10:10.073122 30102 raft_consensus.cc:3060] T 326a185da696498b938816018d1f6535 P 2b6e16082c3d4048a10a494a147a26a1 [term 0 FOLLOWER]: Advancing to term 1
I20260710 11:10:10.073827 30300 consensus_queue.cc:260] T 03b9f4b6537140d5876090e8442338ab P 1f521a49035a47ae9bfffd35f608e629 [NON_LEADER]: Queue going to NON_LEADER mode. State: All replicated index: 0, Majority replicated index: 0, Committed index: 0, Last appended: 0.0, Last appended by leader: 0, Current term: 0, Majority size: -1, State: 0, Mode: NON_LEADER, active raft config: opid_index: -1 OBSOLETE_local: false peers { permanent_uuid: "2b6e16082c3d4048a10a494a147a26a1" member_type: VOTER last_known_addr { host: "127.28.78.129" port: 35319 } } peers { permanent_uuid: "afc6e0736d5b405e8b0addbadd382f8e" member_type: VOTER last_known_addr { host: "127.28.78.130" port: 35557 } } peers { permanent_uuid: "1f521a49035a47ae9bfffd35f608e629" member_type: VOTER last_known_addr { host: "127.28.78.131" port: 32937 } }
I20260710 11:10:10.076483 30292 tablet_bootstrap.cc:492] T f0c6be12e7054ebabb029a2c0b92ea67 P 2b6e16082c3d4048a10a494a147a26a1: No bootstrap required, opened a new log
I20260710 11:10:10.076800 30300 ts_tablet_manager.cc:1434] T 03b9f4b6537140d5876090e8442338ab P 1f521a49035a47ae9bfffd35f608e629: Time spent starting tablet: real 0.008s	user 0.006s	sys 0.000s
I20260710 11:10:10.076932 30292 ts_tablet_manager.cc:1403] T f0c6be12e7054ebabb029a2c0b92ea67 P 2b6e16082c3d4048a10a494a147a26a1: Time spent bootstrapping tablet: real 0.048s	user 0.013s	sys 0.012s
I20260710 11:10:10.077785 30300 tablet_bootstrap.cc:492] T 753b06c7c85f4996a03c2e5feb9ec0f3 P 1f521a49035a47ae9bfffd35f608e629: Bootstrap starting.
I20260710 11:10:10.079455 30292 raft_consensus.cc:359] T f0c6be12e7054ebabb029a2c0b92ea67 P 2b6e16082c3d4048a10a494a147a26a1 [term 0 FOLLOWER]: Replica starting. Triggering 0 pending ops. Active config: opid_index: -1 OBSOLETE_local: false peers { permanent_uuid: "2b6e16082c3d4048a10a494a147a26a1" member_type: VOTER last_known_addr { host: "127.28.78.129" port: 35319 } } peers { permanent_uuid: "afc6e0736d5b405e8b0addbadd382f8e" member_type: VOTER last_known_addr { host: "127.28.78.130" port: 35557 } } peers { permanent_uuid: "1f521a49035a47ae9bfffd35f608e629" member_type: VOTER last_known_addr { host: "127.28.78.131" port: 32937 } }
I20260710 11:10:10.080119 30292 raft_consensus.cc:385] T f0c6be12e7054ebabb029a2c0b92ea67 P 2b6e16082c3d4048a10a494a147a26a1 [term 0 FOLLOWER]: Consensus starting up: Expiring failure detector timer to make a prompt election more likely
I20260710 11:10:10.080377 30292 raft_consensus.cc:740] T f0c6be12e7054ebabb029a2c0b92ea67 P 2b6e16082c3d4048a10a494a147a26a1 [term 0 FOLLOWER]: Becoming Follower/Learner. State: Replica: 2b6e16082c3d4048a10a494a147a26a1, State: Initialized, Role: FOLLOWER
I20260710 11:10:10.080533 29998 catalog_manager.cc:5697] T 720377a3a9c544f39ba2685830b4d4cd P 1f521a49035a47ae9bfffd35f608e629 reported cstate change: term changed from 0 to 1, leader changed from <none> to 1f521a49035a47ae9bfffd35f608e629 (127.28.78.131). New cstate: current_term: 1 leader_uuid: "1f521a49035a47ae9bfffd35f608e629" committed_config { opid_index: -1 OBSOLETE_local: false peers { permanent_uuid: "2b6e16082c3d4048a10a494a147a26a1" member_type: VOTER last_known_addr { host: "127.28.78.129" port: 35319 } health_report { overall_health: UNKNOWN } } peers { permanent_uuid: "afc6e0736d5b405e8b0addbadd382f8e" member_type: VOTER last_known_addr { host: "127.28.78.130" port: 35557 } health_report { overall_health: UNKNOWN } } peers { permanent_uuid: "1f521a49035a47ae9bfffd35f608e629" member_type: VOTER last_known_addr { host: "127.28.78.131" port: 32937 } health_report { overall_health: HEALTHY } } }
I20260710 11:10:10.081300 30292 consensus_queue.cc:260] T f0c6be12e7054ebabb029a2c0b92ea67 P 2b6e16082c3d4048a10a494a147a26a1 [NON_LEADER]: Queue going to NON_LEADER mode. State: All replicated index: 0, Majority replicated index: 0, Committed index: 0, Last appended: 0.0, Last appended by leader: 0, Current term: 0, Majority size: -1, State: 0, Mode: NON_LEADER, active raft config: opid_index: -1 OBSOLETE_local: false peers { permanent_uuid: "2b6e16082c3d4048a10a494a147a26a1" member_type: VOTER last_known_addr { host: "127.28.78.129" port: 35319 } } peers { permanent_uuid: "afc6e0736d5b405e8b0addbadd382f8e" member_type: VOTER last_known_addr { host: "127.28.78.130" port: 35557 } } peers { permanent_uuid: "1f521a49035a47ae9bfffd35f608e629" member_type: VOTER last_known_addr { host: "127.28.78.131" port: 32937 } }
I20260710 11:10:10.083645 30292 ts_tablet_manager.cc:1434] T f0c6be12e7054ebabb029a2c0b92ea67 P 2b6e16082c3d4048a10a494a147a26a1: Time spent starting tablet: real 0.006s	user 0.006s	sys 0.001s
I20260710 11:10:10.083840 30300 tablet_bootstrap.cc:654] T 753b06c7c85f4996a03c2e5feb9ec0f3 P 1f521a49035a47ae9bfffd35f608e629: Neither blocks nor log segments found. Creating new log.
I20260710 11:10:10.085784 30301 raft_consensus.cc:493] T 3ca89d13984e43b5ad6a51f3a4b0f336 P afc6e0736d5b405e8b0addbadd382f8e [term 0 FOLLOWER]: Starting pre-election (no leader contacted us within the election timeout)
I20260710 11:10:10.086282 30301 raft_consensus.cc:515] T 3ca89d13984e43b5ad6a51f3a4b0f336 P afc6e0736d5b405e8b0addbadd382f8e [term 0 FOLLOWER]: Starting pre-election with config: opid_index: -1 OBSOLETE_local: false peers { permanent_uuid: "2b6e16082c3d4048a10a494a147a26a1" member_type: VOTER last_known_addr { host: "127.28.78.129" port: 35319 } } peers { permanent_uuid: "afc6e0736d5b405e8b0addbadd382f8e" member_type: VOTER last_known_addr { host: "127.28.78.130" port: 35557 } } peers { permanent_uuid: "1f521a49035a47ae9bfffd35f608e629" member_type: VOTER last_known_addr { host: "127.28.78.131" port: 32937 } }
I20260710 11:10:10.092104 30102 raft_consensus.cc:2468] T 326a185da696498b938816018d1f6535 P 2b6e16082c3d4048a10a494a147a26a1 [term 1 FOLLOWER]: Leader election vote request: Granting yes vote for candidate 1f521a49035a47ae9bfffd35f608e629 in term 1.
I20260710 11:10:10.094611 30292 tablet_bootstrap.cc:492] T 16c1ed594efd4e8bb664d318a7282095 P 2b6e16082c3d4048a10a494a147a26a1: Bootstrap starting.
I20260710 11:10:10.094961 30218 leader_election.cc:304] T 326a185da696498b938816018d1f6535 P 1f521a49035a47ae9bfffd35f608e629 [CANDIDATE]: Term 1 election: Election decided. Result: candidate won. Election summary: received 3 responses out of 3 voters: 2 yes votes; 1 no votes. yes voters: 1f521a49035a47ae9bfffd35f608e629, 2b6e16082c3d4048a10a494a147a26a1; no voters: afc6e0736d5b405e8b0addbadd382f8e
I20260710 11:10:10.095793 30332 raft_consensus.cc:2804] T 326a185da696498b938816018d1f6535 P 1f521a49035a47ae9bfffd35f608e629 [term 1 FOLLOWER]: Leader election won for term 1
I20260710 11:10:10.096289 30332 raft_consensus.cc:697] T 326a185da696498b938816018d1f6535 P 1f521a49035a47ae9bfffd35f608e629 [term 1 LEADER]: Becoming Leader. State: Replica: 1f521a49035a47ae9bfffd35f608e629, State: Running, Role: LEADER
I20260710 11:10:10.097230 30332 consensus_queue.cc:237] T 326a185da696498b938816018d1f6535 P 1f521a49035a47ae9bfffd35f608e629 [LEADER]: Queue going to LEADER mode. State: All replicated index: 0, Majority replicated index: 0, Committed index: 0, Last appended: 0.0, Last appended by leader: 0, Current term: 1, Majority size: 2, State: 0, Mode: LEADER, active raft config: opid_index: -1 OBSOLETE_local: false peers { permanent_uuid: "1f521a49035a47ae9bfffd35f608e629" member_type: VOTER last_known_addr { host: "127.28.78.131" port: 32937 } } peers { permanent_uuid: "2b6e16082c3d4048a10a494a147a26a1" member_type: VOTER last_known_addr { host: "127.28.78.129" port: 35319 } } peers { permanent_uuid: "afc6e0736d5b405e8b0addbadd382f8e" member_type: VOTER last_known_addr { host: "127.28.78.130" port: 35557 } }
I20260710 11:10:10.102027 30102 tablet_service.cc:1917] Received RequestConsensusVote() RPC: tablet_id: "3ca89d13984e43b5ad6a51f3a4b0f336" candidate_uuid: "afc6e0736d5b405e8b0addbadd382f8e" candidate_term: 1 candidate_status { last_received { term: 0 index: 0 } } ignore_live_leader: false dest_uuid: "2b6e16082c3d4048a10a494a147a26a1" is_pre_election: true
I20260710 11:10:10.105255 30102 raft_consensus.cc:2468] T 3ca89d13984e43b5ad6a51f3a4b0f336 P 2b6e16082c3d4048a10a494a147a26a1 [term 0 FOLLOWER]: Leader pre-election vote request: Granting yes vote for candidate afc6e0736d5b405e8b0addbadd382f8e in term 0.
I20260710 11:10:10.105734 30294 tablet_bootstrap.cc:492] T 10d290e84c984abbaafb5a6e2315dc9b P afc6e0736d5b405e8b0addbadd382f8e: No bootstrap required, opened a new log
I20260710 11:10:10.106331 30294 ts_tablet_manager.cc:1403] T 10d290e84c984abbaafb5a6e2315dc9b P afc6e0736d5b405e8b0addbadd382f8e: Time spent bootstrapping tablet: real 0.043s	user 0.013s	sys 0.000s
I20260710 11:10:10.103037 30301 leader_election.cc:290] T 3ca89d13984e43b5ad6a51f3a4b0f336 P afc6e0736d5b405e8b0addbadd382f8e [CANDIDATE]: Term 1 pre-election: Requested pre-vote from peers 2b6e16082c3d4048a10a494a147a26a1 (127.28.78.129:35319), 1f521a49035a47ae9bfffd35f608e629 (127.28.78.131:32937)
I20260710 11:10:10.109798 30332 raft_consensus.cc:493] T 10d290e84c984abbaafb5a6e2315dc9b P 1f521a49035a47ae9bfffd35f608e629 [term 0 FOLLOWER]: Starting pre-election (no leader contacted us within the election timeout)
I20260710 11:10:10.109793 30144 leader_election.cc:304] T 3ca89d13984e43b5ad6a51f3a4b0f336 P afc6e0736d5b405e8b0addbadd382f8e [CANDIDATE]: Term 1 pre-election: Election decided. Result: candidate won. Election summary: received 2 responses out of 3 voters: 2 yes votes; 0 no votes. yes voters: 2b6e16082c3d4048a10a494a147a26a1, afc6e0736d5b405e8b0addbadd382f8e; no voters: 
I20260710 11:10:10.110487 30332 raft_consensus.cc:515] T 10d290e84c984abbaafb5a6e2315dc9b P 1f521a49035a47ae9bfffd35f608e629 [term 0 FOLLOWER]: Starting pre-election with config: opid_index: -1 OBSOLETE_local: false peers { permanent_uuid: "2b6e16082c3d4048a10a494a147a26a1" member_type: VOTER last_known_addr { host: "127.28.78.129" port: 35319 } } peers { permanent_uuid: "afc6e0736d5b405e8b0addbadd382f8e" member_type: VOTER last_known_addr { host: "127.28.78.130" port: 35557 } } peers { permanent_uuid: "1f521a49035a47ae9bfffd35f608e629" member_type: VOTER last_known_addr { host: "127.28.78.131" port: 32937 } }
I20260710 11:10:10.111200 30301 raft_consensus.cc:2804] T 3ca89d13984e43b5ad6a51f3a4b0f336 P afc6e0736d5b405e8b0addbadd382f8e [term 0 FOLLOWER]: Leader pre-election won for term 1
I20260710 11:10:10.111694 30301 raft_consensus.cc:493] T 3ca89d13984e43b5ad6a51f3a4b0f336 P afc6e0736d5b405e8b0addbadd382f8e [term 0 FOLLOWER]: Starting leader election (no leader contacted us within the election timeout)
I20260710 11:10:10.112130 30301 raft_consensus.cc:3060] T 3ca89d13984e43b5ad6a51f3a4b0f336 P afc6e0736d5b405e8b0addbadd382f8e [term 0 FOLLOWER]: Advancing to term 1
I20260710 11:10:10.112955 30332 leader_election.cc:290] T 10d290e84c984abbaafb5a6e2315dc9b P 1f521a49035a47ae9bfffd35f608e629 [CANDIDATE]: Term 1 pre-election: Requested pre-vote from peers 2b6e16082c3d4048a10a494a147a26a1 (127.28.78.129:35319), afc6e0736d5b405e8b0addbadd382f8e (127.28.78.130:35557)
I20260710 11:10:10.114353 30294 raft_consensus.cc:359] T 10d290e84c984abbaafb5a6e2315dc9b P afc6e0736d5b405e8b0addbadd382f8e [term 0 FOLLOWER]: Replica starting. Triggering 0 pending ops. Active config: opid_index: -1 OBSOLETE_local: false peers { permanent_uuid: "2b6e16082c3d4048a10a494a147a26a1" member_type: VOTER last_known_addr { host: "127.28.78.129" port: 35319 } } peers { permanent_uuid: "afc6e0736d5b405e8b0addbadd382f8e" member_type: VOTER last_known_addr { host: "127.28.78.130" port: 35557 } } peers { permanent_uuid: "1f521a49035a47ae9bfffd35f608e629" member_type: VOTER last_known_addr { host: "127.28.78.131" port: 32937 } }
I20260710 11:10:10.115191 30294 raft_consensus.cc:385] T 10d290e84c984abbaafb5a6e2315dc9b P afc6e0736d5b405e8b0addbadd382f8e [term 0 FOLLOWER]: Consensus starting up: Expiring failure detector timer to make a prompt election more likely
I20260710 11:10:10.115530 30294 raft_consensus.cc:740] T 10d290e84c984abbaafb5a6e2315dc9b P afc6e0736d5b405e8b0addbadd382f8e [term 0 FOLLOWER]: Becoming Follower/Learner. State: Replica: afc6e0736d5b405e8b0addbadd382f8e, State: Initialized, Role: FOLLOWER
I20260710 11:10:10.114702 30000 catalog_manager.cc:5697] T 326a185da696498b938816018d1f6535 P 1f521a49035a47ae9bfffd35f608e629 reported cstate change: term changed from 0 to 1, leader changed from <none> to 1f521a49035a47ae9bfffd35f608e629 (127.28.78.131). New cstate: current_term: 1 leader_uuid: "1f521a49035a47ae9bfffd35f608e629" committed_config { opid_index: -1 OBSOLETE_local: false peers { permanent_uuid: "1f521a49035a47ae9bfffd35f608e629" member_type: VOTER last_known_addr { host: "127.28.78.131" port: 32937 } health_report { overall_health: HEALTHY } } peers { permanent_uuid: "2b6e16082c3d4048a10a494a147a26a1" member_type: VOTER last_known_addr { host: "127.28.78.129" port: 35319 } health_report { overall_health: UNKNOWN } } peers { permanent_uuid: "afc6e0736d5b405e8b0addbadd382f8e" member_type: VOTER last_known_addr { host: "127.28.78.130" port: 35557 } health_report { overall_health: UNKNOWN } } }
I20260710 11:10:10.116312 30294 consensus_queue.cc:260] T 10d290e84c984abbaafb5a6e2315dc9b P afc6e0736d5b405e8b0addbadd382f8e [NON_LEADER]: Queue going to NON_LEADER mode. State: All replicated index: 0, Majority replicated index: 0, Committed index: 0, Last appended: 0.0, Last appended by leader: 0, Current term: 0, Majority size: -1, State: 0, Mode: NON_LEADER, active raft config: opid_index: -1 OBSOLETE_local: false peers { permanent_uuid: "2b6e16082c3d4048a10a494a147a26a1" member_type: VOTER last_known_addr { host: "127.28.78.129" port: 35319 } } peers { permanent_uuid: "afc6e0736d5b405e8b0addbadd382f8e" member_type: VOTER last_known_addr { host: "127.28.78.130" port: 35557 } } peers { permanent_uuid: "1f521a49035a47ae9bfffd35f608e629" member_type: VOTER last_known_addr { host: "127.28.78.131" port: 32937 } }
I20260710 11:10:10.118851 30294 ts_tablet_manager.cc:1434] T 10d290e84c984abbaafb5a6e2315dc9b P afc6e0736d5b405e8b0addbadd382f8e: Time spent starting tablet: real 0.012s	user 0.003s	sys 0.003s
I20260710 11:10:10.104461 30251 tablet_service.cc:1917] Received RequestConsensusVote() RPC: tablet_id: "3ca89d13984e43b5ad6a51f3a4b0f336" candidate_uuid: "afc6e0736d5b405e8b0addbadd382f8e" candidate_term: 1 candidate_status { last_received { term: 0 index: 0 } } ignore_live_leader: false dest_uuid: "1f521a49035a47ae9bfffd35f608e629" is_pre_election: true
I20260710 11:10:10.120434 30251 raft_consensus.cc:2468] T 3ca89d13984e43b5ad6a51f3a4b0f336 P 1f521a49035a47ae9bfffd35f608e629 [term 0 FOLLOWER]: Leader pre-election vote request: Granting yes vote for candidate afc6e0736d5b405e8b0addbadd382f8e in term 0.
I20260710 11:10:10.120527 30102 tablet_service.cc:1917] Received RequestConsensusVote() RPC: tablet_id: "10d290e84c984abbaafb5a6e2315dc9b" candidate_uuid: "1f521a49035a47ae9bfffd35f608e629" candidate_term: 1 candidate_status { last_received { term: 0 index: 0 } } ignore_live_leader: false dest_uuid: "2b6e16082c3d4048a10a494a147a26a1" is_pre_election: true
I20260710 11:10:10.103264 30292 tablet_bootstrap.cc:654] T 16c1ed594efd4e8bb664d318a7282095 P 2b6e16082c3d4048a10a494a147a26a1: Neither blocks nor log segments found. Creating new log.
I20260710 11:10:10.120564 30178 tablet_service.cc:1917] Received RequestConsensusVote() RPC: tablet_id: "10d290e84c984abbaafb5a6e2315dc9b" candidate_uuid: "1f521a49035a47ae9bfffd35f608e629" candidate_term: 1 candidate_status { last_received { term: 0 index: 0 } } ignore_live_leader: false dest_uuid: "afc6e0736d5b405e8b0addbadd382f8e" is_pre_election: true
I20260710 11:10:10.121445 30300 tablet_bootstrap.cc:492] T 753b06c7c85f4996a03c2e5feb9ec0f3 P 1f521a49035a47ae9bfffd35f608e629: No bootstrap required, opened a new log
I20260710 11:10:10.121901 30300 ts_tablet_manager.cc:1403] T 753b06c7c85f4996a03c2e5feb9ec0f3 P 1f521a49035a47ae9bfffd35f608e629: Time spent bootstrapping tablet: real 0.044s	user 0.018s	sys 0.015s
I20260710 11:10:10.121790 30178 raft_consensus.cc:2468] T 10d290e84c984abbaafb5a6e2315dc9b P afc6e0736d5b405e8b0addbadd382f8e [term 0 FOLLOWER]: Leader pre-election vote request: Granting yes vote for candidate 1f521a49035a47ae9bfffd35f608e629 in term 0.
I20260710 11:10:10.122051 30102 raft_consensus.cc:2468] T 10d290e84c984abbaafb5a6e2315dc9b P 2b6e16082c3d4048a10a494a147a26a1 [term 0 FOLLOWER]: Leader pre-election vote request: Granting yes vote for candidate 1f521a49035a47ae9bfffd35f608e629 in term 0.
I20260710 11:10:10.123226 30218 leader_election.cc:304] T 10d290e84c984abbaafb5a6e2315dc9b P 1f521a49035a47ae9bfffd35f608e629 [CANDIDATE]: Term 1 pre-election: Election decided. Result: candidate won. Election summary: received 2 responses out of 3 voters: 2 yes votes; 0 no votes. yes voters: 1f521a49035a47ae9bfffd35f608e629, 2b6e16082c3d4048a10a494a147a26a1; no voters: 
I20260710 11:10:10.124382 30294 tablet_bootstrap.cc:492] T 326a185da696498b938816018d1f6535 P afc6e0736d5b405e8b0addbadd382f8e: Bootstrap starting.
I20260710 11:10:10.124396 30332 raft_consensus.cc:2804] T 10d290e84c984abbaafb5a6e2315dc9b P 1f521a49035a47ae9bfffd35f608e629 [term 0 FOLLOWER]: Leader pre-election won for term 1
I20260710 11:10:10.124585 30300 raft_consensus.cc:359] T 753b06c7c85f4996a03c2e5feb9ec0f3 P 1f521a49035a47ae9bfffd35f608e629 [term 0 FOLLOWER]: Replica starting. Triggering 0 pending ops. Active config: opid_index: -1 OBSOLETE_local: false peers { permanent_uuid: "2b6e16082c3d4048a10a494a147a26a1" member_type: VOTER last_known_addr { host: "127.28.78.129" port: 35319 } } peers { permanent_uuid: "afc6e0736d5b405e8b0addbadd382f8e" member_type: VOTER last_known_addr { host: "127.28.78.130" port: 35557 } } peers { permanent_uuid: "1f521a49035a47ae9bfffd35f608e629" member_type: VOTER last_known_addr { host: "127.28.78.131" port: 32937 } }
I20260710 11:10:10.125022 30332 raft_consensus.cc:493] T 10d290e84c984abbaafb5a6e2315dc9b P 1f521a49035a47ae9bfffd35f608e629 [term 0 FOLLOWER]: Starting leader election (no leader contacted us within the election timeout)
I20260710 11:10:10.125349 30300 raft_consensus.cc:385] T 753b06c7c85f4996a03c2e5feb9ec0f3 P 1f521a49035a47ae9bfffd35f608e629 [term 0 FOLLOWER]: Consensus starting up: Expiring failure detector timer to make a prompt election more likely
I20260710 11:10:10.125411 30332 raft_consensus.cc:3060] T 10d290e84c984abbaafb5a6e2315dc9b P 1f521a49035a47ae9bfffd35f608e629 [term 0 FOLLOWER]: Advancing to term 1
I20260710 11:10:10.125690 30300 raft_consensus.cc:740] T 753b06c7c85f4996a03c2e5feb9ec0f3 P 1f521a49035a47ae9bfffd35f608e629 [term 0 FOLLOWER]: Becoming Follower/Learner. State: Replica: 1f521a49035a47ae9bfffd35f608e629, State: Initialized, Role: FOLLOWER
I20260710 11:10:10.126456 30300 consensus_queue.cc:260] T 753b06c7c85f4996a03c2e5feb9ec0f3 P 1f521a49035a47ae9bfffd35f608e629 [NON_LEADER]: Queue going to NON_LEADER mode. State: All replicated index: 0, Majority replicated index: 0, Committed index: 0, Last appended: 0.0, Last appended by leader: 0, Current term: 0, Majority size: -1, State: 0, Mode: NON_LEADER, active raft config: opid_index: -1 OBSOLETE_local: false peers { permanent_uuid: "2b6e16082c3d4048a10a494a147a26a1" member_type: VOTER last_known_addr { host: "127.28.78.129" port: 35319 } } peers { permanent_uuid: "afc6e0736d5b405e8b0addbadd382f8e" member_type: VOTER last_known_addr { host: "127.28.78.130" port: 35557 } } peers { permanent_uuid: "1f521a49035a47ae9bfffd35f608e629" member_type: VOTER last_known_addr { host: "127.28.78.131" port: 32937 } }
I20260710 11:10:10.128674 30300 ts_tablet_manager.cc:1434] T 753b06c7c85f4996a03c2e5feb9ec0f3 P 1f521a49035a47ae9bfffd35f608e629: Time spent starting tablet: real 0.006s	user 0.007s	sys 0.000s
I20260710 11:10:10.129529 30300 tablet_bootstrap.cc:492] T ce5f8a6516b948c9be95c7df5148518a P 1f521a49035a47ae9bfffd35f608e629: Bootstrap starting.
I20260710 11:10:10.133983 30332 raft_consensus.cc:515] T 10d290e84c984abbaafb5a6e2315dc9b P 1f521a49035a47ae9bfffd35f608e629 [term 1 FOLLOWER]: Starting leader election with config: opid_index: -1 OBSOLETE_local: false peers { permanent_uuid: "2b6e16082c3d4048a10a494a147a26a1" member_type: VOTER last_known_addr { host: "127.28.78.129" port: 35319 } } peers { permanent_uuid: "afc6e0736d5b405e8b0addbadd382f8e" member_type: VOTER last_known_addr { host: "127.28.78.130" port: 35557 } } peers { permanent_uuid: "1f521a49035a47ae9bfffd35f608e629" member_type: VOTER last_known_addr { host: "127.28.78.131" port: 32937 } }
I20260710 11:10:10.135921 30300 tablet_bootstrap.cc:654] T ce5f8a6516b948c9be95c7df5148518a P 1f521a49035a47ae9bfffd35f608e629: Neither blocks nor log segments found. Creating new log.
I20260710 11:10:10.136176 30301 raft_consensus.cc:515] T 3ca89d13984e43b5ad6a51f3a4b0f336 P afc6e0736d5b405e8b0addbadd382f8e [term 1 FOLLOWER]: Starting leader election with config: opid_index: -1 OBSOLETE_local: false peers { permanent_uuid: "2b6e16082c3d4048a10a494a147a26a1" member_type: VOTER last_known_addr { host: "127.28.78.129" port: 35319 } } peers { permanent_uuid: "afc6e0736d5b405e8b0addbadd382f8e" member_type: VOTER last_known_addr { host: "127.28.78.130" port: 35557 } } peers { permanent_uuid: "1f521a49035a47ae9bfffd35f608e629" member_type: VOTER last_known_addr { host: "127.28.78.131" port: 32937 } }
I20260710 11:10:10.138002 30294 tablet_bootstrap.cc:654] T 326a185da696498b938816018d1f6535 P afc6e0736d5b405e8b0addbadd382f8e: Neither blocks nor log segments found. Creating new log.
I20260710 11:10:10.139230 30102 tablet_service.cc:1917] Received RequestConsensusVote() RPC: tablet_id: "3ca89d13984e43b5ad6a51f3a4b0f336" candidate_uuid: "afc6e0736d5b405e8b0addbadd382f8e" candidate_term: 1 candidate_status { last_received { term: 0 index: 0 } } ignore_live_leader: false dest_uuid: "2b6e16082c3d4048a10a494a147a26a1"
I20260710 11:10:10.140247 30102 raft_consensus.cc:3060] T 3ca89d13984e43b5ad6a51f3a4b0f336 P 2b6e16082c3d4048a10a494a147a26a1 [term 0 FOLLOWER]: Advancing to term 1
I20260710 11:10:10.145596 30329 raft_consensus.cc:493] T 6287e0b7061b4bc6b7cbe76b7cec9d5c P 1f521a49035a47ae9bfffd35f608e629 [term 0 FOLLOWER]: Starting pre-election (no leader contacted us within the election timeout)
I20260710 11:10:10.146087 30329 raft_consensus.cc:515] T 6287e0b7061b4bc6b7cbe76b7cec9d5c P 1f521a49035a47ae9bfffd35f608e629 [term 0 FOLLOWER]: Starting pre-election with config: opid_index: -1 OBSOLETE_local: false peers { permanent_uuid: "2b6e16082c3d4048a10a494a147a26a1" member_type: VOTER last_known_addr { host: "127.28.78.129" port: 35319 } } peers { permanent_uuid: "afc6e0736d5b405e8b0addbadd382f8e" member_type: VOTER last_known_addr { host: "127.28.78.130" port: 35557 } } peers { permanent_uuid: "1f521a49035a47ae9bfffd35f608e629" member_type: VOTER last_known_addr { host: "127.28.78.131" port: 32937 } }
I20260710 11:10:10.148108 30329 leader_election.cc:290] T 6287e0b7061b4bc6b7cbe76b7cec9d5c P 1f521a49035a47ae9bfffd35f608e629 [CANDIDATE]: Term 1 pre-election: Requested pre-vote from peers 2b6e16082c3d4048a10a494a147a26a1 (127.28.78.129:35319), afc6e0736d5b405e8b0addbadd382f8e (127.28.78.130:35557)
I20260710 11:10:10.149281 30251 tablet_service.cc:1917] Received RequestConsensusVote() RPC: tablet_id: "3ca89d13984e43b5ad6a51f3a4b0f336" candidate_uuid: "afc6e0736d5b405e8b0addbadd382f8e" candidate_term: 1 candidate_status { last_received { term: 0 index: 0 } } ignore_live_leader: false dest_uuid: "1f521a49035a47ae9bfffd35f608e629"
I20260710 11:10:10.149870 30251 raft_consensus.cc:3060] T 3ca89d13984e43b5ad6a51f3a4b0f336 P 1f521a49035a47ae9bfffd35f608e629 [term 0 FOLLOWER]: Advancing to term 1
I20260710 11:10:10.151302 30300 tablet_bootstrap.cc:492] T ce5f8a6516b948c9be95c7df5148518a P 1f521a49035a47ae9bfffd35f608e629: No bootstrap required, opened a new log
I20260710 11:10:10.151780 30300 ts_tablet_manager.cc:1403] T ce5f8a6516b948c9be95c7df5148518a P 1f521a49035a47ae9bfffd35f608e629: Time spent bootstrapping tablet: real 0.022s	user 0.008s	sys 0.008s
I20260710 11:10:10.152532 30101 tablet_service.cc:1917] Received RequestConsensusVote() RPC: tablet_id: "6287e0b7061b4bc6b7cbe76b7cec9d5c" candidate_uuid: "1f521a49035a47ae9bfffd35f608e629" candidate_term: 1 candidate_status { last_received { term: 0 index: 0 } } ignore_live_leader: false dest_uuid: "2b6e16082c3d4048a10a494a147a26a1" is_pre_election: true
I20260710 11:10:10.153360 30178 tablet_service.cc:1917] Received RequestConsensusVote() RPC: tablet_id: "6287e0b7061b4bc6b7cbe76b7cec9d5c" candidate_uuid: "1f521a49035a47ae9bfffd35f608e629" candidate_term: 1 candidate_status { last_received { term: 0 index: 0 } } ignore_live_leader: false dest_uuid: "afc6e0736d5b405e8b0addbadd382f8e" is_pre_election: true
I20260710 11:10:10.154295 30300 raft_consensus.cc:359] T ce5f8a6516b948c9be95c7df5148518a P 1f521a49035a47ae9bfffd35f608e629 [term 0 FOLLOWER]: Replica starting. Triggering 0 pending ops. Active config: opid_index: -1 OBSOLETE_local: false peers { permanent_uuid: "2b6e16082c3d4048a10a494a147a26a1" member_type: VOTER last_known_addr { host: "127.28.78.129" port: 35319 } } peers { permanent_uuid: "afc6e0736d5b405e8b0addbadd382f8e" member_type: VOTER last_known_addr { host: "127.28.78.130" port: 35557 } } peers { permanent_uuid: "1f521a49035a47ae9bfffd35f608e629" member_type: VOTER last_known_addr { host: "127.28.78.131" port: 32937 } }
I20260710 11:10:10.155115 30300 raft_consensus.cc:385] T ce5f8a6516b948c9be95c7df5148518a P 1f521a49035a47ae9bfffd35f608e629 [term 0 FOLLOWER]: Consensus starting up: Expiring failure detector timer to make a prompt election more likely
I20260710 11:10:10.155390 30300 raft_consensus.cc:740] T ce5f8a6516b948c9be95c7df5148518a P 1f521a49035a47ae9bfffd35f608e629 [term 0 FOLLOWER]: Becoming Follower/Learner. State: Replica: 1f521a49035a47ae9bfffd35f608e629, State: Initialized, Role: FOLLOWER
W20260710 11:10:10.155547 30218 leader_election.cc:343] T 6287e0b7061b4bc6b7cbe76b7cec9d5c P 1f521a49035a47ae9bfffd35f608e629 [CANDIDATE]: Term 1 pre-election: Tablet error from VoteRequest() call to peer 2b6e16082c3d4048a10a494a147a26a1 (127.28.78.129:35319): Illegal state: must be running to vote when last-logged opid is not known
I20260710 11:10:10.156323 30300 consensus_queue.cc:260] T ce5f8a6516b948c9be95c7df5148518a P 1f521a49035a47ae9bfffd35f608e629 [NON_LEADER]: Queue going to NON_LEADER mode. State: All replicated index: 0, Majority replicated index: 0, Committed index: 0, Last appended: 0.0, Last appended by leader: 0, Current term: 0, Majority size: -1, State: 0, Mode: NON_LEADER, active raft config: opid_index: -1 OBSOLETE_local: false peers { permanent_uuid: "2b6e16082c3d4048a10a494a147a26a1" member_type: VOTER last_known_addr { host: "127.28.78.129" port: 35319 } } peers { permanent_uuid: "afc6e0736d5b405e8b0addbadd382f8e" member_type: VOTER last_known_addr { host: "127.28.78.130" port: 35557 } } peers { permanent_uuid: "1f521a49035a47ae9bfffd35f608e629" member_type: VOTER last_known_addr { host: "127.28.78.131" port: 32937 } }
I20260710 11:10:10.158565 30300 ts_tablet_manager.cc:1434] T ce5f8a6516b948c9be95c7df5148518a P 1f521a49035a47ae9bfffd35f608e629: Time spent starting tablet: real 0.007s	user 0.005s	sys 0.001s
I20260710 11:10:10.159451 30300 tablet_bootstrap.cc:492] T 5bb5135876234f0c86590f63429bba5b P 1f521a49035a47ae9bfffd35f608e629: Bootstrap starting.
I20260710 11:10:10.159529 30251 raft_consensus.cc:2468] T 3ca89d13984e43b5ad6a51f3a4b0f336 P 1f521a49035a47ae9bfffd35f608e629 [term 1 FOLLOWER]: Leader election vote request: Granting yes vote for candidate afc6e0736d5b405e8b0addbadd382f8e in term 1.
I20260710 11:10:10.160665 30141 leader_election.cc:304] T 3ca89d13984e43b5ad6a51f3a4b0f336 P afc6e0736d5b405e8b0addbadd382f8e [CANDIDATE]: Term 1 election: Election decided. Result: candidate won. Election summary: received 2 responses out of 3 voters: 2 yes votes; 0 no votes. yes voters: 1f521a49035a47ae9bfffd35f608e629, afc6e0736d5b405e8b0addbadd382f8e; no voters: 
I20260710 11:10:10.161656 30328 raft_consensus.cc:2804] T 3ca89d13984e43b5ad6a51f3a4b0f336 P afc6e0736d5b405e8b0addbadd382f8e [term 1 FOLLOWER]: Leader election won for term 1
I20260710 11:10:10.166873 30300 tablet_bootstrap.cc:654] T 5bb5135876234f0c86590f63429bba5b P 1f521a49035a47ae9bfffd35f608e629: Neither blocks nor log segments found. Creating new log.
W20260710 11:10:10.167110 30217 leader_election.cc:343] T 6287e0b7061b4bc6b7cbe76b7cec9d5c P 1f521a49035a47ae9bfffd35f608e629 [CANDIDATE]: Term 1 pre-election: Tablet error from VoteRequest() call to peer afc6e0736d5b405e8b0addbadd382f8e (127.28.78.130:35557): Illegal state: must be running to vote when last-logged opid is not known
I20260710 11:10:10.167793 30217 leader_election.cc:304] T 6287e0b7061b4bc6b7cbe76b7cec9d5c P 1f521a49035a47ae9bfffd35f608e629 [CANDIDATE]: Term 1 pre-election: Election decided. Result: candidate lost. Election summary: received 3 responses out of 3 voters: 1 yes votes; 2 no votes. yes voters: 1f521a49035a47ae9bfffd35f608e629; no voters: 2b6e16082c3d4048a10a494a147a26a1, afc6e0736d5b405e8b0addbadd382f8e
I20260710 11:10:10.169374 30329 raft_consensus.cc:2749] T 6287e0b7061b4bc6b7cbe76b7cec9d5c P 1f521a49035a47ae9bfffd35f608e629 [term 0 FOLLOWER]: Leader pre-election lost for term 1. Reason: could not achieve majority
I20260710 11:10:10.170469 30101 tablet_service.cc:1917] Received RequestConsensusVote() RPC: tablet_id: "10d290e84c984abbaafb5a6e2315dc9b" candidate_uuid: "1f521a49035a47ae9bfffd35f608e629" candidate_term: 1 candidate_status { last_received { term: 0 index: 0 } } ignore_live_leader: false dest_uuid: "2b6e16082c3d4048a10a494a147a26a1"
I20260710 11:10:10.171324 30101 raft_consensus.cc:3060] T 10d290e84c984abbaafb5a6e2315dc9b P 2b6e16082c3d4048a10a494a147a26a1 [term 0 FOLLOWER]: Advancing to term 1
I20260710 11:10:10.179083 30301 leader_election.cc:290] T 3ca89d13984e43b5ad6a51f3a4b0f336 P afc6e0736d5b405e8b0addbadd382f8e [CANDIDATE]: Term 1 election: Requested vote from peers 2b6e16082c3d4048a10a494a147a26a1 (127.28.78.129:35319), 1f521a49035a47ae9bfffd35f608e629 (127.28.78.131:32937)
I20260710 11:10:10.181296 30178 tablet_service.cc:1917] Received RequestConsensusVote() RPC: tablet_id: "10d290e84c984abbaafb5a6e2315dc9b" candidate_uuid: "1f521a49035a47ae9bfffd35f608e629" candidate_term: 1 candidate_status { last_received { term: 0 index: 0 } } ignore_live_leader: false dest_uuid: "afc6e0736d5b405e8b0addbadd382f8e"
I20260710 11:10:10.182157 30178 raft_consensus.cc:3060] T 10d290e84c984abbaafb5a6e2315dc9b P afc6e0736d5b405e8b0addbadd382f8e [term 0 FOLLOWER]: Advancing to term 1
I20260710 11:10:10.184041 30101 raft_consensus.cc:2468] T 10d290e84c984abbaafb5a6e2315dc9b P 2b6e16082c3d4048a10a494a147a26a1 [term 1 FOLLOWER]: Leader election vote request: Granting yes vote for candidate 1f521a49035a47ae9bfffd35f608e629 in term 1.
I20260710 11:10:10.184516 30329 raft_consensus.cc:493] T f0c6be12e7054ebabb029a2c0b92ea67 P 1f521a49035a47ae9bfffd35f608e629 [term 0 FOLLOWER]: Starting pre-election (no leader contacted us within the election timeout)
I20260710 11:10:10.185245 30329 raft_consensus.cc:515] T f0c6be12e7054ebabb029a2c0b92ea67 P 1f521a49035a47ae9bfffd35f608e629 [term 0 FOLLOWER]: Starting pre-election with config: opid_index: -1 OBSOLETE_local: false peers { permanent_uuid: "2b6e16082c3d4048a10a494a147a26a1" member_type: VOTER last_known_addr { host: "127.28.78.129" port: 35319 } } peers { permanent_uuid: "afc6e0736d5b405e8b0addbadd382f8e" member_type: VOTER last_known_addr { host: "127.28.78.130" port: 35557 } } peers { permanent_uuid: "1f521a49035a47ae9bfffd35f608e629" member_type: VOTER last_known_addr { host: "127.28.78.131" port: 32937 } }
I20260710 11:10:10.185688 30218 leader_election.cc:304] T 10d290e84c984abbaafb5a6e2315dc9b P 1f521a49035a47ae9bfffd35f608e629 [CANDIDATE]: Term 1 election: Election decided. Result: candidate won. Election summary: received 2 responses out of 3 voters: 2 yes votes; 0 no votes. yes voters: 1f521a49035a47ae9bfffd35f608e629, 2b6e16082c3d4048a10a494a147a26a1; no voters: 
I20260710 11:10:10.186796 30305 raft_consensus.cc:2804] T 10d290e84c984abbaafb5a6e2315dc9b P 1f521a49035a47ae9bfffd35f608e629 [term 1 FOLLOWER]: Leader election won for term 1
I20260710 11:10:10.188169 30329 leader_election.cc:290] T f0c6be12e7054ebabb029a2c0b92ea67 P 1f521a49035a47ae9bfffd35f608e629 [CANDIDATE]: Term 1 pre-election: Requested pre-vote from peers 2b6e16082c3d4048a10a494a147a26a1 (127.28.78.129:35319), afc6e0736d5b405e8b0addbadd382f8e (127.28.78.130:35557)
I20260710 11:10:10.189360 30103 tablet_service.cc:1917] Received RequestConsensusVote() RPC: tablet_id: "f0c6be12e7054ebabb029a2c0b92ea67" candidate_uuid: "1f521a49035a47ae9bfffd35f608e629" candidate_term: 1 candidate_status { last_received { term: 0 index: 0 } } ignore_live_leader: false dest_uuid: "2b6e16082c3d4048a10a494a147a26a1" is_pre_election: true
I20260710 11:10:10.190222 30103 raft_consensus.cc:2468] T f0c6be12e7054ebabb029a2c0b92ea67 P 2b6e16082c3d4048a10a494a147a26a1 [term 0 FOLLOWER]: Leader pre-election vote request: Granting yes vote for candidate 1f521a49035a47ae9bfffd35f608e629 in term 0.
I20260710 11:10:10.191509 30177 tablet_service.cc:1917] Received RequestConsensusVote() RPC: tablet_id: "f0c6be12e7054ebabb029a2c0b92ea67" candidate_uuid: "1f521a49035a47ae9bfffd35f608e629" candidate_term: 1 candidate_status { last_received { term: 0 index: 0 } } ignore_live_leader: false dest_uuid: "afc6e0736d5b405e8b0addbadd382f8e" is_pre_election: true
I20260710 11:10:10.192351 30177 raft_consensus.cc:2468] T f0c6be12e7054ebabb029a2c0b92ea67 P afc6e0736d5b405e8b0addbadd382f8e [term 0 FOLLOWER]: Leader pre-election vote request: Granting yes vote for candidate 1f521a49035a47ae9bfffd35f608e629 in term 0.
I20260710 11:10:10.193959 30217 leader_election.cc:304] T f0c6be12e7054ebabb029a2c0b92ea67 P 1f521a49035a47ae9bfffd35f608e629 [CANDIDATE]: Term 1 pre-election: Election decided. Result: candidate won. Election summary: received 2 responses out of 3 voters: 2 yes votes; 0 no votes. yes voters: 1f521a49035a47ae9bfffd35f608e629, afc6e0736d5b405e8b0addbadd382f8e; no voters: 
I20260710 11:10:10.196768 30329 raft_consensus.cc:2804] T f0c6be12e7054ebabb029a2c0b92ea67 P 1f521a49035a47ae9bfffd35f608e629 [term 0 FOLLOWER]: Leader pre-election won for term 1
I20260710 11:10:10.197279 30329 raft_consensus.cc:493] T f0c6be12e7054ebabb029a2c0b92ea67 P 1f521a49035a47ae9bfffd35f608e629 [term 0 FOLLOWER]: Starting leader election (no leader contacted us within the election timeout)
I20260710 11:10:10.197711 30329 raft_consensus.cc:3060] T f0c6be12e7054ebabb029a2c0b92ea67 P 1f521a49035a47ae9bfffd35f608e629 [term 0 FOLLOWER]: Advancing to term 1
I20260710 11:10:10.199191 30332 leader_election.cc:290] T 10d290e84c984abbaafb5a6e2315dc9b P 1f521a49035a47ae9bfffd35f608e629 [CANDIDATE]: Term 1 election: Requested vote from peers 2b6e16082c3d4048a10a494a147a26a1 (127.28.78.129:35319), afc6e0736d5b405e8b0addbadd382f8e (127.28.78.130:35557)
I20260710 11:10:10.203145 30292 tablet_bootstrap.cc:492] T 16c1ed594efd4e8bb664d318a7282095 P 2b6e16082c3d4048a10a494a147a26a1: No bootstrap required, opened a new log
I20260710 11:10:10.203704 30292 ts_tablet_manager.cc:1403] T 16c1ed594efd4e8bb664d318a7282095 P 2b6e16082c3d4048a10a494a147a26a1: Time spent bootstrapping tablet: real 0.109s	user 0.030s	sys 0.015s
I20260710 11:10:10.204865 30178 raft_consensus.cc:2468] T 10d290e84c984abbaafb5a6e2315dc9b P afc6e0736d5b405e8b0addbadd382f8e [term 1 FOLLOWER]: Leader election vote request: Granting yes vote for candidate 1f521a49035a47ae9bfffd35f608e629 in term 1.
I20260710 11:10:10.206429 30292 raft_consensus.cc:359] T 16c1ed594efd4e8bb664d318a7282095 P 2b6e16082c3d4048a10a494a147a26a1 [term 0 FOLLOWER]: Replica starting. Triggering 0 pending ops. Active config: opid_index: -1 OBSOLETE_local: false peers { permanent_uuid: "2b6e16082c3d4048a10a494a147a26a1" member_type: VOTER last_known_addr { host: "127.28.78.129" port: 35319 } } peers { permanent_uuid: "afc6e0736d5b405e8b0addbadd382f8e" member_type: VOTER last_known_addr { host: "127.28.78.130" port: 35557 } } peers { permanent_uuid: "1f521a49035a47ae9bfffd35f608e629" member_type: VOTER last_known_addr { host: "127.28.78.131" port: 32937 } }
I20260710 11:10:10.207201 30292 raft_consensus.cc:385] T 16c1ed594efd4e8bb664d318a7282095 P 2b6e16082c3d4048a10a494a147a26a1 [term 0 FOLLOWER]: Consensus starting up: Expiring failure detector timer to make a prompt election more likely
I20260710 11:10:10.207168 30328 raft_consensus.cc:697] T 3ca89d13984e43b5ad6a51f3a4b0f336 P afc6e0736d5b405e8b0addbadd382f8e [term 1 LEADER]: Becoming Leader. State: Replica: afc6e0736d5b405e8b0addbadd382f8e, State: Running, Role: LEADER
I20260710 11:10:10.207854 30102 raft_consensus.cc:2468] T 3ca89d13984e43b5ad6a51f3a4b0f336 P 2b6e16082c3d4048a10a494a147a26a1 [term 1 FOLLOWER]: Leader election vote request: Granting yes vote for candidate afc6e0736d5b405e8b0addbadd382f8e in term 1.
I20260710 11:10:10.209785 30294 tablet_bootstrap.cc:492] T 326a185da696498b938816018d1f6535 P afc6e0736d5b405e8b0addbadd382f8e: No bootstrap required, opened a new log
I20260710 11:10:10.209332 30292 raft_consensus.cc:740] T 16c1ed594efd4e8bb664d318a7282095 P 2b6e16082c3d4048a10a494a147a26a1 [term 0 FOLLOWER]: Becoming Follower/Learner. State: Replica: 2b6e16082c3d4048a10a494a147a26a1, State: Initialized, Role: FOLLOWER
I20260710 11:10:10.210358 30294 ts_tablet_manager.cc:1403] T 326a185da696498b938816018d1f6535 P afc6e0736d5b405e8b0addbadd382f8e: Time spent bootstrapping tablet: real 0.086s	user 0.016s	sys 0.023s
I20260710 11:10:10.210551 30292 consensus_queue.cc:260] T 16c1ed594efd4e8bb664d318a7282095 P 2b6e16082c3d4048a10a494a147a26a1 [NON_LEADER]: Queue going to NON_LEADER mode. State: All replicated index: 0, Majority replicated index: 0, Committed index: 0, Last appended: 0.0, Last appended by leader: 0, Current term: 0, Majority size: -1, State: 0, Mode: NON_LEADER, active raft config: opid_index: -1 OBSOLETE_local: false peers { permanent_uuid: "2b6e16082c3d4048a10a494a147a26a1" member_type: VOTER last_known_addr { host: "127.28.78.129" port: 35319 } } peers { permanent_uuid: "afc6e0736d5b405e8b0addbadd382f8e" member_type: VOTER last_known_addr { host: "127.28.78.130" port: 35557 } } peers { permanent_uuid: "1f521a49035a47ae9bfffd35f608e629" member_type: VOTER last_known_addr { host: "127.28.78.131" port: 32937 } }
I20260710 11:10:10.212150 30300 tablet_bootstrap.cc:492] T 5bb5135876234f0c86590f63429bba5b P 1f521a49035a47ae9bfffd35f608e629: No bootstrap required, opened a new log
I20260710 11:10:10.211826 30328 consensus_queue.cc:237] T 3ca89d13984e43b5ad6a51f3a4b0f336 P afc6e0736d5b405e8b0addbadd382f8e [LEADER]: Queue going to LEADER mode. State: All replicated index: 0, Majority replicated index: 0, Committed index: 0, Last appended: 0.0, Last appended by leader: 0, Current term: 1, Majority size: 2, State: 0, Mode: LEADER, active raft config: opid_index: -1 OBSOLETE_local: false peers { permanent_uuid: "2b6e16082c3d4048a10a494a147a26a1" member_type: VOTER last_known_addr { host: "127.28.78.129" port: 35319 } } peers { permanent_uuid: "afc6e0736d5b405e8b0addbadd382f8e" member_type: VOTER last_known_addr { host: "127.28.78.130" port: 35557 } } peers { permanent_uuid: "1f521a49035a47ae9bfffd35f608e629" member_type: VOTER last_known_addr { host: "127.28.78.131" port: 32937 } }
I20260710 11:10:10.212610 30300 ts_tablet_manager.cc:1403] T 5bb5135876234f0c86590f63429bba5b P 1f521a49035a47ae9bfffd35f608e629: Time spent bootstrapping tablet: real 0.053s	user 0.022s	sys 0.028s
I20260710 11:10:10.212685 30292 ts_tablet_manager.cc:1434] T 16c1ed594efd4e8bb664d318a7282095 P 2b6e16082c3d4048a10a494a147a26a1: Time spent starting tablet: real 0.009s	user 0.005s	sys 0.000s
I20260710 11:10:10.214716 30294 raft_consensus.cc:359] T 326a185da696498b938816018d1f6535 P afc6e0736d5b405e8b0addbadd382f8e [term 0 FOLLOWER]: Replica starting. Triggering 0 pending ops. Active config: opid_index: -1 OBSOLETE_local: false peers { permanent_uuid: "1f521a49035a47ae9bfffd35f608e629" member_type: VOTER last_known_addr { host: "127.28.78.131" port: 32937 } } peers { permanent_uuid: "2b6e16082c3d4048a10a494a147a26a1" member_type: VOTER last_known_addr { host: "127.28.78.129" port: 35319 } } peers { permanent_uuid: "afc6e0736d5b405e8b0addbadd382f8e" member_type: VOTER last_known_addr { host: "127.28.78.130" port: 35557 } }
