I20260710 11:10:08.466037 17879 raft_consensus.cc:2243] T fafbe4b9fd8e48a0bfbd71ccda8ff521 P 21f71d053b934aff87dca66f6faefc0a [term 4 FOLLOWER]: Raft consensus shutting down.
I20260710 11:10:08.466421 17879 raft_consensus.cc:2272] T fafbe4b9fd8e48a0bfbd71ccda8ff521 P 21f71d053b934aff87dca66f6faefc0a [term 4 FOLLOWER]: Raft consensus is shut down!
I20260710 11:10:08.467990 17879 tablet_replica.cc:333] T 4e63fc3166324da0a4437250a9324f5f P 21f71d053b934aff87dca66f6faefc0a: stopping tablet replica
I20260710 11:10:08.468405 17879 raft_consensus.cc:2243] T 4e63fc3166324da0a4437250a9324f5f P 21f71d053b934aff87dca66f6faefc0a [term 2 FOLLOWER]: Raft consensus shutting down.
I20260710 11:10:08.468751 17879 raft_consensus.cc:2272] T 4e63fc3166324da0a4437250a9324f5f P 21f71d053b934aff87dca66f6faefc0a [term 2 FOLLOWER]: Raft consensus is shut down!
I20260710 11:10:08.471150 17879 tablet_replica.cc:333] T 1040f5b6270f4599bd0109ceb9563aec P 21f71d053b934aff87dca66f6faefc0a: stopping tablet replica
I20260710 11:10:08.471575 17879 raft_consensus.cc:2243] T 1040f5b6270f4599bd0109ceb9563aec P 21f71d053b934aff87dca66f6faefc0a [term 2 FOLLOWER]: Raft consensus shutting down.
I20260710 11:10:08.471946 17879 raft_consensus.cc:2272] T 1040f5b6270f4599bd0109ceb9563aec P 21f71d053b934aff87dca66f6faefc0a [term 2 FOLLOWER]: Raft consensus is shut down!
W20260710 11:10:08.479071 18620 consensus_peers.cc:597] T ee428f4e172f4d1f8c65a6168e674899 P 7f1784b4ad604c7db09bc4203d4f2418 -> Peer 21f71d053b934aff87dca66f6faefc0a (127.17.117.194:35655): Couldn't send request to peer 21f71d053b934aff87dca66f6faefc0a. Status: Remote error: Service unavailable: service kudu.consensus.ConsensusService not registered on TabletServer. This is attempt 1: this message will repeat every 5th retry.
I20260710 11:10:08.526232 17879 tablet_server.cc:196] TabletServer@127.17.117.194:0 shutdown complete.
W20260710 11:10:08.548961 18620 consensus_peers.cc:597] T ee428f4e172f4d1f8c65a6168e674899 P 7f1784b4ad604c7db09bc4203d4f2418 -> Peer 4da9adf5edf04174900e2f29f118198b (127.17.117.193:34969): Couldn't send request to peer 4da9adf5edf04174900e2f29f118198b. Status: Network error: Client connection negotiation failed: client connection to 127.17.117.193:34969: connect: Connection refused (error 111). This is attempt 1: this message will repeat every 5th retry.
I20260710 11:10:08.553264 17879 tablet_server.cc:179] TabletServer@127.17.117.195:0 shutting down...
W20260710 11:10:08.571859 18620 consensus_peers.cc:597] T 5359ef2ed2aa4e1d9d16f079e82fdd3d P 7f1784b4ad604c7db09bc4203d4f2418 -> Peer 4da9adf5edf04174900e2f29f118198b (127.17.117.193:34969): Couldn't send request to peer 4da9adf5edf04174900e2f29f118198b. Status: Network error: Client connection negotiation failed: client connection to 127.17.117.193:34969: connect: Connection refused (error 111). This is attempt 1: this message will repeat every 5th retry.
I20260710 11:10:08.589272 17879 ts_tablet_manager.cc:1507] Shutting down tablet manager...
I20260710 11:10:08.590039 17879 tablet_replica.cc:333] T 580c484f5cc14c729e8f5f28601160ef P 7f1784b4ad604c7db09bc4203d4f2418: stopping tablet replica
I20260710 11:10:08.590835 17879 raft_consensus.cc:2243] T 580c484f5cc14c729e8f5f28601160ef P 7f1784b4ad604c7db09bc4203d4f2418 [term 2 FOLLOWER]: Raft consensus shutting down.
I20260710 11:10:08.591372 17879 raft_consensus.cc:2272] T 580c484f5cc14c729e8f5f28601160ef P 7f1784b4ad604c7db09bc4203d4f2418 [term 2 FOLLOWER]: Raft consensus is shut down!
I20260710 11:10:08.593226 17879 tablet_replica.cc:333] T cf06795ef87745b995cd90207cb2bd81 P 7f1784b4ad604c7db09bc4203d4f2418: stopping tablet replica
I20260710 11:10:08.593724 17879 raft_consensus.cc:2243] T cf06795ef87745b995cd90207cb2bd81 P 7f1784b4ad604c7db09bc4203d4f2418 [term 3 FOLLOWER]: Raft consensus shutting down.
I20260710 11:10:08.594084 17879 raft_consensus.cc:2272] T cf06795ef87745b995cd90207cb2bd81 P 7f1784b4ad604c7db09bc4203d4f2418 [term 3 FOLLOWER]: Raft consensus is shut down!
I20260710 11:10:08.595752 17879 tablet_replica.cc:333] T e2f829c96c934d82b3c0d296774f19ed P 7f1784b4ad604c7db09bc4203d4f2418: stopping tablet replica
I20260710 11:10:08.596204 17879 raft_consensus.cc:2243] T e2f829c96c934d82b3c0d296774f19ed P 7f1784b4ad604c7db09bc4203d4f2418 [term 1 FOLLOWER]: Raft consensus shutting down.
I20260710 11:10:08.596555 17879 raft_consensus.cc:2272] T e2f829c96c934d82b3c0d296774f19ed P 7f1784b4ad604c7db09bc4203d4f2418 [term 1 FOLLOWER]: Raft consensus is shut down!
I20260710 11:10:08.598249 17879 tablet_replica.cc:333] T 5359ef2ed2aa4e1d9d16f079e82fdd3d P 7f1784b4ad604c7db09bc4203d4f2418: stopping tablet replica
I20260710 11:10:08.598707 17879 raft_consensus.cc:2243] T 5359ef2ed2aa4e1d9d16f079e82fdd3d P 7f1784b4ad604c7db09bc4203d4f2418 [term 1 LEADER]: Raft consensus shutting down.
I20260710 11:10:08.599494 17879 raft_consensus.cc:2272] T 5359ef2ed2aa4e1d9d16f079e82fdd3d P 7f1784b4ad604c7db09bc4203d4f2418 [term 1 FOLLOWER]: Raft consensus is shut down!
I20260710 11:10:08.601186 17879 tablet_replica.cc:333] T a87b43136f564500b97eeca784826ad7 P 7f1784b4ad604c7db09bc4203d4f2418: stopping tablet replica
I20260710 11:10:08.601648 17879 raft_consensus.cc:2243] T a87b43136f564500b97eeca784826ad7 P 7f1784b4ad604c7db09bc4203d4f2418 [term 4 FOLLOWER]: Raft consensus shutting down.
I20260710 11:10:08.602017 17879 raft_consensus.cc:2272] T a87b43136f564500b97eeca784826ad7 P 7f1784b4ad604c7db09bc4203d4f2418 [term 4 FOLLOWER]: Raft consensus is shut down!
I20260710 11:10:08.604723 17879 tablet_replica.cc:333] T ee428f4e172f4d1f8c65a6168e674899 P 7f1784b4ad604c7db09bc4203d4f2418: stopping tablet replica
I20260710 11:10:08.605363 17879 raft_consensus.cc:2243] T ee428f4e172f4d1f8c65a6168e674899 P 7f1784b4ad604c7db09bc4203d4f2418 [term 3 LEADER]: Raft consensus shutting down.
I20260710 11:10:08.606128 17879 raft_consensus.cc:2272] T ee428f4e172f4d1f8c65a6168e674899 P 7f1784b4ad604c7db09bc4203d4f2418 [term 3 FOLLOWER]: Raft consensus is shut down!
I20260710 11:10:08.608397 17879 tablet_replica.cc:333] T 1756dde9c9734add98f5744ac8572788 P 7f1784b4ad604c7db09bc4203d4f2418: stopping tablet replica
I20260710 11:10:08.608949 17879 raft_consensus.cc:2243] T 1756dde9c9734add98f5744ac8572788 P 7f1784b4ad604c7db09bc4203d4f2418 [term 3 FOLLOWER]: Raft consensus shutting down.
I20260710 11:10:08.609395 17879 raft_consensus.cc:2272] T 1756dde9c9734add98f5744ac8572788 P 7f1784b4ad604c7db09bc4203d4f2418 [term 3 FOLLOWER]: Raft consensus is shut down!
I20260710 11:10:08.611852 17879 tablet_replica.cc:333] T fafbe4b9fd8e48a0bfbd71ccda8ff521 P 7f1784b4ad604c7db09bc4203d4f2418: stopping tablet replica
I20260710 11:10:08.612391 17879 raft_consensus.cc:2243] T fafbe4b9fd8e48a0bfbd71ccda8ff521 P 7f1784b4ad604c7db09bc4203d4f2418 [term 4 FOLLOWER]: Raft consensus shutting down.
I20260710 11:10:08.612749 17879 raft_consensus.cc:2272] T fafbe4b9fd8e48a0bfbd71ccda8ff521 P 7f1784b4ad604c7db09bc4203d4f2418 [term 4 FOLLOWER]: Raft consensus is shut down!
I20260710 11:10:08.614499 17879 tablet_replica.cc:333] T 4e63fc3166324da0a4437250a9324f5f P 7f1784b4ad604c7db09bc4203d4f2418: stopping tablet replica
I20260710 11:10:08.615059 17879 raft_consensus.cc:2243] T 4e63fc3166324da0a4437250a9324f5f P 7f1784b4ad604c7db09bc4203d4f2418 [term 2 LEADER]: Raft consensus shutting down.
I20260710 11:10:08.615797 17879 raft_consensus.cc:2272] T 4e63fc3166324da0a4437250a9324f5f P 7f1784b4ad604c7db09bc4203d4f2418 [term 2 FOLLOWER]: Raft consensus is shut down!
I20260710 11:10:08.618084 17879 tablet_replica.cc:333] T 1040f5b6270f4599bd0109ceb9563aec P 7f1784b4ad604c7db09bc4203d4f2418: stopping tablet replica
I20260710 11:10:08.618746 17879 raft_consensus.cc:2243] T 1040f5b6270f4599bd0109ceb9563aec P 7f1784b4ad604c7db09bc4203d4f2418 [term 2 FOLLOWER]: Raft consensus shutting down.
I20260710 11:10:08.619308 17879 raft_consensus.cc:2272] T 1040f5b6270f4599bd0109ceb9563aec P 7f1784b4ad604c7db09bc4203d4f2418 [term 2 FOLLOWER]: Raft consensus is shut down!
I20260710 11:10:08.649174 17879 tablet_server.cc:196] TabletServer@127.17.117.195:0 shutdown complete.
I20260710 11:10:08.668691 17879 master.cc:562] Master@127.17.117.254:46553 shutting down...
I20260710 11:10:08.694516 17879 raft_consensus.cc:2243] T 00000000000000000000000000000000 P 4faca17d98d647f989a0a41a10cd9151 [term 1 LEADER]: Raft consensus shutting down.
I20260710 11:10:08.695120 17879 raft_consensus.cc:2272] T 00000000000000000000000000000000 P 4faca17d98d647f989a0a41a10cd9151 [term 1 FOLLOWER]: Raft consensus is shut down!
I20260710 11:10:08.695484 17879 tablet_replica.cc:333] T 00000000000000000000000000000000 P 4faca17d98d647f989a0a41a10cd9151: stopping tablet replica
I20260710 11:10:08.717407 17879 master.cc:584] Master@127.17.117.254:46553 shutdown complete.
21f71d053b934aff87dca66f6faefc0a  3
4da9adf5edf04174900e2f29f118198b  5
7f1784b4ad604c7db09bc4203d4f2418  2
[       OK ] LeaderRebalancerTest.FunctionalTestForNotDivided (11778 ms)
[ RUN      ] LeaderRebalancerTest.AddTserver
I20260710 11:10:08.767678 17879 internal_mini_cluster.cc:156] Creating distributed mini masters. Addrs: 127.17.117.254:37275
I20260710 11:10:08.769088 17879 file_cache.cc:504] Constructed file cache file cache with capacity 419430
W20260710 11:10:08.777341 18878 instance_detector.cc:116] could not retrieve AWS instance metadata: Network error: curl error: HTTP response code said error: The requested URL returned error: 404
W20260710 11:10:08.777367 18879 instance_detector.cc:116] could not retrieve Azure instance metadata: Network error: curl error: HTTP response code said error: The requested URL returned error: 404
W20260710 11:10:08.778066 18881 instance_detector.cc:116] could not retrieve OpenStack instance metadata: Network error: curl error: HTTP response code said error: The requested URL returned error: 404
I20260710 11:10:08.779394 17879 server_base.cc:1061] running on GCE node
I20260710 11:10:08.780459 17879 hybrid_clock.cc:584] initializing the hybrid clock with 'system_unsync' time source
W20260710 11:10:08.780710 17879 system_unsync_time.cc:38] NTP support is disabled. Clock error bounds will not be accurate. This configuration is not suitable for distributed clusters.
I20260710 11:10:08.780893 17879 hybrid_clock.cc:648] HybridClock initialized: now 1783681808780875 us; error 0 us; skew 500 ppm
I20260710 11:10:08.781564 17879 server_base.cc:861] Flag tcmalloc_max_total_thread_cache_bytes is not working since tcmalloc is not enabled.
I20260710 11:10:08.785286 17879 webserver.cc:533] Webserver started at http://127.17.117.254:41635/ using document root <none> and password file <none>
I20260710 11:10:08.785883 17879 fs_manager.cc:362] Metadata directory not provided
I20260710 11:10:08.786126 17879 fs_manager.cc:368] Using write-ahead log directory (fs_wal_dir) as metadata directory
I20260710 11:10:08.786466 17879 server_base.cc:909] This appears to be a new deployment of Kudu; creating new FS layout
I20260710 11:10:08.787900 17879 fs_manager.cc:1068] Generated new instance metadata in path /tmp/dist-test-taskw9db38/test-tmp/auto_leader_rebalancer-test.0.LeaderRebalancerTest.AddTserver.1783681783718578-17879-0/minicluster-data/master-0-root/instance:
uuid: "30b159d2d35c4aaea5bee811a3e205a7"
format_stamp: "Formatted at 2026-07-10 11:10:08 on dist-test-slave-44sb"
I20260710 11:10:08.793409 17879 fs_manager.cc:696] Time spent creating directory manager: real 0.005s	user 0.005s	sys 0.000s
I20260710 11:10:08.797941 18886 log_block_manager.cc:4127] Time spent loading block containers with low live blocks: real 0.000s	user 0.000s	sys 0.000s
I20260710 11:10:08.799202 17879 fs_manager.cc:730] Time spent opening block manager: real 0.003s	user 0.003s	sys 0.000s
I20260710 11:10:08.799552 17879 fs_manager.cc:647] Opened local filesystem: /tmp/dist-test-taskw9db38/test-tmp/auto_leader_rebalancer-test.0.LeaderRebalancerTest.AddTserver.1783681783718578-17879-0/minicluster-data/master-0-root
uuid: "30b159d2d35c4aaea5bee811a3e205a7"
format_stamp: "Formatted at 2026-07-10 11:10:08 on dist-test-slave-44sb"
I20260710 11:10:08.799870 17879 fs_report.cc:389] FS layout report
--------------------
wal directory: /tmp/dist-test-taskw9db38/test-tmp/auto_leader_rebalancer-test.0.LeaderRebalancerTest.AddTserver.1783681783718578-17879-0/minicluster-data/master-0-root
metadata directory: /tmp/dist-test-taskw9db38/test-tmp/auto_leader_rebalancer-test.0.LeaderRebalancerTest.AddTserver.1783681783718578-17879-0/minicluster-data/master-0-root
1 data directories: /tmp/dist-test-taskw9db38/test-tmp/auto_leader_rebalancer-test.0.LeaderRebalancerTest.AddTserver.1783681783718578-17879-0/minicluster-data/master-0-root/data
Total live blocks: 0
Total live bytes: 0
Total live bytes (after alignment): 0
Total number of LBM containers: 0 (0 full)
Did not check for missing blocks
Did not check for orphaned blocks
Total full LBM containers with extra space: 0 (0 repaired)
Total full LBM container extra space in bytes: 0 (0 repaired)
Total incomplete LBM containers: 0 (0 repaired)
Total LBM partial records: 0 (0 repaired)
Total corrupted LBM metadata records in RocksDB: 0 (0 repaired)
I20260710 11:10:08.824734 17879 rpc_server.cc:225] running with OpenSSL 1.1.1  11 Sep 2018
I20260710 11:10:08.826606 17879 kserver.cc:163] Server-wide thread pool size limit: 3276
I20260710 11:10:08.880191 17879 rpc_server.cc:307] RPC server started. Bound to: 127.17.117.254:37275
I20260710 11:10:08.880318 18937 acceptor_pool.cc:272] collecting diagnostics on the listening RPC socket 127.17.117.254:37275 every 8 connection(s)
I20260710 11:10:08.885403 18938 data_dirs.cc:400] Could only allocate 1 dirs of requested 3 for tablet 00000000000000000000000000000000. 1 dirs total, 0 dirs full, 0 dirs failed
I20260710 11:10:08.897503 18938 tablet_bootstrap.cc:492] T 00000000000000000000000000000000 P 30b159d2d35c4aaea5bee811a3e205a7: Bootstrap starting.
I20260710 11:10:08.903693 18938 tablet_bootstrap.cc:654] T 00000000000000000000000000000000 P 30b159d2d35c4aaea5bee811a3e205a7: Neither blocks nor log segments found. Creating new log.
I20260710 11:10:08.909883 18938 tablet_bootstrap.cc:492] T 00000000000000000000000000000000 P 30b159d2d35c4aaea5bee811a3e205a7: No bootstrap required, opened a new log
I20260710 11:10:08.912542 18938 raft_consensus.cc:359] T 00000000000000000000000000000000 P 30b159d2d35c4aaea5bee811a3e205a7 [term 0 FOLLOWER]: Replica starting. Triggering 0 pending ops. Active config: opid_index: -1 OBSOLETE_local: true peers { permanent_uuid: "30b159d2d35c4aaea5bee811a3e205a7" member_type: VOTER }
I20260710 11:10:08.912992 18938 raft_consensus.cc:385] T 00000000000000000000000000000000 P 30b159d2d35c4aaea5bee811a3e205a7 [term 0 FOLLOWER]: Consensus starting up: Expiring failure detector timer to make a prompt election more likely
I20260710 11:10:08.913416 18938 raft_consensus.cc:740] T 00000000000000000000000000000000 P 30b159d2d35c4aaea5bee811a3e205a7 [term 0 FOLLOWER]: Becoming Follower/Learner. State: Replica: 30b159d2d35c4aaea5bee811a3e205a7, State: Initialized, Role: FOLLOWER
I20260710 11:10:08.914062 18938 consensus_queue.cc:260] T 00000000000000000000000000000000 P 30b159d2d35c4aaea5bee811a3e205a7 [NON_LEADER]: Queue going to NON_LEADER mode. State: All replicated index: 0, Majority replicated index: 0, Committed index: 0, Last appended: 0.0, Last appended by leader: 0, Current term: 0, Majority size: -1, State: 0, Mode: NON_LEADER, active raft config: opid_index: -1 OBSOLETE_local: true peers { permanent_uuid: "30b159d2d35c4aaea5bee811a3e205a7" member_type: VOTER }
I20260710 11:10:08.914527 18938 raft_consensus.cc:399] T 00000000000000000000000000000000 P 30b159d2d35c4aaea5bee811a3e205a7 [term 0 FOLLOWER]: Only one voter in the Raft config. Triggering election immediately
I20260710 11:10:08.914723 18938 raft_consensus.cc:493] T 00000000000000000000000000000000 P 30b159d2d35c4aaea5bee811a3e205a7 [term 0 FOLLOWER]: Starting leader election (initial election of a single-replica configuration)
I20260710 11:10:08.915030 18938 raft_consensus.cc:3060] T 00000000000000000000000000000000 P 30b159d2d35c4aaea5bee811a3e205a7 [term 0 FOLLOWER]: Advancing to term 1
I20260710 11:10:08.920603 18938 raft_consensus.cc:515] T 00000000000000000000000000000000 P 30b159d2d35c4aaea5bee811a3e205a7 [term 1 FOLLOWER]: Starting leader election with config: opid_index: -1 OBSOLETE_local: true peers { permanent_uuid: "30b159d2d35c4aaea5bee811a3e205a7" member_type: VOTER }
I20260710 11:10:08.921128 18938 leader_election.cc:304] T 00000000000000000000000000000000 P 30b159d2d35c4aaea5bee811a3e205a7 [CANDIDATE]: Term 1 election: Election decided. Result: candidate won. Election summary: received 1 responses out of 1 voters: 1 yes votes; 0 no votes. yes voters: 30b159d2d35c4aaea5bee811a3e205a7; no voters: 
I20260710 11:10:08.922415 18938 leader_election.cc:290] T 00000000000000000000000000000000 P 30b159d2d35c4aaea5bee811a3e205a7 [CANDIDATE]: Term 1 election: Requested vote from peers 
I20260710 11:10:08.923020 18941 raft_consensus.cc:2804] T 00000000000000000000000000000000 P 30b159d2d35c4aaea5bee811a3e205a7 [term 1 FOLLOWER]: Leader election won for term 1
I20260710 11:10:08.924654 18941 raft_consensus.cc:697] T 00000000000000000000000000000000 P 30b159d2d35c4aaea5bee811a3e205a7 [term 1 LEADER]: Becoming Leader. State: Replica: 30b159d2d35c4aaea5bee811a3e205a7, State: Running, Role: LEADER
I20260710 11:10:08.925431 18941 consensus_queue.cc:237] T 00000000000000000000000000000000 P 30b159d2d35c4aaea5bee811a3e205a7 [LEADER]: Queue going to LEADER mode. State: All replicated index: 0, Majority replicated index: 0, Committed index: 0, Last appended: 0.0, Last appended by leader: 0, Current term: 1, Majority size: 1, State: 0, Mode: LEADER, active raft config: opid_index: -1 OBSOLETE_local: true peers { permanent_uuid: "30b159d2d35c4aaea5bee811a3e205a7" member_type: VOTER }
I20260710 11:10:08.925709 18938 sys_catalog.cc:565] T 00000000000000000000000000000000 P 30b159d2d35c4aaea5bee811a3e205a7 [sys.catalog]: configured and running, proceeding with master startup.
I20260710 11:10:08.930397 18942 sys_catalog.cc:455] T 00000000000000000000000000000000 P 30b159d2d35c4aaea5bee811a3e205a7 [sys.catalog]: SysCatalogTable state changed. Reason: RaftConsensus started. Latest consensus state: current_term: 1 leader_uuid: "30b159d2d35c4aaea5bee811a3e205a7" committed_config { opid_index: -1 OBSOLETE_local: true peers { permanent_uuid: "30b159d2d35c4aaea5bee811a3e205a7" member_type: VOTER } }
I20260710 11:10:08.931283 18942 sys_catalog.cc:458] T 00000000000000000000000000000000 P 30b159d2d35c4aaea5bee811a3e205a7 [sys.catalog]: This master's current role is: LEADER
I20260710 11:10:08.932134 18943 sys_catalog.cc:455] T 00000000000000000000000000000000 P 30b159d2d35c4aaea5bee811a3e205a7 [sys.catalog]: SysCatalogTable state changed. Reason: New leader 30b159d2d35c4aaea5bee811a3e205a7. Latest consensus state: current_term: 1 leader_uuid: "30b159d2d35c4aaea5bee811a3e205a7" committed_config { opid_index: -1 OBSOLETE_local: true peers { permanent_uuid: "30b159d2d35c4aaea5bee811a3e205a7" member_type: VOTER } }
I20260710 11:10:08.934491 18943 sys_catalog.cc:458] T 00000000000000000000000000000000 P 30b159d2d35c4aaea5bee811a3e205a7 [sys.catalog]: This master's current role is: LEADER
I20260710 11:10:08.935014 18948 catalog_manager.cc:1511] Loading table and tablet metadata into memory...
I20260710 11:10:08.940670 18948 catalog_manager.cc:1520] Initializing Kudu cluster ID...
I20260710 11:10:08.945449 17879 internal_mini_cluster.cc:184] Waiting to initialize catalog manager on master 0
I20260710 11:10:08.952257 18948 catalog_manager.cc:1383] Generated new cluster ID: 148d2cd641844ba892f558866f0a2883
I20260710 11:10:08.952554 18948 catalog_manager.cc:1531] Initializing Kudu internal certificate authority...
I20260710 11:10:08.992713 18948 catalog_manager.cc:1406] Generated new certificate authority record
I20260710 11:10:08.994052 18948 catalog_manager.cc:1540] Loading token signing keys...
I20260710 11:10:09.008229 18948 catalog_manager.cc:6070] T 00000000000000000000000000000000 P 30b159d2d35c4aaea5bee811a3e205a7: Generated new TSK 0
I20260710 11:10:09.008898 18948 catalog_manager.cc:1550] Initializing in-progress tserver states...
I20260710 11:10:09.078121 17879 file_cache.cc:504] Constructed file cache file cache with capacity 419430
W20260710 11:10:09.086159 18959 instance_detector.cc:116] could not retrieve AWS instance metadata: Network error: curl error: HTTP response code said error: The requested URL returned error: 404
W20260710 11:10:09.087816 18960 instance_detector.cc:116] could not retrieve Azure instance metadata: Network error: curl error: HTTP response code said error: The requested URL returned error: 404
W20260710 11:10:09.096513 18962 instance_detector.cc:116] could not retrieve OpenStack instance metadata: Network error: curl error: HTTP response code said error: The requested URL returned error: 404
I20260710 11:10:09.098778 17879 server_base.cc:1061] running on GCE node
I20260710 11:10:09.099987 17879 hybrid_clock.cc:584] initializing the hybrid clock with 'system_unsync' time source
W20260710 11:10:09.100235 17879 system_unsync_time.cc:38] NTP support is disabled. Clock error bounds will not be accurate. This configuration is not suitable for distributed clusters.
I20260710 11:10:09.100411 17879 hybrid_clock.cc:648] HybridClock initialized: now 1783681809100387 us; error 0 us; skew 500 ppm
I20260710 11:10:09.100991 17879 server_base.cc:861] Flag tcmalloc_max_total_thread_cache_bytes is not working since tcmalloc is not enabled.
I20260710 11:10:09.104264 17879 webserver.cc:533] Webserver started at http://127.17.117.193:36063/ using document root <none> and password file <none>
I20260710 11:10:09.104866 17879 fs_manager.cc:362] Metadata directory not provided
I20260710 11:10:09.105140 17879 fs_manager.cc:368] Using write-ahead log directory (fs_wal_dir) as metadata directory
I20260710 11:10:09.105454 17879 server_base.cc:909] This appears to be a new deployment of Kudu; creating new FS layout
I20260710 11:10:09.106681 17879 fs_manager.cc:1068] Generated new instance metadata in path /tmp/dist-test-taskw9db38/test-tmp/auto_leader_rebalancer-test.0.LeaderRebalancerTest.AddTserver.1783681783718578-17879-0/minicluster-data/ts-0-root/instance:
uuid: "021c6fd3bcd1497c97f517ec465b0e98"
format_stamp: "Formatted at 2026-07-10 11:10:09 on dist-test-slave-44sb"
I20260710 11:10:09.112825 17879 fs_manager.cc:696] Time spent creating directory manager: real 0.006s	user 0.004s	sys 0.000s
I20260710 11:10:09.117187 18967 log_block_manager.cc:4127] Time spent loading block containers with low live blocks: real 0.000s	user 0.000s	sys 0.000s
I20260710 11:10:09.118269 17879 fs_manager.cc:730] Time spent opening block manager: real 0.003s	user 0.002s	sys 0.000s
I20260710 11:10:09.118569 17879 fs_manager.cc:647] Opened local filesystem: /tmp/dist-test-taskw9db38/test-tmp/auto_leader_rebalancer-test.0.LeaderRebalancerTest.AddTserver.1783681783718578-17879-0/minicluster-data/ts-0-root
uuid: "021c6fd3bcd1497c97f517ec465b0e98"
format_stamp: "Formatted at 2026-07-10 11:10:09 on dist-test-slave-44sb"
I20260710 11:10:09.118851 17879 fs_report.cc:389] FS layout report
--------------------
wal directory: /tmp/dist-test-taskw9db38/test-tmp/auto_leader_rebalancer-test.0.LeaderRebalancerTest.AddTserver.1783681783718578-17879-0/minicluster-data/ts-0-root
metadata directory: /tmp/dist-test-taskw9db38/test-tmp/auto_leader_rebalancer-test.0.LeaderRebalancerTest.AddTserver.1783681783718578-17879-0/minicluster-data/ts-0-root
1 data directories: /tmp/dist-test-taskw9db38/test-tmp/auto_leader_rebalancer-test.0.LeaderRebalancerTest.AddTserver.1783681783718578-17879-0/minicluster-data/ts-0-root/data
Total live blocks: 0
Total live bytes: 0
Total live bytes (after alignment): 0
Total number of LBM containers: 0 (0 full)
Did not check for missing blocks
Did not check for orphaned blocks
Total full LBM containers with extra space: 0 (0 repaired)
Total full LBM container extra space in bytes: 0 (0 repaired)
Total incomplete LBM containers: 0 (0 repaired)
Total LBM partial records: 0 (0 repaired)
Total corrupted LBM metadata records in RocksDB: 0 (0 repaired)
I20260710 11:10:09.133039 17879 rpc_server.cc:225] running with OpenSSL 1.1.1  11 Sep 2018
I20260710 11:10:09.134392 17879 kserver.cc:163] Server-wide thread pool size limit: 3276
I20260710 11:10:09.136224 17879 txn_system_client.cc:432] TxnSystemClient initialization is disabled...
I20260710 11:10:09.139053 17879 ts_tablet_manager.cc:585] Loaded tablet metadata (0 total tablets, 0 live tablets)
I20260710 11:10:09.139269 17879 ts_tablet_manager.cc:531] Time spent load tablet metadata: real 0.000s	user 0.000s	sys 0.000s
I20260710 11:10:09.139599 17879 ts_tablet_manager.cc:616] Registered 0 tablets
I20260710 11:10:09.139777 17879 ts_tablet_manager.cc:595] Time spent register tablets: real 0.000s	user 0.000s	sys 0.000s
I20260710 11:10:09.188072 17879 rpc_server.cc:307] RPC server started. Bound to: 127.17.117.193:40475
I20260710 11:10:09.188227 19029 acceptor_pool.cc:272] collecting diagnostics on the listening RPC socket 127.17.117.193:40475 every 8 connection(s)
I20260710 11:10:09.193647 17879 file_cache.cc:504] Constructed file cache file cache with capacity 419430
W20260710 11:10:09.201148 19034 instance_detector.cc:116] could not retrieve AWS instance metadata: Network error: curl error: HTTP response code said error: The requested URL returned error: 404
W20260710 11:10:09.204491 19035 instance_detector.cc:116] could not retrieve Azure instance metadata: Network error: curl error: HTTP response code said error: The requested URL returned error: 404
W20260710 11:10:09.206012 19037 instance_detector.cc:116] could not retrieve OpenStack instance metadata: Network error: curl error: HTTP response code said error: The requested URL returned error: 404
I20260710 11:10:09.205942 17879 server_base.cc:1061] running on GCE node
I20260710 11:10:09.207564 17879 hybrid_clock.cc:584] initializing the hybrid clock with 'system_unsync' time source
W20260710 11:10:09.207855 17879 system_unsync_time.cc:38] NTP support is disabled. Clock error bounds will not be accurate. This configuration is not suitable for distributed clusters.
I20260710 11:10:09.208073 17879 hybrid_clock.cc:648] HybridClock initialized: now 1783681809208053 us; error 0 us; skew 500 ppm
I20260710 11:10:09.208676 17879 server_base.cc:861] Flag tcmalloc_max_total_thread_cache_bytes is not working since tcmalloc is not enabled.
I20260710 11:10:09.212381 17879 webserver.cc:533] Webserver started at http://127.17.117.194:37943/ using document root <none> and password file <none>
I20260710 11:10:09.213032 17879 fs_manager.cc:362] Metadata directory not provided
I20260710 11:10:09.213316 17879 fs_manager.cc:368] Using write-ahead log directory (fs_wal_dir) as metadata directory
I20260710 11:10:09.213536 19030 heartbeater.cc:344] Connected to a master server at 127.17.117.254:37275
I20260710 11:10:09.213696 17879 server_base.cc:909] This appears to be a new deployment of Kudu; creating new FS layout
I20260710 11:10:09.214111 19030 heartbeater.cc:461] Registering TS with master...
I20260710 11:10:09.215142 19030 heartbeater.cc:507] Master 127.17.117.254:37275 requested a full tablet report, sending...
I20260710 11:10:09.215509 17879 fs_manager.cc:1068] Generated new instance metadata in path /tmp/dist-test-taskw9db38/test-tmp/auto_leader_rebalancer-test.0.LeaderRebalancerTest.AddTserver.1783681783718578-17879-0/minicluster-data/ts-1-root/instance:
uuid: "9699a9e427014953b1a2bb4d9ef2cae3"
format_stamp: "Formatted at 2026-07-10 11:10:09 on dist-test-slave-44sb"
I20260710 11:10:09.217851 18903 ts_manager.cc:194] Registered new tserver with Master: 021c6fd3bcd1497c97f517ec465b0e98 (127.17.117.193:40475)
I20260710 11:10:09.220010 18903 master_service.cc:502] Signed X509 certificate for tserver {username='slave'} at 127.0.0.1:59272
I20260710 11:10:09.221454 17879 fs_manager.cc:696] Time spent creating directory manager: real 0.005s	user 0.006s	sys 0.000s
I20260710 11:10:09.226174 19042 log_block_manager.cc:4127] Time spent loading block containers with low live blocks: real 0.000s	user 0.000s	sys 0.000s
I20260710 11:10:09.227255 17879 fs_manager.cc:730] Time spent opening block manager: real 0.003s	user 0.003s	sys 0.000s
I20260710 11:10:09.227641 17879 fs_manager.cc:647] Opened local filesystem: /tmp/dist-test-taskw9db38/test-tmp/auto_leader_rebalancer-test.0.LeaderRebalancerTest.AddTserver.1783681783718578-17879-0/minicluster-data/ts-1-root
uuid: "9699a9e427014953b1a2bb4d9ef2cae3"
format_stamp: "Formatted at 2026-07-10 11:10:09 on dist-test-slave-44sb"
I20260710 11:10:09.227936 17879 fs_report.cc:389] FS layout report
--------------------
wal directory: /tmp/dist-test-taskw9db38/test-tmp/auto_leader_rebalancer-test.0.LeaderRebalancerTest.AddTserver.1783681783718578-17879-0/minicluster-data/ts-1-root
metadata directory: /tmp/dist-test-taskw9db38/test-tmp/auto_leader_rebalancer-test.0.LeaderRebalancerTest.AddTserver.1783681783718578-17879-0/minicluster-data/ts-1-root
1 data directories: /tmp/dist-test-taskw9db38/test-tmp/auto_leader_rebalancer-test.0.LeaderRebalancerTest.AddTserver.1783681783718578-17879-0/minicluster-data/ts-1-root/data
Total live blocks: 0
Total live bytes: 0
Total live bytes (after alignment): 0
Total number of LBM containers: 0 (0 full)
Did not check for missing blocks
Did not check for orphaned blocks
Total full LBM containers with extra space: 0 (0 repaired)
Total full LBM container extra space in bytes: 0 (0 repaired)
Total incomplete LBM containers: 0 (0 repaired)
Total LBM partial records: 0 (0 repaired)
Total corrupted LBM metadata records in RocksDB: 0 (0 repaired)
I20260710 11:10:09.239581 17879 rpc_server.cc:225] running with OpenSSL 1.1.1  11 Sep 2018
I20260710 11:10:09.240854 17879 kserver.cc:163] Server-wide thread pool size limit: 3276
I20260710 11:10:09.242476 17879 txn_system_client.cc:432] TxnSystemClient initialization is disabled...
I20260710 11:10:09.245019 17879 ts_tablet_manager.cc:585] Loaded tablet metadata (0 total tablets, 0 live tablets)
I20260710 11:10:09.245286 17879 ts_tablet_manager.cc:531] Time spent load tablet metadata: real 0.000s	user 0.000s	sys 0.000s
I20260710 11:10:09.245550 17879 ts_tablet_manager.cc:616] Registered 0 tablets
I20260710 11:10:09.245738 17879 ts_tablet_manager.cc:595] Time spent register tablets: real 0.000s	user 0.000s	sys 0.000s
I20260710 11:10:09.293516 17879 rpc_server.cc:307] RPC server started. Bound to: 127.17.117.194:38311
I20260710 11:10:09.293689 19104 acceptor_pool.cc:272] collecting diagnostics on the listening RPC socket 127.17.117.194:38311 every 8 connection(s)
I20260710 11:10:09.300217 17879 file_cache.cc:504] Constructed file cache file cache with capacity 419430
W20260710 11:10:09.309638 19108 instance_detector.cc:116] could not retrieve AWS instance metadata: Network error: curl error: HTTP response code said error: The requested URL returned error: 404
W20260710 11:10:09.310205 19109 instance_detector.cc:116] could not retrieve Azure instance metadata: Network error: curl error: HTTP response code said error: The requested URL returned error: 404
I20260710 11:10:09.313695 17879 server_base.cc:1061] running on GCE node
W20260710 11:10:09.314800 19112 instance_detector.cc:116] could not retrieve OpenStack instance metadata: Network error: curl error: HTTP response code said error: The requested URL returned error: 404
I20260710 11:10:09.316025 17879 hybrid_clock.cc:584] initializing the hybrid clock with 'system_unsync' time source
W20260710 11:10:09.316308 17879 system_unsync_time.cc:38] NTP support is disabled. Clock error bounds will not be accurate. This configuration is not suitable for distributed clusters.
I20260710 11:10:09.316561 17879 hybrid_clock.cc:648] HybridClock initialized: now 1783681809316500 us; error 0 us; skew 500 ppm
I20260710 11:10:09.317266 17879 server_base.cc:861] Flag tcmalloc_max_total_thread_cache_bytes is not working since tcmalloc is not enabled.
I20260710 11:10:09.317462 19105 heartbeater.cc:344] Connected to a master server at 127.17.117.254:37275
I20260710 11:10:09.317951 19105 heartbeater.cc:461] Registering TS with master...
I20260710 11:10:09.319370 19105 heartbeater.cc:507] Master 127.17.117.254:37275 requested a full tablet report, sending...
I20260710 11:10:09.320181 17879 webserver.cc:533] Webserver started at http://127.17.117.195:43237/ using document root <none> and password file <none>
I20260710 11:10:09.320779 17879 fs_manager.cc:362] Metadata directory not provided
I20260710 11:10:09.321079 17879 fs_manager.cc:368] Using write-ahead log directory (fs_wal_dir) as metadata directory
I20260710 11:10:09.321422 17879 server_base.cc:909] This appears to be a new deployment of Kudu; creating new FS layout
I20260710 11:10:09.322213 18903 ts_manager.cc:194] Registered new tserver with Master: 9699a9e427014953b1a2bb4d9ef2cae3 (127.17.117.194:38311)
I20260710 11:10:09.322747 17879 fs_manager.cc:1068] Generated new instance metadata in path /tmp/dist-test-taskw9db38/test-tmp/auto_leader_rebalancer-test.0.LeaderRebalancerTest.AddTserver.1783681783718578-17879-0/minicluster-data/ts-2-root/instance:
uuid: "b6d66c9cdc9c4d66875ba19d287d0b31"
format_stamp: "Formatted at 2026-07-10 11:10:09 on dist-test-slave-44sb"
I20260710 11:10:09.324177 18903 master_service.cc:502] Signed X509 certificate for tserver {username='slave'} at 127.0.0.1:59288
I20260710 11:10:09.329337 17879 fs_manager.cc:696] Time spent creating directory manager: real 0.006s	user 0.005s	sys 0.000s
I20260710 11:10:09.333817 19116 log_block_manager.cc:4127] Time spent loading block containers with low live blocks: real 0.000s	user 0.000s	sys 0.000s
I20260710 11:10:09.335057 17879 fs_manager.cc:730] Time spent opening block manager: real 0.003s	user 0.003s	sys 0.000s
I20260710 11:10:09.335371 17879 fs_manager.cc:647] Opened local filesystem: /tmp/dist-test-taskw9db38/test-tmp/auto_leader_rebalancer-test.0.LeaderRebalancerTest.AddTserver.1783681783718578-17879-0/minicluster-data/ts-2-root
uuid: "b6d66c9cdc9c4d66875ba19d287d0b31"
format_stamp: "Formatted at 2026-07-10 11:10:09 on dist-test-slave-44sb"
I20260710 11:10:09.335704 17879 fs_report.cc:389] FS layout report
--------------------
wal directory: /tmp/dist-test-taskw9db38/test-tmp/auto_leader_rebalancer-test.0.LeaderRebalancerTest.AddTserver.1783681783718578-17879-0/minicluster-data/ts-2-root
metadata directory: /tmp/dist-test-taskw9db38/test-tmp/auto_leader_rebalancer-test.0.LeaderRebalancerTest.AddTserver.1783681783718578-17879-0/minicluster-data/ts-2-root
1 data directories: /tmp/dist-test-taskw9db38/test-tmp/auto_leader_rebalancer-test.0.LeaderRebalancerTest.AddTserver.1783681783718578-17879-0/minicluster-data/ts-2-root/data
Total live blocks: 0
Total live bytes: 0
Total live bytes (after alignment): 0
Total number of LBM containers: 0 (0 full)
Did not check for missing blocks
Did not check for orphaned blocks
Total full LBM containers with extra space: 0 (0 repaired)
Total full LBM container extra space in bytes: 0 (0 repaired)
Total incomplete LBM containers: 0 (0 repaired)
Total LBM partial records: 0 (0 repaired)
Total corrupted LBM metadata records in RocksDB: 0 (0 repaired)
I20260710 11:10:09.358314 17879 rpc_server.cc:225] running with OpenSSL 1.1.1  11 Sep 2018
I20260710 11:10:09.360000 17879 kserver.cc:163] Server-wide thread pool size limit: 3276
I20260710 11:10:09.361835 17879 txn_system_client.cc:432] TxnSystemClient initialization is disabled...
I20260710 11:10:09.364626 17879 ts_tablet_manager.cc:585] Loaded tablet metadata (0 total tablets, 0 live tablets)
I20260710 11:10:09.364848 17879 ts_tablet_manager.cc:531] Time spent load tablet metadata: real 0.000s	user 0.000s	sys 0.000s
I20260710 11:10:09.365178 17879 ts_tablet_manager.cc:616] Registered 0 tablets
I20260710 11:10:09.365337 17879 ts_tablet_manager.cc:595] Time spent register tablets: real 0.000s	user 0.000s	sys 0.000s
I20260710 11:10:09.421255 17879 rpc_server.cc:307] RPC server started. Bound to: 127.17.117.195:40255
I20260710 11:10:09.421397 19178 acceptor_pool.cc:272] collecting diagnostics on the listening RPC socket 127.17.117.195:40255 every 8 connection(s)
I20260710 11:10:09.444535 19179 heartbeater.cc:344] Connected to a master server at 127.17.117.254:37275
I20260710 11:10:09.445173 19179 heartbeater.cc:461] Registering TS with master...
I20260710 11:10:09.446226 19179 heartbeater.cc:507] Master 127.17.117.254:37275 requested a full tablet report, sending...
I20260710 11:10:09.449254 18903 ts_manager.cc:194] Registered new tserver with Master: b6d66c9cdc9c4d66875ba19d287d0b31 (127.17.117.195:40255)
I20260710 11:10:09.449970 17879 internal_mini_cluster.cc:371] 3 TS(s) registered with all masters after 0.024450234s
I20260710 11:10:09.451547 18903 master_service.cc:502] Signed X509 certificate for tserver {username='slave'} at 127.0.0.1:59298
I20260710 11:10:09.482547 18903 catalog_manager.cc:2283] Servicing CreateTable request from {username='slave'} at 127.0.0.1:59304:
name: "test-workload"
schema {
  columns {
    name: "key"
    type: INT32
    is_key: true
    is_nullable: false
    encoding: AUTO_ENCODING
    compression: DEFAULT_COMPRESSION
    cfile_block_size: 0
    immutable: false
  }
  columns {
    name: "int_val"
    type: INT32
    is_key: false
    is_nullable: false
    encoding: AUTO_ENCODING
    compression: DEFAULT_COMPRESSION
    cfile_block_size: 0
    immutable: false
  }
  columns {
    name: "string_val"
    type: STRING
    is_key: false
    is_nullable: true
    encoding: AUTO_ENCODING
    compression: DEFAULT_COMPRESSION
    cfile_block_size: 0
    immutable: false
  }
}
num_replicas: 3
split_rows_range_bounds {
  rows: "\004\001\000UUU\005\004\001\000\252\252\252\n\004\001\000\377\377\377\017\004\001\000TUU\025\004\001\000\251\252\252\032\004\001\000\376\377\377\037\004\001\000SUU%\004\001\000\250\252\252*\004\001\000\375\377\377/\004\001\000RUU5\004\001\000\247\252\252:\004\001\000\374\377\377?\004\001\000QUUE\004\001\000\246\252\252J\004\001\000\373\377\377O\004\001\000PUUU\004\001\000\245\252\252Z\004\001\000\372\377\377_\004\001\000OUUe\004\001\000\244\252\252j\004\001\000\371\377\377o\004\001\000NUUu\004\001\000\243\252\252z""\004\001\000UUU\005\004\001\000\252\252\252\n\004\001\000\377\377\377\017\004\001\000TUU\025\004\001\000\251\252\252\032\004\001\000\376\377\377\037\004\001\000SUU%\004\001\000\250\252\252*\004\001\000\375\377\377/\004\001\000RUU5\004\001\000\247\252\252:\004\001\000\374\377\377?\004\001\000QUUE\004\001\000\246\252\252J\004\001\000\373\377\377O\004\001\000PUUU\004\001\000\245\252\252Z\004\001\000\372\377\377_\004\001\000OUUe\004\001\000\244\252\252j\004\001\000\371\377\377o\004\001\000NUUu\004\001\000\243\252\252z"
  indirect_data: """"
}
partition_schema {
  range_schema {
    columns {
      name: "key"
    }
  }
}
W20260710 11:10:09.486752 18903 catalog_manager.cc:7077] The number of live tablet servers is not enough to re-replicate a tablet replica of the newly created table test-workload in case of a server failure: 4 tablet servers would be needed, 3 are available. Consider bringing up more tablet servers.
I20260710 11:10:09.619663 18994 tablet_service.cc:1511] Processing CreateTablet for tablet cf931200576e47cab28a69d0171e4df8 (DEFAULT_TABLE table=test-workload [id=0e2b7bd0532b471c99d2d246e6d33d9a]), partition=RANGE (key) PARTITION 89478485 <= VALUES < 178956970
I20260710 11:10:09.620047 19070 tablet_service.cc:1511] Processing CreateTablet for tablet bdca21cec2e04b75878a9bcfa42bf703 (DEFAULT_TABLE table=test-workload [id=0e2b7bd0532b471c99d2d246e6d33d9a]), partition=RANGE (key) PARTITION VALUES < 89478485
I20260710 11:10:09.621007 18995 tablet_service.cc:1511] Processing CreateTablet for tablet bdca21cec2e04b75878a9bcfa42bf703 (DEFAULT_TABLE table=test-workload [id=0e2b7bd0532b471c99d2d246e6d33d9a]), partition=RANGE (key) PARTITION VALUES < 89478485
I20260710 11:10:09.621658 19070 data_dirs.cc:400] Could only allocate 1 dirs of requested 3 for tablet bdca21cec2e04b75878a9bcfa42bf703. 1 dirs total, 0 dirs full, 0 dirs failed
I20260710 11:10:09.619663 18993 tablet_service.cc:1511] Processing CreateTablet for tablet a1f2bb3cbc30431798d1022b761c3918 (DEFAULT_TABLE table=test-workload [id=0e2b7bd0532b471c99d2d246e6d33d9a]), partition=RANGE (key) PARTITION 178956970 <= VALUES < 268435455
I20260710 11:10:09.621449 18994 data_dirs.cc:400] Could only allocate 1 dirs of requested 3 for tablet cf931200576e47cab28a69d0171e4df8. 1 dirs total, 0 dirs full, 0 dirs failed
I20260710 11:10:09.623440 18992 tablet_service.cc:1511] Processing CreateTablet for tablet ea69c366e0f64ff7a46a0fafe3d05e1d (DEFAULT_TABLE table=test-workload [id=0e2b7bd0532b471c99d2d246e6d33d9a]), partition=RANGE (key) PARTITION 268435455 <= VALUES < 357913940
I20260710 11:10:09.624387 18995 data_dirs.cc:400] Could only allocate 1 dirs of requested 3 for tablet bdca21cec2e04b75878a9bcfa42bf703. 1 dirs total, 0 dirs full, 0 dirs failed
I20260710 11:10:09.626514 18992 data_dirs.cc:400] Could only allocate 1 dirs of requested 3 for tablet ea69c366e0f64ff7a46a0fafe3d05e1d. 1 dirs total, 0 dirs full, 0 dirs failed
I20260710 11:10:09.631146 19069 tablet_service.cc:1511] Processing CreateTablet for tablet cf931200576e47cab28a69d0171e4df8 (DEFAULT_TABLE table=test-workload [id=0e2b7bd0532b471c99d2d246e6d33d9a]), partition=RANGE (key) PARTITION 89478485 <= VALUES < 178956970
I20260710 11:10:09.632105 18991 tablet_service.cc:1511] Processing CreateTablet for tablet 2f6fce215e70401bab35ff7717e91389 (DEFAULT_TABLE table=test-workload [id=0e2b7bd0532b471c99d2d246e6d33d9a]), partition=RANGE (key) PARTITION 357913940 <= VALUES < 447392425
I20260710 11:10:09.632637 19069 data_dirs.cc:400] Could only allocate 1 dirs of requested 3 for tablet cf931200576e47cab28a69d0171e4df8. 1 dirs total, 0 dirs full, 0 dirs failed
I20260710 11:10:09.633394 18991 data_dirs.cc:400] Could only allocate 1 dirs of requested 3 for tablet 2f6fce215e70401bab35ff7717e91389. 1 dirs total, 0 dirs full, 0 dirs failed
I20260710 11:10:09.634763 19065 tablet_service.cc:1511] Processing CreateTablet for tablet 9a2d50d30e4a4291bbc2e7ac5e0b49fe (DEFAULT_TABLE table=test-workload [id=0e2b7bd0532b471c99d2d246e6d33d9a]), partition=RANGE (key) PARTITION 447392425 <= VALUES < 536870910
I20260710 11:10:09.636101 18990 tablet_service.cc:1511] Processing CreateTablet for tablet 9a2d50d30e4a4291bbc2e7ac5e0b49fe (DEFAULT_TABLE table=test-workload [id=0e2b7bd0532b471c99d2d246e6d33d9a]), partition=RANGE (key) PARTITION 447392425 <= VALUES < 536870910
I20260710 11:10:09.637454 18990 data_dirs.cc:400] Could only allocate 1 dirs of requested 3 for tablet 9a2d50d30e4a4291bbc2e7ac5e0b49fe. 1 dirs total, 0 dirs full, 0 dirs failed
I20260710 11:10:09.639099 19066 tablet_service.cc:1511] Processing CreateTablet for tablet 2f6fce215e70401bab35ff7717e91389 (DEFAULT_TABLE table=test-workload [id=0e2b7bd0532b471c99d2d246e6d33d9a]), partition=RANGE (key) PARTITION 357913940 <= VALUES < 447392425
I20260710 11:10:09.640103 18989 tablet_service.cc:1511] Processing CreateTablet for tablet 4c9f8530e82444a69f86e6bc774a3129 (DEFAULT_TABLE table=test-workload [id=0e2b7bd0532b471c99d2d246e6d33d9a]), partition=RANGE (key) PARTITION 536870910 <= VALUES < 626349395
I20260710 11:10:09.640815 19064 tablet_service.cc:1511] Processing CreateTablet for tablet 4c9f8530e82444a69f86e6bc774a3129 (DEFAULT_TABLE table=test-workload [id=0e2b7bd0532b471c99d2d246e6d33d9a]), partition=RANGE (key) PARTITION 536870910 <= VALUES < 626349395
I20260710 11:10:09.642423 19064 data_dirs.cc:400] Could only allocate 1 dirs of requested 3 for tablet 4c9f8530e82444a69f86e6bc774a3129. 1 dirs total, 0 dirs full, 0 dirs failed
I20260710 11:10:09.642339 19067 tablet_service.cc:1511] Processing CreateTablet for tablet ea69c366e0f64ff7a46a0fafe3d05e1d (DEFAULT_TABLE table=test-workload [id=0e2b7bd0532b471c99d2d246e6d33d9a]), partition=RANGE (key) PARTITION 268435455 <= VALUES < 357913940
I20260710 11:10:09.643276 19065 data_dirs.cc:400] Could only allocate 1 dirs of requested 3 for tablet 9a2d50d30e4a4291bbc2e7ac5e0b49fe. 1 dirs total, 0 dirs full, 0 dirs failed
I20260710 11:10:09.644850 18988 tablet_service.cc:1511] Processing CreateTablet for tablet 345c7c89ed1b48109dba52d95b23bef2 (DEFAULT_TABLE table=test-workload [id=0e2b7bd0532b471c99d2d246e6d33d9a]), partition=RANGE (key) PARTITION 626349395 <= VALUES < 715827880
I20260710 11:10:09.646729 19066 data_dirs.cc:400] Could only allocate 1 dirs of requested 3 for tablet 2f6fce215e70401bab35ff7717e91389. 1 dirs total, 0 dirs full, 0 dirs failed
I20260710 11:10:09.651566 18993 data_dirs.cc:400] Could only allocate 1 dirs of requested 3 for tablet a1f2bb3cbc30431798d1022b761c3918. 1 dirs total, 0 dirs full, 0 dirs failed
I20260710 11:10:09.652194 18987 tablet_service.cc:1511] Processing CreateTablet for tablet cdcec6c23b4b4a2183f23c537f9fb865 (DEFAULT_TABLE table=test-workload [id=0e2b7bd0532b471c99d2d246e6d33d9a]), partition=RANGE (key) PARTITION 715827880 <= VALUES < 805306365
I20260710 11:10:09.652657 19063 tablet_service.cc:1511] Processing CreateTablet for tablet 345c7c89ed1b48109dba52d95b23bef2 (DEFAULT_TABLE table=test-workload [id=0e2b7bd0532b471c99d2d246e6d33d9a]), partition=RANGE (key) PARTITION 626349395 <= VALUES < 715827880
I20260710 11:10:09.654192 19063 data_dirs.cc:400] Could only allocate 1 dirs of requested 3 for tablet 345c7c89ed1b48109dba52d95b23bef2. 1 dirs total, 0 dirs full, 0 dirs failed
I20260710 11:10:09.654424 18986 tablet_service.cc:1511] Processing CreateTablet for tablet 7a2b738c531c437f89a8a635753b5212 (DEFAULT_TABLE table=test-workload [id=0e2b7bd0532b471c99d2d246e6d33d9a]), partition=RANGE (key) PARTITION 805306365 <= VALUES < 894784850
I20260710 11:10:09.637122 19068 tablet_service.cc:1511] Processing CreateTablet for tablet a1f2bb3cbc30431798d1022b761c3918 (DEFAULT_TABLE table=test-workload [id=0e2b7bd0532b471c99d2d246e6d33d9a]), partition=RANGE (key) PARTITION 178956970 <= VALUES < 268435455
I20260710 11:10:09.659825 19068 data_dirs.cc:400] Could only allocate 1 dirs of requested 3 for tablet a1f2bb3cbc30431798d1022b761c3918. 1 dirs total, 0 dirs full, 0 dirs failed
I20260710 11:10:09.663281 18989 data_dirs.cc:400] Could only allocate 1 dirs of requested 3 for tablet 4c9f8530e82444a69f86e6bc774a3129. 1 dirs total, 0 dirs full, 0 dirs failed
I20260710 11:10:09.664171 19062 tablet_service.cc:1511] Processing CreateTablet for tablet cdcec6c23b4b4a2183f23c537f9fb865 (DEFAULT_TABLE table=test-workload [id=0e2b7bd0532b471c99d2d246e6d33d9a]), partition=RANGE (key) PARTITION 715827880 <= VALUES < 805306365
I20260710 11:10:09.664947 18988 data_dirs.cc:400] Could only allocate 1 dirs of requested 3 for tablet 345c7c89ed1b48109dba52d95b23bef2. 1 dirs total, 0 dirs full, 0 dirs failed
I20260710 11:10:09.665766 19062 data_dirs.cc:400] Could only allocate 1 dirs of requested 3 for tablet cdcec6c23b4b4a2183f23c537f9fb865. 1 dirs total, 0 dirs full, 0 dirs failed
I20260710 11:10:09.666548 18986 data_dirs.cc:400] Could only allocate 1 dirs of requested 3 for tablet 7a2b738c531c437f89a8a635753b5212. 1 dirs total, 0 dirs full, 0 dirs failed
I20260710 11:10:09.667721 18987 data_dirs.cc:400] Could only allocate 1 dirs of requested 3 for tablet cdcec6c23b4b4a2183f23c537f9fb865. 1 dirs total, 0 dirs full, 0 dirs failed
I20260710 11:10:09.671276 19067 data_dirs.cc:400] Could only allocate 1 dirs of requested 3 for tablet ea69c366e0f64ff7a46a0fafe3d05e1d. 1 dirs total, 0 dirs full, 0 dirs failed
I20260710 11:10:09.676081 19061 tablet_service.cc:1511] Processing CreateTablet for tablet 7a2b738c531c437f89a8a635753b5212 (DEFAULT_TABLE table=test-workload [id=0e2b7bd0532b471c99d2d246e6d33d9a]), partition=RANGE (key) PARTITION 805306365 <= VALUES < 894784850
I20260710 11:10:09.677662 19061 data_dirs.cc:400] Could only allocate 1 dirs of requested 3 for tablet 7a2b738c531c437f89a8a635753b5212. 1 dirs total, 0 dirs full, 0 dirs failed
I20260710 11:10:09.735268 18990 tablet_service.cc:1511] Processing CreateTablet for tablet 6628018ee03a42338c8c48d08870086c (DEFAULT_TABLE table=test-workload [id=0e2b7bd0532b471c99d2d246e6d33d9a]), partition=RANGE (key) PARTITION 894784850 <= VALUES < 984263335
I20260710 11:10:09.755340 19061 tablet_service.cc:1511] Processing CreateTablet for tablet 6628018ee03a42338c8c48d08870086c (DEFAULT_TABLE table=test-workload [id=0e2b7bd0532b471c99d2d246e6d33d9a]), partition=RANGE (key) PARTITION 894784850 <= VALUES < 984263335
I20260710 11:10:09.767796 18986 tablet_service.cc:1511] Processing CreateTablet for tablet 7a404721ea22483d9de29dfb43a769dc (DEFAULT_TABLE table=test-workload [id=0e2b7bd0532b471c99d2d246e6d33d9a]), partition=RANGE (key) PARTITION 1073741820 <= VALUES < 1163220305
I20260710 11:10:09.768062 19144 tablet_service.cc:1511] Processing CreateTablet for tablet bdca21cec2e04b75878a9bcfa42bf703 (DEFAULT_TABLE table=test-workload [id=0e2b7bd0532b471c99d2d246e6d33d9a]), partition=RANGE (key) PARTITION VALUES < 89478485
I20260710 11:10:09.769619 19143 tablet_service.cc:1511] Processing CreateTablet for tablet cf931200576e47cab28a69d0171e4df8 (DEFAULT_TABLE table=test-workload [id=0e2b7bd0532b471c99d2d246e6d33d9a]), partition=RANGE (key) PARTITION 89478485 <= VALUES < 178956970
I20260710 11:10:09.771452 19142 tablet_service.cc:1511] Processing CreateTablet for tablet a1f2bb3cbc30431798d1022b761c3918 (DEFAULT_TABLE table=test-workload [id=0e2b7bd0532b471c99d2d246e6d33d9a]), partition=RANGE (key) PARTITION 178956970 <= VALUES < 268435455
I20260710 11:10:09.773103 19141 tablet_service.cc:1511] Processing CreateTablet for tablet ea69c366e0f64ff7a46a0fafe3d05e1d (DEFAULT_TABLE table=test-workload [id=0e2b7bd0532b471c99d2d246e6d33d9a]), partition=RANGE (key) PARTITION 268435455 <= VALUES < 357913940
