I20260710 11:10:22.136616 19090 tablet_copy_service.cc:161] P 9699a9e427014953b1a2bb4d9ef2cae3: Beginning new tablet copy session on tablet a1f2bb3cbc30431798d1022b761c3918 from peer e6dfb3589fd648be9ce7658b47b5f3ae at {username='slave'} at 127.0.0.1:42046: session id = e6dfb3589fd648be9ce7658b47b5f3ae-a1f2bb3cbc30431798d1022b761c3918
I20260710 11:10:22.139225 19633 tablet_copy_client.cc:538] T be2d1a98687b469bb4310d95a2a11302 P e6dfb3589fd648be9ce7658b47b5f3ae: tablet copy: Tablet Copy complete. Replacing tablet superblock.
I20260710 11:10:22.144268 19090 tablet_copy_source_session.cc:215] T a1f2bb3cbc30431798d1022b761c3918 P 9699a9e427014953b1a2bb4d9ef2cae3: Tablet Copy: opened 0 blocks and 1 log segments
I20260710 11:10:22.147763 19629 data_dirs.cc:400] Could only allocate 1 dirs of requested 3 for tablet a1f2bb3cbc30431798d1022b761c3918. 1 dirs total, 0 dirs full, 0 dirs failed
I20260710 11:10:22.150329 19633 tablet_bootstrap.cc:492] T be2d1a98687b469bb4310d95a2a11302 P e6dfb3589fd648be9ce7658b47b5f3ae: Bootstrap starting.
I20260710 11:10:22.164479 19629 tablet_copy_client.cc:806] T a1f2bb3cbc30431798d1022b761c3918 P e6dfb3589fd648be9ce7658b47b5f3ae: tablet copy: Starting download of 0 data blocks...
I20260710 11:10:22.165216 19629 tablet_copy_client.cc:670] T a1f2bb3cbc30431798d1022b761c3918 P e6dfb3589fd648be9ce7658b47b5f3ae: tablet copy: Starting download of 1 WAL segments...
I20260710 11:10:22.169382 19629 tablet_copy_client.cc:538] T a1f2bb3cbc30431798d1022b761c3918 P e6dfb3589fd648be9ce7658b47b5f3ae: tablet copy: Tablet Copy complete. Replacing tablet superblock.
I20260710 11:10:22.180753 19629 tablet_bootstrap.cc:492] T a1f2bb3cbc30431798d1022b761c3918 P e6dfb3589fd648be9ce7658b47b5f3ae: Bootstrap starting.
I20260710 11:10:22.184751 19633 tablet_bootstrap.cc:492] T be2d1a98687b469bb4310d95a2a11302 P e6dfb3589fd648be9ce7658b47b5f3ae: Bootstrap replayed 1/1 log segments. Stats: ops{read=2 overwritten=0 applied=2 ignored=0} inserts{seen=0 ignored=0} mutations{seen=0 ignored=0} orphaned_commits=0. Pending: 0 replicates
I20260710 11:10:22.186048 19633 tablet_bootstrap.cc:492] T be2d1a98687b469bb4310d95a2a11302 P e6dfb3589fd648be9ce7658b47b5f3ae: Bootstrap complete.
I20260710 11:10:22.186914 19633 ts_tablet_manager.cc:1403] T be2d1a98687b469bb4310d95a2a11302 P e6dfb3589fd648be9ce7658b47b5f3ae: Time spent bootstrapping tablet: real 0.037s	user 0.015s	sys 0.013s
I20260710 11:10:22.192795 19637 ts_tablet_manager.cc:933] T cdcec6c23b4b4a2183f23c537f9fb865 P e6dfb3589fd648be9ce7658b47b5f3ae: Initiating tablet copy from peer 021c6fd3bcd1497c97f517ec465b0e98 (127.17.117.193:40475)
I20260710 11:10:22.195464 19637 tablet_copy_client.cc:323] T cdcec6c23b4b4a2183f23c537f9fb865 P e6dfb3589fd648be9ce7658b47b5f3ae: tablet copy: Beginning tablet copy session from remote peer at address 127.17.117.193:40475
I20260710 11:10:22.195101 19633 raft_consensus.cc:359] T be2d1a98687b469bb4310d95a2a11302 P e6dfb3589fd648be9ce7658b47b5f3ae [term 1 LEARNER]: Replica starting. Triggering 0 pending ops. Active config: opid_index: 2 OBSOLETE_local: false peers { permanent_uuid: "021c6fd3bcd1497c97f517ec465b0e98" member_type: VOTER last_known_addr { host: "127.17.117.193" port: 40475 } } peers { permanent_uuid: "9699a9e427014953b1a2bb4d9ef2cae3" member_type: VOTER last_known_addr { host: "127.17.117.194" port: 38311 } } peers { permanent_uuid: "b6d66c9cdc9c4d66875ba19d287d0b31" member_type: VOTER last_known_addr { host: "127.17.117.195" port: 40255 } attrs { replace: true } } peers { permanent_uuid: "e6dfb3589fd648be9ce7658b47b5f3ae" member_type: NON_VOTER last_known_addr { host: "127.17.117.196" port: 33589 } attrs { promote: true } }
I20260710 11:10:22.196308 19633 raft_consensus.cc:740] T be2d1a98687b469bb4310d95a2a11302 P e6dfb3589fd648be9ce7658b47b5f3ae [term 1 LEARNER]: Becoming Follower/Learner. State: Replica: e6dfb3589fd648be9ce7658b47b5f3ae, State: Initialized, Role: LEARNER
I20260710 11:10:22.197747 19015 tablet_copy_service.cc:140] P 021c6fd3bcd1497c97f517ec465b0e98: Received BeginTabletCopySession request for tablet cdcec6c23b4b4a2183f23c537f9fb865 from peer e6dfb3589fd648be9ce7658b47b5f3ae ({username='slave'} at 127.0.0.1:57180)
I20260710 11:10:22.197395 19633 consensus_queue.cc:260] T be2d1a98687b469bb4310d95a2a11302 P e6dfb3589fd648be9ce7658b47b5f3ae [NON_LEADER]: Queue going to NON_LEADER mode. State: All replicated index: 0, Majority replicated index: 0, Committed index: 2, Last appended: 1.2, Last appended by leader: 2, Current term: 0, Majority size: -1, State: 0, Mode: NON_LEADER, active raft config: opid_index: 2 OBSOLETE_local: false peers { permanent_uuid: "021c6fd3bcd1497c97f517ec465b0e98" member_type: VOTER last_known_addr { host: "127.17.117.193" port: 40475 } } peers { permanent_uuid: "9699a9e427014953b1a2bb4d9ef2cae3" member_type: VOTER last_known_addr { host: "127.17.117.194" port: 38311 } } peers { permanent_uuid: "b6d66c9cdc9c4d66875ba19d287d0b31" member_type: VOTER last_known_addr { host: "127.17.117.195" port: 40255 } attrs { replace: true } } peers { permanent_uuid: "e6dfb3589fd648be9ce7658b47b5f3ae" member_type: NON_VOTER last_known_addr { host: "127.17.117.196" port: 33589 } attrs { promote: true } }
I20260710 11:10:22.198346 19015 tablet_copy_service.cc:161] P 021c6fd3bcd1497c97f517ec465b0e98: Beginning new tablet copy session on tablet cdcec6c23b4b4a2183f23c537f9fb865 from peer e6dfb3589fd648be9ce7658b47b5f3ae at {username='slave'} at 127.0.0.1:57180: session id = e6dfb3589fd648be9ce7658b47b5f3ae-cdcec6c23b4b4a2183f23c537f9fb865
I20260710 11:10:22.200451 19633 ts_tablet_manager.cc:1434] T be2d1a98687b469bb4310d95a2a11302 P e6dfb3589fd648be9ce7658b47b5f3ae: Time spent starting tablet: real 0.009s	user 0.007s	sys 0.000s
I20260710 11:10:22.202522 19090 tablet_copy_service.cc:342] P 9699a9e427014953b1a2bb4d9ef2cae3: Request end of tablet copy session e6dfb3589fd648be9ce7658b47b5f3ae-be2d1a98687b469bb4310d95a2a11302 received from {username='slave'} at 127.0.0.1:42046
I20260710 11:10:22.202986 19090 tablet_copy_service.cc:434] P 9699a9e427014953b1a2bb4d9ef2cae3: ending tablet copy session e6dfb3589fd648be9ce7658b47b5f3ae-be2d1a98687b469bb4310d95a2a11302 on tablet be2d1a98687b469bb4310d95a2a11302 with peer e6dfb3589fd648be9ce7658b47b5f3ae
I20260710 11:10:22.205112 19015 tablet_copy_source_session.cc:215] T cdcec6c23b4b4a2183f23c537f9fb865 P 021c6fd3bcd1497c97f517ec465b0e98: Tablet Copy: opened 0 blocks and 1 log segments
I20260710 11:10:22.208546 19637 data_dirs.cc:400] Could only allocate 1 dirs of requested 3 for tablet cdcec6c23b4b4a2183f23c537f9fb865. 1 dirs total, 0 dirs full, 0 dirs failed
I20260710 11:10:22.226812 19629 tablet_bootstrap.cc:492] T a1f2bb3cbc30431798d1022b761c3918 P e6dfb3589fd648be9ce7658b47b5f3ae: Bootstrap replayed 1/1 log segments. Stats: ops{read=2 overwritten=0 applied=2 ignored=0} inserts{seen=0 ignored=0} mutations{seen=0 ignored=0} orphaned_commits=0. Pending: 0 replicates
I20260710 11:10:22.228008 19629 tablet_bootstrap.cc:492] T a1f2bb3cbc30431798d1022b761c3918 P e6dfb3589fd648be9ce7658b47b5f3ae: Bootstrap complete.
I20260710 11:10:22.230964 19629 ts_tablet_manager.cc:1403] T a1f2bb3cbc30431798d1022b761c3918 P e6dfb3589fd648be9ce7658b47b5f3ae: Time spent bootstrapping tablet: real 0.048s	user 0.024s	sys 0.016s
I20260710 11:10:22.234426 19629 raft_consensus.cc:359] T a1f2bb3cbc30431798d1022b761c3918 P e6dfb3589fd648be9ce7658b47b5f3ae [term 1 LEARNER]: Replica starting. Triggering 0 pending ops. Active config: opid_index: 2 OBSOLETE_local: false peers { permanent_uuid: "021c6fd3bcd1497c97f517ec465b0e98" member_type: VOTER last_known_addr { host: "127.17.117.193" port: 40475 } attrs { replace: true } } peers { permanent_uuid: "9699a9e427014953b1a2bb4d9ef2cae3" member_type: VOTER last_known_addr { host: "127.17.117.194" port: 38311 } } peers { permanent_uuid: "b6d66c9cdc9c4d66875ba19d287d0b31" member_type: VOTER last_known_addr { host: "127.17.117.195" port: 40255 } } peers { permanent_uuid: "e6dfb3589fd648be9ce7658b47b5f3ae" member_type: NON_VOTER last_known_addr { host: "127.17.117.196" port: 33589 } attrs { promote: true } }
I20260710 11:10:22.235334 19629 raft_consensus.cc:740] T a1f2bb3cbc30431798d1022b761c3918 P e6dfb3589fd648be9ce7658b47b5f3ae [term 1 LEARNER]: Becoming Follower/Learner. State: Replica: e6dfb3589fd648be9ce7658b47b5f3ae, State: Initialized, Role: LEARNER
I20260710 11:10:22.236119 19637 tablet_copy_client.cc:806] T cdcec6c23b4b4a2183f23c537f9fb865 P e6dfb3589fd648be9ce7658b47b5f3ae: tablet copy: Starting download of 0 data blocks...
I20260710 11:10:22.235992 19629 consensus_queue.cc:260] T a1f2bb3cbc30431798d1022b761c3918 P e6dfb3589fd648be9ce7658b47b5f3ae [NON_LEADER]: Queue going to NON_LEADER mode. State: All replicated index: 0, Majority replicated index: 0, Committed index: 2, Last appended: 1.2, Last appended by leader: 2, Current term: 0, Majority size: -1, State: 0, Mode: NON_LEADER, active raft config: opid_index: 2 OBSOLETE_local: false peers { permanent_uuid: "021c6fd3bcd1497c97f517ec465b0e98" member_type: VOTER last_known_addr { host: "127.17.117.193" port: 40475 } attrs { replace: true } } peers { permanent_uuid: "9699a9e427014953b1a2bb4d9ef2cae3" member_type: VOTER last_known_addr { host: "127.17.117.194" port: 38311 } } peers { permanent_uuid: "b6d66c9cdc9c4d66875ba19d287d0b31" member_type: VOTER last_known_addr { host: "127.17.117.195" port: 40255 } } peers { permanent_uuid: "e6dfb3589fd648be9ce7658b47b5f3ae" member_type: NON_VOTER last_known_addr { host: "127.17.117.196" port: 33589 } attrs { promote: true } }
I20260710 11:10:22.236735 19637 tablet_copy_client.cc:670] T cdcec6c23b4b4a2183f23c537f9fb865 P e6dfb3589fd648be9ce7658b47b5f3ae: tablet copy: Starting download of 1 WAL segments...
I20260710 11:10:22.238900 19629 ts_tablet_manager.cc:1434] T a1f2bb3cbc30431798d1022b761c3918 P e6dfb3589fd648be9ce7658b47b5f3ae: Time spent starting tablet: real 0.008s	user 0.005s	sys 0.002s
I20260710 11:10:22.240602 19090 tablet_copy_service.cc:342] P 9699a9e427014953b1a2bb4d9ef2cae3: Request end of tablet copy session e6dfb3589fd648be9ce7658b47b5f3ae-a1f2bb3cbc30431798d1022b761c3918 received from {username='slave'} at 127.0.0.1:42046
I20260710 11:10:22.241098 19090 tablet_copy_service.cc:434] P 9699a9e427014953b1a2bb4d9ef2cae3: ending tablet copy session e6dfb3589fd648be9ce7658b47b5f3ae-a1f2bb3cbc30431798d1022b761c3918 on tablet a1f2bb3cbc30431798d1022b761c3918 with peer e6dfb3589fd648be9ce7658b47b5f3ae
I20260710 11:10:22.241432 19637 tablet_copy_client.cc:538] T cdcec6c23b4b4a2183f23c537f9fb865 P e6dfb3589fd648be9ce7658b47b5f3ae: tablet copy: Tablet Copy complete. Replacing tablet superblock.
I20260710 11:10:22.251106 19637 tablet_bootstrap.cc:492] T cdcec6c23b4b4a2183f23c537f9fb865 P e6dfb3589fd648be9ce7658b47b5f3ae: Bootstrap starting.
I20260710 11:10:22.280035 19637 tablet_bootstrap.cc:492] T cdcec6c23b4b4a2183f23c537f9fb865 P e6dfb3589fd648be9ce7658b47b5f3ae: Bootstrap replayed 1/1 log segments. Stats: ops{read=2 overwritten=0 applied=2 ignored=0} inserts{seen=0 ignored=0} mutations{seen=0 ignored=0} orphaned_commits=0. Pending: 0 replicates
I20260710 11:10:22.281139 19637 tablet_bootstrap.cc:492] T cdcec6c23b4b4a2183f23c537f9fb865 P e6dfb3589fd648be9ce7658b47b5f3ae: Bootstrap complete.
I20260710 11:10:22.281912 19637 ts_tablet_manager.cc:1403] T cdcec6c23b4b4a2183f23c537f9fb865 P e6dfb3589fd648be9ce7658b47b5f3ae: Time spent bootstrapping tablet: real 0.031s	user 0.008s	sys 0.020s
I20260710 11:10:22.284984 19637 raft_consensus.cc:359] T cdcec6c23b4b4a2183f23c537f9fb865 P e6dfb3589fd648be9ce7658b47b5f3ae [term 1 LEARNER]: Replica starting. Triggering 0 pending ops. Active config: opid_index: 2 OBSOLETE_local: false peers { permanent_uuid: "021c6fd3bcd1497c97f517ec465b0e98" member_type: VOTER last_known_addr { host: "127.17.117.193" port: 40475 } } peers { permanent_uuid: "9699a9e427014953b1a2bb4d9ef2cae3" member_type: VOTER last_known_addr { host: "127.17.117.194" port: 38311 } attrs { replace: true } } peers { permanent_uuid: "b6d66c9cdc9c4d66875ba19d287d0b31" member_type: VOTER last_known_addr { host: "127.17.117.195" port: 40255 } } peers { permanent_uuid: "e6dfb3589fd648be9ce7658b47b5f3ae" member_type: NON_VOTER last_known_addr { host: "127.17.117.196" port: 33589 } attrs { promote: true } }
I20260710 11:10:22.285892 19637 raft_consensus.cc:740] T cdcec6c23b4b4a2183f23c537f9fb865 P e6dfb3589fd648be9ce7658b47b5f3ae [term 1 LEARNER]: Becoming Follower/Learner. State: Replica: e6dfb3589fd648be9ce7658b47b5f3ae, State: Initialized, Role: LEARNER
I20260710 11:10:22.286574 19637 consensus_queue.cc:260] T cdcec6c23b4b4a2183f23c537f9fb865 P e6dfb3589fd648be9ce7658b47b5f3ae [NON_LEADER]: Queue going to NON_LEADER mode. State: All replicated index: 0, Majority replicated index: 0, Committed index: 2, Last appended: 1.2, Last appended by leader: 2, Current term: 0, Majority size: -1, State: 0, Mode: NON_LEADER, active raft config: opid_index: 2 OBSOLETE_local: false peers { permanent_uuid: "021c6fd3bcd1497c97f517ec465b0e98" member_type: VOTER last_known_addr { host: "127.17.117.193" port: 40475 } } peers { permanent_uuid: "9699a9e427014953b1a2bb4d9ef2cae3" member_type: VOTER last_known_addr { host: "127.17.117.194" port: 38311 } attrs { replace: true } } peers { permanent_uuid: "b6d66c9cdc9c4d66875ba19d287d0b31" member_type: VOTER last_known_addr { host: "127.17.117.195" port: 40255 } } peers { permanent_uuid: "e6dfb3589fd648be9ce7658b47b5f3ae" member_type: NON_VOTER last_known_addr { host: "127.17.117.196" port: 33589 } attrs { promote: true } }
I20260710 11:10:22.289157 19637 ts_tablet_manager.cc:1434] T cdcec6c23b4b4a2183f23c537f9fb865 P e6dfb3589fd648be9ce7658b47b5f3ae: Time spent starting tablet: real 0.007s	user 0.005s	sys 0.000s
I20260710 11:10:22.291796 19015 tablet_copy_service.cc:342] P 021c6fd3bcd1497c97f517ec465b0e98: Request end of tablet copy session e6dfb3589fd648be9ce7658b47b5f3ae-cdcec6c23b4b4a2183f23c537f9fb865 received from {username='slave'} at 127.0.0.1:57180
I20260710 11:10:22.292225 19015 tablet_copy_service.cc:434] P 021c6fd3bcd1497c97f517ec465b0e98: ending tablet copy session e6dfb3589fd648be9ce7658b47b5f3ae-cdcec6c23b4b4a2183f23c537f9fb865 on tablet cdcec6c23b4b4a2183f23c537f9fb865 with peer e6dfb3589fd648be9ce7658b47b5f3ae
I20260710 11:10:22.494524 19433 raft_consensus.cc:1217] T 9a2d50d30e4a4291bbc2e7ac5e0b49fe P e6dfb3589fd648be9ce7658b47b5f3ae [term 1 LEARNER]: Deduplicated request from leader. Original: 1.1->[1.2-1.2]   Dedup: 1.2->[]
I20260710 11:10:22.580440 19433 raft_consensus.cc:1217] T a1f2bb3cbc30431798d1022b761c3918 P e6dfb3589fd648be9ce7658b47b5f3ae [term 1 LEARNER]: Deduplicated request from leader. Original: 1.1->[1.2-1.2]   Dedup: 1.2->[]
I20260710 11:10:22.675107 19433 raft_consensus.cc:1217] T cdcec6c23b4b4a2183f23c537f9fb865 P e6dfb3589fd648be9ce7658b47b5f3ae [term 1 LEARNER]: Deduplicated request from leader. Original: 1.1->[1.2-1.2]   Dedup: 1.2->[]
I20260710 11:10:22.714757 19433 raft_consensus.cc:1217] T be2d1a98687b469bb4310d95a2a11302 P e6dfb3589fd648be9ce7658b47b5f3ae [term 1 LEARNER]: Deduplicated request from leader. Original: 1.1->[1.2-1.2]   Dedup: 1.2->[]
I20260710 11:10:23.024735 19610 raft_consensus.cc:1064] T a1f2bb3cbc30431798d1022b761c3918 P 9699a9e427014953b1a2bb4d9ef2cae3: attempting to promote NON_VOTER e6dfb3589fd648be9ce7658b47b5f3ae to VOTER
I20260710 11:10:23.027267 19610 consensus_queue.cc:237] T a1f2bb3cbc30431798d1022b761c3918 P 9699a9e427014953b1a2bb4d9ef2cae3 [LEADER]: Queue going to LEADER mode. State: All replicated index: 0, Majority replicated index: 2, Committed index: 2, Last appended: 1.2, Last appended by leader: 0, Current term: 1, Majority size: 3, State: 0, Mode: LEADER, active raft config: opid_index: 3 OBSOLETE_local: false peers { permanent_uuid: "021c6fd3bcd1497c97f517ec465b0e98" member_type: VOTER last_known_addr { host: "127.17.117.193" port: 40475 } attrs { replace: true } } peers { permanent_uuid: "9699a9e427014953b1a2bb4d9ef2cae3" member_type: VOTER last_known_addr { host: "127.17.117.194" port: 38311 } } peers { permanent_uuid: "b6d66c9cdc9c4d66875ba19d287d0b31" member_type: VOTER last_known_addr { host: "127.17.117.195" port: 40255 } } peers { permanent_uuid: "e6dfb3589fd648be9ce7658b47b5f3ae" member_type: VOTER last_known_addr { host: "127.17.117.196" port: 33589 } attrs { promote: false } }
I20260710 11:10:23.036576 19433 raft_consensus.cc:1275] T a1f2bb3cbc30431798d1022b761c3918 P e6dfb3589fd648be9ce7658b47b5f3ae [term 1 LEARNER]: Refusing update from remote peer 9699a9e427014953b1a2bb4d9ef2cae3: Log matching property violated. Preceding OpId in replica: term: 1 index: 2. Preceding OpId from leader: term: 1 index: 3. (index mismatch)
I20260710 11:10:23.036576 19153 raft_consensus.cc:1275] T a1f2bb3cbc30431798d1022b761c3918 P b6d66c9cdc9c4d66875ba19d287d0b31 [term 1 FOLLOWER]: Refusing update from remote peer 9699a9e427014953b1a2bb4d9ef2cae3: Log matching property violated. Preceding OpId in replica: term: 1 index: 2. Preceding OpId from leader: term: 1 index: 3. (index mismatch)
I20260710 11:10:23.038141 19003 raft_consensus.cc:1275] T a1f2bb3cbc30431798d1022b761c3918 P 021c6fd3bcd1497c97f517ec465b0e98 [term 1 FOLLOWER]: Refusing update from remote peer 9699a9e427014953b1a2bb4d9ef2cae3: Log matching property violated. Preceding OpId in replica: term: 1 index: 2. Preceding OpId from leader: term: 1 index: 3. (index mismatch)
I20260710 11:10:23.039705 19601 consensus_queue.cc:1048] T a1f2bb3cbc30431798d1022b761c3918 P 9699a9e427014953b1a2bb4d9ef2cae3 [LEADER]: Connected to new peer: Peer: permanent_uuid: "b6d66c9cdc9c4d66875ba19d287d0b31" member_type: VOTER last_known_addr { host: "127.17.117.195" port: 40255 }, Status: LMP_MISMATCH, Last received: 0.0, Next index: 3, Last known committed idx: 2, Time since last communication: 0.000s
I20260710 11:10:23.040612 19642 consensus_queue.cc:1048] T a1f2bb3cbc30431798d1022b761c3918 P 9699a9e427014953b1a2bb4d9ef2cae3 [LEADER]: Connected to new peer: Peer: permanent_uuid: "e6dfb3589fd648be9ce7658b47b5f3ae" member_type: VOTER last_known_addr { host: "127.17.117.196" port: 33589 } attrs { promote: false }, Status: LMP_MISMATCH, Last received: 0.0, Next index: 3, Last known committed idx: 2, Time since last communication: 0.000s
I20260710 11:10:23.041564 19610 consensus_queue.cc:1048] T a1f2bb3cbc30431798d1022b761c3918 P 9699a9e427014953b1a2bb4d9ef2cae3 [LEADER]: Connected to new peer: Peer: permanent_uuid: "021c6fd3bcd1497c97f517ec465b0e98" member_type: VOTER last_known_addr { host: "127.17.117.193" port: 40475 } attrs { replace: true }, Status: LMP_MISMATCH, Last received: 0.0, Next index: 3, Last known committed idx: 2, Time since last communication: 0.000s
I20260710 11:10:23.061218 19610 raft_consensus.cc:2955] T a1f2bb3cbc30431798d1022b761c3918 P 9699a9e427014953b1a2bb4d9ef2cae3 [term 1 LEADER]: Committing config change with OpId 1.3: config changed from index 2 to 3, e6dfb3589fd648be9ce7658b47b5f3ae (127.17.117.196) changed from NON_VOTER to VOTER. New config: { opid_index: 3 OBSOLETE_local: false peers { permanent_uuid: "021c6fd3bcd1497c97f517ec465b0e98" member_type: VOTER last_known_addr { host: "127.17.117.193" port: 40475 } attrs { replace: true } } peers { permanent_uuid: "9699a9e427014953b1a2bb4d9ef2cae3" member_type: VOTER last_known_addr { host: "127.17.117.194" port: 38311 } } peers { permanent_uuid: "b6d66c9cdc9c4d66875ba19d287d0b31" member_type: VOTER last_known_addr { host: "127.17.117.195" port: 40255 } } peers { permanent_uuid: "e6dfb3589fd648be9ce7658b47b5f3ae" member_type: VOTER last_known_addr { host: "127.17.117.196" port: 33589 } attrs { promote: false } } }
I20260710 11:10:23.063185 19433 raft_consensus.cc:2955] T a1f2bb3cbc30431798d1022b761c3918 P e6dfb3589fd648be9ce7658b47b5f3ae [term 1 FOLLOWER]: Committing config change with OpId 1.3: config changed from index 2 to 3, e6dfb3589fd648be9ce7658b47b5f3ae (127.17.117.196) changed from NON_VOTER to VOTER. New config: { opid_index: 3 OBSOLETE_local: false peers { permanent_uuid: "021c6fd3bcd1497c97f517ec465b0e98" member_type: VOTER last_known_addr { host: "127.17.117.193" port: 40475 } attrs { replace: true } } peers { permanent_uuid: "9699a9e427014953b1a2bb4d9ef2cae3" member_type: VOTER last_known_addr { host: "127.17.117.194" port: 38311 } } peers { permanent_uuid: "b6d66c9cdc9c4d66875ba19d287d0b31" member_type: VOTER last_known_addr { host: "127.17.117.195" port: 40255 } } peers { permanent_uuid: "e6dfb3589fd648be9ce7658b47b5f3ae" member_type: VOTER last_known_addr { host: "127.17.117.196" port: 33589 } attrs { promote: false } } }
I20260710 11:10:23.064886 19153 raft_consensus.cc:2955] T a1f2bb3cbc30431798d1022b761c3918 P b6d66c9cdc9c4d66875ba19d287d0b31 [term 1 FOLLOWER]: Committing config change with OpId 1.3: config changed from index 2 to 3, e6dfb3589fd648be9ce7658b47b5f3ae (127.17.117.196) changed from NON_VOTER to VOTER. New config: { opid_index: 3 OBSOLETE_local: false peers { permanent_uuid: "021c6fd3bcd1497c97f517ec465b0e98" member_type: VOTER last_known_addr { host: "127.17.117.193" port: 40475 } attrs { replace: true } } peers { permanent_uuid: "9699a9e427014953b1a2bb4d9ef2cae3" member_type: VOTER last_known_addr { host: "127.17.117.194" port: 38311 } } peers { permanent_uuid: "b6d66c9cdc9c4d66875ba19d287d0b31" member_type: VOTER last_known_addr { host: "127.17.117.195" port: 40255 } } peers { permanent_uuid: "e6dfb3589fd648be9ce7658b47b5f3ae" member_type: VOTER last_known_addr { host: "127.17.117.196" port: 33589 } attrs { promote: false } } }
I20260710 11:10:23.079348 18901 catalog_manager.cc:5697] T a1f2bb3cbc30431798d1022b761c3918 P b6d66c9cdc9c4d66875ba19d287d0b31 reported cstate change: config changed from index 2 to 3, e6dfb3589fd648be9ce7658b47b5f3ae (127.17.117.196) changed from NON_VOTER to VOTER. New cstate: current_term: 1 leader_uuid: "9699a9e427014953b1a2bb4d9ef2cae3" committed_config { opid_index: 3 OBSOLETE_local: false peers { permanent_uuid: "021c6fd3bcd1497c97f517ec465b0e98" member_type: VOTER last_known_addr { host: "127.17.117.193" port: 40475 } attrs { replace: true } } peers { permanent_uuid: "9699a9e427014953b1a2bb4d9ef2cae3" member_type: VOTER last_known_addr { host: "127.17.117.194" port: 38311 } } peers { permanent_uuid: "b6d66c9cdc9c4d66875ba19d287d0b31" member_type: VOTER last_known_addr { host: "127.17.117.195" port: 40255 } } peers { permanent_uuid: "e6dfb3589fd648be9ce7658b47b5f3ae" member_type: VOTER last_known_addr { host: "127.17.117.196" port: 33589 } attrs { promote: false } } }
I20260710 11:10:23.096483 19003 raft_consensus.cc:2955] T a1f2bb3cbc30431798d1022b761c3918 P 021c6fd3bcd1497c97f517ec465b0e98 [term 1 FOLLOWER]: Committing config change with OpId 1.3: config changed from index 2 to 3, e6dfb3589fd648be9ce7658b47b5f3ae (127.17.117.196) changed from NON_VOTER to VOTER. New config: { opid_index: 3 OBSOLETE_local: false peers { permanent_uuid: "021c6fd3bcd1497c97f517ec465b0e98" member_type: VOTER last_known_addr { host: "127.17.117.193" port: 40475 } attrs { replace: true } } peers { permanent_uuid: "9699a9e427014953b1a2bb4d9ef2cae3" member_type: VOTER last_known_addr { host: "127.17.117.194" port: 38311 } } peers { permanent_uuid: "b6d66c9cdc9c4d66875ba19d287d0b31" member_type: VOTER last_known_addr { host: "127.17.117.195" port: 40255 } } peers { permanent_uuid: "e6dfb3589fd648be9ce7658b47b5f3ae" member_type: VOTER last_known_addr { host: "127.17.117.196" port: 33589 } attrs { promote: false } } }
I20260710 11:10:23.115450 19078 consensus_queue.cc:237] T a1f2bb3cbc30431798d1022b761c3918 P 9699a9e427014953b1a2bb4d9ef2cae3 [LEADER]: Queue going to LEADER mode. State: All replicated index: 0, Majority replicated index: 3, Committed index: 3, Last appended: 1.3, Last appended by leader: 0, Current term: 1, Majority size: 2, State: 0, Mode: LEADER, active raft config: opid_index: 4 OBSOLETE_local: false peers { permanent_uuid: "9699a9e427014953b1a2bb4d9ef2cae3" member_type: VOTER last_known_addr { host: "127.17.117.194" port: 38311 } } peers { permanent_uuid: "b6d66c9cdc9c4d66875ba19d287d0b31" member_type: VOTER last_known_addr { host: "127.17.117.195" port: 40255 } } peers { permanent_uuid: "e6dfb3589fd648be9ce7658b47b5f3ae" member_type: VOTER last_known_addr { host: "127.17.117.196" port: 33589 } attrs { promote: false } }
I20260710 11:10:23.121263 19610 raft_consensus.cc:1064] T 9a2d50d30e4a4291bbc2e7ac5e0b49fe P 9699a9e427014953b1a2bb4d9ef2cae3: attempting to promote NON_VOTER e6dfb3589fd648be9ce7658b47b5f3ae to VOTER
I20260710 11:10:23.124051 19433 raft_consensus.cc:1275] T a1f2bb3cbc30431798d1022b761c3918 P e6dfb3589fd648be9ce7658b47b5f3ae [term 1 FOLLOWER]: Refusing update from remote peer 9699a9e427014953b1a2bb4d9ef2cae3: Log matching property violated. Preceding OpId in replica: term: 1 index: 3. Preceding OpId from leader: term: 1 index: 4. (index mismatch)
I20260710 11:10:23.125406 19610 consensus_queue.cc:237] T 9a2d50d30e4a4291bbc2e7ac5e0b49fe P 9699a9e427014953b1a2bb4d9ef2cae3 [LEADER]: Queue going to LEADER mode. State: All replicated index: 0, Majority replicated index: 2, Committed index: 2, Last appended: 1.2, Last appended by leader: 0, Current term: 1, Majority size: 3, State: 0, Mode: LEADER, active raft config: opid_index: 3 OBSOLETE_local: false peers { permanent_uuid: "021c6fd3bcd1497c97f517ec465b0e98" member_type: VOTER last_known_addr { host: "127.17.117.193" port: 40475 } attrs { replace: true } } peers { permanent_uuid: "9699a9e427014953b1a2bb4d9ef2cae3" member_type: VOTER last_known_addr { host: "127.17.117.194" port: 38311 } } peers { permanent_uuid: "b6d66c9cdc9c4d66875ba19d287d0b31" member_type: VOTER last_known_addr { host: "127.17.117.195" port: 40255 } } peers { permanent_uuid: "e6dfb3589fd648be9ce7658b47b5f3ae" member_type: VOTER last_known_addr { host: "127.17.117.196" port: 33589 } attrs { promote: false } }
I20260710 11:10:23.129594 19153 raft_consensus.cc:1275] T a1f2bb3cbc30431798d1022b761c3918 P b6d66c9cdc9c4d66875ba19d287d0b31 [term 1 FOLLOWER]: Refusing update from remote peer 9699a9e427014953b1a2bb4d9ef2cae3: Log matching property violated. Preceding OpId in replica: term: 1 index: 3. Preceding OpId from leader: term: 1 index: 4. (index mismatch)
I20260710 11:10:23.133330 19642 consensus_queue.cc:1048] T a1f2bb3cbc30431798d1022b761c3918 P 9699a9e427014953b1a2bb4d9ef2cae3 [LEADER]: Connected to new peer: Peer: permanent_uuid: "e6dfb3589fd648be9ce7658b47b5f3ae" member_type: VOTER last_known_addr { host: "127.17.117.196" port: 33589 } attrs { promote: false }, Status: LMP_MISMATCH, Last received: 0.0, Next index: 4, Last known committed idx: 3, Time since last communication: 0.001s
I20260710 11:10:23.146112 19624 raft_consensus.cc:1064] T cdcec6c23b4b4a2183f23c537f9fb865 P 021c6fd3bcd1497c97f517ec465b0e98: attempting to promote NON_VOTER e6dfb3589fd648be9ce7658b47b5f3ae to VOTER
I20260710 11:10:23.149111 19624 consensus_queue.cc:237] T cdcec6c23b4b4a2183f23c537f9fb865 P 021c6fd3bcd1497c97f517ec465b0e98 [LEADER]: Queue going to LEADER mode. State: All replicated index: 0, Majority replicated index: 2, Committed index: 2, Last appended: 1.2, Last appended by leader: 0, Current term: 1, Majority size: 3, State: 0, Mode: LEADER, active raft config: opid_index: 3 OBSOLETE_local: false peers { permanent_uuid: "021c6fd3bcd1497c97f517ec465b0e98" member_type: VOTER last_known_addr { host: "127.17.117.193" port: 40475 } } peers { permanent_uuid: "9699a9e427014953b1a2bb4d9ef2cae3" member_type: VOTER last_known_addr { host: "127.17.117.194" port: 38311 } attrs { replace: true } } peers { permanent_uuid: "b6d66c9cdc9c4d66875ba19d287d0b31" member_type: VOTER last_known_addr { host: "127.17.117.195" port: 40255 } } peers { permanent_uuid: "e6dfb3589fd648be9ce7658b47b5f3ae" member_type: VOTER last_known_addr { host: "127.17.117.196" port: 33589 } attrs { promote: false } }
I20260710 11:10:23.156913 19643 consensus_queue.cc:1048] T a1f2bb3cbc30431798d1022b761c3918 P 9699a9e427014953b1a2bb4d9ef2cae3 [LEADER]: Connected to new peer: Peer: permanent_uuid: "b6d66c9cdc9c4d66875ba19d287d0b31" member_type: VOTER last_known_addr { host: "127.17.117.195" port: 40255 }, Status: LMP_MISMATCH, Last received: 0.0, Next index: 4, Last known committed idx: 3, Time since last communication: 0.001s
I20260710 11:10:23.160781 19601 raft_consensus.cc:2955] T a1f2bb3cbc30431798d1022b761c3918 P 9699a9e427014953b1a2bb4d9ef2cae3 [term 1 LEADER]: Committing config change with OpId 1.4: config changed from index 3 to 4, VOTER 021c6fd3bcd1497c97f517ec465b0e98 (127.17.117.193) evicted. New config: { opid_index: 4 OBSOLETE_local: false peers { permanent_uuid: "9699a9e427014953b1a2bb4d9ef2cae3" member_type: VOTER last_known_addr { host: "127.17.117.194" port: 38311 } } peers { permanent_uuid: "b6d66c9cdc9c4d66875ba19d287d0b31" member_type: VOTER last_known_addr { host: "127.17.117.195" port: 40255 } } peers { permanent_uuid: "e6dfb3589fd648be9ce7658b47b5f3ae" member_type: VOTER last_known_addr { host: "127.17.117.196" port: 33589 } attrs { promote: false } } }
I20260710 11:10:23.217343 19642 raft_consensus.cc:1064] T be2d1a98687b469bb4310d95a2a11302 P 9699a9e427014953b1a2bb4d9ef2cae3: attempting to promote NON_VOTER e6dfb3589fd648be9ce7658b47b5f3ae to VOTER
I20260710 11:10:23.189929 19433 raft_consensus.cc:2955] T a1f2bb3cbc30431798d1022b761c3918 P e6dfb3589fd648be9ce7658b47b5f3ae [term 1 FOLLOWER]: Committing config change with OpId 1.4: config changed from index 3 to 4, VOTER 021c6fd3bcd1497c97f517ec465b0e98 (127.17.117.193) evicted. New config: { opid_index: 4 OBSOLETE_local: false peers { permanent_uuid: "9699a9e427014953b1a2bb4d9ef2cae3" member_type: VOTER last_known_addr { host: "127.17.117.194" port: 38311 } } peers { permanent_uuid: "b6d66c9cdc9c4d66875ba19d287d0b31" member_type: VOTER last_known_addr { host: "127.17.117.195" port: 40255 } } peers { permanent_uuid: "e6dfb3589fd648be9ce7658b47b5f3ae" member_type: VOTER last_known_addr { host: "127.17.117.196" port: 33589 } attrs { promote: false } } }
I20260710 11:10:23.246196 18902 catalog_manager.cc:5697] T a1f2bb3cbc30431798d1022b761c3918 P e6dfb3589fd648be9ce7658b47b5f3ae reported cstate change: config changed from index 3 to 4, VOTER 021c6fd3bcd1497c97f517ec465b0e98 (127.17.117.193) evicted. New cstate: current_term: 1 leader_uuid: "9699a9e427014953b1a2bb4d9ef2cae3" committed_config { opid_index: 4 OBSOLETE_local: false peers { permanent_uuid: "9699a9e427014953b1a2bb4d9ef2cae3" member_type: VOTER last_known_addr { host: "127.17.117.194" port: 38311 } } peers { permanent_uuid: "b6d66c9cdc9c4d66875ba19d287d0b31" member_type: VOTER last_known_addr { host: "127.17.117.195" port: 40255 } } peers { permanent_uuid: "e6dfb3589fd648be9ce7658b47b5f3ae" member_type: VOTER last_known_addr { host: "127.17.117.196" port: 33589 } attrs { promote: false } } }
I20260710 11:10:23.254755 19642 consensus_queue.cc:237] T be2d1a98687b469bb4310d95a2a11302 P 9699a9e427014953b1a2bb4d9ef2cae3 [LEADER]: Queue going to LEADER mode. State: All replicated index: 0, Majority replicated index: 2, Committed index: 2, Last appended: 1.2, Last appended by leader: 0, Current term: 1, Majority size: 3, State: 0, Mode: LEADER, active raft config: opid_index: 3 OBSOLETE_local: false peers { permanent_uuid: "021c6fd3bcd1497c97f517ec465b0e98" member_type: VOTER last_known_addr { host: "127.17.117.193" port: 40475 } } peers { permanent_uuid: "9699a9e427014953b1a2bb4d9ef2cae3" member_type: VOTER last_known_addr { host: "127.17.117.194" port: 38311 } } peers { permanent_uuid: "b6d66c9cdc9c4d66875ba19d287d0b31" member_type: VOTER last_known_addr { host: "127.17.117.195" port: 40255 } attrs { replace: true } } peers { permanent_uuid: "e6dfb3589fd648be9ce7658b47b5f3ae" member_type: VOTER last_known_addr { host: "127.17.117.196" port: 33589 } attrs { promote: false } }
I20260710 11:10:23.259264 18993 tablet_service.cc:1558] Processing DeleteTablet for tablet a1f2bb3cbc30431798d1022b761c3918 with delete_type TABLET_DATA_TOMBSTONED (TS 021c6fd3bcd1497c97f517ec465b0e98 not found in new config with opid_index 4) from {username='slave'} at 127.0.0.1:59224
I20260710 11:10:23.261441 19658 tablet_replica.cc:333] T a1f2bb3cbc30431798d1022b761c3918 P 021c6fd3bcd1497c97f517ec465b0e98: stopping tablet replica
I20260710 11:10:23.262594 19658 raft_consensus.cc:2243] T a1f2bb3cbc30431798d1022b761c3918 P 021c6fd3bcd1497c97f517ec465b0e98 [term 1 FOLLOWER]: Raft consensus shutting down.
I20260710 11:10:23.263440 19658 raft_consensus.cc:2272] T a1f2bb3cbc30431798d1022b761c3918 P 021c6fd3bcd1497c97f517ec465b0e98 [term 1 FOLLOWER]: Raft consensus is shut down!
I20260710 11:10:23.269621 19153 raft_consensus.cc:2955] T a1f2bb3cbc30431798d1022b761c3918 P b6d66c9cdc9c4d66875ba19d287d0b31 [term 1 FOLLOWER]: Committing config change with OpId 1.4: config changed from index 3 to 4, VOTER 021c6fd3bcd1497c97f517ec465b0e98 (127.17.117.193) evicted. New config: { opid_index: 4 OBSOLETE_local: false peers { permanent_uuid: "9699a9e427014953b1a2bb4d9ef2cae3" member_type: VOTER last_known_addr { host: "127.17.117.194" port: 38311 } } peers { permanent_uuid: "b6d66c9cdc9c4d66875ba19d287d0b31" member_type: VOTER last_known_addr { host: "127.17.117.195" port: 40255 } } peers { permanent_uuid: "e6dfb3589fd648be9ce7658b47b5f3ae" member_type: VOTER last_known_addr { host: "127.17.117.196" port: 33589 } attrs { promote: false } } }
I20260710 11:10:23.271937 19658 ts_tablet_manager.cc:1916] T a1f2bb3cbc30431798d1022b761c3918 P 021c6fd3bcd1497c97f517ec465b0e98: Deleting tablet data with delete state TABLET_DATA_TOMBSTONED
I20260710 11:10:23.276090 19154 raft_consensus.cc:1275] T cdcec6c23b4b4a2183f23c537f9fb865 P b6d66c9cdc9c4d66875ba19d287d0b31 [term 1 FOLLOWER]: Refusing update from remote peer 021c6fd3bcd1497c97f517ec465b0e98: Log matching property violated. Preceding OpId in replica: term: 1 index: 2. Preceding OpId from leader: term: 1 index: 3. (index mismatch)
I20260710 11:10:23.277287 19078 raft_consensus.cc:1275] T cdcec6c23b4b4a2183f23c537f9fb865 P 9699a9e427014953b1a2bb4d9ef2cae3 [term 1 FOLLOWER]: Refusing update from remote peer 021c6fd3bcd1497c97f517ec465b0e98: Log matching property violated. Preceding OpId in replica: term: 1 index: 2. Preceding OpId from leader: term: 1 index: 3. (index mismatch)
I20260710 11:10:23.278031 19644 consensus_queue.cc:1048] T cdcec6c23b4b4a2183f23c537f9fb865 P 021c6fd3bcd1497c97f517ec465b0e98 [LEADER]: Connected to new peer: Peer: permanent_uuid: "b6d66c9cdc9c4d66875ba19d287d0b31" member_type: VOTER last_known_addr { host: "127.17.117.195" port: 40255 }, Status: LMP_MISMATCH, Last received: 0.0, Next index: 3, Last known committed idx: 2, Time since last communication: 0.000s
I20260710 11:10:23.279032 19625 consensus_queue.cc:1048] T cdcec6c23b4b4a2183f23c537f9fb865 P 021c6fd3bcd1497c97f517ec465b0e98 [LEADER]: Connected to new peer: Peer: permanent_uuid: "9699a9e427014953b1a2bb4d9ef2cae3" member_type: VOTER last_known_addr { host: "127.17.117.194" port: 38311 } attrs { replace: true }, Status: LMP_MISMATCH, Last received: 0.0, Next index: 3, Last known committed idx: 2, Time since last communication: 0.001s
I20260710 11:10:23.284694 19432 raft_consensus.cc:1275] T cdcec6c23b4b4a2183f23c537f9fb865 P e6dfb3589fd648be9ce7658b47b5f3ae [term 1 LEARNER]: Refusing update from remote peer 021c6fd3bcd1497c97f517ec465b0e98: Log matching property violated. Preceding OpId in replica: term: 1 index: 2. Preceding OpId from leader: term: 1 index: 3. (index mismatch)
I20260710 11:10:23.290834 19625 consensus_queue.cc:1048] T cdcec6c23b4b4a2183f23c537f9fb865 P 021c6fd3bcd1497c97f517ec465b0e98 [LEADER]: Connected to new peer: Peer: permanent_uuid: "e6dfb3589fd648be9ce7658b47b5f3ae" member_type: VOTER last_known_addr { host: "127.17.117.196" port: 33589 } attrs { promote: false }, Status: LMP_MISMATCH, Last received: 0.0, Next index: 3, Last known committed idx: 2, Time since last communication: 0.001s
I20260710 11:10:23.314741 18887 catalog_manager.cc:5210] ChangeConfig:REMOVE_PEER RPC for tablet a1f2bb3cbc30431798d1022b761c3918 with cas_config_opid_index 3: ChangeConfig:REMOVE_PEER succeeded (attempt 1)
I20260710 11:10:23.319705 19624 raft_consensus.cc:2955] T cdcec6c23b4b4a2183f23c537f9fb865 P 021c6fd3bcd1497c97f517ec465b0e98 [term 1 LEADER]: Committing config change with OpId 1.3: config changed from index 2 to 3, e6dfb3589fd648be9ce7658b47b5f3ae (127.17.117.196) changed from NON_VOTER to VOTER. New config: { opid_index: 3 OBSOLETE_local: false peers { permanent_uuid: "021c6fd3bcd1497c97f517ec465b0e98" member_type: VOTER last_known_addr { host: "127.17.117.193" port: 40475 } } peers { permanent_uuid: "9699a9e427014953b1a2bb4d9ef2cae3" member_type: VOTER last_known_addr { host: "127.17.117.194" port: 38311 } attrs { replace: true } } peers { permanent_uuid: "b6d66c9cdc9c4d66875ba19d287d0b31" member_type: VOTER last_known_addr { host: "127.17.117.195" port: 40255 } } peers { permanent_uuid: "e6dfb3589fd648be9ce7658b47b5f3ae" member_type: VOTER last_known_addr { host: "127.17.117.196" port: 33589 } attrs { promote: false } } }
I20260710 11:10:23.320925 19077 raft_consensus.cc:2955] T cdcec6c23b4b4a2183f23c537f9fb865 P 9699a9e427014953b1a2bb4d9ef2cae3 [term 1 FOLLOWER]: Committing config change with OpId 1.3: config changed from index 2 to 3, e6dfb3589fd648be9ce7658b47b5f3ae (127.17.117.196) changed from NON_VOTER to VOTER. New config: { opid_index: 3 OBSOLETE_local: false peers { permanent_uuid: "021c6fd3bcd1497c97f517ec465b0e98" member_type: VOTER last_known_addr { host: "127.17.117.193" port: 40475 } } peers { permanent_uuid: "9699a9e427014953b1a2bb4d9ef2cae3" member_type: VOTER last_known_addr { host: "127.17.117.194" port: 38311 } attrs { replace: true } } peers { permanent_uuid: "b6d66c9cdc9c4d66875ba19d287d0b31" member_type: VOTER last_known_addr { host: "127.17.117.195" port: 40255 } } peers { permanent_uuid: "e6dfb3589fd648be9ce7658b47b5f3ae" member_type: VOTER last_known_addr { host: "127.17.117.196" port: 33589 } attrs { promote: false } } }
I20260710 11:10:23.324344 19658 ts_tablet_manager.cc:1929] T a1f2bb3cbc30431798d1022b761c3918 P 021c6fd3bcd1497c97f517ec465b0e98: tablet deleted with delete type TABLET_DATA_TOMBSTONED: last-logged OpId 1.3
I20260710 11:10:23.325682 19154 raft_consensus.cc:1275] T be2d1a98687b469bb4310d95a2a11302 P b6d66c9cdc9c4d66875ba19d287d0b31 [term 1 FOLLOWER]: Refusing update from remote peer 9699a9e427014953b1a2bb4d9ef2cae3: Log matching property violated. Preceding OpId in replica: term: 1 index: 2. Preceding OpId from leader: term: 1 index: 3. (index mismatch)
I20260710 11:10:23.326617 19658 log.cc:1199] T a1f2bb3cbc30431798d1022b761c3918 P 021c6fd3bcd1497c97f517ec465b0e98: Deleting WAL directory at /tmp/dist-test-taskw9db38/test-tmp/auto_leader_rebalancer-test.0.LeaderRebalancerTest.AddTserver.1783681783718578-17879-0/minicluster-data/ts-0-root/wals/a1f2bb3cbc30431798d1022b761c3918
I20260710 11:10:23.327777 19431 raft_consensus.cc:1275] T be2d1a98687b469bb4310d95a2a11302 P e6dfb3589fd648be9ce7658b47b5f3ae [term 1 LEARNER]: Refusing update from remote peer 9699a9e427014953b1a2bb4d9ef2cae3: Log matching property violated. Preceding OpId in replica: term: 1 index: 2. Preceding OpId from leader: term: 1 index: 3. (index mismatch)
I20260710 11:10:23.328953 18889 catalog_manager.cc:5028] TS 021c6fd3bcd1497c97f517ec465b0e98 (127.17.117.193:40475): tablet a1f2bb3cbc30431798d1022b761c3918 (table test-workload [id=0e2b7bd0532b471c99d2d246e6d33d9a]) successfully deleted
I20260710 11:10:23.325682 19433 raft_consensus.cc:1275] T 9a2d50d30e4a4291bbc2e7ac5e0b49fe P e6dfb3589fd648be9ce7658b47b5f3ae [term 1 LEARNER]: Refusing update from remote peer 9699a9e427014953b1a2bb4d9ef2cae3: Log matching property violated. Preceding OpId in replica: term: 1 index: 2. Preceding OpId from leader: term: 1 index: 3. (index mismatch)
I20260710 11:10:23.332442 19003 raft_consensus.cc:1275] T be2d1a98687b469bb4310d95a2a11302 P 021c6fd3bcd1497c97f517ec465b0e98 [term 1 FOLLOWER]: Refusing update from remote peer 9699a9e427014953b1a2bb4d9ef2cae3: Log matching property violated. Preceding OpId in replica: term: 1 index: 2. Preceding OpId from leader: term: 1 index: 3. (index mismatch)
I20260710 11:10:23.338640 19154 raft_consensus.cc:1275] T 9a2d50d30e4a4291bbc2e7ac5e0b49fe P b6d66c9cdc9c4d66875ba19d287d0b31 [term 1 FOLLOWER]: Refusing update from remote peer 9699a9e427014953b1a2bb4d9ef2cae3: Log matching property violated. Preceding OpId in replica: term: 1 index: 2. Preceding OpId from leader: term: 1 index: 3. (index mismatch)
I20260710 11:10:23.338800 19655 consensus_queue.cc:1048] T be2d1a98687b469bb4310d95a2a11302 P 9699a9e427014953b1a2bb4d9ef2cae3 [LEADER]: Connected to new peer: Peer: permanent_uuid: "021c6fd3bcd1497c97f517ec465b0e98" member_type: VOTER last_known_addr { host: "127.17.117.193" port: 40475 }, Status: LMP_MISMATCH, Last received: 0.0, Next index: 3, Last known committed idx: 2, Time since last communication: 0.001s
I20260710 11:10:23.339977 19003 raft_consensus.cc:1275] T 9a2d50d30e4a4291bbc2e7ac5e0b49fe P 021c6fd3bcd1497c97f517ec465b0e98 [term 1 FOLLOWER]: Refusing update from remote peer 9699a9e427014953b1a2bb4d9ef2cae3: Log matching property violated. Preceding OpId in replica: term: 1 index: 2. Preceding OpId from leader: term: 1 index: 3. (index mismatch)
I20260710 11:10:23.340579 19656 consensus_queue.cc:1048] T be2d1a98687b469bb4310d95a2a11302 P 9699a9e427014953b1a2bb4d9ef2cae3 [LEADER]: Connected to new peer: Peer: permanent_uuid: "e6dfb3589fd648be9ce7658b47b5f3ae" member_type: VOTER last_known_addr { host: "127.17.117.196" port: 33589 } attrs { promote: false }, Status: LMP_MISMATCH, Last received: 0.0, Next index: 3, Last known committed idx: 2, Time since last communication: 0.001s
I20260710 11:10:23.340828 19655 consensus_queue.cc:1048] T 9a2d50d30e4a4291bbc2e7ac5e0b49fe P 9699a9e427014953b1a2bb4d9ef2cae3 [LEADER]: Connected to new peer: Peer: permanent_uuid: "e6dfb3589fd648be9ce7658b47b5f3ae" member_type: VOTER last_known_addr { host: "127.17.117.196" port: 33589 } attrs { promote: false }, Status: LMP_MISMATCH, Last received: 0.0, Next index: 3, Last known committed idx: 2, Time since last communication: 0.000s
I20260710 11:10:23.342410 19654 consensus_queue.cc:1048] T be2d1a98687b469bb4310d95a2a11302 P 9699a9e427014953b1a2bb4d9ef2cae3 [LEADER]: Connected to new peer: Peer: permanent_uuid: "b6d66c9cdc9c4d66875ba19d287d0b31" member_type: VOTER last_known_addr { host: "127.17.117.195" port: 40255 } attrs { replace: true }, Status: LMP_MISMATCH, Last received: 0.0, Next index: 3, Last known committed idx: 2, Time since last communication: 0.001s
I20260710 11:10:23.348899 19154 raft_consensus.cc:2955] T cdcec6c23b4b4a2183f23c537f9fb865 P b6d66c9cdc9c4d66875ba19d287d0b31 [term 1 FOLLOWER]: Committing config change with OpId 1.3: config changed from index 2 to 3, e6dfb3589fd648be9ce7658b47b5f3ae (127.17.117.196) changed from NON_VOTER to VOTER. New config: { opid_index: 3 OBSOLETE_local: false peers { permanent_uuid: "021c6fd3bcd1497c97f517ec465b0e98" member_type: VOTER last_known_addr { host: "127.17.117.193" port: 40475 } } peers { permanent_uuid: "9699a9e427014953b1a2bb4d9ef2cae3" member_type: VOTER last_known_addr { host: "127.17.117.194" port: 38311 } attrs { replace: true } } peers { permanent_uuid: "b6d66c9cdc9c4d66875ba19d287d0b31" member_type: VOTER last_known_addr { host: "127.17.117.195" port: 40255 } } peers { permanent_uuid: "e6dfb3589fd648be9ce7658b47b5f3ae" member_type: VOTER last_known_addr { host: "127.17.117.196" port: 33589 } attrs { promote: false } } }
I20260710 11:10:23.342738 19656 consensus_queue.cc:1048] T 9a2d50d30e4a4291bbc2e7ac5e0b49fe P 9699a9e427014953b1a2bb4d9ef2cae3 [LEADER]: Connected to new peer: Peer: permanent_uuid: "021c6fd3bcd1497c97f517ec465b0e98" member_type: VOTER last_known_addr { host: "127.17.117.193" port: 40475 } attrs { replace: true }, Status: LMP_MISMATCH, Last received: 0.0, Next index: 3, Last known committed idx: 2, Time since last communication: 0.016s
I20260710 11:10:23.363747 19610 consensus_queue.cc:1048] T 9a2d50d30e4a4291bbc2e7ac5e0b49fe P 9699a9e427014953b1a2bb4d9ef2cae3 [LEADER]: Connected to new peer: Peer: permanent_uuid: "b6d66c9cdc9c4d66875ba19d287d0b31" member_type: VOTER last_known_addr { host: "127.17.117.195" port: 40255 }, Status: LMP_MISMATCH, Last received: 0.0, Next index: 3, Last known committed idx: 2, Time since last communication: 0.001s
I20260710 11:10:23.366012 19433 raft_consensus.cc:2955] T cdcec6c23b4b4a2183f23c537f9fb865 P e6dfb3589fd648be9ce7658b47b5f3ae [term 1 FOLLOWER]: Committing config change with OpId 1.3: config changed from index 2 to 3, e6dfb3589fd648be9ce7658b47b5f3ae (127.17.117.196) changed from NON_VOTER to VOTER. New config: { opid_index: 3 OBSOLETE_local: false peers { permanent_uuid: "021c6fd3bcd1497c97f517ec465b0e98" member_type: VOTER last_known_addr { host: "127.17.117.193" port: 40475 } } peers { permanent_uuid: "9699a9e427014953b1a2bb4d9ef2cae3" member_type: VOTER last_known_addr { host: "127.17.117.194" port: 38311 } attrs { replace: true } } peers { permanent_uuid: "b6d66c9cdc9c4d66875ba19d287d0b31" member_type: VOTER last_known_addr { host: "127.17.117.195" port: 40255 } } peers { permanent_uuid: "e6dfb3589fd648be9ce7658b47b5f3ae" member_type: VOTER last_known_addr { host: "127.17.117.196" port: 33589 } attrs { promote: false } } }
I20260710 11:10:23.369753 18902 catalog_manager.cc:5697] T cdcec6c23b4b4a2183f23c537f9fb865 P 9699a9e427014953b1a2bb4d9ef2cae3 reported cstate change: config changed from index 2 to 3, e6dfb3589fd648be9ce7658b47b5f3ae (127.17.117.196) changed from NON_VOTER to VOTER. New cstate: current_term: 1 leader_uuid: "021c6fd3bcd1497c97f517ec465b0e98" committed_config { opid_index: 3 OBSOLETE_local: false peers { permanent_uuid: "021c6fd3bcd1497c97f517ec465b0e98" member_type: VOTER last_known_addr { host: "127.17.117.193" port: 40475 } } peers { permanent_uuid: "9699a9e427014953b1a2bb4d9ef2cae3" member_type: VOTER last_known_addr { host: "127.17.117.194" port: 38311 } attrs { replace: true } } peers { permanent_uuid: "b6d66c9cdc9c4d66875ba19d287d0b31" member_type: VOTER last_known_addr { host: "127.17.117.195" port: 40255 } } peers { permanent_uuid: "e6dfb3589fd648be9ce7658b47b5f3ae" member_type: VOTER last_known_addr { host: "127.17.117.196" port: 33589 } attrs { promote: false } } }
I20260710 11:10:23.378875 19642 raft_consensus.cc:2955] T be2d1a98687b469bb4310d95a2a11302 P 9699a9e427014953b1a2bb4d9ef2cae3 [term 1 LEADER]: Committing config change with OpId 1.3: config changed from index 2 to 3, e6dfb3589fd648be9ce7658b47b5f3ae (127.17.117.196) changed from NON_VOTER to VOTER. New config: { opid_index: 3 OBSOLETE_local: false peers { permanent_uuid: "021c6fd3bcd1497c97f517ec465b0e98" member_type: VOTER last_known_addr { host: "127.17.117.193" port: 40475 } } peers { permanent_uuid: "9699a9e427014953b1a2bb4d9ef2cae3" member_type: VOTER last_known_addr { host: "127.17.117.194" port: 38311 } } peers { permanent_uuid: "b6d66c9cdc9c4d66875ba19d287d0b31" member_type: VOTER last_known_addr { host: "127.17.117.195" port: 40255 } attrs { replace: true } } peers { permanent_uuid: "e6dfb3589fd648be9ce7658b47b5f3ae" member_type: VOTER last_known_addr { host: "127.17.117.196" port: 33589 } attrs { promote: false } } }
I20260710 11:10:23.400277 19003 consensus_queue.cc:237] T cdcec6c23b4b4a2183f23c537f9fb865 P 021c6fd3bcd1497c97f517ec465b0e98 [LEADER]: Queue going to LEADER mode. State: All replicated index: 0, Majority replicated index: 3, Committed index: 3, Last appended: 1.3, Last appended by leader: 0, Current term: 1, Majority size: 2, State: 0, Mode: LEADER, active raft config: opid_index: 4 OBSOLETE_local: false peers { permanent_uuid: "021c6fd3bcd1497c97f517ec465b0e98" member_type: VOTER last_known_addr { host: "127.17.117.193" port: 40475 } } peers { permanent_uuid: "b6d66c9cdc9c4d66875ba19d287d0b31" member_type: VOTER last_known_addr { host: "127.17.117.195" port: 40255 } } peers { permanent_uuid: "e6dfb3589fd648be9ce7658b47b5f3ae" member_type: VOTER last_known_addr { host: "127.17.117.196" port: 33589 } attrs { promote: false } }
I20260710 11:10:23.407918 19654 raft_consensus.cc:2955] T 9a2d50d30e4a4291bbc2e7ac5e0b49fe P 9699a9e427014953b1a2bb4d9ef2cae3 [term 1 LEADER]: Committing config change with OpId 1.3: config changed from index 2 to 3, e6dfb3589fd648be9ce7658b47b5f3ae (127.17.117.196) changed from NON_VOTER to VOTER. New config: { opid_index: 3 OBSOLETE_local: false peers { permanent_uuid: "021c6fd3bcd1497c97f517ec465b0e98" member_type: VOTER last_known_addr { host: "127.17.117.193" port: 40475 } attrs { replace: true } } peers { permanent_uuid: "9699a9e427014953b1a2bb4d9ef2cae3" member_type: VOTER last_known_addr { host: "127.17.117.194" port: 38311 } } peers { permanent_uuid: "b6d66c9cdc9c4d66875ba19d287d0b31" member_type: VOTER last_known_addr { host: "127.17.117.195" port: 40255 } } peers { permanent_uuid: "e6dfb3589fd648be9ce7658b47b5f3ae" member_type: VOTER last_known_addr { host: "127.17.117.196" port: 33589 } attrs { promote: false } } }
