I20260710 11:00:22.228950  3010 consensus_queue.cc:260] T 8d3b846c19984c75a7e03cec5a6a7bd2 P 739377c6712e46e683fe14fcc506c4ce [NON_LEADER]: Queue going to NON_LEADER mode. State: All replicated index: 0, Majority replicated index: 0, Committed index: 2, Last appended: 1.2, Last appended by leader: 2, Current term: 0, Majority size: -1, State: 0, Mode: NON_LEADER, active raft config: opid_index: 2 OBSOLETE_local: false peers { permanent_uuid: "1f967cf422634c3cb0b64ac602752a8e" member_type: VOTER last_known_addr { host: "127.1.37.129" port: 41905 } attrs { replace: true } } peers { permanent_uuid: "f495ce285fc44c75b45bc0010c07ad1a" member_type: VOTER last_known_addr { host: "127.1.37.130" port: 43981 } } peers { permanent_uuid: "ebe54acbf0dc4adaa01aa98aa38c79ca" member_type: VOTER last_known_addr { host: "127.1.37.131" port: 33465 } } peers { permanent_uuid: "739377c6712e46e683fe14fcc506c4ce" member_type: NON_VOTER last_known_addr { host: "127.1.37.132" port: 33403 } attrs { promote: true } }
I20260710 11:00:22.231688  3010 ts_tablet_manager.cc:1434] T 8d3b846c19984c75a7e03cec5a6a7bd2 P 739377c6712e46e683fe14fcc506c4ce: Time spent starting tablet: real 0.007s	user 0.005s	sys 0.000s
I20260710 11:00:22.233618  2348 tablet_copy_service.cc:342] P f495ce285fc44c75b45bc0010c07ad1a: Request end of tablet copy session 739377c6712e46e683fe14fcc506c4ce-8d3b846c19984c75a7e03cec5a6a7bd2 received from {username='slave'} at 127.0.0.1:47592
I20260710 11:00:22.234143  2348 tablet_copy_service.cc:434] P f495ce285fc44c75b45bc0010c07ad1a: ending tablet copy session 739377c6712e46e683fe14fcc506c4ce-8d3b846c19984c75a7e03cec5a6a7bd2 on tablet 8d3b846c19984c75a7e03cec5a6a7bd2 with peer 739377c6712e46e683fe14fcc506c4ce
I20260710 11:00:22.615984  2684 raft_consensus.cc:1217] T 6bad6db4945b4ad8826c88054c573447 P 739377c6712e46e683fe14fcc506c4ce [term 1 LEARNER]: Deduplicated request from leader. Original: 1.1->[1.2-1.2]   Dedup: 1.2->[]
I20260710 11:00:22.715332  2684 raft_consensus.cc:1217] T 8d3b846c19984c75a7e03cec5a6a7bd2 P 739377c6712e46e683fe14fcc506c4ce [term 1 LEARNER]: Deduplicated request from leader. Original: 1.1->[1.2-1.2]   Dedup: 1.2->[]
I20260710 11:00:23.013615  3015 raft_consensus.cc:1064] T 6bad6db4945b4ad8826c88054c573447 P 1f967cf422634c3cb0b64ac602752a8e: attempting to promote NON_VOTER 739377c6712e46e683fe14fcc506c4ce to VOTER
I20260710 11:00:23.016191  3015 consensus_queue.cc:237] T 6bad6db4945b4ad8826c88054c573447 P 1f967cf422634c3cb0b64ac602752a8e [LEADER]: Queue going to LEADER mode. State: All replicated index: 0, Majority replicated index: 2, Committed index: 2, Last appended: 1.2, Last appended by leader: 0, Current term: 1, Majority size: 3, State: 0, Mode: LEADER, active raft config: opid_index: 3 OBSOLETE_local: false peers { permanent_uuid: "1f967cf422634c3cb0b64ac602752a8e" member_type: VOTER last_known_addr { host: "127.1.37.129" port: 41905 } } peers { permanent_uuid: "f495ce285fc44c75b45bc0010c07ad1a" member_type: VOTER last_known_addr { host: "127.1.37.130" port: 43981 } } peers { permanent_uuid: "ebe54acbf0dc4adaa01aa98aa38c79ca" member_type: VOTER last_known_addr { host: "127.1.37.131" port: 33465 } attrs { replace: true } } peers { permanent_uuid: "739377c6712e46e683fe14fcc506c4ce" member_type: VOTER last_known_addr { host: "127.1.37.132" port: 33403 } attrs { promote: false } }
I20260710 11:00:23.022661  2684 raft_consensus.cc:1275] T 6bad6db4945b4ad8826c88054c573447 P 739377c6712e46e683fe14fcc506c4ce [term 1 LEARNER]: Refusing update from remote peer 1f967cf422634c3cb0b64ac602752a8e: Log matching property violated. Preceding OpId in replica: term: 1 index: 2. Preceding OpId from leader: term: 1 index: 3. (index mismatch)
I20260710 11:00:23.022718  2410 raft_consensus.cc:1275] T 6bad6db4945b4ad8826c88054c573447 P ebe54acbf0dc4adaa01aa98aa38c79ca [term 1 FOLLOWER]: Refusing update from remote peer 1f967cf422634c3cb0b64ac602752a8e: Log matching property violated. Preceding OpId in replica: term: 1 index: 2. Preceding OpId from leader: term: 1 index: 3. (index mismatch)
I20260710 11:00:23.024400  2336 raft_consensus.cc:1275] T 6bad6db4945b4ad8826c88054c573447 P f495ce285fc44c75b45bc0010c07ad1a [term 1 FOLLOWER]: Refusing update from remote peer 1f967cf422634c3cb0b64ac602752a8e: Log matching property violated. Preceding OpId in replica: term: 1 index: 2. Preceding OpId from leader: term: 1 index: 3. (index mismatch)
I20260710 11:00:23.024247  2996 consensus_queue.cc:1048] T 6bad6db4945b4ad8826c88054c573447 P 1f967cf422634c3cb0b64ac602752a8e [LEADER]: Connected to new peer: Peer: permanent_uuid: "ebe54acbf0dc4adaa01aa98aa38c79ca" member_type: VOTER last_known_addr { host: "127.1.37.131" port: 33465 } attrs { replace: true }, Status: LMP_MISMATCH, Last received: 0.0, Next index: 3, Last known committed idx: 2, Time since last communication: 0.000s
I20260710 11:00:23.025454  3015 consensus_queue.cc:1048] T 6bad6db4945b4ad8826c88054c573447 P 1f967cf422634c3cb0b64ac602752a8e [LEADER]: Connected to new peer: Peer: permanent_uuid: "739377c6712e46e683fe14fcc506c4ce" member_type: VOTER last_known_addr { host: "127.1.37.132" port: 33403 } attrs { promote: false }, Status: LMP_MISMATCH, Last received: 0.0, Next index: 3, Last known committed idx: 2, Time since last communication: 0.000s
I20260710 11:00:23.026300  3016 consensus_queue.cc:1048] T 6bad6db4945b4ad8826c88054c573447 P 1f967cf422634c3cb0b64ac602752a8e [LEADER]: Connected to new peer: Peer: permanent_uuid: "f495ce285fc44c75b45bc0010c07ad1a" member_type: VOTER last_known_addr { host: "127.1.37.130" port: 43981 }, Status: LMP_MISMATCH, Last received: 0.0, Next index: 3, Last known committed idx: 2, Time since last communication: 0.000s
I20260710 11:00:23.039350  2996 raft_consensus.cc:2955] T 6bad6db4945b4ad8826c88054c573447 P 1f967cf422634c3cb0b64ac602752a8e [term 1 LEADER]: Committing config change with OpId 1.3: config changed from index 2 to 3, 739377c6712e46e683fe14fcc506c4ce (127.1.37.132) changed from NON_VOTER to VOTER. New config: { opid_index: 3 OBSOLETE_local: false peers { permanent_uuid: "1f967cf422634c3cb0b64ac602752a8e" member_type: VOTER last_known_addr { host: "127.1.37.129" port: 41905 } } peers { permanent_uuid: "f495ce285fc44c75b45bc0010c07ad1a" member_type: VOTER last_known_addr { host: "127.1.37.130" port: 43981 } } peers { permanent_uuid: "ebe54acbf0dc4adaa01aa98aa38c79ca" member_type: VOTER last_known_addr { host: "127.1.37.131" port: 33465 } attrs { replace: true } } peers { permanent_uuid: "739377c6712e46e683fe14fcc506c4ce" member_type: VOTER last_known_addr { host: "127.1.37.132" port: 33403 } attrs { promote: false } } }
I20260710 11:00:23.047577  2684 raft_consensus.cc:2955] T 6bad6db4945b4ad8826c88054c573447 P 739377c6712e46e683fe14fcc506c4ce [term 1 FOLLOWER]: Committing config change with OpId 1.3: config changed from index 2 to 3, 739377c6712e46e683fe14fcc506c4ce (127.1.37.132) changed from NON_VOTER to VOTER. New config: { opid_index: 3 OBSOLETE_local: false peers { permanent_uuid: "1f967cf422634c3cb0b64ac602752a8e" member_type: VOTER last_known_addr { host: "127.1.37.129" port: 41905 } } peers { permanent_uuid: "f495ce285fc44c75b45bc0010c07ad1a" member_type: VOTER last_known_addr { host: "127.1.37.130" port: 43981 } } peers { permanent_uuid: "ebe54acbf0dc4adaa01aa98aa38c79ca" member_type: VOTER last_known_addr { host: "127.1.37.131" port: 33465 } attrs { replace: true } } peers { permanent_uuid: "739377c6712e46e683fe14fcc506c4ce" member_type: VOTER last_known_addr { host: "127.1.37.132" port: 33403 } attrs { promote: false } } }
I20260710 11:00:23.051550  2410 raft_consensus.cc:2955] T 6bad6db4945b4ad8826c88054c573447 P ebe54acbf0dc4adaa01aa98aa38c79ca [term 1 FOLLOWER]: Committing config change with OpId 1.3: config changed from index 2 to 3, 739377c6712e46e683fe14fcc506c4ce (127.1.37.132) changed from NON_VOTER to VOTER. New config: { opid_index: 3 OBSOLETE_local: false peers { permanent_uuid: "1f967cf422634c3cb0b64ac602752a8e" member_type: VOTER last_known_addr { host: "127.1.37.129" port: 41905 } } peers { permanent_uuid: "f495ce285fc44c75b45bc0010c07ad1a" member_type: VOTER last_known_addr { host: "127.1.37.130" port: 43981 } } peers { permanent_uuid: "ebe54acbf0dc4adaa01aa98aa38c79ca" member_type: VOTER last_known_addr { host: "127.1.37.131" port: 33465 } attrs { replace: true } } peers { permanent_uuid: "739377c6712e46e683fe14fcc506c4ce" member_type: VOTER last_known_addr { host: "127.1.37.132" port: 33403 } attrs { promote: false } } }
I20260710 11:00:23.052281  2336 raft_consensus.cc:2955] T 6bad6db4945b4ad8826c88054c573447 P f495ce285fc44c75b45bc0010c07ad1a [term 1 FOLLOWER]: Committing config change with OpId 1.3: config changed from index 2 to 3, 739377c6712e46e683fe14fcc506c4ce (127.1.37.132) changed from NON_VOTER to VOTER. New config: { opid_index: 3 OBSOLETE_local: false peers { permanent_uuid: "1f967cf422634c3cb0b64ac602752a8e" member_type: VOTER last_known_addr { host: "127.1.37.129" port: 41905 } } peers { permanent_uuid: "f495ce285fc44c75b45bc0010c07ad1a" member_type: VOTER last_known_addr { host: "127.1.37.130" port: 43981 } } peers { permanent_uuid: "ebe54acbf0dc4adaa01aa98aa38c79ca" member_type: VOTER last_known_addr { host: "127.1.37.131" port: 33465 } attrs { replace: true } } peers { permanent_uuid: "739377c6712e46e683fe14fcc506c4ce" member_type: VOTER last_known_addr { host: "127.1.37.132" port: 33403 } attrs { promote: false } } }
I20260710 11:00:23.056250  2158 catalog_manager.cc:5697] T 6bad6db4945b4ad8826c88054c573447 P 1f967cf422634c3cb0b64ac602752a8e reported cstate change: config changed from index 2 to 3, 739377c6712e46e683fe14fcc506c4ce (127.1.37.132) changed from NON_VOTER to VOTER. New cstate: current_term: 1 leader_uuid: "1f967cf422634c3cb0b64ac602752a8e" committed_config { opid_index: 3 OBSOLETE_local: false peers { permanent_uuid: "1f967cf422634c3cb0b64ac602752a8e" member_type: VOTER last_known_addr { host: "127.1.37.129" port: 41905 } health_report { overall_health: HEALTHY } } peers { permanent_uuid: "f495ce285fc44c75b45bc0010c07ad1a" member_type: VOTER last_known_addr { host: "127.1.37.130" port: 43981 } health_report { overall_health: HEALTHY } } peers { permanent_uuid: "ebe54acbf0dc4adaa01aa98aa38c79ca" member_type: VOTER last_known_addr { host: "127.1.37.131" port: 33465 } attrs { replace: true } health_report { overall_health: HEALTHY } } peers { permanent_uuid: "739377c6712e46e683fe14fcc506c4ce" member_type: VOTER last_known_addr { host: "127.1.37.132" port: 33403 } attrs { promote: false } health_report { overall_health: HEALTHY } } }
I20260710 11:00:23.080940  2260 consensus_queue.cc:237] T 6bad6db4945b4ad8826c88054c573447 P 1f967cf422634c3cb0b64ac602752a8e [LEADER]: Queue going to LEADER mode. State: All replicated index: 0, Majority replicated index: 3, Committed index: 3, Last appended: 1.3, Last appended by leader: 0, Current term: 1, Majority size: 2, State: 0, Mode: LEADER, active raft config: opid_index: 4 OBSOLETE_local: false peers { permanent_uuid: "1f967cf422634c3cb0b64ac602752a8e" member_type: VOTER last_known_addr { host: "127.1.37.129" port: 41905 } } peers { permanent_uuid: "f495ce285fc44c75b45bc0010c07ad1a" member_type: VOTER last_known_addr { host: "127.1.37.130" port: 43981 } } peers { permanent_uuid: "739377c6712e46e683fe14fcc506c4ce" member_type: VOTER last_known_addr { host: "127.1.37.132" port: 33403 } attrs { promote: false } }
I20260710 11:00:23.086753  2336 raft_consensus.cc:1275] T 6bad6db4945b4ad8826c88054c573447 P f495ce285fc44c75b45bc0010c07ad1a [term 1 FOLLOWER]: Refusing update from remote peer 1f967cf422634c3cb0b64ac602752a8e: Log matching property violated. Preceding OpId in replica: term: 1 index: 3. Preceding OpId from leader: term: 1 index: 4. (index mismatch)
I20260710 11:00:23.086752  2684 raft_consensus.cc:1275] T 6bad6db4945b4ad8826c88054c573447 P 739377c6712e46e683fe14fcc506c4ce [term 1 FOLLOWER]: Refusing update from remote peer 1f967cf422634c3cb0b64ac602752a8e: Log matching property violated. Preceding OpId in replica: term: 1 index: 3. Preceding OpId from leader: term: 1 index: 4. (index mismatch)
I20260710 11:00:23.089363  2996 consensus_queue.cc:1048] T 6bad6db4945b4ad8826c88054c573447 P 1f967cf422634c3cb0b64ac602752a8e [LEADER]: Connected to new peer: Peer: permanent_uuid: "739377c6712e46e683fe14fcc506c4ce" member_type: VOTER last_known_addr { host: "127.1.37.132" port: 33403 } attrs { promote: false }, Status: LMP_MISMATCH, Last received: 0.0, Next index: 4, Last known committed idx: 3, Time since last communication: 0.000s
I20260710 11:00:23.090816  3016 consensus_queue.cc:1048] T 6bad6db4945b4ad8826c88054c573447 P 1f967cf422634c3cb0b64ac602752a8e [LEADER]: Connected to new peer: Peer: permanent_uuid: "f495ce285fc44c75b45bc0010c07ad1a" member_type: VOTER last_known_addr { host: "127.1.37.130" port: 43981 }, Status: LMP_MISMATCH, Last received: 0.0, Next index: 4, Last known committed idx: 3, Time since last communication: 0.000s
I20260710 11:00:23.097339  2996 raft_consensus.cc:2955] T 6bad6db4945b4ad8826c88054c573447 P 1f967cf422634c3cb0b64ac602752a8e [term 1 LEADER]: Committing config change with OpId 1.4: config changed from index 3 to 4, VOTER ebe54acbf0dc4adaa01aa98aa38c79ca (127.1.37.131) evicted. New config: { opid_index: 4 OBSOLETE_local: false peers { permanent_uuid: "1f967cf422634c3cb0b64ac602752a8e" member_type: VOTER last_known_addr { host: "127.1.37.129" port: 41905 } } peers { permanent_uuid: "f495ce285fc44c75b45bc0010c07ad1a" member_type: VOTER last_known_addr { host: "127.1.37.130" port: 43981 } } peers { permanent_uuid: "739377c6712e46e683fe14fcc506c4ce" member_type: VOTER last_known_addr { host: "127.1.37.132" port: 33403 } attrs { promote: false } } }
I20260710 11:00:23.103468  2336 raft_consensus.cc:2955] T 6bad6db4945b4ad8826c88054c573447 P f495ce285fc44c75b45bc0010c07ad1a [term 1 FOLLOWER]: Committing config change with OpId 1.4: config changed from index 3 to 4, VOTER ebe54acbf0dc4adaa01aa98aa38c79ca (127.1.37.131) evicted. New config: { opid_index: 4 OBSOLETE_local: false peers { permanent_uuid: "1f967cf422634c3cb0b64ac602752a8e" member_type: VOTER last_known_addr { host: "127.1.37.129" port: 41905 } } peers { permanent_uuid: "f495ce285fc44c75b45bc0010c07ad1a" member_type: VOTER last_known_addr { host: "127.1.37.130" port: 43981 } } peers { permanent_uuid: "739377c6712e46e683fe14fcc506c4ce" member_type: VOTER last_known_addr { host: "127.1.37.132" port: 33403 } attrs { promote: false } } }
I20260710 11:00:23.105445  2681 raft_consensus.cc:2955] T 6bad6db4945b4ad8826c88054c573447 P 739377c6712e46e683fe14fcc506c4ce [term 1 FOLLOWER]: Committing config change with OpId 1.4: config changed from index 3 to 4, VOTER ebe54acbf0dc4adaa01aa98aa38c79ca (127.1.37.131) evicted. New config: { opid_index: 4 OBSOLETE_local: false peers { permanent_uuid: "1f967cf422634c3cb0b64ac602752a8e" member_type: VOTER last_known_addr { host: "127.1.37.129" port: 41905 } } peers { permanent_uuid: "f495ce285fc44c75b45bc0010c07ad1a" member_type: VOTER last_known_addr { host: "127.1.37.130" port: 43981 } } peers { permanent_uuid: "739377c6712e46e683fe14fcc506c4ce" member_type: VOTER last_known_addr { host: "127.1.37.132" port: 33403 } attrs { promote: false } } }
I20260710 11:00:23.109751  2146 catalog_manager.cc:5210] ChangeConfig:REMOVE_PEER RPC for tablet 6bad6db4945b4ad8826c88054c573447 with cas_config_opid_index 3: ChangeConfig:REMOVE_PEER succeeded (attempt 1)
I20260710 11:00:23.114634  2160 catalog_manager.cc:5697] T 6bad6db4945b4ad8826c88054c573447 P 1f967cf422634c3cb0b64ac602752a8e reported cstate change: config changed from index 3 to 4, VOTER ebe54acbf0dc4adaa01aa98aa38c79ca (127.1.37.131) evicted. New cstate: current_term: 1 leader_uuid: "1f967cf422634c3cb0b64ac602752a8e" committed_config { opid_index: 4 OBSOLETE_local: false peers { permanent_uuid: "1f967cf422634c3cb0b64ac602752a8e" member_type: VOTER last_known_addr { host: "127.1.37.129" port: 41905 } health_report { overall_health: HEALTHY } } peers { permanent_uuid: "f495ce285fc44c75b45bc0010c07ad1a" member_type: VOTER last_known_addr { host: "127.1.37.130" port: 43981 } health_report { overall_health: HEALTHY } } peers { permanent_uuid: "739377c6712e46e683fe14fcc506c4ce" member_type: VOTER last_known_addr { host: "127.1.37.132" port: 33403 } attrs { promote: false } health_report { overall_health: HEALTHY } } }
I20260710 11:00:23.127650  2983 raft_consensus.cc:1064] T 8d3b846c19984c75a7e03cec5a6a7bd2 P f495ce285fc44c75b45bc0010c07ad1a: attempting to promote NON_VOTER 739377c6712e46e683fe14fcc506c4ce to VOTER
I20260710 11:00:23.130188  2983 consensus_queue.cc:237] T 8d3b846c19984c75a7e03cec5a6a7bd2 P f495ce285fc44c75b45bc0010c07ad1a [LEADER]: Queue going to LEADER mode. State: All replicated index: 0, Majority replicated index: 2, Committed index: 2, Last appended: 1.2, Last appended by leader: 0, Current term: 1, Majority size: 3, State: 0, Mode: LEADER, active raft config: opid_index: 3 OBSOLETE_local: false peers { permanent_uuid: "1f967cf422634c3cb0b64ac602752a8e" member_type: VOTER last_known_addr { host: "127.1.37.129" port: 41905 } attrs { replace: true } } peers { permanent_uuid: "f495ce285fc44c75b45bc0010c07ad1a" member_type: VOTER last_known_addr { host: "127.1.37.130" port: 43981 } } peers { permanent_uuid: "ebe54acbf0dc4adaa01aa98aa38c79ca" member_type: VOTER last_known_addr { host: "127.1.37.131" port: 33465 } } peers { permanent_uuid: "739377c6712e46e683fe14fcc506c4ce" member_type: VOTER last_known_addr { host: "127.1.37.132" port: 33403 } attrs { promote: false } }
I20260710 11:00:23.131269  2400 tablet_service.cc:1558] Processing DeleteTablet for tablet 6bad6db4945b4ad8826c88054c573447 with delete_type TABLET_DATA_TOMBSTONED (TS ebe54acbf0dc4adaa01aa98aa38c79ca not found in new config with opid_index 4) from {username='slave'} at 127.0.0.1:38304
I20260710 11:00:23.134087  3027 tablet_replica.cc:333] T 6bad6db4945b4ad8826c88054c573447 P ebe54acbf0dc4adaa01aa98aa38c79ca: stopping tablet replica
I20260710 11:00:23.135455  3027 raft_consensus.cc:2243] T 6bad6db4945b4ad8826c88054c573447 P ebe54acbf0dc4adaa01aa98aa38c79ca [term 1 FOLLOWER]: Raft consensus shutting down.
I20260710 11:00:23.136179  3027 raft_consensus.cc:2272] T 6bad6db4945b4ad8826c88054c573447 P ebe54acbf0dc4adaa01aa98aa38c79ca [term 1 FOLLOWER]: Raft consensus is shut down!
I20260710 11:00:23.139963  3027 ts_tablet_manager.cc:1916] T 6bad6db4945b4ad8826c88054c573447 P ebe54acbf0dc4adaa01aa98aa38c79ca: Deleting tablet data with delete state TABLET_DATA_TOMBSTONED
I20260710 11:00:23.143890  2684 raft_consensus.cc:1275] T 8d3b846c19984c75a7e03cec5a6a7bd2 P 739377c6712e46e683fe14fcc506c4ce [term 1 LEARNER]: Refusing update from remote peer f495ce285fc44c75b45bc0010c07ad1a: Log matching property violated. Preceding OpId in replica: term: 1 index: 2. Preceding OpId from leader: term: 1 index: 3. (index mismatch)
I20260710 11:00:23.144120  2410 raft_consensus.cc:1275] T 8d3b846c19984c75a7e03cec5a6a7bd2 P ebe54acbf0dc4adaa01aa98aa38c79ca [term 1 FOLLOWER]: Refusing update from remote peer f495ce285fc44c75b45bc0010c07ad1a: Log matching property violated. Preceding OpId in replica: term: 1 index: 2. Preceding OpId from leader: term: 1 index: 3. (index mismatch)
I20260710 11:00:23.145503  3017 consensus_queue.cc:1048] T 8d3b846c19984c75a7e03cec5a6a7bd2 P f495ce285fc44c75b45bc0010c07ad1a [LEADER]: Connected to new peer: Peer: permanent_uuid: "739377c6712e46e683fe14fcc506c4ce" member_type: VOTER last_known_addr { host: "127.1.37.132" port: 33403 } attrs { promote: false }, Status: LMP_MISMATCH, Last received: 0.0, Next index: 3, Last known committed idx: 2, Time since last communication: 0.001s
I20260710 11:00:23.147240  3014 consensus_queue.cc:1048] T 8d3b846c19984c75a7e03cec5a6a7bd2 P f495ce285fc44c75b45bc0010c07ad1a [LEADER]: Connected to new peer: Peer: permanent_uuid: "ebe54acbf0dc4adaa01aa98aa38c79ca" member_type: VOTER last_known_addr { host: "127.1.37.131" port: 33465 }, Status: LMP_MISMATCH, Last received: 0.0, Next index: 3, Last known committed idx: 2, Time since last communication: 0.000s
I20260710 11:00:23.155789  2260 raft_consensus.cc:1275] T 8d3b846c19984c75a7e03cec5a6a7bd2 P 1f967cf422634c3cb0b64ac602752a8e [term 1 FOLLOWER]: Refusing update from remote peer f495ce285fc44c75b45bc0010c07ad1a: Log matching property violated. Preceding OpId in replica: term: 1 index: 2. Preceding OpId from leader: term: 1 index: 3. (index mismatch)
I20260710 11:00:23.157331  3029 consensus_queue.cc:1048] T 8d3b846c19984c75a7e03cec5a6a7bd2 P f495ce285fc44c75b45bc0010c07ad1a [LEADER]: Connected to new peer: Peer: permanent_uuid: "1f967cf422634c3cb0b64ac602752a8e" member_type: VOTER last_known_addr { host: "127.1.37.129" port: 41905 } attrs { replace: true }, Status: LMP_MISMATCH, Last received: 0.0, Next index: 3, Last known committed idx: 2, Time since last communication: 0.001s
I20260710 11:00:23.169617  3029 raft_consensus.cc:2955] T 8d3b846c19984c75a7e03cec5a6a7bd2 P f495ce285fc44c75b45bc0010c07ad1a [term 1 LEADER]: Committing config change with OpId 1.3: config changed from index 2 to 3, 739377c6712e46e683fe14fcc506c4ce (127.1.37.132) changed from NON_VOTER to VOTER. New config: { opid_index: 3 OBSOLETE_local: false peers { permanent_uuid: "1f967cf422634c3cb0b64ac602752a8e" member_type: VOTER last_known_addr { host: "127.1.37.129" port: 41905 } attrs { replace: true } } peers { permanent_uuid: "f495ce285fc44c75b45bc0010c07ad1a" member_type: VOTER last_known_addr { host: "127.1.37.130" port: 43981 } } peers { permanent_uuid: "ebe54acbf0dc4adaa01aa98aa38c79ca" member_type: VOTER last_known_addr { host: "127.1.37.131" port: 33465 } } peers { permanent_uuid: "739377c6712e46e683fe14fcc506c4ce" member_type: VOTER last_known_addr { host: "127.1.37.132" port: 33403 } attrs { promote: false } } }
I20260710 11:00:23.170850  3027 ts_tablet_manager.cc:1929] T 6bad6db4945b4ad8826c88054c573447 P ebe54acbf0dc4adaa01aa98aa38c79ca: tablet deleted with delete type TABLET_DATA_TOMBSTONED: last-logged OpId 1.3
I20260710 11:00:23.171443  3027 log.cc:1199] T 6bad6db4945b4ad8826c88054c573447 P ebe54acbf0dc4adaa01aa98aa38c79ca: Deleting WAL directory at /tmp/dist-test-taskQVUnfn/test-tmp/auto_leader_rebalancer-test.0.LeaderRebalancerTest.AddTserver.1783681180978205-1174-0/minicluster-data/ts-2-root/wals/6bad6db4945b4ad8826c88054c573447
I20260710 11:00:23.173367  2145 catalog_manager.cc:5028] TS ebe54acbf0dc4adaa01aa98aa38c79ca (127.1.37.131:33465): tablet 6bad6db4945b4ad8826c88054c573447 (table test-workload [id=a60e33b57d40478dbcd11866c8f47ccb]) successfully deleted
I20260710 11:00:23.172919  2260 raft_consensus.cc:2955] T 8d3b846c19984c75a7e03cec5a6a7bd2 P 1f967cf422634c3cb0b64ac602752a8e [term 1 FOLLOWER]: Committing config change with OpId 1.3: config changed from index 2 to 3, 739377c6712e46e683fe14fcc506c4ce (127.1.37.132) changed from NON_VOTER to VOTER. New config: { opid_index: 3 OBSOLETE_local: false peers { permanent_uuid: "1f967cf422634c3cb0b64ac602752a8e" member_type: VOTER last_known_addr { host: "127.1.37.129" port: 41905 } attrs { replace: true } } peers { permanent_uuid: "f495ce285fc44c75b45bc0010c07ad1a" member_type: VOTER last_known_addr { host: "127.1.37.130" port: 43981 } } peers { permanent_uuid: "ebe54acbf0dc4adaa01aa98aa38c79ca" member_type: VOTER last_known_addr { host: "127.1.37.131" port: 33465 } } peers { permanent_uuid: "739377c6712e46e683fe14fcc506c4ce" member_type: VOTER last_known_addr { host: "127.1.37.132" port: 33403 } attrs { promote: false } } }
I20260710 11:00:23.174858  2410 raft_consensus.cc:2955] T 8d3b846c19984c75a7e03cec5a6a7bd2 P ebe54acbf0dc4adaa01aa98aa38c79ca [term 1 FOLLOWER]: Committing config change with OpId 1.3: config changed from index 2 to 3, 739377c6712e46e683fe14fcc506c4ce (127.1.37.132) changed from NON_VOTER to VOTER. New config: { opid_index: 3 OBSOLETE_local: false peers { permanent_uuid: "1f967cf422634c3cb0b64ac602752a8e" member_type: VOTER last_known_addr { host: "127.1.37.129" port: 41905 } attrs { replace: true } } peers { permanent_uuid: "f495ce285fc44c75b45bc0010c07ad1a" member_type: VOTER last_known_addr { host: "127.1.37.130" port: 43981 } } peers { permanent_uuid: "ebe54acbf0dc4adaa01aa98aa38c79ca" member_type: VOTER last_known_addr { host: "127.1.37.131" port: 33465 } } peers { permanent_uuid: "739377c6712e46e683fe14fcc506c4ce" member_type: VOTER last_known_addr { host: "127.1.37.132" port: 33403 } attrs { promote: false } } }
I20260710 11:00:23.182462  2684 raft_consensus.cc:2955] T 8d3b846c19984c75a7e03cec5a6a7bd2 P 739377c6712e46e683fe14fcc506c4ce [term 1 FOLLOWER]: Committing config change with OpId 1.3: config changed from index 2 to 3, 739377c6712e46e683fe14fcc506c4ce (127.1.37.132) changed from NON_VOTER to VOTER. New config: { opid_index: 3 OBSOLETE_local: false peers { permanent_uuid: "1f967cf422634c3cb0b64ac602752a8e" member_type: VOTER last_known_addr { host: "127.1.37.129" port: 41905 } attrs { replace: true } } peers { permanent_uuid: "f495ce285fc44c75b45bc0010c07ad1a" member_type: VOTER last_known_addr { host: "127.1.37.130" port: 43981 } } peers { permanent_uuid: "ebe54acbf0dc4adaa01aa98aa38c79ca" member_type: VOTER last_known_addr { host: "127.1.37.131" port: 33465 } } peers { permanent_uuid: "739377c6712e46e683fe14fcc506c4ce" member_type: VOTER last_known_addr { host: "127.1.37.132" port: 33403 } attrs { promote: false } } }
I20260710 11:00:23.189998  2157 catalog_manager.cc:5697] T 8d3b846c19984c75a7e03cec5a6a7bd2 P 1f967cf422634c3cb0b64ac602752a8e reported cstate change: config changed from index 2 to 3, 739377c6712e46e683fe14fcc506c4ce (127.1.37.132) changed from NON_VOTER to VOTER. New cstate: current_term: 1 leader_uuid: "f495ce285fc44c75b45bc0010c07ad1a" committed_config { opid_index: 3 OBSOLETE_local: false peers { permanent_uuid: "1f967cf422634c3cb0b64ac602752a8e" member_type: VOTER last_known_addr { host: "127.1.37.129" port: 41905 } attrs { replace: true } } peers { permanent_uuid: "f495ce285fc44c75b45bc0010c07ad1a" member_type: VOTER last_known_addr { host: "127.1.37.130" port: 43981 } } peers { permanent_uuid: "ebe54acbf0dc4adaa01aa98aa38c79ca" member_type: VOTER last_known_addr { host: "127.1.37.131" port: 33465 } } peers { permanent_uuid: "739377c6712e46e683fe14fcc506c4ce" member_type: VOTER last_known_addr { host: "127.1.37.132" port: 33403 } attrs { promote: false } } }
I20260710 11:00:23.207767  2336 consensus_queue.cc:237] T 8d3b846c19984c75a7e03cec5a6a7bd2 P f495ce285fc44c75b45bc0010c07ad1a [LEADER]: Queue going to LEADER mode. State: All replicated index: 0, Majority replicated index: 3, Committed index: 3, Last appended: 1.3, Last appended by leader: 0, Current term: 1, Majority size: 2, State: 0, Mode: LEADER, active raft config: opid_index: 4 OBSOLETE_local: false peers { permanent_uuid: "f495ce285fc44c75b45bc0010c07ad1a" member_type: VOTER last_known_addr { host: "127.1.37.130" port: 43981 } } peers { permanent_uuid: "ebe54acbf0dc4adaa01aa98aa38c79ca" member_type: VOTER last_known_addr { host: "127.1.37.131" port: 33465 } } peers { permanent_uuid: "739377c6712e46e683fe14fcc506c4ce" member_type: VOTER last_known_addr { host: "127.1.37.132" port: 33403 } attrs { promote: false } }
I20260710 11:00:23.212955  2684 raft_consensus.cc:1275] T 8d3b846c19984c75a7e03cec5a6a7bd2 P 739377c6712e46e683fe14fcc506c4ce [term 1 FOLLOWER]: Refusing update from remote peer f495ce285fc44c75b45bc0010c07ad1a: Log matching property violated. Preceding OpId in replica: term: 1 index: 3. Preceding OpId from leader: term: 1 index: 4. (index mismatch)
I20260710 11:00:23.213357  2410 raft_consensus.cc:1275] T 8d3b846c19984c75a7e03cec5a6a7bd2 P ebe54acbf0dc4adaa01aa98aa38c79ca [term 1 FOLLOWER]: Refusing update from remote peer f495ce285fc44c75b45bc0010c07ad1a: Log matching property violated. Preceding OpId in replica: term: 1 index: 3. Preceding OpId from leader: term: 1 index: 4. (index mismatch)
I20260710 11:00:23.214587  3029 consensus_queue.cc:1048] T 8d3b846c19984c75a7e03cec5a6a7bd2 P f495ce285fc44c75b45bc0010c07ad1a [LEADER]: Connected to new peer: Peer: permanent_uuid: "739377c6712e46e683fe14fcc506c4ce" member_type: VOTER last_known_addr { host: "127.1.37.132" port: 33403 } attrs { promote: false }, Status: LMP_MISMATCH, Last received: 0.0, Next index: 4, Last known committed idx: 3, Time since last communication: 0.000s
I20260710 11:00:23.215487  2983 consensus_queue.cc:1048] T 8d3b846c19984c75a7e03cec5a6a7bd2 P f495ce285fc44c75b45bc0010c07ad1a [LEADER]: Connected to new peer: Peer: permanent_uuid: "ebe54acbf0dc4adaa01aa98aa38c79ca" member_type: VOTER last_known_addr { host: "127.1.37.131" port: 33465 }, Status: LMP_MISMATCH, Last received: 0.0, Next index: 4, Last known committed idx: 3, Time since last communication: 0.000s
I20260710 11:00:23.222991  2410 raft_consensus.cc:2955] T 8d3b846c19984c75a7e03cec5a6a7bd2 P ebe54acbf0dc4adaa01aa98aa38c79ca [term 1 FOLLOWER]: Committing config change with OpId 1.4: config changed from index 3 to 4, VOTER 1f967cf422634c3cb0b64ac602752a8e (127.1.37.129) evicted. New config: { opid_index: 4 OBSOLETE_local: false peers { permanent_uuid: "f495ce285fc44c75b45bc0010c07ad1a" member_type: VOTER last_known_addr { host: "127.1.37.130" port: 43981 } } peers { permanent_uuid: "ebe54acbf0dc4adaa01aa98aa38c79ca" member_type: VOTER last_known_addr { host: "127.1.37.131" port: 33465 } } peers { permanent_uuid: "739377c6712e46e683fe14fcc506c4ce" member_type: VOTER last_known_addr { host: "127.1.37.132" port: 33403 } attrs { promote: false } } }
I20260710 11:00:23.223713  2681 raft_consensus.cc:2955] T 8d3b846c19984c75a7e03cec5a6a7bd2 P 739377c6712e46e683fe14fcc506c4ce [term 1 FOLLOWER]: Committing config change with OpId 1.4: config changed from index 3 to 4, VOTER 1f967cf422634c3cb0b64ac602752a8e (127.1.37.129) evicted. New config: { opid_index: 4 OBSOLETE_local: false peers { permanent_uuid: "f495ce285fc44c75b45bc0010c07ad1a" member_type: VOTER last_known_addr { host: "127.1.37.130" port: 43981 } } peers { permanent_uuid: "ebe54acbf0dc4adaa01aa98aa38c79ca" member_type: VOTER last_known_addr { host: "127.1.37.131" port: 33465 } } peers { permanent_uuid: "739377c6712e46e683fe14fcc506c4ce" member_type: VOTER last_known_addr { host: "127.1.37.132" port: 33403 } attrs { promote: false } } }
I20260710 11:00:23.221172  2983 raft_consensus.cc:2955] T 8d3b846c19984c75a7e03cec5a6a7bd2 P f495ce285fc44c75b45bc0010c07ad1a [term 1 LEADER]: Committing config change with OpId 1.4: config changed from index 3 to 4, VOTER 1f967cf422634c3cb0b64ac602752a8e (127.1.37.129) evicted. New config: { opid_index: 4 OBSOLETE_local: false peers { permanent_uuid: "f495ce285fc44c75b45bc0010c07ad1a" member_type: VOTER last_known_addr { host: "127.1.37.130" port: 43981 } } peers { permanent_uuid: "ebe54acbf0dc4adaa01aa98aa38c79ca" member_type: VOTER last_known_addr { host: "127.1.37.131" port: 33465 } } peers { permanent_uuid: "739377c6712e46e683fe14fcc506c4ce" member_type: VOTER last_known_addr { host: "127.1.37.132" port: 33403 } attrs { promote: false } } }
I20260710 11:00:23.234990  2147 catalog_manager.cc:5210] ChangeConfig:REMOVE_PEER RPC for tablet 8d3b846c19984c75a7e03cec5a6a7bd2 with cas_config_opid_index 3: ChangeConfig:REMOVE_PEER succeeded (attempt 1)
I20260710 11:00:23.238304  2158 catalog_manager.cc:5697] T 8d3b846c19984c75a7e03cec5a6a7bd2 P ebe54acbf0dc4adaa01aa98aa38c79ca reported cstate change: config changed from index 3 to 4, VOTER 1f967cf422634c3cb0b64ac602752a8e (127.1.37.129) evicted. New cstate: current_term: 1 leader_uuid: "f495ce285fc44c75b45bc0010c07ad1a" committed_config { opid_index: 4 OBSOLETE_local: false peers { permanent_uuid: "f495ce285fc44c75b45bc0010c07ad1a" member_type: VOTER last_known_addr { host: "127.1.37.130" port: 43981 } } peers { permanent_uuid: "ebe54acbf0dc4adaa01aa98aa38c79ca" member_type: VOTER last_known_addr { host: "127.1.37.131" port: 33465 } } peers { permanent_uuid: "739377c6712e46e683fe14fcc506c4ce" member_type: VOTER last_known_addr { host: "127.1.37.132" port: 33403 } attrs { promote: false } } }
I20260710 11:00:23.248243  2252 tablet_service.cc:1558] Processing DeleteTablet for tablet 8d3b846c19984c75a7e03cec5a6a7bd2 with delete_type TABLET_DATA_TOMBSTONED (TS 1f967cf422634c3cb0b64ac602752a8e not found in new config with opid_index 4) from {username='slave'} at 127.0.0.1:48022
I20260710 11:00:23.250203  3033 tablet_replica.cc:333] T 8d3b846c19984c75a7e03cec5a6a7bd2 P 1f967cf422634c3cb0b64ac602752a8e: stopping tablet replica
I20260710 11:00:23.251096  3033 raft_consensus.cc:2243] T 8d3b846c19984c75a7e03cec5a6a7bd2 P 1f967cf422634c3cb0b64ac602752a8e [term 1 FOLLOWER]: Raft consensus shutting down.
I20260710 11:00:23.251801  3033 raft_consensus.cc:2272] T 8d3b846c19984c75a7e03cec5a6a7bd2 P 1f967cf422634c3cb0b64ac602752a8e [term 1 FOLLOWER]: Raft consensus is shut down!
I20260710 11:00:23.254588  3033 ts_tablet_manager.cc:1916] T 8d3b846c19984c75a7e03cec5a6a7bd2 P 1f967cf422634c3cb0b64ac602752a8e: Deleting tablet data with delete state TABLET_DATA_TOMBSTONED
I20260710 11:00:23.264746  3033 ts_tablet_manager.cc:1929] T 8d3b846c19984c75a7e03cec5a6a7bd2 P 1f967cf422634c3cb0b64ac602752a8e: tablet deleted with delete type TABLET_DATA_TOMBSTONED: last-logged OpId 1.3
I20260710 11:00:23.265302  3033 log.cc:1199] T 8d3b846c19984c75a7e03cec5a6a7bd2 P 1f967cf422634c3cb0b64ac602752a8e: Deleting WAL directory at /tmp/dist-test-taskQVUnfn/test-tmp/auto_leader_rebalancer-test.0.LeaderRebalancerTest.AddTserver.1783681180978205-1174-0/minicluster-data/ts-0-root/wals/8d3b846c19984c75a7e03cec5a6a7bd2
I20260710 11:00:23.266822  2146 catalog_manager.cc:5028] TS 1f967cf422634c3cb0b64ac602752a8e (127.1.37.129:41905): tablet 8d3b846c19984c75a7e03cec5a6a7bd2 (table test-workload [id=a60e33b57d40478dbcd11866c8f47ccb]) successfully deleted
I20260710 11:00:28.290397  1174 auto_leader_rebalancer.cc:141] leader rebalance for table test-workload
I20260710 11:00:28.314898  2411 tablet_service.cc:2072] Received LeaderStepDown RPC: tablet_id: "035077dd5559462b99c4c6963e003efe"
dest_uuid: "ebe54acbf0dc4adaa01aa98aa38c79ca"
mode: GRACEFUL
new_leader_uuid: "739377c6712e46e683fe14fcc506c4ce"
 from {username='slave'} at 127.0.0.1:53140
I20260710 11:00:28.315438  2411 raft_consensus.cc:606] T 035077dd5559462b99c4c6963e003efe P ebe54acbf0dc4adaa01aa98aa38c79ca [term 1 LEADER]: Received request to transfer leadership to TS 739377c6712e46e683fe14fcc506c4ce
I20260710 11:00:28.326643  2338 tablet_service.cc:2072] Received LeaderStepDown RPC: tablet_id: "07ac436c8ff646058b1aa449e54fb1c7"
dest_uuid: "f495ce285fc44c75b45bc0010c07ad1a"
mode: GRACEFUL
new_leader_uuid: "ebe54acbf0dc4adaa01aa98aa38c79ca"
 from {username='slave'} at 127.0.0.1:51430
I20260710 11:00:28.327129  2338 raft_consensus.cc:606] T 07ac436c8ff646058b1aa449e54fb1c7 P f495ce285fc44c75b45bc0010c07ad1a [term 1 LEADER]: Received request to transfer leadership to TS ebe54acbf0dc4adaa01aa98aa38c79ca
I20260710 11:00:28.329746  2411 tablet_service.cc:2072] Received LeaderStepDown RPC: tablet_id: "bf1ef2c1404b4abfb8a0f64bae5b1d73"
dest_uuid: "ebe54acbf0dc4adaa01aa98aa38c79ca"
mode: GRACEFUL
new_leader_uuid: "739377c6712e46e683fe14fcc506c4ce"
 from {username='slave'} at 127.0.0.1:53140
I20260710 11:00:28.330243  2411 raft_consensus.cc:606] T bf1ef2c1404b4abfb8a0f64bae5b1d73 P ebe54acbf0dc4adaa01aa98aa38c79ca [term 1 LEADER]: Received request to transfer leadership to TS 739377c6712e46e683fe14fcc506c4ce
I20260710 11:00:28.334034  2411 tablet_service.cc:2072] Received LeaderStepDown RPC: tablet_id: "d47fee95da884c7ea406bf711d8a184f"
dest_uuid: "ebe54acbf0dc4adaa01aa98aa38c79ca"
mode: GRACEFUL
new_leader_uuid: "1f967cf422634c3cb0b64ac602752a8e"
 from {username='slave'} at 127.0.0.1:53140
I20260710 11:00:28.334545  2411 raft_consensus.cc:606] T d47fee95da884c7ea406bf711d8a184f P ebe54acbf0dc4adaa01aa98aa38c79ca [term 1 LEADER]: Received request to transfer leadership to TS 1f967cf422634c3cb0b64ac602752a8e
I20260710 11:00:28.336722  2411 tablet_service.cc:2072] Received LeaderStepDown RPC: tablet_id: "ecbd09b9c3ba46c7b1d6542da8edeb23"
dest_uuid: "ebe54acbf0dc4adaa01aa98aa38c79ca"
mode: GRACEFUL
new_leader_uuid: "739377c6712e46e683fe14fcc506c4ce"
 from {username='slave'} at 127.0.0.1:53140
I20260710 11:00:28.337215  2411 raft_consensus.cc:606] T ecbd09b9c3ba46c7b1d6542da8edeb23 P ebe54acbf0dc4adaa01aa98aa38c79ca [term 1 LEADER]: Received request to transfer leadership to TS 739377c6712e46e683fe14fcc506c4ce
I20260710 11:00:28.338274  1174 auto_leader_rebalancer.cc:452] table: test-workload, leader rebalance finish, leader transfer count: 5
I20260710 11:00:28.338917  1174 auto_leader_rebalancer.cc:527] All tables' leader rebalancing finished this round
I20260710 11:00:28.416822  3041 raft_consensus.cc:993] T bf1ef2c1404b4abfb8a0f64bae5b1d73 P ebe54acbf0dc4adaa01aa98aa38c79ca: : Instructing follower 739377c6712e46e683fe14fcc506c4ce to start an election
I20260710 11:00:28.417452  3036 raft_consensus.cc:1081] T bf1ef2c1404b4abfb8a0f64bae5b1d73 P ebe54acbf0dc4adaa01aa98aa38c79ca [term 1 LEADER]: Signalling peer 739377c6712e46e683fe14fcc506c4ce to start an election
I20260710 11:00:28.418727  2681 tablet_service.cc:2044] Received Run Leader Election RPC: tablet_id: "bf1ef2c1404b4abfb8a0f64bae5b1d73"
dest_uuid: "739377c6712e46e683fe14fcc506c4ce"
 from {username='slave'} at 127.0.0.1:42050
I20260710 11:00:28.419302  2681 raft_consensus.cc:493] T bf1ef2c1404b4abfb8a0f64bae5b1d73 P 739377c6712e46e683fe14fcc506c4ce [term 1 FOLLOWER]: Starting forced leader election (received explicit request)
I20260710 11:00:28.419632  2681 raft_consensus.cc:3060] T bf1ef2c1404b4abfb8a0f64bae5b1d73 P 739377c6712e46e683fe14fcc506c4ce [term 1 FOLLOWER]: Advancing to term 2
I20260710 11:00:28.425427  2681 raft_consensus.cc:515] T bf1ef2c1404b4abfb8a0f64bae5b1d73 P 739377c6712e46e683fe14fcc506c4ce [term 2 FOLLOWER]: Starting forced leader election with config: opid_index: 4 OBSOLETE_local: false peers { permanent_uuid: "1f967cf422634c3cb0b64ac602752a8e" member_type: VOTER last_known_addr { host: "127.1.37.129" port: 41905 } } peers { permanent_uuid: "ebe54acbf0dc4adaa01aa98aa38c79ca" member_type: VOTER last_known_addr { host: "127.1.37.131" port: 33465 } } peers { permanent_uuid: "739377c6712e46e683fe14fcc506c4ce" member_type: VOTER last_known_addr { host: "127.1.37.132" port: 33403 } attrs { promote: false } }
I20260710 11:00:28.427351  2681 leader_election.cc:290] T bf1ef2c1404b4abfb8a0f64bae5b1d73 P 739377c6712e46e683fe14fcc506c4ce [CANDIDATE]: Term 2 election: Requested vote from peers 1f967cf422634c3cb0b64ac602752a8e (127.1.37.129:41905), ebe54acbf0dc4adaa01aa98aa38c79ca (127.1.37.131:33465)
I20260710 11:00:28.428259  2260 tablet_service.cc:1917] Received RequestConsensusVote() RPC: tablet_id: "bf1ef2c1404b4abfb8a0f64bae5b1d73" candidate_uuid: "739377c6712e46e683fe14fcc506c4ce" candidate_term: 2 candidate_status { last_received { term: 1 index: 4 } } ignore_live_leader: true dest_uuid: "1f967cf422634c3cb0b64ac602752a8e"
I20260710 11:00:28.428606  2411 tablet_service.cc:1917] Received RequestConsensusVote() RPC: tablet_id: "bf1ef2c1404b4abfb8a0f64bae5b1d73" candidate_uuid: "739377c6712e46e683fe14fcc506c4ce" candidate_term: 2 candidate_status { last_received { term: 1 index: 4 } } ignore_live_leader: true dest_uuid: "ebe54acbf0dc4adaa01aa98aa38c79ca"
I20260710 11:00:28.428943  2260 raft_consensus.cc:3060] T bf1ef2c1404b4abfb8a0f64bae5b1d73 P 1f967cf422634c3cb0b64ac602752a8e [term 1 FOLLOWER]: Advancing to term 2
I20260710 11:00:28.429193  2411 raft_consensus.cc:3055] T bf1ef2c1404b4abfb8a0f64bae5b1d73 P ebe54acbf0dc4adaa01aa98aa38c79ca [term 1 LEADER]: Stepping down as leader of term 1
I20260710 11:00:28.429498  2411 raft_consensus.cc:740] T bf1ef2c1404b4abfb8a0f64bae5b1d73 P ebe54acbf0dc4adaa01aa98aa38c79ca [term 1 LEADER]: Becoming Follower/Learner. State: Replica: ebe54acbf0dc4adaa01aa98aa38c79ca, State: Running, Role: LEADER
I20260710 11:00:28.430382  2411 consensus_queue.cc:260] T bf1ef2c1404b4abfb8a0f64bae5b1d73 P ebe54acbf0dc4adaa01aa98aa38c79ca [NON_LEADER]: Queue going to NON_LEADER mode. State: All replicated index: 0, Majority replicated index: 4, Committed index: 4, Last appended: 1.4, Last appended by leader: 4, Current term: 1, Majority size: -1, State: 0, Mode: NON_LEADER, active raft config: opid_index: 4 OBSOLETE_local: false peers { permanent_uuid: "1f967cf422634c3cb0b64ac602752a8e" member_type: VOTER last_known_addr { host: "127.1.37.129" port: 41905 } } peers { permanent_uuid: "ebe54acbf0dc4adaa01aa98aa38c79ca" member_type: VOTER last_known_addr { host: "127.1.37.131" port: 33465 } } peers { permanent_uuid: "739377c6712e46e683fe14fcc506c4ce" member_type: VOTER last_known_addr { host: "127.1.37.132" port: 33403 } attrs { promote: false } }
I20260710 11:00:28.431613  2411 raft_consensus.cc:3060] T bf1ef2c1404b4abfb8a0f64bae5b1d73 P ebe54acbf0dc4adaa01aa98aa38c79ca [term 1 FOLLOWER]: Advancing to term 2
I20260710 11:00:28.435321  2260 raft_consensus.cc:2468] T bf1ef2c1404b4abfb8a0f64bae5b1d73 P 1f967cf422634c3cb0b64ac602752a8e [term 2 FOLLOWER]: Leader election vote request: Granting yes vote for candidate 739377c6712e46e683fe14fcc506c4ce in term 2.
I20260710 11:00:28.436594  2647 leader_election.cc:304] T bf1ef2c1404b4abfb8a0f64bae5b1d73 P 739377c6712e46e683fe14fcc506c4ce [CANDIDATE]: Term 2 election: Election decided. Result: candidate won. Election summary: received 2 responses out of 3 voters: 2 yes votes; 0 no votes. yes voters: 1f967cf422634c3cb0b64ac602752a8e, 739377c6712e46e683fe14fcc506c4ce; no voters: 
I20260710 11:00:28.438126  3046 raft_consensus.cc:2804] T bf1ef2c1404b4abfb8a0f64bae5b1d73 P 739377c6712e46e683fe14fcc506c4ce [term 2 FOLLOWER]: Leader election won for term 2
I20260710 11:00:28.438030  2411 raft_consensus.cc:2468] T bf1ef2c1404b4abfb8a0f64bae5b1d73 P ebe54acbf0dc4adaa01aa98aa38c79ca [term 2 FOLLOWER]: Leader election vote request: Granting yes vote for candidate 739377c6712e46e683fe14fcc506c4ce in term 2.
I20260710 11:00:28.439940  3046 raft_consensus.cc:697] T bf1ef2c1404b4abfb8a0f64bae5b1d73 P 739377c6712e46e683fe14fcc506c4ce [term 2 LEADER]: Becoming Leader. State: Replica: 739377c6712e46e683fe14fcc506c4ce, State: Running, Role: LEADER
I20260710 11:00:28.440795  3046 consensus_queue.cc:237] T bf1ef2c1404b4abfb8a0f64bae5b1d73 P 739377c6712e46e683fe14fcc506c4ce [LEADER]: Queue going to LEADER mode. State: All replicated index: 0, Majority replicated index: 4, Committed index: 4, Last appended: 1.4, Last appended by leader: 4, Current term: 2, Majority size: 2, State: 0, Mode: LEADER, active raft config: opid_index: 4 OBSOLETE_local: false peers { permanent_uuid: "1f967cf422634c3cb0b64ac602752a8e" member_type: VOTER last_known_addr { host: "127.1.37.129" port: 41905 } } peers { permanent_uuid: "ebe54acbf0dc4adaa01aa98aa38c79ca" member_type: VOTER last_known_addr { host: "127.1.37.131" port: 33465 } } peers { permanent_uuid: "739377c6712e46e683fe14fcc506c4ce" member_type: VOTER last_known_addr { host: "127.1.37.132" port: 33403 } attrs { promote: false } }
I20260710 11:00:28.449200  2159 catalog_manager.cc:5697] T bf1ef2c1404b4abfb8a0f64bae5b1d73 P 739377c6712e46e683fe14fcc506c4ce reported cstate change: term changed from 1 to 2, leader changed from ebe54acbf0dc4adaa01aa98aa38c79ca (127.1.37.131) to 739377c6712e46e683fe14fcc506c4ce (127.1.37.132). New cstate: current_term: 2 leader_uuid: "739377c6712e46e683fe14fcc506c4ce" committed_config { opid_index: 4 OBSOLETE_local: false peers { permanent_uuid: "1f967cf422634c3cb0b64ac602752a8e" member_type: VOTER last_known_addr { host: "127.1.37.129" port: 41905 } health_report { overall_health: UNKNOWN } } peers { permanent_uuid: "ebe54acbf0dc4adaa01aa98aa38c79ca" member_type: VOTER last_known_addr { host: "127.1.37.131" port: 33465 } health_report { overall_health: UNKNOWN } } peers { permanent_uuid: "739377c6712e46e683fe14fcc506c4ce" member_type: VOTER last_known_addr { host: "127.1.37.132" port: 33403 } attrs { promote: false } health_report { overall_health: HEALTHY } } }
I20260710 11:00:28.467974  3042 raft_consensus.cc:993] T 07ac436c8ff646058b1aa449e54fb1c7 P f495ce285fc44c75b45bc0010c07ad1a: : Instructing follower ebe54acbf0dc4adaa01aa98aa38c79ca to start an election
I20260710 11:00:28.468410  3039 raft_consensus.cc:1081] T 07ac436c8ff646058b1aa449e54fb1c7 P f495ce285fc44c75b45bc0010c07ad1a [term 1 LEADER]: Signalling peer ebe54acbf0dc4adaa01aa98aa38c79ca to start an election
I20260710 11:00:28.469841  2411 tablet_service.cc:2044] Received Run Leader Election RPC: tablet_id: "07ac436c8ff646058b1aa449e54fb1c7"
dest_uuid: "ebe54acbf0dc4adaa01aa98aa38c79ca"
 from {username='slave'} at 127.0.0.1:38318
I20260710 11:00:28.470263  2411 raft_consensus.cc:493] T 07ac436c8ff646058b1aa449e54fb1c7 P ebe54acbf0dc4adaa01aa98aa38c79ca [term 1 FOLLOWER]: Starting forced leader election (received explicit request)
I20260710 11:00:28.470491  2411 raft_consensus.cc:3060] T 07ac436c8ff646058b1aa449e54fb1c7 P ebe54acbf0dc4adaa01aa98aa38c79ca [term 1 FOLLOWER]: Advancing to term 2
I20260710 11:00:28.474756  2411 raft_consensus.cc:515] T 07ac436c8ff646058b1aa449e54fb1c7 P ebe54acbf0dc4adaa01aa98aa38c79ca [term 2 FOLLOWER]: Starting forced leader election with config: opid_index: -1 OBSOLETE_local: false peers { permanent_uuid: "1f967cf422634c3cb0b64ac602752a8e" member_type: VOTER last_known_addr { host: "127.1.37.129" port: 41905 } } peers { permanent_uuid: "f495ce285fc44c75b45bc0010c07ad1a" member_type: VOTER last_known_addr { host: "127.1.37.130" port: 43981 } } peers { permanent_uuid: "ebe54acbf0dc4adaa01aa98aa38c79ca" member_type: VOTER last_known_addr { host: "127.1.37.131" port: 33465 } }
I20260710 11:00:28.476454  2411 leader_election.cc:290] T 07ac436c8ff646058b1aa449e54fb1c7 P ebe54acbf0dc4adaa01aa98aa38c79ca [CANDIDATE]: Term 2 election: Requested vote from peers 1f967cf422634c3cb0b64ac602752a8e (127.1.37.129:41905), f495ce285fc44c75b45bc0010c07ad1a (127.1.37.130:43981)
I20260710 11:00:28.477186  2260 tablet_service.cc:1917] Received RequestConsensusVote() RPC: tablet_id: "07ac436c8ff646058b1aa449e54fb1c7" candidate_uuid: "ebe54acbf0dc4adaa01aa98aa38c79ca" candidate_term: 2 candidate_status { last_received { term: 1 index: 1 } } ignore_live_leader: true dest_uuid: "1f967cf422634c3cb0b64ac602752a8e"
I20260710 11:00:28.477325  2336 tablet_service.cc:1917] Received RequestConsensusVote() RPC: tablet_id: "07ac436c8ff646058b1aa449e54fb1c7" candidate_uuid: "ebe54acbf0dc4adaa01aa98aa38c79ca" candidate_term: 2 candidate_status { last_received { term: 1 index: 1 } } ignore_live_leader: true dest_uuid: "f495ce285fc44c75b45bc0010c07ad1a"
I20260710 11:00:28.477739  2260 raft_consensus.cc:3060] T 07ac436c8ff646058b1aa449e54fb1c7 P 1f967cf422634c3cb0b64ac602752a8e [term 1 FOLLOWER]: Advancing to term 2
I20260710 11:00:28.477901  2336 raft_consensus.cc:3055] T 07ac436c8ff646058b1aa449e54fb1c7 P f495ce285fc44c75b45bc0010c07ad1a [term 1 LEADER]: Stepping down as leader of term 1
I20260710 11:00:28.478305  2336 raft_consensus.cc:740] T 07ac436c8ff646058b1aa449e54fb1c7 P f495ce285fc44c75b45bc0010c07ad1a [term 1 LEADER]: Becoming Follower/Learner. State: Replica: f495ce285fc44c75b45bc0010c07ad1a, State: Running, Role: LEADER
I20260710 11:00:28.478935  2336 consensus_queue.cc:260] T 07ac436c8ff646058b1aa449e54fb1c7 P f495ce285fc44c75b45bc0010c07ad1a [NON_LEADER]: Queue going to NON_LEADER mode. State: All replicated index: 0, Majority replicated index: 1, Committed index: 1, Last appended: 1.1, Last appended by leader: 1, Current term: 1, Majority size: -1, State: 0, Mode: NON_LEADER, active raft config: opid_index: -1 OBSOLETE_local: false peers { permanent_uuid: "1f967cf422634c3cb0b64ac602752a8e" member_type: VOTER last_known_addr { host: "127.1.37.129" port: 41905 } } peers { permanent_uuid: "f495ce285fc44c75b45bc0010c07ad1a" member_type: VOTER last_known_addr { host: "127.1.37.130" port: 43981 } } peers { permanent_uuid: "ebe54acbf0dc4adaa01aa98aa38c79ca" member_type: VOTER last_known_addr { host: "127.1.37.131" port: 33465 } }
I20260710 11:00:28.479785  2336 raft_consensus.cc:3060] T 07ac436c8ff646058b1aa449e54fb1c7 P f495ce285fc44c75b45bc0010c07ad1a [term 1 FOLLOWER]: Advancing to term 2
I20260710 11:00:28.481942  2260 raft_consensus.cc:2468] T 07ac436c8ff646058b1aa449e54fb1c7 P 1f967cf422634c3cb0b64ac602752a8e [term 2 FOLLOWER]: Leader election vote request: Granting yes vote for candidate ebe54acbf0dc4adaa01aa98aa38c79ca in term 2.
I20260710 11:00:28.482846  2376 leader_election.cc:304] T 07ac436c8ff646058b1aa449e54fb1c7 P ebe54acbf0dc4adaa01aa98aa38c79ca [CANDIDATE]: Term 2 election: Election decided. Result: candidate won. Election summary: received 2 responses out of 3 voters: 2 yes votes; 0 no votes. yes voters: 1f967cf422634c3cb0b64ac602752a8e, ebe54acbf0dc4adaa01aa98aa38c79ca; no voters: 
I20260710 11:00:28.483475  3036 raft_consensus.cc:2804] T 07ac436c8ff646058b1aa449e54fb1c7 P ebe54acbf0dc4adaa01aa98aa38c79ca [term 2 FOLLOWER]: Leader election won for term 2
I20260710 11:00:28.483856  3036 raft_consensus.cc:697] T 07ac436c8ff646058b1aa449e54fb1c7 P ebe54acbf0dc4adaa01aa98aa38c79ca [term 2 LEADER]: Becoming Leader. State: Replica: ebe54acbf0dc4adaa01aa98aa38c79ca, State: Running, Role: LEADER
I20260710 11:00:28.483994  2336 raft_consensus.cc:2468] T 07ac436c8ff646058b1aa449e54fb1c7 P f495ce285fc44c75b45bc0010c07ad1a [term 2 FOLLOWER]: Leader election vote request: Granting yes vote for candidate ebe54acbf0dc4adaa01aa98aa38c79ca in term 2.
