I20260710 11:00:07.662920  2491 raft_consensus.cc:515] T 07bc57def85147a28512bc3309c91705 P ebe54acbf0dc4adaa01aa98aa38c79ca [term 0 FOLLOWER]: Starting pre-election with config: opid_index: -1 OBSOLETE_local: false peers { permanent_uuid: "1f967cf422634c3cb0b64ac602752a8e" member_type: VOTER last_known_addr { host: "127.1.37.129" port: 41905 } } peers { permanent_uuid: "f495ce285fc44c75b45bc0010c07ad1a" member_type: VOTER last_known_addr { host: "127.1.37.130" port: 43981 } } peers { permanent_uuid: "ebe54acbf0dc4adaa01aa98aa38c79ca" member_type: VOTER last_known_addr { host: "127.1.37.131" port: 33465 } }
I20260710 11:00:07.665627  2263 tablet_service.cc:1917] Received RequestConsensusVote() RPC: tablet_id: "07bc57def85147a28512bc3309c91705" candidate_uuid: "ebe54acbf0dc4adaa01aa98aa38c79ca" candidate_term: 1 candidate_status { last_received { term: 0 index: 0 } } ignore_live_leader: false dest_uuid: "1f967cf422634c3cb0b64ac602752a8e" is_pre_election: true
I20260710 11:00:07.666339  2263 raft_consensus.cc:2468] T 07bc57def85147a28512bc3309c91705 P 1f967cf422634c3cb0b64ac602752a8e [term 0 FOLLOWER]: Leader pre-election vote request: Granting yes vote for candidate ebe54acbf0dc4adaa01aa98aa38c79ca in term 0.
I20260710 11:00:07.665627  2337 tablet_service.cc:1917] Received RequestConsensusVote() RPC: tablet_id: "07bc57def85147a28512bc3309c91705" candidate_uuid: "ebe54acbf0dc4adaa01aa98aa38c79ca" candidate_term: 1 candidate_status { last_received { term: 0 index: 0 } } ignore_live_leader: false dest_uuid: "f495ce285fc44c75b45bc0010c07ad1a" is_pre_election: true
I20260710 11:00:07.666762  2159 catalog_manager.cc:5697] T 6bad6db4945b4ad8826c88054c573447 P 1f967cf422634c3cb0b64ac602752a8e reported cstate change: term changed from 0 to 1, leader changed from <none> to 1f967cf422634c3cb0b64ac602752a8e (127.1.37.129). New cstate: current_term: 1 leader_uuid: "1f967cf422634c3cb0b64ac602752a8e" committed_config { opid_index: -1 OBSOLETE_local: false peers { permanent_uuid: "1f967cf422634c3cb0b64ac602752a8e" member_type: VOTER last_known_addr { host: "127.1.37.129" port: 41905 } health_report { overall_health: HEALTHY } } peers { permanent_uuid: "f495ce285fc44c75b45bc0010c07ad1a" member_type: VOTER last_known_addr { host: "127.1.37.130" port: 43981 } health_report { overall_health: UNKNOWN } } peers { permanent_uuid: "ebe54acbf0dc4adaa01aa98aa38c79ca" member_type: VOTER last_known_addr { host: "127.1.37.131" port: 33465 } health_report { overall_health: UNKNOWN } } }
I20260710 11:00:07.667297  2376 leader_election.cc:304] T 07bc57def85147a28512bc3309c91705 P ebe54acbf0dc4adaa01aa98aa38c79ca [CANDIDATE]: Term 1 pre-election: Election decided. Result: candidate won. Election summary: received 2 responses out of 3 voters: 2 yes votes; 0 no votes. yes voters: 1f967cf422634c3cb0b64ac602752a8e, ebe54acbf0dc4adaa01aa98aa38c79ca; no voters: 
I20260710 11:00:07.667716  2337 raft_consensus.cc:2468] T 07bc57def85147a28512bc3309c91705 P f495ce285fc44c75b45bc0010c07ad1a [term 0 FOLLOWER]: Leader pre-election vote request: Granting yes vote for candidate ebe54acbf0dc4adaa01aa98aa38c79ca in term 0.
I20260710 11:00:07.668098  2548 raft_consensus.cc:2804] T 07bc57def85147a28512bc3309c91705 P ebe54acbf0dc4adaa01aa98aa38c79ca [term 0 FOLLOWER]: Leader pre-election won for term 1
I20260710 11:00:07.668520  2548 raft_consensus.cc:493] T 07bc57def85147a28512bc3309c91705 P ebe54acbf0dc4adaa01aa98aa38c79ca [term 0 FOLLOWER]: Starting leader election (no leader contacted us within the election timeout)
I20260710 11:00:07.669171  2491 leader_election.cc:290] T 07bc57def85147a28512bc3309c91705 P ebe54acbf0dc4adaa01aa98aa38c79ca [CANDIDATE]: Term 1 pre-election: Requested pre-vote from peers 1f967cf422634c3cb0b64ac602752a8e (127.1.37.129:41905), f495ce285fc44c75b45bc0010c07ad1a (127.1.37.130:43981)
I20260710 11:00:07.669044  2548 raft_consensus.cc:3060] T 07bc57def85147a28512bc3309c91705 P ebe54acbf0dc4adaa01aa98aa38c79ca [term 0 FOLLOWER]: Advancing to term 1
I20260710 11:00:07.680225  2548 raft_consensus.cc:515] T 07bc57def85147a28512bc3309c91705 P ebe54acbf0dc4adaa01aa98aa38c79ca [term 1 FOLLOWER]: Starting leader election with config: opid_index: -1 OBSOLETE_local: false peers { permanent_uuid: "1f967cf422634c3cb0b64ac602752a8e" member_type: VOTER last_known_addr { host: "127.1.37.129" port: 41905 } } peers { permanent_uuid: "f495ce285fc44c75b45bc0010c07ad1a" member_type: VOTER last_known_addr { host: "127.1.37.130" port: 43981 } } peers { permanent_uuid: "ebe54acbf0dc4adaa01aa98aa38c79ca" member_type: VOTER last_known_addr { host: "127.1.37.131" port: 33465 } }
I20260710 11:00:07.682968  2548 leader_election.cc:290] T 07bc57def85147a28512bc3309c91705 P ebe54acbf0dc4adaa01aa98aa38c79ca [CANDIDATE]: Term 1 election: Requested vote from peers 1f967cf422634c3cb0b64ac602752a8e (127.1.37.129:41905), f495ce285fc44c75b45bc0010c07ad1a (127.1.37.130:43981)
I20260710 11:00:07.684706  2337 tablet_service.cc:1917] Received RequestConsensusVote() RPC: tablet_id: "07bc57def85147a28512bc3309c91705" candidate_uuid: "ebe54acbf0dc4adaa01aa98aa38c79ca" candidate_term: 1 candidate_status { last_received { term: 0 index: 0 } } ignore_live_leader: false dest_uuid: "f495ce285fc44c75b45bc0010c07ad1a"
I20260710 11:00:07.685036  2258 tablet_service.cc:1917] Received RequestConsensusVote() RPC: tablet_id: "07bc57def85147a28512bc3309c91705" candidate_uuid: "ebe54acbf0dc4adaa01aa98aa38c79ca" candidate_term: 1 candidate_status { last_received { term: 0 index: 0 } } ignore_live_leader: false dest_uuid: "1f967cf422634c3cb0b64ac602752a8e"
I20260710 11:00:07.685305  2337 raft_consensus.cc:3060] T 07bc57def85147a28512bc3309c91705 P f495ce285fc44c75b45bc0010c07ad1a [term 0 FOLLOWER]: Advancing to term 1
I20260710 11:00:07.685587  2258 raft_consensus.cc:3060] T 07bc57def85147a28512bc3309c91705 P 1f967cf422634c3cb0b64ac602752a8e [term 0 FOLLOWER]: Advancing to term 1
I20260710 11:00:07.689913  2337 raft_consensus.cc:2468] T 07bc57def85147a28512bc3309c91705 P f495ce285fc44c75b45bc0010c07ad1a [term 1 FOLLOWER]: Leader election vote request: Granting yes vote for candidate ebe54acbf0dc4adaa01aa98aa38c79ca in term 1.
I20260710 11:00:07.690121  2258 raft_consensus.cc:2468] T 07bc57def85147a28512bc3309c91705 P 1f967cf422634c3cb0b64ac602752a8e [term 1 FOLLOWER]: Leader election vote request: Granting yes vote for candidate ebe54acbf0dc4adaa01aa98aa38c79ca in term 1.
I20260710 11:00:07.691166  2376 leader_election.cc:304] T 07bc57def85147a28512bc3309c91705 P ebe54acbf0dc4adaa01aa98aa38c79ca [CANDIDATE]: Term 1 election: Election decided. Result: candidate won. Election summary: received 2 responses out of 3 voters: 2 yes votes; 0 no votes. yes voters: 1f967cf422634c3cb0b64ac602752a8e, ebe54acbf0dc4adaa01aa98aa38c79ca; no voters: 
I20260710 11:00:07.691859  2548 raft_consensus.cc:2804] T 07bc57def85147a28512bc3309c91705 P ebe54acbf0dc4adaa01aa98aa38c79ca [term 1 FOLLOWER]: Leader election won for term 1
I20260710 11:00:07.692320  2548 raft_consensus.cc:697] T 07bc57def85147a28512bc3309c91705 P ebe54acbf0dc4adaa01aa98aa38c79ca [term 1 LEADER]: Becoming Leader. State: Replica: ebe54acbf0dc4adaa01aa98aa38c79ca, State: Running, Role: LEADER
I20260710 11:00:07.693169  2548 consensus_queue.cc:237] T 07bc57def85147a28512bc3309c91705 P ebe54acbf0dc4adaa01aa98aa38c79ca [LEADER]: Queue going to LEADER mode. State: All replicated index: 0, Majority replicated index: 0, Committed index: 0, Last appended: 0.0, Last appended by leader: 0, Current term: 1, Majority size: 2, State: 0, Mode: LEADER, active raft config: opid_index: -1 OBSOLETE_local: false peers { permanent_uuid: "1f967cf422634c3cb0b64ac602752a8e" member_type: VOTER last_known_addr { host: "127.1.37.129" port: 41905 } } peers { permanent_uuid: "f495ce285fc44c75b45bc0010c07ad1a" member_type: VOTER last_known_addr { host: "127.1.37.130" port: 43981 } } peers { permanent_uuid: "ebe54acbf0dc4adaa01aa98aa38c79ca" member_type: VOTER last_known_addr { host: "127.1.37.131" port: 33465 } }
I20260710 11:00:07.700237  2159 catalog_manager.cc:5697] T 07bc57def85147a28512bc3309c91705 P ebe54acbf0dc4adaa01aa98aa38c79ca reported cstate change: term changed from 0 to 1, leader changed from <none> to ebe54acbf0dc4adaa01aa98aa38c79ca (127.1.37.131). New cstate: current_term: 1 leader_uuid: "ebe54acbf0dc4adaa01aa98aa38c79ca" committed_config { opid_index: -1 OBSOLETE_local: false peers { permanent_uuid: "1f967cf422634c3cb0b64ac602752a8e" member_type: VOTER last_known_addr { host: "127.1.37.129" port: 41905 } health_report { overall_health: UNKNOWN } } peers { permanent_uuid: "f495ce285fc44c75b45bc0010c07ad1a" member_type: VOTER last_known_addr { host: "127.1.37.130" port: 43981 } health_report { overall_health: UNKNOWN } } peers { permanent_uuid: "ebe54acbf0dc4adaa01aa98aa38c79ca" member_type: VOTER last_known_addr { host: "127.1.37.131" port: 33465 } health_report { overall_health: HEALTHY } } }
I20260710 11:00:07.703333  2550 consensus_queue.cc:1048] T 9d2d58ecefde4ad39e933b5ccfde5f3b P 1f967cf422634c3cb0b64ac602752a8e [LEADER]: Connected to new peer: Peer: permanent_uuid: "ebe54acbf0dc4adaa01aa98aa38c79ca" member_type: VOTER last_known_addr { host: "127.1.37.131" port: 33465 }, Status: LMP_MISMATCH, Last received: 0.0, Next index: 1, Last known committed idx: 0, Time since last communication: 0.000s
I20260710 11:00:07.721834  2337 raft_consensus.cc:3060] T 9d2d58ecefde4ad39e933b5ccfde5f3b P f495ce285fc44c75b45bc0010c07ad1a [term 0 FOLLOWER]: Advancing to term 1
I20260710 11:00:07.721860  2258 raft_consensus.cc:3060] T fd16219b3a0947fca448f797d9e094dd P 1f967cf422634c3cb0b64ac602752a8e [term 0 FOLLOWER]: Advancing to term 1
I20260710 11:00:07.732765  2598 consensus_queue.cc:1048] T 9d2d58ecefde4ad39e933b5ccfde5f3b P 1f967cf422634c3cb0b64ac602752a8e [LEADER]: Connected to new peer: Peer: permanent_uuid: "f495ce285fc44c75b45bc0010c07ad1a" member_type: VOTER last_known_addr { host: "127.1.37.130" port: 43981 }, Status: LMP_MISMATCH, Last received: 0.0, Next index: 1, Last known committed idx: 0, Time since last communication: 0.000s
I20260710 11:00:07.735090  2567 consensus_queue.cc:1048] T fd16219b3a0947fca448f797d9e094dd P f495ce285fc44c75b45bc0010c07ad1a [LEADER]: Connected to new peer: Peer: permanent_uuid: "1f967cf422634c3cb0b64ac602752a8e" member_type: VOTER last_known_addr { host: "127.1.37.129" port: 41905 }, Status: LMP_MISMATCH, Last received: 0.0, Next index: 1, Last known committed idx: 0, Time since last communication: 0.000s
I20260710 11:00:07.746244  2535 consensus_queue.cc:1048] T fd16219b3a0947fca448f797d9e094dd P f495ce285fc44c75b45bc0010c07ad1a [LEADER]: Connected to new peer: Peer: permanent_uuid: "ebe54acbf0dc4adaa01aa98aa38c79ca" member_type: VOTER last_known_addr { host: "127.1.37.131" port: 33465 }, Status: LMP_MISMATCH, Last received: 0.0, Next index: 1, Last known committed idx: 0, Time since last communication: 0.000s
I20260710 11:00:07.768699  2552 consensus_queue.cc:1048] T b3ca67e7e46245768970cf142917b244 P 1f967cf422634c3cb0b64ac602752a8e [LEADER]: Connected to new peer: Peer: permanent_uuid: "f495ce285fc44c75b45bc0010c07ad1a" member_type: VOTER last_known_addr { host: "127.1.37.130" port: 43981 }, Status: LMP_MISMATCH, Last received: 0.0, Next index: 1, Last known committed idx: 0, Time since last communication: 0.000s
I20260710 11:00:07.778892  2550 consensus_queue.cc:1048] T b3ca67e7e46245768970cf142917b244 P 1f967cf422634c3cb0b64ac602752a8e [LEADER]: Connected to new peer: Peer: permanent_uuid: "ebe54acbf0dc4adaa01aa98aa38c79ca" member_type: VOTER last_known_addr { host: "127.1.37.131" port: 33465 }, Status: LMP_MISMATCH, Last received: 0.0, Next index: 1, Last known committed idx: 0, Time since last communication: 0.000s
I20260710 11:00:07.855448  2411 raft_consensus.cc:3060] T 4160f5864edd4d1287b622ae4b94332a P ebe54acbf0dc4adaa01aa98aa38c79ca [term 0 FOLLOWER]: Advancing to term 1
I20260710 11:00:08.000352  2548 consensus_queue.cc:1048] T d47fee95da884c7ea406bf711d8a184f P ebe54acbf0dc4adaa01aa98aa38c79ca [LEADER]: Connected to new peer: Peer: permanent_uuid: "f495ce285fc44c75b45bc0010c07ad1a" member_type: VOTER last_known_addr { host: "127.1.37.130" port: 43981 }, Status: LMP_MISMATCH, Last received: 0.0, Next index: 1, Last known committed idx: 0, Time since last communication: 0.000s
I20260710 11:00:08.009817  2548 consensus_queue.cc:1048] T d47fee95da884c7ea406bf711d8a184f P ebe54acbf0dc4adaa01aa98aa38c79ca [LEADER]: Connected to new peer: Peer: permanent_uuid: "1f967cf422634c3cb0b64ac602752a8e" member_type: VOTER last_known_addr { host: "127.1.37.129" port: 41905 }, Status: LMP_MISMATCH, Last received: 0.0, Next index: 1, Last known committed idx: 0, Time since last communication: 0.000s
I20260710 11:00:08.074752  2548 consensus_queue.cc:1048] T 07bc57def85147a28512bc3309c91705 P ebe54acbf0dc4adaa01aa98aa38c79ca [LEADER]: Connected to new peer: Peer: permanent_uuid: "1f967cf422634c3cb0b64ac602752a8e" member_type: VOTER last_known_addr { host: "127.1.37.129" port: 41905 }, Status: LMP_MISMATCH, Last received: 0.0, Next index: 1, Last known committed idx: 0, Time since last communication: 0.000s
I20260710 11:00:08.079514  1174 file_cache.cc:504] Constructed file cache file cache with capacity 419430
I20260710 11:00:08.085223  2547 consensus_queue.cc:1048] T 07bc57def85147a28512bc3309c91705 P ebe54acbf0dc4adaa01aa98aa38c79ca [LEADER]: Connected to new peer: Peer: permanent_uuid: "f495ce285fc44c75b45bc0010c07ad1a" member_type: VOTER last_known_addr { host: "127.1.37.130" port: 43981 }, Status: LMP_MISMATCH, Last received: 0.0, Next index: 1, Last known committed idx: 0, Time since last communication: 0.000s
W20260710 11:00:08.094218  2637 instance_detector.cc:116] could not retrieve AWS instance metadata: Network error: curl error: HTTP response code said error: The requested URL returned error: 404
W20260710 11:00:08.101385  2638 instance_detector.cc:116] could not retrieve Azure instance metadata: Network error: curl error: HTTP response code said error: The requested URL returned error: 404
W20260710 11:00:08.102517  2640 instance_detector.cc:116] could not retrieve OpenStack instance metadata: Network error: curl error: HTTP response code said error: The requested URL returned error: 404
I20260710 11:00:08.105974  1174 server_base.cc:1061] running on GCE node
I20260710 11:00:08.106905  1174 hybrid_clock.cc:584] initializing the hybrid clock with 'system_unsync' time source
W20260710 11:00:08.107096  1174 system_unsync_time.cc:38] NTP support is disabled. Clock error bounds will not be accurate. This configuration is not suitable for distributed clusters.
I20260710 11:00:08.107332  1174 hybrid_clock.cc:648] HybridClock initialized: now 1783681208107312 us; error 0 us; skew 500 ppm
I20260710 11:00:08.107904  1174 server_base.cc:861] Flag tcmalloc_max_total_thread_cache_bytes is not working since tcmalloc is not enabled.
I20260710 11:00:08.110430  1174 webserver.cc:533] Webserver started at http://127.1.37.132:33673/ using document root <none> and password file <none>
I20260710 11:00:08.110973  1174 fs_manager.cc:362] Metadata directory not provided
I20260710 11:00:08.111168  1174 fs_manager.cc:368] Using write-ahead log directory (fs_wal_dir) as metadata directory
I20260710 11:00:08.111449  1174 server_base.cc:909] This appears to be a new deployment of Kudu; creating new FS layout
I20260710 11:00:08.112461  1174 fs_manager.cc:1068] Generated new instance metadata in path /tmp/dist-test-taskQVUnfn/test-tmp/auto_leader_rebalancer-test.0.LeaderRebalancerTest.AddTserver.1783681180978205-1174-0/minicluster-data/ts-3-root/instance:
uuid: "739377c6712e46e683fe14fcc506c4ce"
format_stamp: "Formatted at 2026-07-10 11:00:08 on dist-test-slave-7vz2"
I20260710 11:00:08.117132  1174 fs_manager.cc:696] Time spent creating directory manager: real 0.004s	user 0.003s	sys 0.004s
I20260710 11:00:08.120533  2645 log_block_manager.cc:4127] Time spent loading block containers with low live blocks: real 0.000s	user 0.000s	sys 0.000s
I20260710 11:00:08.121687  1174 fs_manager.cc:730] Time spent opening block manager: real 0.003s	user 0.003s	sys 0.000s
I20260710 11:00:08.122031  1174 fs_manager.cc:647] Opened local filesystem: /tmp/dist-test-taskQVUnfn/test-tmp/auto_leader_rebalancer-test.0.LeaderRebalancerTest.AddTserver.1783681180978205-1174-0/minicluster-data/ts-3-root
uuid: "739377c6712e46e683fe14fcc506c4ce"
format_stamp: "Formatted at 2026-07-10 11:00:08 on dist-test-slave-7vz2"
I20260710 11:00:08.122391  1174 fs_report.cc:389] FS layout report
--------------------
wal directory: /tmp/dist-test-taskQVUnfn/test-tmp/auto_leader_rebalancer-test.0.LeaderRebalancerTest.AddTserver.1783681180978205-1174-0/minicluster-data/ts-3-root
metadata directory: /tmp/dist-test-taskQVUnfn/test-tmp/auto_leader_rebalancer-test.0.LeaderRebalancerTest.AddTserver.1783681180978205-1174-0/minicluster-data/ts-3-root
1 data directories: /tmp/dist-test-taskQVUnfn/test-tmp/auto_leader_rebalancer-test.0.LeaderRebalancerTest.AddTserver.1783681180978205-1174-0/minicluster-data/ts-3-root/data
Total live blocks: 0
Total live bytes: 0
Total live bytes (after alignment): 0
Total number of LBM containers: 0 (0 full)
Did not check for missing blocks
Did not check for orphaned blocks
Total full LBM containers with extra space: 0 (0 repaired)
Total full LBM container extra space in bytes: 0 (0 repaired)
Total incomplete LBM containers: 0 (0 repaired)
Total LBM partial records: 0 (0 repaired)
Total corrupted LBM metadata records in RocksDB: 0 (0 repaired)
I20260710 11:00:08.140650  1174 rpc_server.cc:225] running with OpenSSL 1.1.1  11 Sep 2018
I20260710 11:00:08.142143  1174 kserver.cc:163] Server-wide thread pool size limit: 3276
I20260710 11:00:08.143999  1174 txn_system_client.cc:432] TxnSystemClient initialization is disabled...
I20260710 11:00:08.146198  1174 ts_tablet_manager.cc:585] Loaded tablet metadata (0 total tablets, 0 live tablets)
I20260710 11:00:08.146428  1174 ts_tablet_manager.cc:531] Time spent load tablet metadata: real 0.000s	user 0.000s	sys 0.000s
I20260710 11:00:08.146689  1174 ts_tablet_manager.cc:616] Registered 0 tablets
I20260710 11:00:08.146878  1174 ts_tablet_manager.cc:595] Time spent register tablets: real 0.000s	user 0.000s	sys 0.000s
I20260710 11:00:08.184229  2472 consensus_queue.cc:1048] T 6bad6db4945b4ad8826c88054c573447 P 1f967cf422634c3cb0b64ac602752a8e [LEADER]: Connected to new peer: Peer: permanent_uuid: "f495ce285fc44c75b45bc0010c07ad1a" member_type: VOTER last_known_addr { host: "127.1.37.130" port: 43981 }, Status: LMP_MISMATCH, Last received: 0.0, Next index: 1, Last known committed idx: 0, Time since last communication: 0.001s
I20260710 11:00:08.201472  2472 consensus_queue.cc:1048] T 6bad6db4945b4ad8826c88054c573447 P 1f967cf422634c3cb0b64ac602752a8e [LEADER]: Connected to new peer: Peer: permanent_uuid: "ebe54acbf0dc4adaa01aa98aa38c79ca" member_type: VOTER last_known_addr { host: "127.1.37.131" port: 33465 }, Status: LMP_MISMATCH, Last received: 0.0, Next index: 1, Last known committed idx: 0, Time since last communication: 0.000s
I20260710 11:00:08.281641  1174 rpc_server.cc:307] RPC server started. Bound to: 127.1.37.132:33403
I20260710 11:00:08.281730  2709 acceptor_pool.cc:272] collecting diagnostics on the listening RPC socket 127.1.37.132:33403 every 8 connection(s)
I20260710 11:00:08.289157  1174 auto_leader_rebalancer-test.cc:388] add a tserver: 739377c6712e46e683fe14fcc506c4ce
I20260710 11:00:08.306348  2712 heartbeater.cc:344] Connected to a master server at 127.1.37.190:37533
I20260710 11:00:08.306752  2712 heartbeater.cc:461] Registering TS with master...
I20260710 11:00:08.307474  2712 heartbeater.cc:507] Master 127.1.37.190:37533 requested a full tablet report, sending...
I20260710 11:00:08.309587  2158 ts_manager.cc:194] Registered new tserver with Master: 739377c6712e46e683fe14fcc506c4ce (127.1.37.132:33403)
I20260710 11:00:08.310796  2158 master_service.cc:502] Signed X509 certificate for tserver {username='slave'} at 127.0.0.1:59544
I20260710 11:00:09.312805  2712 heartbeater.cc:499] Master 127.1.37.190:37533 was elected leader, sending a full tablet report...
I20260710 11:00:09.328589  2411 consensus_queue.cc:237] T bf1ef2c1404b4abfb8a0f64bae5b1d73 P ebe54acbf0dc4adaa01aa98aa38c79ca [LEADER]: Queue going to LEADER mode. State: All replicated index: 0, Majority replicated index: 1, Committed index: 1, Last appended: 1.1, Last appended by leader: 0, Current term: 1, Majority size: 2, State: 0, Mode: LEADER, active raft config: opid_index: 2 OBSOLETE_local: false peers { permanent_uuid: "1f967cf422634c3cb0b64ac602752a8e" member_type: VOTER last_known_addr { host: "127.1.37.129" port: 41905 } } peers { permanent_uuid: "f495ce285fc44c75b45bc0010c07ad1a" member_type: VOTER last_known_addr { host: "127.1.37.130" port: 43981 } attrs { replace: true } } peers { permanent_uuid: "ebe54acbf0dc4adaa01aa98aa38c79ca" member_type: VOTER last_known_addr { host: "127.1.37.131" port: 33465 } } peers { permanent_uuid: "739377c6712e46e683fe14fcc506c4ce" member_type: NON_VOTER last_known_addr { host: "127.1.37.132" port: 33403 } attrs { promote: true } }
I20260710 11:00:09.334724  2263 raft_consensus.cc:1275] T bf1ef2c1404b4abfb8a0f64bae5b1d73 P 1f967cf422634c3cb0b64ac602752a8e [term 1 FOLLOWER]: Refusing update from remote peer ebe54acbf0dc4adaa01aa98aa38c79ca: Log matching property violated. Preceding OpId in replica: term: 1 index: 1. Preceding OpId from leader: term: 1 index: 2. (index mismatch)
I20260710 11:00:09.334892  2337 raft_consensus.cc:1275] T bf1ef2c1404b4abfb8a0f64bae5b1d73 P f495ce285fc44c75b45bc0010c07ad1a [term 1 FOLLOWER]: Refusing update from remote peer ebe54acbf0dc4adaa01aa98aa38c79ca: Log matching property violated. Preceding OpId in replica: term: 1 index: 1. Preceding OpId from leader: term: 1 index: 2. (index mismatch)
I20260710 11:00:09.336762  2719 consensus_queue.cc:1048] T bf1ef2c1404b4abfb8a0f64bae5b1d73 P ebe54acbf0dc4adaa01aa98aa38c79ca [LEADER]: Connected to new peer: Peer: permanent_uuid: "1f967cf422634c3cb0b64ac602752a8e" member_type: VOTER last_known_addr { host: "127.1.37.129" port: 41905 }, Status: LMP_MISMATCH, Last received: 0.0, Next index: 2, Last known committed idx: 1, Time since last communication: 0.000s
I20260710 11:00:09.339556  2719 consensus_queue.cc:1048] T bf1ef2c1404b4abfb8a0f64bae5b1d73 P ebe54acbf0dc4adaa01aa98aa38c79ca [LEADER]: Connected to new peer: Peer: permanent_uuid: "f495ce285fc44c75b45bc0010c07ad1a" member_type: VOTER last_known_addr { host: "127.1.37.130" port: 43981 } attrs { replace: true }, Status: LMP_MISMATCH, Last received: 0.0, Next index: 2, Last known committed idx: 1, Time since last communication: 0.000s
I20260710 11:00:09.346019  2547 raft_consensus.cc:2955] T bf1ef2c1404b4abfb8a0f64bae5b1d73 P ebe54acbf0dc4adaa01aa98aa38c79ca [term 1 LEADER]: Committing config change with OpId 1.2: config changed from index -1 to 2, NON_VOTER 739377c6712e46e683fe14fcc506c4ce (127.1.37.132) added. New config: { opid_index: 2 OBSOLETE_local: false peers { permanent_uuid: "1f967cf422634c3cb0b64ac602752a8e" member_type: VOTER last_known_addr { host: "127.1.37.129" port: 41905 } } peers { permanent_uuid: "f495ce285fc44c75b45bc0010c07ad1a" member_type: VOTER last_known_addr { host: "127.1.37.130" port: 43981 } attrs { replace: true } } peers { permanent_uuid: "ebe54acbf0dc4adaa01aa98aa38c79ca" member_type: VOTER last_known_addr { host: "127.1.37.131" port: 33465 } } peers { permanent_uuid: "739377c6712e46e683fe14fcc506c4ce" member_type: NON_VOTER last_known_addr { host: "127.1.37.132" port: 33403 } attrs { promote: true } } }
I20260710 11:00:09.348762  2263 raft_consensus.cc:2955] T bf1ef2c1404b4abfb8a0f64bae5b1d73 P 1f967cf422634c3cb0b64ac602752a8e [term 1 FOLLOWER]: Committing config change with OpId 1.2: config changed from index -1 to 2, NON_VOTER 739377c6712e46e683fe14fcc506c4ce (127.1.37.132) added. New config: { opid_index: 2 OBSOLETE_local: false peers { permanent_uuid: "1f967cf422634c3cb0b64ac602752a8e" member_type: VOTER last_known_addr { host: "127.1.37.129" port: 41905 } } peers { permanent_uuid: "f495ce285fc44c75b45bc0010c07ad1a" member_type: VOTER last_known_addr { host: "127.1.37.130" port: 43981 } attrs { replace: true } } peers { permanent_uuid: "ebe54acbf0dc4adaa01aa98aa38c79ca" member_type: VOTER last_known_addr { host: "127.1.37.131" port: 33465 } } peers { permanent_uuid: "739377c6712e46e683fe14fcc506c4ce" member_type: NON_VOTER last_known_addr { host: "127.1.37.132" port: 33403 } attrs { promote: true } } }
W20260710 11:00:09.350677  2377 consensus_peers.cc:597] T bf1ef2c1404b4abfb8a0f64bae5b1d73 P ebe54acbf0dc4adaa01aa98aa38c79ca -> Peer 739377c6712e46e683fe14fcc506c4ce (127.1.37.132:33403): Couldn't send request to peer 739377c6712e46e683fe14fcc506c4ce. Error code: TABLET_NOT_FOUND (6). Status: Not found: Tablet not found: bf1ef2c1404b4abfb8a0f64bae5b1d73. This is attempt 1: this message will repeat every 5th retry.
I20260710 11:00:09.350660  2337 raft_consensus.cc:2955] T bf1ef2c1404b4abfb8a0f64bae5b1d73 P f495ce285fc44c75b45bc0010c07ad1a [term 1 FOLLOWER]: Committing config change with OpId 1.2: config changed from index -1 to 2, NON_VOTER 739377c6712e46e683fe14fcc506c4ce (127.1.37.132) added. New config: { opid_index: 2 OBSOLETE_local: false peers { permanent_uuid: "1f967cf422634c3cb0b64ac602752a8e" member_type: VOTER last_known_addr { host: "127.1.37.129" port: 41905 } } peers { permanent_uuid: "f495ce285fc44c75b45bc0010c07ad1a" member_type: VOTER last_known_addr { host: "127.1.37.130" port: 43981 } attrs { replace: true } } peers { permanent_uuid: "ebe54acbf0dc4adaa01aa98aa38c79ca" member_type: VOTER last_known_addr { host: "127.1.37.131" port: 33465 } } peers { permanent_uuid: "739377c6712e46e683fe14fcc506c4ce" member_type: NON_VOTER last_known_addr { host: "127.1.37.132" port: 33403 } attrs { promote: true } } }
I20260710 11:00:09.360033  2411 consensus_queue.cc:237] T 4326e1628dde4fd89d215aea582fe001 P ebe54acbf0dc4adaa01aa98aa38c79ca [LEADER]: Queue going to LEADER mode. State: All replicated index: 0, Majority replicated index: 1, Committed index: 1, Last appended: 1.1, Last appended by leader: 0, Current term: 1, Majority size: 2, State: 0, Mode: LEADER, active raft config: opid_index: 2 OBSOLETE_local: false peers { permanent_uuid: "1f967cf422634c3cb0b64ac602752a8e" member_type: VOTER last_known_addr { host: "127.1.37.129" port: 41905 } attrs { replace: true } } peers { permanent_uuid: "f495ce285fc44c75b45bc0010c07ad1a" member_type: VOTER last_known_addr { host: "127.1.37.130" port: 43981 } } peers { permanent_uuid: "ebe54acbf0dc4adaa01aa98aa38c79ca" member_type: VOTER last_known_addr { host: "127.1.37.131" port: 33465 } } peers { permanent_uuid: "739377c6712e46e683fe14fcc506c4ce" member_type: NON_VOTER last_known_addr { host: "127.1.37.132" port: 33403 } attrs { promote: true } }
I20260710 11:00:09.367473  2158 catalog_manager.cc:5697] T bf1ef2c1404b4abfb8a0f64bae5b1d73 P ebe54acbf0dc4adaa01aa98aa38c79ca reported cstate change: config changed from index -1 to 2, NON_VOTER 739377c6712e46e683fe14fcc506c4ce (127.1.37.132) added. New cstate: current_term: 1 leader_uuid: "ebe54acbf0dc4adaa01aa98aa38c79ca" committed_config { opid_index: 2 OBSOLETE_local: false peers { permanent_uuid: "1f967cf422634c3cb0b64ac602752a8e" member_type: VOTER last_known_addr { host: "127.1.37.129" port: 41905 } health_report { overall_health: HEALTHY } } peers { permanent_uuid: "f495ce285fc44c75b45bc0010c07ad1a" member_type: VOTER last_known_addr { host: "127.1.37.130" port: 43981 } attrs { replace: true } health_report { overall_health: HEALTHY } } peers { permanent_uuid: "ebe54acbf0dc4adaa01aa98aa38c79ca" member_type: VOTER last_known_addr { host: "127.1.37.131" port: 33465 } health_report { overall_health: HEALTHY } } peers { permanent_uuid: "739377c6712e46e683fe14fcc506c4ce" member_type: NON_VOTER last_known_addr { host: "127.1.37.132" port: 33403 } attrs { promote: true } health_report { overall_health: UNKNOWN } } }
W20260710 11:00:09.380579  2377 consensus_peers.cc:597] T 4326e1628dde4fd89d215aea582fe001 P ebe54acbf0dc4adaa01aa98aa38c79ca -> Peer 739377c6712e46e683fe14fcc506c4ce (127.1.37.132:33403): Couldn't send request to peer 739377c6712e46e683fe14fcc506c4ce. Error code: TABLET_NOT_FOUND (6). Status: Not found: Tablet not found: 4326e1628dde4fd89d215aea582fe001. This is attempt 1: this message will repeat every 5th retry.
I20260710 11:00:09.380774  2337 raft_consensus.cc:1275] T 4326e1628dde4fd89d215aea582fe001 P f495ce285fc44c75b45bc0010c07ad1a [term 1 FOLLOWER]: Refusing update from remote peer ebe54acbf0dc4adaa01aa98aa38c79ca: Log matching property violated. Preceding OpId in replica: term: 1 index: 1. Preceding OpId from leader: term: 1 index: 2. (index mismatch)
I20260710 11:00:09.381879  2263 raft_consensus.cc:1275] T 4326e1628dde4fd89d215aea582fe001 P 1f967cf422634c3cb0b64ac602752a8e [term 1 FOLLOWER]: Refusing update from remote peer ebe54acbf0dc4adaa01aa98aa38c79ca: Log matching property violated. Preceding OpId in replica: term: 1 index: 1. Preceding OpId from leader: term: 1 index: 2. (index mismatch)
I20260710 11:00:09.382154  2548 consensus_queue.cc:1048] T 4326e1628dde4fd89d215aea582fe001 P ebe54acbf0dc4adaa01aa98aa38c79ca [LEADER]: Connected to new peer: Peer: permanent_uuid: "f495ce285fc44c75b45bc0010c07ad1a" member_type: VOTER last_known_addr { host: "127.1.37.130" port: 43981 }, Status: LMP_MISMATCH, Last received: 0.0, Next index: 2, Last known committed idx: 1, Time since last communication: 0.000s
I20260710 11:00:09.383502  2547 consensus_queue.cc:1048] T 4326e1628dde4fd89d215aea582fe001 P ebe54acbf0dc4adaa01aa98aa38c79ca [LEADER]: Connected to new peer: Peer: permanent_uuid: "1f967cf422634c3cb0b64ac602752a8e" member_type: VOTER last_known_addr { host: "127.1.37.129" port: 41905 } attrs { replace: true }, Status: LMP_MISMATCH, Last received: 0.0, Next index: 2, Last known committed idx: 1, Time since last communication: 0.000s
I20260710 11:00:09.391426  2547 raft_consensus.cc:2955] T 4326e1628dde4fd89d215aea582fe001 P ebe54acbf0dc4adaa01aa98aa38c79ca [term 1 LEADER]: Committing config change with OpId 1.2: config changed from index -1 to 2, NON_VOTER 739377c6712e46e683fe14fcc506c4ce (127.1.37.132) added. New config: { opid_index: 2 OBSOLETE_local: false peers { permanent_uuid: "1f967cf422634c3cb0b64ac602752a8e" member_type: VOTER last_known_addr { host: "127.1.37.129" port: 41905 } attrs { replace: true } } peers { permanent_uuid: "f495ce285fc44c75b45bc0010c07ad1a" member_type: VOTER last_known_addr { host: "127.1.37.130" port: 43981 } } peers { permanent_uuid: "ebe54acbf0dc4adaa01aa98aa38c79ca" member_type: VOTER last_known_addr { host: "127.1.37.131" port: 33465 } } peers { permanent_uuid: "739377c6712e46e683fe14fcc506c4ce" member_type: NON_VOTER last_known_addr { host: "127.1.37.132" port: 33403 } attrs { promote: true } } }
I20260710 11:00:09.395601  2337 raft_consensus.cc:2955] T 4326e1628dde4fd89d215aea582fe001 P f495ce285fc44c75b45bc0010c07ad1a [term 1 FOLLOWER]: Committing config change with OpId 1.2: config changed from index -1 to 2, NON_VOTER 739377c6712e46e683fe14fcc506c4ce (127.1.37.132) added. New config: { opid_index: 2 OBSOLETE_local: false peers { permanent_uuid: "1f967cf422634c3cb0b64ac602752a8e" member_type: VOTER last_known_addr { host: "127.1.37.129" port: 41905 } attrs { replace: true } } peers { permanent_uuid: "f495ce285fc44c75b45bc0010c07ad1a" member_type: VOTER last_known_addr { host: "127.1.37.130" port: 43981 } } peers { permanent_uuid: "ebe54acbf0dc4adaa01aa98aa38c79ca" member_type: VOTER last_known_addr { host: "127.1.37.131" port: 33465 } } peers { permanent_uuid: "739377c6712e46e683fe14fcc506c4ce" member_type: NON_VOTER last_known_addr { host: "127.1.37.132" port: 33403 } attrs { promote: true } } }
I20260710 11:00:09.412343  2263 raft_consensus.cc:2955] T 4326e1628dde4fd89d215aea582fe001 P 1f967cf422634c3cb0b64ac602752a8e [term 1 FOLLOWER]: Committing config change with OpId 1.2: config changed from index -1 to 2, NON_VOTER 739377c6712e46e683fe14fcc506c4ce (127.1.37.132) added. New config: { opid_index: 2 OBSOLETE_local: false peers { permanent_uuid: "1f967cf422634c3cb0b64ac602752a8e" member_type: VOTER last_known_addr { host: "127.1.37.129" port: 41905 } attrs { replace: true } } peers { permanent_uuid: "f495ce285fc44c75b45bc0010c07ad1a" member_type: VOTER last_known_addr { host: "127.1.37.130" port: 43981 } } peers { permanent_uuid: "ebe54acbf0dc4adaa01aa98aa38c79ca" member_type: VOTER last_known_addr { host: "127.1.37.131" port: 33465 } } peers { permanent_uuid: "739377c6712e46e683fe14fcc506c4ce" member_type: NON_VOTER last_known_addr { host: "127.1.37.132" port: 33403 } attrs { promote: true } } }
I20260710 11:00:09.434366  2159 catalog_manager.cc:5697] T 4326e1628dde4fd89d215aea582fe001 P f495ce285fc44c75b45bc0010c07ad1a reported cstate change: config changed from index -1 to 2, NON_VOTER 739377c6712e46e683fe14fcc506c4ce (127.1.37.132) added. New cstate: current_term: 1 leader_uuid: "ebe54acbf0dc4adaa01aa98aa38c79ca" committed_config { opid_index: 2 OBSOLETE_local: false peers { permanent_uuid: "1f967cf422634c3cb0b64ac602752a8e" member_type: VOTER last_known_addr { host: "127.1.37.129" port: 41905 } attrs { replace: true } } peers { permanent_uuid: "f495ce285fc44c75b45bc0010c07ad1a" member_type: VOTER last_known_addr { host: "127.1.37.130" port: 43981 } } peers { permanent_uuid: "ebe54acbf0dc4adaa01aa98aa38c79ca" member_type: VOTER last_known_addr { host: "127.1.37.131" port: 33465 } } peers { permanent_uuid: "739377c6712e46e683fe14fcc506c4ce" member_type: NON_VOTER last_known_addr { host: "127.1.37.132" port: 33403 } attrs { promote: true } } }
I20260710 11:00:09.455946  2337 consensus_queue.cc:237] T ed2bb7af66b5477e889253954f41e1ca P f495ce285fc44c75b45bc0010c07ad1a [LEADER]: Queue going to LEADER mode. State: All replicated index: 0, Majority replicated index: 1, Committed index: 1, Last appended: 1.1, Last appended by leader: 0, Current term: 1, Majority size: 2, State: 0, Mode: LEADER, active raft config: opid_index: 2 OBSOLETE_local: false peers { permanent_uuid: "1f967cf422634c3cb0b64ac602752a8e" member_type: VOTER last_known_addr { host: "127.1.37.129" port: 41905 } } peers { permanent_uuid: "f495ce285fc44c75b45bc0010c07ad1a" member_type: VOTER last_known_addr { host: "127.1.37.130" port: 43981 } } peers { permanent_uuid: "ebe54acbf0dc4adaa01aa98aa38c79ca" member_type: VOTER last_known_addr { host: "127.1.37.131" port: 33465 } attrs { replace: true } } peers { permanent_uuid: "739377c6712e46e683fe14fcc506c4ce" member_type: NON_VOTER last_known_addr { host: "127.1.37.132" port: 33403 } attrs { promote: true } }
I20260710 11:00:09.463428  2411 raft_consensus.cc:1275] T ed2bb7af66b5477e889253954f41e1ca P ebe54acbf0dc4adaa01aa98aa38c79ca [term 1 FOLLOWER]: Refusing update from remote peer f495ce285fc44c75b45bc0010c07ad1a: Log matching property violated. Preceding OpId in replica: term: 1 index: 1. Preceding OpId from leader: term: 1 index: 2. (index mismatch)
I20260710 11:00:09.463471  2258 raft_consensus.cc:1275] T ed2bb7af66b5477e889253954f41e1ca P 1f967cf422634c3cb0b64ac602752a8e [term 1 FOLLOWER]: Refusing update from remote peer f495ce285fc44c75b45bc0010c07ad1a: Log matching property violated. Preceding OpId in replica: term: 1 index: 1. Preceding OpId from leader: term: 1 index: 2. (index mismatch)
I20260710 11:00:09.465112  2731 consensus_queue.cc:1048] T ed2bb7af66b5477e889253954f41e1ca P f495ce285fc44c75b45bc0010c07ad1a [LEADER]: Connected to new peer: Peer: permanent_uuid: "1f967cf422634c3cb0b64ac602752a8e" member_type: VOTER last_known_addr { host: "127.1.37.129" port: 41905 }, Status: LMP_MISMATCH, Last received: 0.0, Next index: 2, Last known committed idx: 1, Time since last communication: 0.000s
I20260710 11:00:09.465929  2732 consensus_queue.cc:1048] T ed2bb7af66b5477e889253954f41e1ca P f495ce285fc44c75b45bc0010c07ad1a [LEADER]: Connected to new peer: Peer: permanent_uuid: "ebe54acbf0dc4adaa01aa98aa38c79ca" member_type: VOTER last_known_addr { host: "127.1.37.131" port: 33465 } attrs { replace: true }, Status: LMP_MISMATCH, Last received: 0.0, Next index: 2, Last known committed idx: 1, Time since last communication: 0.000s
W20260710 11:00:09.477509  2303 consensus_peers.cc:597] T ed2bb7af66b5477e889253954f41e1ca P f495ce285fc44c75b45bc0010c07ad1a -> Peer 739377c6712e46e683fe14fcc506c4ce (127.1.37.132:33403): Couldn't send request to peer 739377c6712e46e683fe14fcc506c4ce. Error code: TABLET_NOT_FOUND (6). Status: Not found: Tablet not found: ed2bb7af66b5477e889253954f41e1ca. This is attempt 1: this message will repeat every 5th retry.
I20260710 11:00:09.475971  2732 raft_consensus.cc:2955] T ed2bb7af66b5477e889253954f41e1ca P f495ce285fc44c75b45bc0010c07ad1a [term 1 LEADER]: Committing config change with OpId 1.2: config changed from index -1 to 2, NON_VOTER 739377c6712e46e683fe14fcc506c4ce (127.1.37.132) added. New config: { opid_index: 2 OBSOLETE_local: false peers { permanent_uuid: "1f967cf422634c3cb0b64ac602752a8e" member_type: VOTER last_known_addr { host: "127.1.37.129" port: 41905 } } peers { permanent_uuid: "f495ce285fc44c75b45bc0010c07ad1a" member_type: VOTER last_known_addr { host: "127.1.37.130" port: 43981 } } peers { permanent_uuid: "ebe54acbf0dc4adaa01aa98aa38c79ca" member_type: VOTER last_known_addr { host: "127.1.37.131" port: 33465 } attrs { replace: true } } peers { permanent_uuid: "739377c6712e46e683fe14fcc506c4ce" member_type: NON_VOTER last_known_addr { host: "127.1.37.132" port: 33403 } attrs { promote: true } } }
I20260710 11:00:09.478350  2258 raft_consensus.cc:2955] T ed2bb7af66b5477e889253954f41e1ca P 1f967cf422634c3cb0b64ac602752a8e [term 1 FOLLOWER]: Committing config change with OpId 1.2: config changed from index -1 to 2, NON_VOTER 739377c6712e46e683fe14fcc506c4ce (127.1.37.132) added. New config: { opid_index: 2 OBSOLETE_local: false peers { permanent_uuid: "1f967cf422634c3cb0b64ac602752a8e" member_type: VOTER last_known_addr { host: "127.1.37.129" port: 41905 } } peers { permanent_uuid: "f495ce285fc44c75b45bc0010c07ad1a" member_type: VOTER last_known_addr { host: "127.1.37.130" port: 43981 } } peers { permanent_uuid: "ebe54acbf0dc4adaa01aa98aa38c79ca" member_type: VOTER last_known_addr { host: "127.1.37.131" port: 33465 } attrs { replace: true } } peers { permanent_uuid: "739377c6712e46e683fe14fcc506c4ce" member_type: NON_VOTER last_known_addr { host: "127.1.37.132" port: 33403 } attrs { promote: true } } }
I20260710 11:00:09.479240  2411 raft_consensus.cc:2955] T ed2bb7af66b5477e889253954f41e1ca P ebe54acbf0dc4adaa01aa98aa38c79ca [term 1 FOLLOWER]: Committing config change with OpId 1.2: config changed from index -1 to 2, NON_VOTER 739377c6712e46e683fe14fcc506c4ce (127.1.37.132) added. New config: { opid_index: 2 OBSOLETE_local: false peers { permanent_uuid: "1f967cf422634c3cb0b64ac602752a8e" member_type: VOTER last_known_addr { host: "127.1.37.129" port: 41905 } } peers { permanent_uuid: "f495ce285fc44c75b45bc0010c07ad1a" member_type: VOTER last_known_addr { host: "127.1.37.130" port: 43981 } } peers { permanent_uuid: "ebe54acbf0dc4adaa01aa98aa38c79ca" member_type: VOTER last_known_addr { host: "127.1.37.131" port: 33465 } attrs { replace: true } } peers { permanent_uuid: "739377c6712e46e683fe14fcc506c4ce" member_type: NON_VOTER last_known_addr { host: "127.1.37.132" port: 33403 } attrs { promote: true } } }
I20260710 11:00:09.494063  2159 catalog_manager.cc:5697] T ed2bb7af66b5477e889253954f41e1ca P f495ce285fc44c75b45bc0010c07ad1a reported cstate change: config changed from index -1 to 2, NON_VOTER 739377c6712e46e683fe14fcc506c4ce (127.1.37.132) added. New cstate: current_term: 1 leader_uuid: "f495ce285fc44c75b45bc0010c07ad1a" committed_config { opid_index: 2 OBSOLETE_local: false peers { permanent_uuid: "1f967cf422634c3cb0b64ac602752a8e" member_type: VOTER last_known_addr { host: "127.1.37.129" port: 41905 } health_report { overall_health: HEALTHY } } peers { permanent_uuid: "f495ce285fc44c75b45bc0010c07ad1a" member_type: VOTER last_known_addr { host: "127.1.37.130" port: 43981 } health_report { overall_health: HEALTHY } } peers { permanent_uuid: "ebe54acbf0dc4adaa01aa98aa38c79ca" member_type: VOTER last_known_addr { host: "127.1.37.131" port: 33465 } attrs { replace: true } health_report { overall_health: HEALTHY } } peers { permanent_uuid: "739377c6712e46e683fe14fcc506c4ce" member_type: NON_VOTER last_known_addr { host: "127.1.37.132" port: 33403 } attrs { promote: true } health_report { overall_health: UNKNOWN } } }
I20260710 11:00:09.510088  2258 consensus_queue.cc:237] T b3ca67e7e46245768970cf142917b244 P 1f967cf422634c3cb0b64ac602752a8e [LEADER]: Queue going to LEADER mode. State: All replicated index: 0, Majority replicated index: 1, Committed index: 1, Last appended: 1.1, Last appended by leader: 0, Current term: 1, Majority size: 2, State: 0, Mode: LEADER, active raft config: opid_index: 2 OBSOLETE_local: false peers { permanent_uuid: "1f967cf422634c3cb0b64ac602752a8e" member_type: VOTER last_known_addr { host: "127.1.37.129" port: 41905 } } peers { permanent_uuid: "f495ce285fc44c75b45bc0010c07ad1a" member_type: VOTER last_known_addr { host: "127.1.37.130" port: 43981 } attrs { replace: true } } peers { permanent_uuid: "ebe54acbf0dc4adaa01aa98aa38c79ca" member_type: VOTER last_known_addr { host: "127.1.37.131" port: 33465 } } peers { permanent_uuid: "739377c6712e46e683fe14fcc506c4ce" member_type: NON_VOTER last_known_addr { host: "127.1.37.132" port: 33403 } attrs { promote: true } }
I20260710 11:00:09.522449  2411 raft_consensus.cc:1275] T b3ca67e7e46245768970cf142917b244 P ebe54acbf0dc4adaa01aa98aa38c79ca [term 1 FOLLOWER]: Refusing update from remote peer 1f967cf422634c3cb0b64ac602752a8e: Log matching property violated. Preceding OpId in replica: term: 1 index: 1. Preceding OpId from leader: term: 1 index: 2. (index mismatch)
I20260710 11:00:09.524379  2337 raft_consensus.cc:1275] T b3ca67e7e46245768970cf142917b244 P f495ce285fc44c75b45bc0010c07ad1a [term 1 FOLLOWER]: Refusing update from remote peer 1f967cf422634c3cb0b64ac602752a8e: Log matching property violated. Preceding OpId in replica: term: 1 index: 1. Preceding OpId from leader: term: 1 index: 2. (index mismatch)
I20260710 11:00:09.525223  2742 consensus_queue.cc:1048] T b3ca67e7e46245768970cf142917b244 P 1f967cf422634c3cb0b64ac602752a8e [LEADER]: Connected to new peer: Peer: permanent_uuid: "ebe54acbf0dc4adaa01aa98aa38c79ca" member_type: VOTER last_known_addr { host: "127.1.37.131" port: 33465 }, Status: LMP_MISMATCH, Last received: 0.0, Next index: 2, Last known committed idx: 1, Time since last communication: 0.000s
I20260710 11:00:09.526152  2598 consensus_queue.cc:1048] T b3ca67e7e46245768970cf142917b244 P 1f967cf422634c3cb0b64ac602752a8e [LEADER]: Connected to new peer: Peer: permanent_uuid: "f495ce285fc44c75b45bc0010c07ad1a" member_type: VOTER last_known_addr { host: "127.1.37.130" port: 43981 } attrs { replace: true }, Status: LMP_MISMATCH, Last received: 0.0, Next index: 2, Last known committed idx: 1, Time since last communication: 0.000s
W20260710 11:00:09.530143  2228 consensus_peers.cc:597] T b3ca67e7e46245768970cf142917b244 P 1f967cf422634c3cb0b64ac602752a8e -> Peer 739377c6712e46e683fe14fcc506c4ce (127.1.37.132:33403): Couldn't send request to peer 739377c6712e46e683fe14fcc506c4ce. Error code: TABLET_NOT_FOUND (6). Status: Not found: Tablet not found: b3ca67e7e46245768970cf142917b244. This is attempt 1: this message will repeat every 5th retry.
I20260710 11:00:09.534893  2598 raft_consensus.cc:2955] T b3ca67e7e46245768970cf142917b244 P 1f967cf422634c3cb0b64ac602752a8e [term 1 LEADER]: Committing config change with OpId 1.2: config changed from index -1 to 2, NON_VOTER 739377c6712e46e683fe14fcc506c4ce (127.1.37.132) added. New config: { opid_index: 2 OBSOLETE_local: false peers { permanent_uuid: "1f967cf422634c3cb0b64ac602752a8e" member_type: VOTER last_known_addr { host: "127.1.37.129" port: 41905 } } peers { permanent_uuid: "f495ce285fc44c75b45bc0010c07ad1a" member_type: VOTER last_known_addr { host: "127.1.37.130" port: 43981 } attrs { replace: true } } peers { permanent_uuid: "ebe54acbf0dc4adaa01aa98aa38c79ca" member_type: VOTER last_known_addr { host: "127.1.37.131" port: 33465 } } peers { permanent_uuid: "739377c6712e46e683fe14fcc506c4ce" member_type: NON_VOTER last_known_addr { host: "127.1.37.132" port: 33403 } attrs { promote: true } } }
I20260710 11:00:09.535967  2337 raft_consensus.cc:2955] T b3ca67e7e46245768970cf142917b244 P f495ce285fc44c75b45bc0010c07ad1a [term 1 FOLLOWER]: Committing config change with OpId 1.2: config changed from index -1 to 2, NON_VOTER 739377c6712e46e683fe14fcc506c4ce (127.1.37.132) added. New config: { opid_index: 2 OBSOLETE_local: false peers { permanent_uuid: "1f967cf422634c3cb0b64ac602752a8e" member_type: VOTER last_known_addr { host: "127.1.37.129" port: 41905 } } peers { permanent_uuid: "f495ce285fc44c75b45bc0010c07ad1a" member_type: VOTER last_known_addr { host: "127.1.37.130" port: 43981 } attrs { replace: true } } peers { permanent_uuid: "ebe54acbf0dc4adaa01aa98aa38c79ca" member_type: VOTER last_known_addr { host: "127.1.37.131" port: 33465 } } peers { permanent_uuid: "739377c6712e46e683fe14fcc506c4ce" member_type: NON_VOTER last_known_addr { host: "127.1.37.132" port: 33403 } attrs { promote: true } } }
I20260710 11:00:09.537381  2411 raft_consensus.cc:2955] T b3ca67e7e46245768970cf142917b244 P ebe54acbf0dc4adaa01aa98aa38c79ca [term 1 FOLLOWER]: Committing config change with OpId 1.2: config changed from index -1 to 2, NON_VOTER 739377c6712e46e683fe14fcc506c4ce (127.1.37.132) added. New config: { opid_index: 2 OBSOLETE_local: false peers { permanent_uuid: "1f967cf422634c3cb0b64ac602752a8e" member_type: VOTER last_known_addr { host: "127.1.37.129" port: 41905 } } peers { permanent_uuid: "f495ce285fc44c75b45bc0010c07ad1a" member_type: VOTER last_known_addr { host: "127.1.37.130" port: 43981 } attrs { replace: true } } peers { permanent_uuid: "ebe54acbf0dc4adaa01aa98aa38c79ca" member_type: VOTER last_known_addr { host: "127.1.37.131" port: 33465 } } peers { permanent_uuid: "739377c6712e46e683fe14fcc506c4ce" member_type: NON_VOTER last_known_addr { host: "127.1.37.132" port: 33403 } attrs { promote: true } } }
I20260710 11:00:09.549008  2159 catalog_manager.cc:5697] T b3ca67e7e46245768970cf142917b244 P ebe54acbf0dc4adaa01aa98aa38c79ca reported cstate change: config changed from index -1 to 2, NON_VOTER 739377c6712e46e683fe14fcc506c4ce (127.1.37.132) added. New cstate: current_term: 1 leader_uuid: "1f967cf422634c3cb0b64ac602752a8e" committed_config { opid_index: 2 OBSOLETE_local: false peers { permanent_uuid: "1f967cf422634c3cb0b64ac602752a8e" member_type: VOTER last_known_addr { host: "127.1.37.129" port: 41905 } } peers { permanent_uuid: "f495ce285fc44c75b45bc0010c07ad1a" member_type: VOTER last_known_addr { host: "127.1.37.130" port: 43981 } attrs { replace: true } } peers { permanent_uuid: "ebe54acbf0dc4adaa01aa98aa38c79ca" member_type: VOTER last_known_addr { host: "127.1.37.131" port: 33465 } } peers { permanent_uuid: "739377c6712e46e683fe14fcc506c4ce" member_type: NON_VOTER last_known_addr { host: "127.1.37.132" port: 33403 } attrs { promote: true } } }
I20260710 11:00:09.785873  2748 ts_tablet_manager.cc:933] T bf1ef2c1404b4abfb8a0f64bae5b1d73 P 739377c6712e46e683fe14fcc506c4ce: Initiating tablet copy from peer ebe54acbf0dc4adaa01aa98aa38c79ca (127.1.37.131:33465)
I20260710 11:00:09.787822  2748 tablet_copy_client.cc:323] T bf1ef2c1404b4abfb8a0f64bae5b1d73 P 739377c6712e46e683fe14fcc506c4ce: tablet copy: Beginning tablet copy session from remote peer at address 127.1.37.131:33465
I20260710 11:00:09.799516  2422 tablet_copy_service.cc:140] P ebe54acbf0dc4adaa01aa98aa38c79ca: Received BeginTabletCopySession request for tablet bf1ef2c1404b4abfb8a0f64bae5b1d73 from peer 739377c6712e46e683fe14fcc506c4ce ({username='slave'} at 127.0.0.1:43050)
I20260710 11:00:09.800068  2422 tablet_copy_service.cc:161] P ebe54acbf0dc4adaa01aa98aa38c79ca: Beginning new tablet copy session on tablet bf1ef2c1404b4abfb8a0f64bae5b1d73 from peer 739377c6712e46e683fe14fcc506c4ce at {username='slave'} at 127.0.0.1:43050: session id = 739377c6712e46e683fe14fcc506c4ce-bf1ef2c1404b4abfb8a0f64bae5b1d73
I20260710 11:00:09.805121  2422 tablet_copy_source_session.cc:215] T bf1ef2c1404b4abfb8a0f64bae5b1d73 P ebe54acbf0dc4adaa01aa98aa38c79ca: Tablet Copy: opened 0 blocks and 1 log segments
I20260710 11:00:09.808288  2748 data_dirs.cc:400] Could only allocate 1 dirs of requested 3 for tablet bf1ef2c1404b4abfb8a0f64bae5b1d73. 1 dirs total, 0 dirs full, 0 dirs failed
I20260710 11:00:09.819917  2748 tablet_copy_client.cc:806] T bf1ef2c1404b4abfb8a0f64bae5b1d73 P 739377c6712e46e683fe14fcc506c4ce: tablet copy: Starting download of 0 data blocks...
I20260710 11:00:09.820480  2748 tablet_copy_client.cc:670] T bf1ef2c1404b4abfb8a0f64bae5b1d73 P 739377c6712e46e683fe14fcc506c4ce: tablet copy: Starting download of 1 WAL segments...
I20260710 11:00:09.825003  2748 tablet_copy_client.cc:538] T bf1ef2c1404b4abfb8a0f64bae5b1d73 P 739377c6712e46e683fe14fcc506c4ce: tablet copy: Tablet Copy complete. Replacing tablet superblock.
I20260710 11:00:09.831995  2748 tablet_bootstrap.cc:492] T bf1ef2c1404b4abfb8a0f64bae5b1d73 P 739377c6712e46e683fe14fcc506c4ce: Bootstrap starting.
I20260710 11:00:09.843932  2751 ts_tablet_manager.cc:933] T 4326e1628dde4fd89d215aea582fe001 P 739377c6712e46e683fe14fcc506c4ce: Initiating tablet copy from peer ebe54acbf0dc4adaa01aa98aa38c79ca (127.1.37.131:33465)
I20260710 11:00:09.846575  2751 tablet_copy_client.cc:323] T 4326e1628dde4fd89d215aea582fe001 P 739377c6712e46e683fe14fcc506c4ce: tablet copy: Beginning tablet copy session from remote peer at address 127.1.37.131:33465
