I20260710 11:10:17.019635 32387 raft_consensus.cc:1275] T a187219913f9480fa3b8e01ef005e18f P a426f0cb4a8f472bbc3e228d2344fa7d [term 1 FOLLOWER]: Refusing update from remote peer 6a3069c3259e4e2dae5ab6a46a76e9fb: Log matching property violated. Preceding OpId in replica: term: 1 index: 1. Preceding OpId from leader: term: 1 index: 2. (index mismatch)
I20260710 11:10:17.020085   515 consensus_queue.cc:1048] T a187219913f9480fa3b8e01ef005e18f P 6a3069c3259e4e2dae5ab6a46a76e9fb [LEADER]: Connected to new peer: Peer: permanent_uuid: "ec029715f14e4d09842e77376645a69c" member_type: VOTER last_known_addr { host: "127.30.137.67" port: 35223 }, Status: LMP_MISMATCH, Last received: 0.0, Next index: 2, Last known committed idx: 1, Time since last communication: 0.000s
I20260710 11:10:17.021078   494 consensus_queue.cc:1048] T a187219913f9480fa3b8e01ef005e18f P 6a3069c3259e4e2dae5ab6a46a76e9fb [LEADER]: Connected to new peer: Peer: permanent_uuid: "a426f0cb4a8f472bbc3e228d2344fa7d" member_type: VOTER last_known_addr { host: "127.30.137.65" port: 45729 } attrs { replace: true }, Status: LMP_MISMATCH, Last received: 0.0, Next index: 2, Last known committed idx: 1, Time since last communication: 0.000s
I20260710 11:10:17.028977   515 raft_consensus.cc:2955] T a187219913f9480fa3b8e01ef005e18f P 6a3069c3259e4e2dae5ab6a46a76e9fb [term 1 LEADER]: Committing config change with OpId 1.2: config changed from index -1 to 2, NON_VOTER 3034e86647eb4c28a8b57e5b45dbf79d (127.30.137.68) added. New config: { opid_index: 2 OBSOLETE_local: false peers { permanent_uuid: "a426f0cb4a8f472bbc3e228d2344fa7d" member_type: VOTER last_known_addr { host: "127.30.137.65" port: 45729 } attrs { replace: true } } peers { permanent_uuid: "6a3069c3259e4e2dae5ab6a46a76e9fb" member_type: VOTER last_known_addr { host: "127.30.137.66" port: 44709 } } peers { permanent_uuid: "ec029715f14e4d09842e77376645a69c" member_type: VOTER last_known_addr { host: "127.30.137.67" port: 35223 } } peers { permanent_uuid: "3034e86647eb4c28a8b57e5b45dbf79d" member_type: NON_VOTER last_known_addr { host: "127.30.137.68" port: 42369 } attrs { promote: true } } }
I20260710 11:10:17.030117 32387 raft_consensus.cc:2955] T a187219913f9480fa3b8e01ef005e18f P a426f0cb4a8f472bbc3e228d2344fa7d [term 1 FOLLOWER]: Committing config change with OpId 1.2: config changed from index -1 to 2, NON_VOTER 3034e86647eb4c28a8b57e5b45dbf79d (127.30.137.68) added. New config: { opid_index: 2 OBSOLETE_local: false peers { permanent_uuid: "a426f0cb4a8f472bbc3e228d2344fa7d" member_type: VOTER last_known_addr { host: "127.30.137.65" port: 45729 } attrs { replace: true } } peers { permanent_uuid: "6a3069c3259e4e2dae5ab6a46a76e9fb" member_type: VOTER last_known_addr { host: "127.30.137.66" port: 44709 } } peers { permanent_uuid: "ec029715f14e4d09842e77376645a69c" member_type: VOTER last_known_addr { host: "127.30.137.67" port: 35223 } } peers { permanent_uuid: "3034e86647eb4c28a8b57e5b45dbf79d" member_type: NON_VOTER last_known_addr { host: "127.30.137.68" port: 42369 } attrs { promote: true } } }
I20260710 11:10:17.031317 32533 raft_consensus.cc:2955] T a187219913f9480fa3b8e01ef005e18f P ec029715f14e4d09842e77376645a69c [term 1 FOLLOWER]: Committing config change with OpId 1.2: config changed from index -1 to 2, NON_VOTER 3034e86647eb4c28a8b57e5b45dbf79d (127.30.137.68) added. New config: { opid_index: 2 OBSOLETE_local: false peers { permanent_uuid: "a426f0cb4a8f472bbc3e228d2344fa7d" member_type: VOTER last_known_addr { host: "127.30.137.65" port: 45729 } attrs { replace: true } } peers { permanent_uuid: "6a3069c3259e4e2dae5ab6a46a76e9fb" member_type: VOTER last_known_addr { host: "127.30.137.66" port: 44709 } } peers { permanent_uuid: "ec029715f14e4d09842e77376645a69c" member_type: VOTER last_known_addr { host: "127.30.137.67" port: 35223 } } peers { permanent_uuid: "3034e86647eb4c28a8b57e5b45dbf79d" member_type: NON_VOTER last_known_addr { host: "127.30.137.68" port: 42369 } attrs { promote: true } } }
I20260710 11:10:17.043582 32282 catalog_manager.cc:5697] T a187219913f9480fa3b8e01ef005e18f P a426f0cb4a8f472bbc3e228d2344fa7d reported cstate change: config changed from index -1 to 2, NON_VOTER 3034e86647eb4c28a8b57e5b45dbf79d (127.30.137.68) added. New cstate: current_term: 1 leader_uuid: "6a3069c3259e4e2dae5ab6a46a76e9fb" committed_config { opid_index: 2 OBSOLETE_local: false peers { permanent_uuid: "a426f0cb4a8f472bbc3e228d2344fa7d" member_type: VOTER last_known_addr { host: "127.30.137.65" port: 45729 } attrs { replace: true } } peers { permanent_uuid: "6a3069c3259e4e2dae5ab6a46a76e9fb" member_type: VOTER last_known_addr { host: "127.30.137.66" port: 44709 } } peers { permanent_uuid: "ec029715f14e4d09842e77376645a69c" member_type: VOTER last_known_addr { host: "127.30.137.67" port: 35223 } } peers { permanent_uuid: "3034e86647eb4c28a8b57e5b45dbf79d" member_type: NON_VOTER last_known_addr { host: "127.30.137.68" port: 42369 } attrs { promote: true } } }
I20260710 11:10:17.050015 32460 consensus_queue.cc:237] T efa3d8f1cf6b4c8e8fb5b57b0b25ee1d P 6a3069c3259e4e2dae5ab6a46a76e9fb [LEADER]: Queue going to LEADER mode. State: All replicated index: 0, Majority replicated index: 1, Committed index: 1, Last appended: 1.1, Last appended by leader: 0, Current term: 1, Majority size: 2, State: 0, Mode: LEADER, active raft config: opid_index: 2 OBSOLETE_local: false peers { permanent_uuid: "a426f0cb4a8f472bbc3e228d2344fa7d" member_type: VOTER last_known_addr { host: "127.30.137.65" port: 45729 } attrs { replace: true } } peers { permanent_uuid: "6a3069c3259e4e2dae5ab6a46a76e9fb" member_type: VOTER last_known_addr { host: "127.30.137.66" port: 44709 } } peers { permanent_uuid: "ec029715f14e4d09842e77376645a69c" member_type: VOTER last_known_addr { host: "127.30.137.67" port: 35223 } } peers { permanent_uuid: "3034e86647eb4c28a8b57e5b45dbf79d" member_type: NON_VOTER last_known_addr { host: "127.30.137.68" port: 42369 } attrs { promote: true } }
I20260710 11:10:17.060879 32387 raft_consensus.cc:1275] T efa3d8f1cf6b4c8e8fb5b57b0b25ee1d P a426f0cb4a8f472bbc3e228d2344fa7d [term 1 FOLLOWER]: Refusing update from remote peer 6a3069c3259e4e2dae5ab6a46a76e9fb: Log matching property violated. Preceding OpId in replica: term: 1 index: 1. Preceding OpId from leader: term: 1 index: 2. (index mismatch)
W20260710 11:10:17.062115 32426 consensus_peers.cc:597] T efa3d8f1cf6b4c8e8fb5b57b0b25ee1d P 6a3069c3259e4e2dae5ab6a46a76e9fb -> Peer 3034e86647eb4c28a8b57e5b45dbf79d (127.30.137.68:42369): Couldn't send request to peer 3034e86647eb4c28a8b57e5b45dbf79d. Error code: TABLET_NOT_FOUND (6). Status: Not found: Tablet not found: efa3d8f1cf6b4c8e8fb5b57b0b25ee1d. This is attempt 1: this message will repeat every 5th retry.
I20260710 11:10:17.062132 32533 raft_consensus.cc:1275] T efa3d8f1cf6b4c8e8fb5b57b0b25ee1d P ec029715f14e4d09842e77376645a69c [term 1 FOLLOWER]: Refusing update from remote peer 6a3069c3259e4e2dae5ab6a46a76e9fb: Log matching property violated. Preceding OpId in replica: term: 1 index: 1. Preceding OpId from leader: term: 1 index: 2. (index mismatch)
I20260710 11:10:17.062564   515 consensus_queue.cc:1048] T efa3d8f1cf6b4c8e8fb5b57b0b25ee1d P 6a3069c3259e4e2dae5ab6a46a76e9fb [LEADER]: Connected to new peer: Peer: permanent_uuid: "a426f0cb4a8f472bbc3e228d2344fa7d" member_type: VOTER last_known_addr { host: "127.30.137.65" port: 45729 } attrs { replace: true }, Status: LMP_MISMATCH, Last received: 0.0, Next index: 2, Last known committed idx: 1, Time since last communication: 0.001s
I20260710 11:10:17.063747   494 consensus_queue.cc:1048] T efa3d8f1cf6b4c8e8fb5b57b0b25ee1d P 6a3069c3259e4e2dae5ab6a46a76e9fb [LEADER]: Connected to new peer: Peer: permanent_uuid: "ec029715f14e4d09842e77376645a69c" member_type: VOTER last_known_addr { host: "127.30.137.67" port: 35223 }, Status: LMP_MISMATCH, Last received: 0.0, Next index: 2, Last known committed idx: 1, Time since last communication: 0.000s
I20260710 11:10:17.071661   515 raft_consensus.cc:2955] T efa3d8f1cf6b4c8e8fb5b57b0b25ee1d P 6a3069c3259e4e2dae5ab6a46a76e9fb [term 1 LEADER]: Committing config change with OpId 1.2: config changed from index -1 to 2, NON_VOTER 3034e86647eb4c28a8b57e5b45dbf79d (127.30.137.68) added. New config: { opid_index: 2 OBSOLETE_local: false peers { permanent_uuid: "a426f0cb4a8f472bbc3e228d2344fa7d" member_type: VOTER last_known_addr { host: "127.30.137.65" port: 45729 } attrs { replace: true } } peers { permanent_uuid: "6a3069c3259e4e2dae5ab6a46a76e9fb" member_type: VOTER last_known_addr { host: "127.30.137.66" port: 44709 } } peers { permanent_uuid: "ec029715f14e4d09842e77376645a69c" member_type: VOTER last_known_addr { host: "127.30.137.67" port: 35223 } } peers { permanent_uuid: "3034e86647eb4c28a8b57e5b45dbf79d" member_type: NON_VOTER last_known_addr { host: "127.30.137.68" port: 42369 } attrs { promote: true } } }
I20260710 11:10:17.073596 32387 raft_consensus.cc:2955] T efa3d8f1cf6b4c8e8fb5b57b0b25ee1d P a426f0cb4a8f472bbc3e228d2344fa7d [term 1 FOLLOWER]: Committing config change with OpId 1.2: config changed from index -1 to 2, NON_VOTER 3034e86647eb4c28a8b57e5b45dbf79d (127.30.137.68) added. New config: { opid_index: 2 OBSOLETE_local: false peers { permanent_uuid: "a426f0cb4a8f472bbc3e228d2344fa7d" member_type: VOTER last_known_addr { host: "127.30.137.65" port: 45729 } attrs { replace: true } } peers { permanent_uuid: "6a3069c3259e4e2dae5ab6a46a76e9fb" member_type: VOTER last_known_addr { host: "127.30.137.66" port: 44709 } } peers { permanent_uuid: "ec029715f14e4d09842e77376645a69c" member_type: VOTER last_known_addr { host: "127.30.137.67" port: 35223 } } peers { permanent_uuid: "3034e86647eb4c28a8b57e5b45dbf79d" member_type: NON_VOTER last_known_addr { host: "127.30.137.68" port: 42369 } attrs { promote: true } } }
I20260710 11:10:17.094058 32282 catalog_manager.cc:5697] T efa3d8f1cf6b4c8e8fb5b57b0b25ee1d P a426f0cb4a8f472bbc3e228d2344fa7d reported cstate change: config changed from index -1 to 2, NON_VOTER 3034e86647eb4c28a8b57e5b45dbf79d (127.30.137.68) added. New cstate: current_term: 1 leader_uuid: "6a3069c3259e4e2dae5ab6a46a76e9fb" committed_config { opid_index: 2 OBSOLETE_local: false peers { permanent_uuid: "a426f0cb4a8f472bbc3e228d2344fa7d" member_type: VOTER last_known_addr { host: "127.30.137.65" port: 45729 } attrs { replace: true } } peers { permanent_uuid: "6a3069c3259e4e2dae5ab6a46a76e9fb" member_type: VOTER last_known_addr { host: "127.30.137.66" port: 44709 } } peers { permanent_uuid: "ec029715f14e4d09842e77376645a69c" member_type: VOTER last_known_addr { host: "127.30.137.67" port: 35223 } } peers { permanent_uuid: "3034e86647eb4c28a8b57e5b45dbf79d" member_type: NON_VOTER last_known_addr { host: "127.30.137.68" port: 42369 } attrs { promote: true } } }
I20260710 11:10:17.097044 32534 raft_consensus.cc:2955] T efa3d8f1cf6b4c8e8fb5b57b0b25ee1d P ec029715f14e4d09842e77376645a69c [term 1 FOLLOWER]: Committing config change with OpId 1.2: config changed from index -1 to 2, NON_VOTER 3034e86647eb4c28a8b57e5b45dbf79d (127.30.137.68) added. New config: { opid_index: 2 OBSOLETE_local: false peers { permanent_uuid: "a426f0cb4a8f472bbc3e228d2344fa7d" member_type: VOTER last_known_addr { host: "127.30.137.65" port: 45729 } attrs { replace: true } } peers { permanent_uuid: "6a3069c3259e4e2dae5ab6a46a76e9fb" member_type: VOTER last_known_addr { host: "127.30.137.66" port: 44709 } } peers { permanent_uuid: "ec029715f14e4d09842e77376645a69c" member_type: VOTER last_known_addr { host: "127.30.137.67" port: 35223 } } peers { permanent_uuid: "3034e86647eb4c28a8b57e5b45dbf79d" member_type: NON_VOTER last_known_addr { host: "127.30.137.68" port: 42369 } attrs { promote: true } } }
I20260710 11:10:17.105296 32387 consensus_queue.cc:237] T 36dd1e506b0c49438489cfee59cfe2eb P a426f0cb4a8f472bbc3e228d2344fa7d [LEADER]: Queue going to LEADER mode. State: All replicated index: 0, Majority replicated index: 1, Committed index: 1, Last appended: 1.1, Last appended by leader: 0, Current term: 1, Majority size: 2, State: 0, Mode: LEADER, active raft config: opid_index: 2 OBSOLETE_local: false peers { permanent_uuid: "a426f0cb4a8f472bbc3e228d2344fa7d" member_type: VOTER last_known_addr { host: "127.30.137.65" port: 45729 } } peers { permanent_uuid: "6a3069c3259e4e2dae5ab6a46a76e9fb" member_type: VOTER last_known_addr { host: "127.30.137.66" port: 44709 } } peers { permanent_uuid: "ec029715f14e4d09842e77376645a69c" member_type: VOTER last_known_addr { host: "127.30.137.67" port: 35223 } attrs { replace: true } } peers { permanent_uuid: "3034e86647eb4c28a8b57e5b45dbf79d" member_type: NON_VOTER last_known_addr { host: "127.30.137.68" port: 42369 } attrs { promote: true } }
W20260710 11:10:17.113091 32351 consensus_peers.cc:597] T 36dd1e506b0c49438489cfee59cfe2eb P a426f0cb4a8f472bbc3e228d2344fa7d -> Peer 3034e86647eb4c28a8b57e5b45dbf79d (127.30.137.68:42369): Couldn't send request to peer 3034e86647eb4c28a8b57e5b45dbf79d. Error code: TABLET_NOT_FOUND (6). Status: Not found: Tablet not found: 36dd1e506b0c49438489cfee59cfe2eb. This is attempt 1: this message will repeat every 5th retry.
I20260710 11:10:17.113510 32534 raft_consensus.cc:1275] T 36dd1e506b0c49438489cfee59cfe2eb P ec029715f14e4d09842e77376645a69c [term 1 FOLLOWER]: Refusing update from remote peer a426f0cb4a8f472bbc3e228d2344fa7d: Log matching property violated. Preceding OpId in replica: term: 1 index: 1. Preceding OpId from leader: term: 1 index: 2. (index mismatch)
I20260710 11:10:17.114495 32460 raft_consensus.cc:1275] T 36dd1e506b0c49438489cfee59cfe2eb P 6a3069c3259e4e2dae5ab6a46a76e9fb [term 1 FOLLOWER]: Refusing update from remote peer a426f0cb4a8f472bbc3e228d2344fa7d: Log matching property violated. Preceding OpId in replica: term: 1 index: 1. Preceding OpId from leader: term: 1 index: 2. (index mismatch)
I20260710 11:10:17.115841   423 consensus_queue.cc:1048] T 36dd1e506b0c49438489cfee59cfe2eb P a426f0cb4a8f472bbc3e228d2344fa7d [LEADER]: Connected to new peer: Peer: permanent_uuid: "ec029715f14e4d09842e77376645a69c" member_type: VOTER last_known_addr { host: "127.30.137.67" port: 35223 } attrs { replace: true }, Status: LMP_MISMATCH, Last received: 0.0, Next index: 2, Last known committed idx: 1, Time since last communication: 0.000s
I20260710 11:10:17.116737   480 consensus_queue.cc:1048] T 36dd1e506b0c49438489cfee59cfe2eb P a426f0cb4a8f472bbc3e228d2344fa7d [LEADER]: Connected to new peer: Peer: permanent_uuid: "6a3069c3259e4e2dae5ab6a46a76e9fb" member_type: VOTER last_known_addr { host: "127.30.137.66" port: 44709 }, Status: LMP_MISMATCH, Last received: 0.0, Next index: 2, Last known committed idx: 1, Time since last communication: 0.000s
I20260710 11:10:17.125473   423 raft_consensus.cc:2955] T 36dd1e506b0c49438489cfee59cfe2eb P a426f0cb4a8f472bbc3e228d2344fa7d [term 1 LEADER]: Committing config change with OpId 1.2: config changed from index -1 to 2, NON_VOTER 3034e86647eb4c28a8b57e5b45dbf79d (127.30.137.68) added. New config: { opid_index: 2 OBSOLETE_local: false peers { permanent_uuid: "a426f0cb4a8f472bbc3e228d2344fa7d" member_type: VOTER last_known_addr { host: "127.30.137.65" port: 45729 } } peers { permanent_uuid: "6a3069c3259e4e2dae5ab6a46a76e9fb" member_type: VOTER last_known_addr { host: "127.30.137.66" port: 44709 } } peers { permanent_uuid: "ec029715f14e4d09842e77376645a69c" member_type: VOTER last_known_addr { host: "127.30.137.67" port: 35223 } attrs { replace: true } } peers { permanent_uuid: "3034e86647eb4c28a8b57e5b45dbf79d" member_type: NON_VOTER last_known_addr { host: "127.30.137.68" port: 42369 } attrs { promote: true } } }
I20260710 11:10:17.126668 32534 raft_consensus.cc:2955] T 36dd1e506b0c49438489cfee59cfe2eb P ec029715f14e4d09842e77376645a69c [term 1 FOLLOWER]: Committing config change with OpId 1.2: config changed from index -1 to 2, NON_VOTER 3034e86647eb4c28a8b57e5b45dbf79d (127.30.137.68) added. New config: { opid_index: 2 OBSOLETE_local: false peers { permanent_uuid: "a426f0cb4a8f472bbc3e228d2344fa7d" member_type: VOTER last_known_addr { host: "127.30.137.65" port: 45729 } } peers { permanent_uuid: "6a3069c3259e4e2dae5ab6a46a76e9fb" member_type: VOTER last_known_addr { host: "127.30.137.66" port: 44709 } } peers { permanent_uuid: "ec029715f14e4d09842e77376645a69c" member_type: VOTER last_known_addr { host: "127.30.137.67" port: 35223 } attrs { replace: true } } peers { permanent_uuid: "3034e86647eb4c28a8b57e5b45dbf79d" member_type: NON_VOTER last_known_addr { host: "127.30.137.68" port: 42369 } attrs { promote: true } } }
I20260710 11:10:17.127492 32460 raft_consensus.cc:2955] T 36dd1e506b0c49438489cfee59cfe2eb P 6a3069c3259e4e2dae5ab6a46a76e9fb [term 1 FOLLOWER]: Committing config change with OpId 1.2: config changed from index -1 to 2, NON_VOTER 3034e86647eb4c28a8b57e5b45dbf79d (127.30.137.68) added. New config: { opid_index: 2 OBSOLETE_local: false peers { permanent_uuid: "a426f0cb4a8f472bbc3e228d2344fa7d" member_type: VOTER last_known_addr { host: "127.30.137.65" port: 45729 } } peers { permanent_uuid: "6a3069c3259e4e2dae5ab6a46a76e9fb" member_type: VOTER last_known_addr { host: "127.30.137.66" port: 44709 } } peers { permanent_uuid: "ec029715f14e4d09842e77376645a69c" member_type: VOTER last_known_addr { host: "127.30.137.67" port: 35223 } attrs { replace: true } } peers { permanent_uuid: "3034e86647eb4c28a8b57e5b45dbf79d" member_type: NON_VOTER last_known_addr { host: "127.30.137.68" port: 42369 } attrs { promote: true } } }
I20260710 11:10:17.138162 32283 catalog_manager.cc:5697] T 36dd1e506b0c49438489cfee59cfe2eb P ec029715f14e4d09842e77376645a69c reported cstate change: config changed from index -1 to 2, NON_VOTER 3034e86647eb4c28a8b57e5b45dbf79d (127.30.137.68) added. New cstate: current_term: 1 leader_uuid: "a426f0cb4a8f472bbc3e228d2344fa7d" committed_config { opid_index: 2 OBSOLETE_local: false peers { permanent_uuid: "a426f0cb4a8f472bbc3e228d2344fa7d" member_type: VOTER last_known_addr { host: "127.30.137.65" port: 45729 } } peers { permanent_uuid: "6a3069c3259e4e2dae5ab6a46a76e9fb" member_type: VOTER last_known_addr { host: "127.30.137.66" port: 44709 } } peers { permanent_uuid: "ec029715f14e4d09842e77376645a69c" member_type: VOTER last_known_addr { host: "127.30.137.67" port: 35223 } attrs { replace: true } } peers { permanent_uuid: "3034e86647eb4c28a8b57e5b45dbf79d" member_type: NON_VOTER last_known_addr { host: "127.30.137.68" port: 42369 } attrs { promote: true } } }
I20260710 11:10:17.144187 32534 consensus_queue.cc:237] T d5a97bf5e5c44f19a8031a25f9ed13b6 P ec029715f14e4d09842e77376645a69c [LEADER]: Queue going to LEADER mode. State: All replicated index: 0, Majority replicated index: 1, Committed index: 1, Last appended: 1.1, Last appended by leader: 0, Current term: 1, Majority size: 2, State: 0, Mode: LEADER, active raft config: opid_index: 2 OBSOLETE_local: false peers { permanent_uuid: "a426f0cb4a8f472bbc3e228d2344fa7d" member_type: VOTER last_known_addr { host: "127.30.137.65" port: 45729 } } peers { permanent_uuid: "6a3069c3259e4e2dae5ab6a46a76e9fb" member_type: VOTER last_known_addr { host: "127.30.137.66" port: 44709 } attrs { replace: true } } peers { permanent_uuid: "ec029715f14e4d09842e77376645a69c" member_type: VOTER last_known_addr { host: "127.30.137.67" port: 35223 } } peers { permanent_uuid: "3034e86647eb4c28a8b57e5b45dbf79d" member_type: NON_VOTER last_known_addr { host: "127.30.137.68" port: 42369 } attrs { promote: true } }
W20260710 11:10:17.151621 32500 consensus_peers.cc:597] T d5a97bf5e5c44f19a8031a25f9ed13b6 P ec029715f14e4d09842e77376645a69c -> Peer 3034e86647eb4c28a8b57e5b45dbf79d (127.30.137.68:42369): Couldn't send request to peer 3034e86647eb4c28a8b57e5b45dbf79d. Error code: TABLET_NOT_FOUND (6). Status: Not found: Tablet not found: d5a97bf5e5c44f19a8031a25f9ed13b6. This is attempt 1: this message will repeat every 5th retry.
I20260710 11:10:17.153138 32460 raft_consensus.cc:1275] T d5a97bf5e5c44f19a8031a25f9ed13b6 P 6a3069c3259e4e2dae5ab6a46a76e9fb [term 1 FOLLOWER]: Refusing update from remote peer ec029715f14e4d09842e77376645a69c: Log matching property violated. Preceding OpId in replica: term: 1 index: 1. Preceding OpId from leader: term: 1 index: 2. (index mismatch)
I20260710 11:10:17.154561 32387 raft_consensus.cc:1275] T d5a97bf5e5c44f19a8031a25f9ed13b6 P a426f0cb4a8f472bbc3e228d2344fa7d [term 1 FOLLOWER]: Refusing update from remote peer ec029715f14e4d09842e77376645a69c: Log matching property violated. Preceding OpId in replica: term: 1 index: 1. Preceding OpId from leader: term: 1 index: 2. (index mismatch)
I20260710 11:10:17.154508   520 consensus_queue.cc:1048] T d5a97bf5e5c44f19a8031a25f9ed13b6 P ec029715f14e4d09842e77376645a69c [LEADER]: Connected to new peer: Peer: permanent_uuid: "6a3069c3259e4e2dae5ab6a46a76e9fb" member_type: VOTER last_known_addr { host: "127.30.137.66" port: 44709 } attrs { replace: true }, Status: LMP_MISMATCH, Last received: 0.0, Next index: 2, Last known committed idx: 1, Time since last communication: 0.000s
I20260710 11:10:17.155870   506 consensus_queue.cc:1048] T d5a97bf5e5c44f19a8031a25f9ed13b6 P ec029715f14e4d09842e77376645a69c [LEADER]: Connected to new peer: Peer: permanent_uuid: "a426f0cb4a8f472bbc3e228d2344fa7d" member_type: VOTER last_known_addr { host: "127.30.137.65" port: 45729 }, Status: LMP_MISMATCH, Last received: 0.0, Next index: 2, Last known committed idx: 1, Time since last communication: 0.000s
I20260710 11:10:17.163720   520 raft_consensus.cc:2955] T d5a97bf5e5c44f19a8031a25f9ed13b6 P ec029715f14e4d09842e77376645a69c [term 1 LEADER]: Committing config change with OpId 1.2: config changed from index -1 to 2, NON_VOTER 3034e86647eb4c28a8b57e5b45dbf79d (127.30.137.68) added. New config: { opid_index: 2 OBSOLETE_local: false peers { permanent_uuid: "a426f0cb4a8f472bbc3e228d2344fa7d" member_type: VOTER last_known_addr { host: "127.30.137.65" port: 45729 } } peers { permanent_uuid: "6a3069c3259e4e2dae5ab6a46a76e9fb" member_type: VOTER last_known_addr { host: "127.30.137.66" port: 44709 } attrs { replace: true } } peers { permanent_uuid: "ec029715f14e4d09842e77376645a69c" member_type: VOTER last_known_addr { host: "127.30.137.67" port: 35223 } } peers { permanent_uuid: "3034e86647eb4c28a8b57e5b45dbf79d" member_type: NON_VOTER last_known_addr { host: "127.30.137.68" port: 42369 } attrs { promote: true } } }
I20260710 11:10:17.165798 32460 raft_consensus.cc:2955] T d5a97bf5e5c44f19a8031a25f9ed13b6 P 6a3069c3259e4e2dae5ab6a46a76e9fb [term 1 FOLLOWER]: Committing config change with OpId 1.2: config changed from index -1 to 2, NON_VOTER 3034e86647eb4c28a8b57e5b45dbf79d (127.30.137.68) added. New config: { opid_index: 2 OBSOLETE_local: false peers { permanent_uuid: "a426f0cb4a8f472bbc3e228d2344fa7d" member_type: VOTER last_known_addr { host: "127.30.137.65" port: 45729 } } peers { permanent_uuid: "6a3069c3259e4e2dae5ab6a46a76e9fb" member_type: VOTER last_known_addr { host: "127.30.137.66" port: 44709 } attrs { replace: true } } peers { permanent_uuid: "ec029715f14e4d09842e77376645a69c" member_type: VOTER last_known_addr { host: "127.30.137.67" port: 35223 } } peers { permanent_uuid: "3034e86647eb4c28a8b57e5b45dbf79d" member_type: NON_VOTER last_known_addr { host: "127.30.137.68" port: 42369 } attrs { promote: true } } }
I20260710 11:10:17.167343 32387 raft_consensus.cc:2955] T d5a97bf5e5c44f19a8031a25f9ed13b6 P a426f0cb4a8f472bbc3e228d2344fa7d [term 1 FOLLOWER]: Committing config change with OpId 1.2: config changed from index -1 to 2, NON_VOTER 3034e86647eb4c28a8b57e5b45dbf79d (127.30.137.68) added. New config: { opid_index: 2 OBSOLETE_local: false peers { permanent_uuid: "a426f0cb4a8f472bbc3e228d2344fa7d" member_type: VOTER last_known_addr { host: "127.30.137.65" port: 45729 } } peers { permanent_uuid: "6a3069c3259e4e2dae5ab6a46a76e9fb" member_type: VOTER last_known_addr { host: "127.30.137.66" port: 44709 } attrs { replace: true } } peers { permanent_uuid: "ec029715f14e4d09842e77376645a69c" member_type: VOTER last_known_addr { host: "127.30.137.67" port: 35223 } } peers { permanent_uuid: "3034e86647eb4c28a8b57e5b45dbf79d" member_type: NON_VOTER last_known_addr { host: "127.30.137.68" port: 42369 } attrs { promote: true } } }
I20260710 11:10:17.181037 32285 catalog_manager.cc:5697] T d5a97bf5e5c44f19a8031a25f9ed13b6 P a426f0cb4a8f472bbc3e228d2344fa7d reported cstate change: config changed from index -1 to 2, NON_VOTER 3034e86647eb4c28a8b57e5b45dbf79d (127.30.137.68) added. New cstate: current_term: 1 leader_uuid: "ec029715f14e4d09842e77376645a69c" committed_config { opid_index: 2 OBSOLETE_local: false peers { permanent_uuid: "a426f0cb4a8f472bbc3e228d2344fa7d" member_type: VOTER last_known_addr { host: "127.30.137.65" port: 45729 } } peers { permanent_uuid: "6a3069c3259e4e2dae5ab6a46a76e9fb" member_type: VOTER last_known_addr { host: "127.30.137.66" port: 44709 } attrs { replace: true } } peers { permanent_uuid: "ec029715f14e4d09842e77376645a69c" member_type: VOTER last_known_addr { host: "127.30.137.67" port: 35223 } } peers { permanent_uuid: "3034e86647eb4c28a8b57e5b45dbf79d" member_type: NON_VOTER last_known_addr { host: "127.30.137.68" port: 42369 } attrs { promote: true } } }
I20260710 11:10:17.436249   536 ts_tablet_manager.cc:933] T a187219913f9480fa3b8e01ef005e18f P 3034e86647eb4c28a8b57e5b45dbf79d: Initiating tablet copy from peer 6a3069c3259e4e2dae5ab6a46a76e9fb (127.30.137.66:44709)
I20260710 11:10:17.439661   536 tablet_copy_client.cc:323] T a187219913f9480fa3b8e01ef005e18f P 3034e86647eb4c28a8b57e5b45dbf79d: tablet copy: Beginning tablet copy session from remote peer at address 127.30.137.66:44709
I20260710 11:10:17.441613 32472 tablet_copy_service.cc:140] P 6a3069c3259e4e2dae5ab6a46a76e9fb: Received BeginTabletCopySession request for tablet a187219913f9480fa3b8e01ef005e18f from peer 3034e86647eb4c28a8b57e5b45dbf79d ({username='slave'} at 127.0.0.1:60816)
I20260710 11:10:17.442128 32472 tablet_copy_service.cc:161] P 6a3069c3259e4e2dae5ab6a46a76e9fb: Beginning new tablet copy session on tablet a187219913f9480fa3b8e01ef005e18f from peer 3034e86647eb4c28a8b57e5b45dbf79d at {username='slave'} at 127.0.0.1:60816: session id = 3034e86647eb4c28a8b57e5b45dbf79d-a187219913f9480fa3b8e01ef005e18f
I20260710 11:10:17.447860 32472 tablet_copy_source_session.cc:215] T a187219913f9480fa3b8e01ef005e18f P 6a3069c3259e4e2dae5ab6a46a76e9fb: Tablet Copy: opened 0 blocks and 1 log segments
I20260710 11:10:17.450418   536 data_dirs.cc:400] Could only allocate 1 dirs of requested 3 for tablet a187219913f9480fa3b8e01ef005e18f. 1 dirs total, 0 dirs full, 0 dirs failed
I20260710 11:10:17.461692   536 tablet_copy_client.cc:806] T a187219913f9480fa3b8e01ef005e18f P 3034e86647eb4c28a8b57e5b45dbf79d: tablet copy: Starting download of 0 data blocks...
I20260710 11:10:17.462210   536 tablet_copy_client.cc:670] T a187219913f9480fa3b8e01ef005e18f P 3034e86647eb4c28a8b57e5b45dbf79d: tablet copy: Starting download of 1 WAL segments...
I20260710 11:10:17.465731   536 tablet_copy_client.cc:538] T a187219913f9480fa3b8e01ef005e18f P 3034e86647eb4c28a8b57e5b45dbf79d: tablet copy: Tablet Copy complete. Replacing tablet superblock.
I20260710 11:10:17.472985   536 tablet_bootstrap.cc:492] T a187219913f9480fa3b8e01ef005e18f P 3034e86647eb4c28a8b57e5b45dbf79d: Bootstrap starting.
I20260710 11:10:17.488440   536 tablet_bootstrap.cc:492] T a187219913f9480fa3b8e01ef005e18f P 3034e86647eb4c28a8b57e5b45dbf79d: Bootstrap replayed 1/1 log segments. Stats: ops{read=2 overwritten=0 applied=2 ignored=0} inserts{seen=0 ignored=0} mutations{seen=0 ignored=0} orphaned_commits=0. Pending: 0 replicates
I20260710 11:10:17.489151   536 tablet_bootstrap.cc:492] T a187219913f9480fa3b8e01ef005e18f P 3034e86647eb4c28a8b57e5b45dbf79d: Bootstrap complete.
I20260710 11:10:17.489699   536 ts_tablet_manager.cc:1403] T a187219913f9480fa3b8e01ef005e18f P 3034e86647eb4c28a8b57e5b45dbf79d: Time spent bootstrapping tablet: real 0.017s	user 0.012s	sys 0.004s
I20260710 11:10:17.491850   536 raft_consensus.cc:359] T a187219913f9480fa3b8e01ef005e18f P 3034e86647eb4c28a8b57e5b45dbf79d [term 1 LEARNER]: Replica starting. Triggering 0 pending ops. Active config: opid_index: 2 OBSOLETE_local: false peers { permanent_uuid: "a426f0cb4a8f472bbc3e228d2344fa7d" member_type: VOTER last_known_addr { host: "127.30.137.65" port: 45729 } attrs { replace: true } } peers { permanent_uuid: "6a3069c3259e4e2dae5ab6a46a76e9fb" member_type: VOTER last_known_addr { host: "127.30.137.66" port: 44709 } } peers { permanent_uuid: "ec029715f14e4d09842e77376645a69c" member_type: VOTER last_known_addr { host: "127.30.137.67" port: 35223 } } peers { permanent_uuid: "3034e86647eb4c28a8b57e5b45dbf79d" member_type: NON_VOTER last_known_addr { host: "127.30.137.68" port: 42369 } attrs { promote: true } }
I20260710 11:10:17.492452   536 raft_consensus.cc:740] T a187219913f9480fa3b8e01ef005e18f P 3034e86647eb4c28a8b57e5b45dbf79d [term 1 LEARNER]: Becoming Follower/Learner. State: Replica: 3034e86647eb4c28a8b57e5b45dbf79d, State: Initialized, Role: LEARNER
I20260710 11:10:17.492981   536 consensus_queue.cc:260] T a187219913f9480fa3b8e01ef005e18f P 3034e86647eb4c28a8b57e5b45dbf79d [NON_LEADER]: Queue going to NON_LEADER mode. State: All replicated index: 0, Majority replicated index: 0, Committed index: 2, Last appended: 1.2, Last appended by leader: 2, Current term: 0, Majority size: -1, State: 0, Mode: NON_LEADER, active raft config: opid_index: 2 OBSOLETE_local: false peers { permanent_uuid: "a426f0cb4a8f472bbc3e228d2344fa7d" member_type: VOTER last_known_addr { host: "127.30.137.65" port: 45729 } attrs { replace: true } } peers { permanent_uuid: "6a3069c3259e4e2dae5ab6a46a76e9fb" member_type: VOTER last_known_addr { host: "127.30.137.66" port: 44709 } } peers { permanent_uuid: "ec029715f14e4d09842e77376645a69c" member_type: VOTER last_known_addr { host: "127.30.137.67" port: 35223 } } peers { permanent_uuid: "3034e86647eb4c28a8b57e5b45dbf79d" member_type: NON_VOTER last_known_addr { host: "127.30.137.68" port: 42369 } attrs { promote: true } }
I20260710 11:10:17.495675   536 ts_tablet_manager.cc:1434] T a187219913f9480fa3b8e01ef005e18f P 3034e86647eb4c28a8b57e5b45dbf79d: Time spent starting tablet: real 0.006s	user 0.007s	sys 0.001s
I20260710 11:10:17.497752 32472 tablet_copy_service.cc:342] P 6a3069c3259e4e2dae5ab6a46a76e9fb: Request end of tablet copy session 3034e86647eb4c28a8b57e5b45dbf79d-a187219913f9480fa3b8e01ef005e18f received from {username='slave'} at 127.0.0.1:60816
I20260710 11:10:17.498152 32472 tablet_copy_service.cc:434] P 6a3069c3259e4e2dae5ab6a46a76e9fb: ending tablet copy session 3034e86647eb4c28a8b57e5b45dbf79d-a187219913f9480fa3b8e01ef005e18f on tablet a187219913f9480fa3b8e01ef005e18f with peer 3034e86647eb4c28a8b57e5b45dbf79d
I20260710 11:10:17.538517   536 ts_tablet_manager.cc:933] T efa3d8f1cf6b4c8e8fb5b57b0b25ee1d P 3034e86647eb4c28a8b57e5b45dbf79d: Initiating tablet copy from peer 6a3069c3259e4e2dae5ab6a46a76e9fb (127.30.137.66:44709)
I20260710 11:10:17.540006   540 ts_tablet_manager.cc:933] T d5a97bf5e5c44f19a8031a25f9ed13b6 P 3034e86647eb4c28a8b57e5b45dbf79d: Initiating tablet copy from peer ec029715f14e4d09842e77376645a69c (127.30.137.67:35223)
I20260710 11:10:17.540450   536 tablet_copy_client.cc:323] T efa3d8f1cf6b4c8e8fb5b57b0b25ee1d P 3034e86647eb4c28a8b57e5b45dbf79d: tablet copy: Beginning tablet copy session from remote peer at address 127.30.137.66:44709
I20260710 11:10:17.542243 32472 tablet_copy_service.cc:140] P 6a3069c3259e4e2dae5ab6a46a76e9fb: Received BeginTabletCopySession request for tablet efa3d8f1cf6b4c8e8fb5b57b0b25ee1d from peer 3034e86647eb4c28a8b57e5b45dbf79d ({username='slave'} at 127.0.0.1:60816)
I20260710 11:10:17.542467   540 tablet_copy_client.cc:323] T d5a97bf5e5c44f19a8031a25f9ed13b6 P 3034e86647eb4c28a8b57e5b45dbf79d: tablet copy: Beginning tablet copy session from remote peer at address 127.30.137.67:35223
I20260710 11:10:17.542781 32472 tablet_copy_service.cc:161] P 6a3069c3259e4e2dae5ab6a46a76e9fb: Beginning new tablet copy session on tablet efa3d8f1cf6b4c8e8fb5b57b0b25ee1d from peer 3034e86647eb4c28a8b57e5b45dbf79d at {username='slave'} at 127.0.0.1:60816: session id = 3034e86647eb4c28a8b57e5b45dbf79d-efa3d8f1cf6b4c8e8fb5b57b0b25ee1d
I20260710 11:10:17.544082 32545 tablet_copy_service.cc:140] P ec029715f14e4d09842e77376645a69c: Received BeginTabletCopySession request for tablet d5a97bf5e5c44f19a8031a25f9ed13b6 from peer 3034e86647eb4c28a8b57e5b45dbf79d ({username='slave'} at 127.0.0.1:52272)
I20260710 11:10:17.544510 32545 tablet_copy_service.cc:161] P ec029715f14e4d09842e77376645a69c: Beginning new tablet copy session on tablet d5a97bf5e5c44f19a8031a25f9ed13b6 from peer 3034e86647eb4c28a8b57e5b45dbf79d at {username='slave'} at 127.0.0.1:52272: session id = 3034e86647eb4c28a8b57e5b45dbf79d-d5a97bf5e5c44f19a8031a25f9ed13b6
I20260710 11:10:17.549322 32545 tablet_copy_source_session.cc:215] T d5a97bf5e5c44f19a8031a25f9ed13b6 P ec029715f14e4d09842e77376645a69c: Tablet Copy: opened 0 blocks and 1 log segments
I20260710 11:10:17.550114 32472 tablet_copy_source_session.cc:215] T efa3d8f1cf6b4c8e8fb5b57b0b25ee1d P 6a3069c3259e4e2dae5ab6a46a76e9fb: Tablet Copy: opened 0 blocks and 1 log segments
I20260710 11:10:17.552475   540 data_dirs.cc:400] Could only allocate 1 dirs of requested 3 for tablet d5a97bf5e5c44f19a8031a25f9ed13b6. 1 dirs total, 0 dirs full, 0 dirs failed
I20260710 11:10:17.553535   536 data_dirs.cc:400] Could only allocate 1 dirs of requested 3 for tablet efa3d8f1cf6b4c8e8fb5b57b0b25ee1d. 1 dirs total, 0 dirs full, 0 dirs failed
I20260710 11:10:17.568710   540 tablet_copy_client.cc:806] T d5a97bf5e5c44f19a8031a25f9ed13b6 P 3034e86647eb4c28a8b57e5b45dbf79d: tablet copy: Starting download of 0 data blocks...
I20260710 11:10:17.568900   536 tablet_copy_client.cc:806] T efa3d8f1cf6b4c8e8fb5b57b0b25ee1d P 3034e86647eb4c28a8b57e5b45dbf79d: tablet copy: Starting download of 0 data blocks...
I20260710 11:10:17.569275   540 tablet_copy_client.cc:670] T d5a97bf5e5c44f19a8031a25f9ed13b6 P 3034e86647eb4c28a8b57e5b45dbf79d: tablet copy: Starting download of 1 WAL segments...
I20260710 11:10:17.569382   536 tablet_copy_client.cc:670] T efa3d8f1cf6b4c8e8fb5b57b0b25ee1d P 3034e86647eb4c28a8b57e5b45dbf79d: tablet copy: Starting download of 1 WAL segments...
I20260710 11:10:17.573009   536 tablet_copy_client.cc:538] T efa3d8f1cf6b4c8e8fb5b57b0b25ee1d P 3034e86647eb4c28a8b57e5b45dbf79d: tablet copy: Tablet Copy complete. Replacing tablet superblock.
I20260710 11:10:17.573118   540 tablet_copy_client.cc:538] T d5a97bf5e5c44f19a8031a25f9ed13b6 P 3034e86647eb4c28a8b57e5b45dbf79d: tablet copy: Tablet Copy complete. Replacing tablet superblock.
I20260710 11:10:17.581808   540 tablet_bootstrap.cc:492] T d5a97bf5e5c44f19a8031a25f9ed13b6 P 3034e86647eb4c28a8b57e5b45dbf79d: Bootstrap starting.
I20260710 11:10:17.582403   536 tablet_bootstrap.cc:492] T efa3d8f1cf6b4c8e8fb5b57b0b25ee1d P 3034e86647eb4c28a8b57e5b45dbf79d: Bootstrap starting.
I20260710 11:10:17.603734   540 tablet_bootstrap.cc:492] T d5a97bf5e5c44f19a8031a25f9ed13b6 P 3034e86647eb4c28a8b57e5b45dbf79d: Bootstrap replayed 1/1 log segments. Stats: ops{read=2 overwritten=0 applied=2 ignored=0} inserts{seen=0 ignored=0} mutations{seen=0 ignored=0} orphaned_commits=0. Pending: 0 replicates
I20260710 11:10:17.604579   540 tablet_bootstrap.cc:492] T d5a97bf5e5c44f19a8031a25f9ed13b6 P 3034e86647eb4c28a8b57e5b45dbf79d: Bootstrap complete.
I20260710 11:10:17.604807   536 tablet_bootstrap.cc:492] T efa3d8f1cf6b4c8e8fb5b57b0b25ee1d P 3034e86647eb4c28a8b57e5b45dbf79d: Bootstrap replayed 1/1 log segments. Stats: ops{read=2 overwritten=0 applied=2 ignored=0} inserts{seen=0 ignored=0} mutations{seen=0 ignored=0} orphaned_commits=0. Pending: 0 replicates
I20260710 11:10:17.605276   540 ts_tablet_manager.cc:1403] T d5a97bf5e5c44f19a8031a25f9ed13b6 P 3034e86647eb4c28a8b57e5b45dbf79d: Time spent bootstrapping tablet: real 0.024s	user 0.015s	sys 0.008s
I20260710 11:10:17.605711   536 tablet_bootstrap.cc:492] T efa3d8f1cf6b4c8e8fb5b57b0b25ee1d P 3034e86647eb4c28a8b57e5b45dbf79d: Bootstrap complete.
I20260710 11:10:17.606398   536 ts_tablet_manager.cc:1403] T efa3d8f1cf6b4c8e8fb5b57b0b25ee1d P 3034e86647eb4c28a8b57e5b45dbf79d: Time spent bootstrapping tablet: real 0.024s	user 0.021s	sys 0.000s
I20260710 11:10:17.609007   540 raft_consensus.cc:359] T d5a97bf5e5c44f19a8031a25f9ed13b6 P 3034e86647eb4c28a8b57e5b45dbf79d [term 1 LEARNER]: Replica starting. Triggering 0 pending ops. Active config: opid_index: 2 OBSOLETE_local: false peers { permanent_uuid: "a426f0cb4a8f472bbc3e228d2344fa7d" member_type: VOTER last_known_addr { host: "127.30.137.65" port: 45729 } } peers { permanent_uuid: "6a3069c3259e4e2dae5ab6a46a76e9fb" member_type: VOTER last_known_addr { host: "127.30.137.66" port: 44709 } attrs { replace: true } } peers { permanent_uuid: "ec029715f14e4d09842e77376645a69c" member_type: VOTER last_known_addr { host: "127.30.137.67" port: 35223 } } peers { permanent_uuid: "3034e86647eb4c28a8b57e5b45dbf79d" member_type: NON_VOTER last_known_addr { host: "127.30.137.68" port: 42369 } attrs { promote: true } }
I20260710 11:10:17.609822   540 raft_consensus.cc:740] T d5a97bf5e5c44f19a8031a25f9ed13b6 P 3034e86647eb4c28a8b57e5b45dbf79d [term 1 LEARNER]: Becoming Follower/Learner. State: Replica: 3034e86647eb4c28a8b57e5b45dbf79d, State: Initialized, Role: LEARNER
I20260710 11:10:17.609647   536 raft_consensus.cc:359] T efa3d8f1cf6b4c8e8fb5b57b0b25ee1d P 3034e86647eb4c28a8b57e5b45dbf79d [term 1 LEARNER]: Replica starting. Triggering 0 pending ops. Active config: opid_index: 2 OBSOLETE_local: false peers { permanent_uuid: "a426f0cb4a8f472bbc3e228d2344fa7d" member_type: VOTER last_known_addr { host: "127.30.137.65" port: 45729 } attrs { replace: true } } peers { permanent_uuid: "6a3069c3259e4e2dae5ab6a46a76e9fb" member_type: VOTER last_known_addr { host: "127.30.137.66" port: 44709 } } peers { permanent_uuid: "ec029715f14e4d09842e77376645a69c" member_type: VOTER last_known_addr { host: "127.30.137.67" port: 35223 } } peers { permanent_uuid: "3034e86647eb4c28a8b57e5b45dbf79d" member_type: NON_VOTER last_known_addr { host: "127.30.137.68" port: 42369 } attrs { promote: true } }
I20260710 11:10:17.610563   536 raft_consensus.cc:740] T efa3d8f1cf6b4c8e8fb5b57b0b25ee1d P 3034e86647eb4c28a8b57e5b45dbf79d [term 1 LEARNER]: Becoming Follower/Learner. State: Replica: 3034e86647eb4c28a8b57e5b45dbf79d, State: Initialized, Role: LEARNER
I20260710 11:10:17.610491   540 consensus_queue.cc:260] T d5a97bf5e5c44f19a8031a25f9ed13b6 P 3034e86647eb4c28a8b57e5b45dbf79d [NON_LEADER]: Queue going to NON_LEADER mode. State: All replicated index: 0, Majority replicated index: 0, Committed index: 2, Last appended: 1.2, Last appended by leader: 2, Current term: 0, Majority size: -1, State: 0, Mode: NON_LEADER, active raft config: opid_index: 2 OBSOLETE_local: false peers { permanent_uuid: "a426f0cb4a8f472bbc3e228d2344fa7d" member_type: VOTER last_known_addr { host: "127.30.137.65" port: 45729 } } peers { permanent_uuid: "6a3069c3259e4e2dae5ab6a46a76e9fb" member_type: VOTER last_known_addr { host: "127.30.137.66" port: 44709 } attrs { replace: true } } peers { permanent_uuid: "ec029715f14e4d09842e77376645a69c" member_type: VOTER last_known_addr { host: "127.30.137.67" port: 35223 } } peers { permanent_uuid: "3034e86647eb4c28a8b57e5b45dbf79d" member_type: NON_VOTER last_known_addr { host: "127.30.137.68" port: 42369 } attrs { promote: true } }
I20260710 11:10:17.611272   536 consensus_queue.cc:260] T efa3d8f1cf6b4c8e8fb5b57b0b25ee1d P 3034e86647eb4c28a8b57e5b45dbf79d [NON_LEADER]: Queue going to NON_LEADER mode. State: All replicated index: 0, Majority replicated index: 0, Committed index: 2, Last appended: 1.2, Last appended by leader: 2, Current term: 0, Majority size: -1, State: 0, Mode: NON_LEADER, active raft config: opid_index: 2 OBSOLETE_local: false peers { permanent_uuid: "a426f0cb4a8f472bbc3e228d2344fa7d" member_type: VOTER last_known_addr { host: "127.30.137.65" port: 45729 } attrs { replace: true } } peers { permanent_uuid: "6a3069c3259e4e2dae5ab6a46a76e9fb" member_type: VOTER last_known_addr { host: "127.30.137.66" port: 44709 } } peers { permanent_uuid: "ec029715f14e4d09842e77376645a69c" member_type: VOTER last_known_addr { host: "127.30.137.67" port: 35223 } } peers { permanent_uuid: "3034e86647eb4c28a8b57e5b45dbf79d" member_type: NON_VOTER last_known_addr { host: "127.30.137.68" port: 42369 } attrs { promote: true } }
I20260710 11:10:17.613111   536 ts_tablet_manager.cc:1434] T efa3d8f1cf6b4c8e8fb5b57b0b25ee1d P 3034e86647eb4c28a8b57e5b45dbf79d: Time spent starting tablet: real 0.006s	user 0.004s	sys 0.000s
I20260710 11:10:17.614884 32472 tablet_copy_service.cc:342] P 6a3069c3259e4e2dae5ab6a46a76e9fb: Request end of tablet copy session 3034e86647eb4c28a8b57e5b45dbf79d-efa3d8f1cf6b4c8e8fb5b57b0b25ee1d received from {username='slave'} at 127.0.0.1:60816
I20260710 11:10:17.615288 32472 tablet_copy_service.cc:434] P 6a3069c3259e4e2dae5ab6a46a76e9fb: ending tablet copy session 3034e86647eb4c28a8b57e5b45dbf79d-efa3d8f1cf6b4c8e8fb5b57b0b25ee1d on tablet efa3d8f1cf6b4c8e8fb5b57b0b25ee1d with peer 3034e86647eb4c28a8b57e5b45dbf79d
I20260710 11:10:17.615983   540 ts_tablet_manager.cc:1434] T d5a97bf5e5c44f19a8031a25f9ed13b6 P 3034e86647eb4c28a8b57e5b45dbf79d: Time spent starting tablet: real 0.010s	user 0.009s	sys 0.000s
I20260710 11:10:17.618358 32545 tablet_copy_service.cc:342] P ec029715f14e4d09842e77376645a69c: Request end of tablet copy session 3034e86647eb4c28a8b57e5b45dbf79d-d5a97bf5e5c44f19a8031a25f9ed13b6 received from {username='slave'} at 127.0.0.1:52272
I20260710 11:10:17.618788 32545 tablet_copy_service.cc:434] P ec029715f14e4d09842e77376645a69c: ending tablet copy session 3034e86647eb4c28a8b57e5b45dbf79d-d5a97bf5e5c44f19a8031a25f9ed13b6 on tablet d5a97bf5e5c44f19a8031a25f9ed13b6 with peer 3034e86647eb4c28a8b57e5b45dbf79d
I20260710 11:10:17.706672   540 ts_tablet_manager.cc:933] T 36dd1e506b0c49438489cfee59cfe2eb P 3034e86647eb4c28a8b57e5b45dbf79d: Initiating tablet copy from peer a426f0cb4a8f472bbc3e228d2344fa7d (127.30.137.65:45729)
I20260710 11:10:17.708387   540 tablet_copy_client.cc:323] T 36dd1e506b0c49438489cfee59cfe2eb P 3034e86647eb4c28a8b57e5b45dbf79d: tablet copy: Beginning tablet copy session from remote peer at address 127.30.137.65:45729
I20260710 11:10:17.709770 32396 tablet_copy_service.cc:140] P a426f0cb4a8f472bbc3e228d2344fa7d: Received BeginTabletCopySession request for tablet 36dd1e506b0c49438489cfee59cfe2eb from peer 3034e86647eb4c28a8b57e5b45dbf79d ({username='slave'} at 127.0.0.1:58290)
I20260710 11:10:17.710214 32396 tablet_copy_service.cc:161] P a426f0cb4a8f472bbc3e228d2344fa7d: Beginning new tablet copy session on tablet 36dd1e506b0c49438489cfee59cfe2eb from peer 3034e86647eb4c28a8b57e5b45dbf79d at {username='slave'} at 127.0.0.1:58290: session id = 3034e86647eb4c28a8b57e5b45dbf79d-36dd1e506b0c49438489cfee59cfe2eb
I20260710 11:10:17.714998 32396 tablet_copy_source_session.cc:215] T 36dd1e506b0c49438489cfee59cfe2eb P a426f0cb4a8f472bbc3e228d2344fa7d: Tablet Copy: opened 0 blocks and 1 log segments
I20260710 11:10:17.717907   540 data_dirs.cc:400] Could only allocate 1 dirs of requested 3 for tablet 36dd1e506b0c49438489cfee59cfe2eb. 1 dirs total, 0 dirs full, 0 dirs failed
I20260710 11:10:17.729825   540 tablet_copy_client.cc:806] T 36dd1e506b0c49438489cfee59cfe2eb P 3034e86647eb4c28a8b57e5b45dbf79d: tablet copy: Starting download of 0 data blocks...
I20260710 11:10:17.730386   540 tablet_copy_client.cc:670] T 36dd1e506b0c49438489cfee59cfe2eb P 3034e86647eb4c28a8b57e5b45dbf79d: tablet copy: Starting download of 1 WAL segments...
I20260710 11:10:17.733700   540 tablet_copy_client.cc:538] T 36dd1e506b0c49438489cfee59cfe2eb P 3034e86647eb4c28a8b57e5b45dbf79d: tablet copy: Tablet Copy complete. Replacing tablet superblock.
I20260710 11:10:17.742317   540 tablet_bootstrap.cc:492] T 36dd1e506b0c49438489cfee59cfe2eb P 3034e86647eb4c28a8b57e5b45dbf79d: Bootstrap starting.
I20260710 11:10:17.760057   540 tablet_bootstrap.cc:492] T 36dd1e506b0c49438489cfee59cfe2eb P 3034e86647eb4c28a8b57e5b45dbf79d: Bootstrap replayed 1/1 log segments. Stats: ops{read=2 overwritten=0 applied=2 ignored=0} inserts{seen=0 ignored=0} mutations{seen=0 ignored=0} orphaned_commits=0. Pending: 0 replicates
I20260710 11:10:17.760890   540 tablet_bootstrap.cc:492] T 36dd1e506b0c49438489cfee59cfe2eb P 3034e86647eb4c28a8b57e5b45dbf79d: Bootstrap complete.
I20260710 11:10:17.761570   540 ts_tablet_manager.cc:1403] T 36dd1e506b0c49438489cfee59cfe2eb P 3034e86647eb4c28a8b57e5b45dbf79d: Time spent bootstrapping tablet: real 0.019s	user 0.015s	sys 0.004s
I20260710 11:10:17.764358   540 raft_consensus.cc:359] T 36dd1e506b0c49438489cfee59cfe2eb P 3034e86647eb4c28a8b57e5b45dbf79d [term 1 LEARNER]: Replica starting. Triggering 0 pending ops. Active config: opid_index: 2 OBSOLETE_local: false peers { permanent_uuid: "a426f0cb4a8f472bbc3e228d2344fa7d" member_type: VOTER last_known_addr { host: "127.30.137.65" port: 45729 } } peers { permanent_uuid: "6a3069c3259e4e2dae5ab6a46a76e9fb" member_type: VOTER last_known_addr { host: "127.30.137.66" port: 44709 } } peers { permanent_uuid: "ec029715f14e4d09842e77376645a69c" member_type: VOTER last_known_addr { host: "127.30.137.67" port: 35223 } attrs { replace: true } } peers { permanent_uuid: "3034e86647eb4c28a8b57e5b45dbf79d" member_type: NON_VOTER last_known_addr { host: "127.30.137.68" port: 42369 } attrs { promote: true } }
I20260710 11:10:17.765226   540 raft_consensus.cc:740] T 36dd1e506b0c49438489cfee59cfe2eb P 3034e86647eb4c28a8b57e5b45dbf79d [term 1 LEARNER]: Becoming Follower/Learner. State: Replica: 3034e86647eb4c28a8b57e5b45dbf79d, State: Initialized, Role: LEARNER
I20260710 11:10:17.765856   540 consensus_queue.cc:260] T 36dd1e506b0c49438489cfee59cfe2eb P 3034e86647eb4c28a8b57e5b45dbf79d [NON_LEADER]: Queue going to NON_LEADER mode. State: All replicated index: 0, Majority replicated index: 0, Committed index: 2, Last appended: 1.2, Last appended by leader: 2, Current term: 0, Majority size: -1, State: 0, Mode: NON_LEADER, active raft config: opid_index: 2 OBSOLETE_local: false peers { permanent_uuid: "a426f0cb4a8f472bbc3e228d2344fa7d" member_type: VOTER last_known_addr { host: "127.30.137.65" port: 45729 } } peers { permanent_uuid: "6a3069c3259e4e2dae5ab6a46a76e9fb" member_type: VOTER last_known_addr { host: "127.30.137.66" port: 44709 } } peers { permanent_uuid: "ec029715f14e4d09842e77376645a69c" member_type: VOTER last_known_addr { host: "127.30.137.67" port: 35223 } attrs { replace: true } } peers { permanent_uuid: "3034e86647eb4c28a8b57e5b45dbf79d" member_type: NON_VOTER last_known_addr { host: "127.30.137.68" port: 42369 } attrs { promote: true } }
I20260710 11:10:17.768153   540 ts_tablet_manager.cc:1434] T 36dd1e506b0c49438489cfee59cfe2eb P 3034e86647eb4c28a8b57e5b45dbf79d: Time spent starting tablet: real 0.006s	user 0.008s	sys 0.000s
I20260710 11:10:17.769735 32396 tablet_copy_service.cc:342] P a426f0cb4a8f472bbc3e228d2344fa7d: Request end of tablet copy session 3034e86647eb4c28a8b57e5b45dbf79d-36dd1e506b0c49438489cfee59cfe2eb received from {username='slave'} at 127.0.0.1:58290
I20260710 11:10:17.770134 32396 tablet_copy_service.cc:434] P a426f0cb4a8f472bbc3e228d2344fa7d: ending tablet copy session 3034e86647eb4c28a8b57e5b45dbf79d-36dd1e506b0c49438489cfee59cfe2eb on tablet 36dd1e506b0c49438489cfee59cfe2eb with peer 3034e86647eb4c28a8b57e5b45dbf79d
I20260710 11:10:18.016489   332 raft_consensus.cc:1217] T a187219913f9480fa3b8e01ef005e18f P 3034e86647eb4c28a8b57e5b45dbf79d [term 1 LEARNER]: Deduplicated request from leader. Original: 1.1->[1.2-1.2]   Dedup: 1.2->[]
I20260710 11:10:18.054358   332 raft_consensus.cc:1217] T efa3d8f1cf6b4c8e8fb5b57b0b25ee1d P 3034e86647eb4c28a8b57e5b45dbf79d [term 1 LEARNER]: Deduplicated request from leader. Original: 1.1->[1.2-1.2]   Dedup: 1.2->[]
I20260710 11:10:18.157652   332 raft_consensus.cc:1217] T d5a97bf5e5c44f19a8031a25f9ed13b6 P 3034e86647eb4c28a8b57e5b45dbf79d [term 1 LEARNER]: Deduplicated request from leader. Original: 1.1->[1.2-1.2]   Dedup: 1.2->[]
I20260710 11:10:18.166124   332 raft_consensus.cc:1217] T 36dd1e506b0c49438489cfee59cfe2eb P 3034e86647eb4c28a8b57e5b45dbf79d [term 1 LEARNER]: Deduplicated request from leader. Original: 1.1->[1.2-1.2]   Dedup: 1.2->[]
I20260710 11:10:18.527987   515 raft_consensus.cc:1064] T a187219913f9480fa3b8e01ef005e18f P 6a3069c3259e4e2dae5ab6a46a76e9fb: attempting to promote NON_VOTER 3034e86647eb4c28a8b57e5b45dbf79d to VOTER
I20260710 11:10:18.530539   515 consensus_queue.cc:237] T a187219913f9480fa3b8e01ef005e18f P 6a3069c3259e4e2dae5ab6a46a76e9fb [LEADER]: Queue going to LEADER mode. State: All replicated index: 0, Majority replicated index: 2, Committed index: 2, Last appended: 1.2, Last appended by leader: 0, Current term: 1, Majority size: 3, State: 0, Mode: LEADER, active raft config: opid_index: 3 OBSOLETE_local: false peers { permanent_uuid: "a426f0cb4a8f472bbc3e228d2344fa7d" member_type: VOTER last_known_addr { host: "127.30.137.65" port: 45729 } attrs { replace: true } } peers { permanent_uuid: "6a3069c3259e4e2dae5ab6a46a76e9fb" member_type: VOTER last_known_addr { host: "127.30.137.66" port: 44709 } } peers { permanent_uuid: "ec029715f14e4d09842e77376645a69c" member_type: VOTER last_known_addr { host: "127.30.137.67" port: 35223 } } peers { permanent_uuid: "3034e86647eb4c28a8b57e5b45dbf79d" member_type: VOTER last_known_addr { host: "127.30.137.68" port: 42369 } attrs { promote: false } }
I20260710 11:10:18.536900 32534 raft_consensus.cc:1275] T a187219913f9480fa3b8e01ef005e18f P ec029715f14e4d09842e77376645a69c [term 1 FOLLOWER]: Refusing update from remote peer 6a3069c3259e4e2dae5ab6a46a76e9fb: Log matching property violated. Preceding OpId in replica: term: 1 index: 2. Preceding OpId from leader: term: 1 index: 3. (index mismatch)
