I20260710 11:10:08.517359 29478 leader_election.cc:304] T b3596d5c33e54c1cb2d00492a2085bcb P b7b4728e168e4e478aabbfd99dd99f4c [CANDIDATE]: Term 1 election: Election decided. Result: candidate won. Election summary: received 2 responses out of 3 voters: 2 yes votes; 0 no votes. yes voters: aa462343f50d450db931cbe2538adb71, b7b4728e168e4e478aabbfd99dd99f4c; no voters: 
I20260710 11:10:08.518155 29608 raft_consensus.cc:2804] T b3596d5c33e54c1cb2d00492a2085bcb P b7b4728e168e4e478aabbfd99dd99f4c [term 1 FOLLOWER]: Leader election won for term 1
I20260710 11:10:08.518610 29608 raft_consensus.cc:697] T b3596d5c33e54c1cb2d00492a2085bcb P b7b4728e168e4e478aabbfd99dd99f4c [term 1 LEADER]: Becoming Leader. State: Replica: b7b4728e168e4e478aabbfd99dd99f4c, State: Running, Role: LEADER
I20260710 11:10:08.518893 29553 raft_consensus.cc:359] T c965c3f6e924413984ba522ff075919d P aa462343f50d450db931cbe2538adb71 [term 0 FOLLOWER]: Replica starting. Triggering 0 pending ops. Active config: opid_index: -1 OBSOLETE_local: false peers { permanent_uuid: "b5a6d21f3f044f55b914f5ddd34bdfdb" member_type: VOTER last_known_addr { host: "127.27.149.65" port: 42889 } } peers { permanent_uuid: "aa462343f50d450db931cbe2538adb71" member_type: VOTER last_known_addr { host: "127.27.149.66" port: 36201 } } peers { permanent_uuid: "b7b4728e168e4e478aabbfd99dd99f4c" member_type: VOTER last_known_addr { host: "127.27.149.67" port: 45801 } }
I20260710 11:10:08.519614 29553 raft_consensus.cc:385] T c965c3f6e924413984ba522ff075919d P aa462343f50d450db931cbe2538adb71 [term 0 FOLLOWER]: Consensus starting up: Expiring failure detector timer to make a prompt election more likely
I20260710 11:10:08.519371 29608 consensus_queue.cc:237] T b3596d5c33e54c1cb2d00492a2085bcb P b7b4728e168e4e478aabbfd99dd99f4c [LEADER]: Queue going to LEADER mode. State: All replicated index: 0, Majority replicated index: 0, Committed index: 0, Last appended: 0.0, Last appended by leader: 0, Current term: 1, Majority size: 2, State: 0, Mode: LEADER, active raft config: opid_index: -1 OBSOLETE_local: false peers { permanent_uuid: "b5a6d21f3f044f55b914f5ddd34bdfdb" member_type: VOTER last_known_addr { host: "127.27.149.65" port: 42889 } } peers { permanent_uuid: "aa462343f50d450db931cbe2538adb71" member_type: VOTER last_known_addr { host: "127.27.149.66" port: 36201 } } peers { permanent_uuid: "b7b4728e168e4e478aabbfd99dd99f4c" member_type: VOTER last_known_addr { host: "127.27.149.67" port: 45801 } }
I20260710 11:10:08.519930 29553 raft_consensus.cc:740] T c965c3f6e924413984ba522ff075919d P aa462343f50d450db931cbe2538adb71 [term 0 FOLLOWER]: Becoming Follower/Learner. State: Replica: aa462343f50d450db931cbe2538adb71, State: Initialized, Role: FOLLOWER
I20260710 11:10:08.520735 29553 consensus_queue.cc:260] T c965c3f6e924413984ba522ff075919d P aa462343f50d450db931cbe2538adb71 [NON_LEADER]: Queue going to NON_LEADER mode. State: All replicated index: 0, Majority replicated index: 0, Committed index: 0, Last appended: 0.0, Last appended by leader: 0, Current term: 0, Majority size: -1, State: 0, Mode: NON_LEADER, active raft config: opid_index: -1 OBSOLETE_local: false peers { permanent_uuid: "b5a6d21f3f044f55b914f5ddd34bdfdb" member_type: VOTER last_known_addr { host: "127.27.149.65" port: 42889 } } peers { permanent_uuid: "aa462343f50d450db931cbe2538adb71" member_type: VOTER last_known_addr { host: "127.27.149.66" port: 36201 } } peers { permanent_uuid: "b7b4728e168e4e478aabbfd99dd99f4c" member_type: VOTER last_known_addr { host: "127.27.149.67" port: 45801 } }
I20260710 11:10:08.522608 29554 tablet_bootstrap.cc:654] T fb90df93f2e24756b8e810dfa83a6912 P b5a6d21f3f044f55b914f5ddd34bdfdb: Neither blocks nor log segments found. Creating new log.
I20260710 11:10:08.523064 29553 ts_tablet_manager.cc:1434] T c965c3f6e924413984ba522ff075919d P aa462343f50d450db931cbe2538adb71: Time spent starting tablet: real 0.007s	user 0.007s	sys 0.000s
I20260710 11:10:08.531179 29363 raft_consensus.cc:2468] T b3596d5c33e54c1cb2d00492a2085bcb P b5a6d21f3f044f55b914f5ddd34bdfdb [term 1 FOLLOWER]: Leader election vote request: Granting yes vote for candidate b7b4728e168e4e478aabbfd99dd99f4c in term 1.
I20260710 11:10:08.538657 29554 tablet_bootstrap.cc:492] T fb90df93f2e24756b8e810dfa83a6912 P b5a6d21f3f044f55b914f5ddd34bdfdb: No bootstrap required, opened a new log
I20260710 11:10:08.539179 29554 ts_tablet_manager.cc:1403] T fb90df93f2e24756b8e810dfa83a6912 P b5a6d21f3f044f55b914f5ddd34bdfdb: Time spent bootstrapping tablet: real 0.029s	user 0.012s	sys 0.007s
I20260710 11:10:08.542131 29554 raft_consensus.cc:359] T fb90df93f2e24756b8e810dfa83a6912 P b5a6d21f3f044f55b914f5ddd34bdfdb [term 0 FOLLOWER]: Replica starting. Triggering 0 pending ops. Active config: opid_index: -1 OBSOLETE_local: false peers { permanent_uuid: "b5a6d21f3f044f55b914f5ddd34bdfdb" member_type: VOTER last_known_addr { host: "127.27.149.65" port: 42889 } } peers { permanent_uuid: "aa462343f50d450db931cbe2538adb71" member_type: VOTER last_known_addr { host: "127.27.149.66" port: 36201 } } peers { permanent_uuid: "b7b4728e168e4e478aabbfd99dd99f4c" member_type: VOTER last_known_addr { host: "127.27.149.67" port: 45801 } }
I20260710 11:10:08.542889 29554 raft_consensus.cc:385] T fb90df93f2e24756b8e810dfa83a6912 P b5a6d21f3f044f55b914f5ddd34bdfdb [term 0 FOLLOWER]: Consensus starting up: Expiring failure detector timer to make a prompt election more likely
I20260710 11:10:08.543205 29554 raft_consensus.cc:740] T fb90df93f2e24756b8e810dfa83a6912 P b5a6d21f3f044f55b914f5ddd34bdfdb [term 0 FOLLOWER]: Becoming Follower/Learner. State: Replica: b5a6d21f3f044f55b914f5ddd34bdfdb, State: Initialized, Role: FOLLOWER
I20260710 11:10:08.543998 29554 consensus_queue.cc:260] T fb90df93f2e24756b8e810dfa83a6912 P b5a6d21f3f044f55b914f5ddd34bdfdb [NON_LEADER]: Queue going to NON_LEADER mode. State: All replicated index: 0, Majority replicated index: 0, Committed index: 0, Last appended: 0.0, Last appended by leader: 0, Current term: 0, Majority size: -1, State: 0, Mode: NON_LEADER, active raft config: opid_index: -1 OBSOLETE_local: false peers { permanent_uuid: "b5a6d21f3f044f55b914f5ddd34bdfdb" member_type: VOTER last_known_addr { host: "127.27.149.65" port: 42889 } } peers { permanent_uuid: "aa462343f50d450db931cbe2538adb71" member_type: VOTER last_known_addr { host: "127.27.149.66" port: 36201 } } peers { permanent_uuid: "b7b4728e168e4e478aabbfd99dd99f4c" member_type: VOTER last_known_addr { host: "127.27.149.67" port: 45801 } }
I20260710 11:10:08.545811 29554 ts_tablet_manager.cc:1434] T fb90df93f2e24756b8e810dfa83a6912 P b5a6d21f3f044f55b914f5ddd34bdfdb: Time spent starting tablet: real 0.006s	user 0.008s	sys 0.000s
I20260710 11:10:08.548280 29258 catalog_manager.cc:5697] T 3415bb451c024ba982d4c77581089a1f P b7b4728e168e4e478aabbfd99dd99f4c reported cstate change: term changed from 0 to 1, leader changed from <none> to b7b4728e168e4e478aabbfd99dd99f4c (127.27.149.67). New cstate: current_term: 1 leader_uuid: "b7b4728e168e4e478aabbfd99dd99f4c" committed_config { opid_index: -1 OBSOLETE_local: false peers { permanent_uuid: "b5a6d21f3f044f55b914f5ddd34bdfdb" member_type: VOTER last_known_addr { host: "127.27.149.65" port: 42889 } health_report { overall_health: UNKNOWN } } peers { permanent_uuid: "aa462343f50d450db931cbe2538adb71" member_type: VOTER last_known_addr { host: "127.27.149.66" port: 36201 } health_report { overall_health: UNKNOWN } } peers { permanent_uuid: "b7b4728e168e4e478aabbfd99dd99f4c" member_type: VOTER last_known_addr { host: "127.27.149.67" port: 45801 } health_report { overall_health: HEALTHY } } }
I20260710 11:10:08.551043 29677 raft_consensus.cc:493] T 070adbd08adb407aa267c76d4dbd962a P b5a6d21f3f044f55b914f5ddd34bdfdb [term 0 FOLLOWER]: Starting pre-election (no leader contacted us within the election timeout)
I20260710 11:10:08.551447 29677 raft_consensus.cc:515] T 070adbd08adb407aa267c76d4dbd962a P b5a6d21f3f044f55b914f5ddd34bdfdb [term 0 FOLLOWER]: Starting pre-election with config: opid_index: -1 OBSOLETE_local: false peers { permanent_uuid: "b5a6d21f3f044f55b914f5ddd34bdfdb" member_type: VOTER last_known_addr { host: "127.27.149.65" port: 42889 } } peers { permanent_uuid: "aa462343f50d450db931cbe2538adb71" member_type: VOTER last_known_addr { host: "127.27.149.66" port: 36201 } } peers { permanent_uuid: "b7b4728e168e4e478aabbfd99dd99f4c" member_type: VOTER last_known_addr { host: "127.27.149.67" port: 45801 } }
I20260710 11:10:08.553169 29677 leader_election.cc:290] T 070adbd08adb407aa267c76d4dbd962a P b5a6d21f3f044f55b914f5ddd34bdfdb [CANDIDATE]: Term 1 pre-election: Requested pre-vote from peers aa462343f50d450db931cbe2538adb71 (127.27.149.66:36201), b7b4728e168e4e478aabbfd99dd99f4c (127.27.149.67:45801)
I20260710 11:10:08.553939 29438 tablet_service.cc:1917] Received RequestConsensusVote() RPC: tablet_id: "070adbd08adb407aa267c76d4dbd962a" candidate_uuid: "b5a6d21f3f044f55b914f5ddd34bdfdb" candidate_term: 1 candidate_status { last_received { term: 0 index: 0 } } ignore_live_leader: false dest_uuid: "aa462343f50d450db931cbe2538adb71" is_pre_election: true
I20260710 11:10:08.554563 29438 raft_consensus.cc:2468] T 070adbd08adb407aa267c76d4dbd962a P aa462343f50d450db931cbe2538adb71 [term 0 FOLLOWER]: Leader pre-election vote request: Granting yes vote for candidate b5a6d21f3f044f55b914f5ddd34bdfdb in term 0.
I20260710 11:10:08.555910 29507 tablet_service.cc:1917] Received RequestConsensusVote() RPC: tablet_id: "070adbd08adb407aa267c76d4dbd962a" candidate_uuid: "b5a6d21f3f044f55b914f5ddd34bdfdb" candidate_term: 1 candidate_status { last_received { term: 0 index: 0 } } ignore_live_leader: false dest_uuid: "b7b4728e168e4e478aabbfd99dd99f4c" is_pre_election: true
I20260710 11:10:08.555807 29329 leader_election.cc:304] T 070adbd08adb407aa267c76d4dbd962a P b5a6d21f3f044f55b914f5ddd34bdfdb [CANDIDATE]: Term 1 pre-election: Election decided. Result: candidate won. Election summary: received 2 responses out of 3 voters: 2 yes votes; 0 no votes. yes voters: aa462343f50d450db931cbe2538adb71, b5a6d21f3f044f55b914f5ddd34bdfdb; no voters: 
I20260710 11:10:08.556484 29507 raft_consensus.cc:2468] T 070adbd08adb407aa267c76d4dbd962a P b7b4728e168e4e478aabbfd99dd99f4c [term 0 FOLLOWER]: Leader pre-election vote request: Granting yes vote for candidate b5a6d21f3f044f55b914f5ddd34bdfdb in term 0.
I20260710 11:10:08.556790 29677 raft_consensus.cc:2804] T 070adbd08adb407aa267c76d4dbd962a P b5a6d21f3f044f55b914f5ddd34bdfdb [term 0 FOLLOWER]: Leader pre-election won for term 1
I20260710 11:10:08.557183 29677 raft_consensus.cc:493] T 070adbd08adb407aa267c76d4dbd962a P b5a6d21f3f044f55b914f5ddd34bdfdb [term 0 FOLLOWER]: Starting leader election (no leader contacted us within the election timeout)
I20260710 11:10:08.557575 29677 raft_consensus.cc:3060] T 070adbd08adb407aa267c76d4dbd962a P b5a6d21f3f044f55b914f5ddd34bdfdb [term 0 FOLLOWER]: Advancing to term 1
I20260710 11:10:08.562887 29677 raft_consensus.cc:515] T 070adbd08adb407aa267c76d4dbd962a P b5a6d21f3f044f55b914f5ddd34bdfdb [term 1 FOLLOWER]: Starting leader election with config: opid_index: -1 OBSOLETE_local: false peers { permanent_uuid: "b5a6d21f3f044f55b914f5ddd34bdfdb" member_type: VOTER last_known_addr { host: "127.27.149.65" port: 42889 } } peers { permanent_uuid: "aa462343f50d450db931cbe2538adb71" member_type: VOTER last_known_addr { host: "127.27.149.66" port: 36201 } } peers { permanent_uuid: "b7b4728e168e4e478aabbfd99dd99f4c" member_type: VOTER last_known_addr { host: "127.27.149.67" port: 45801 } }
I20260710 11:10:08.564105 29258 catalog_manager.cc:5697] T b3596d5c33e54c1cb2d00492a2085bcb P b7b4728e168e4e478aabbfd99dd99f4c reported cstate change: term changed from 0 to 1, leader changed from <none> to b7b4728e168e4e478aabbfd99dd99f4c (127.27.149.67). New cstate: current_term: 1 leader_uuid: "b7b4728e168e4e478aabbfd99dd99f4c" committed_config { opid_index: -1 OBSOLETE_local: false peers { permanent_uuid: "b5a6d21f3f044f55b914f5ddd34bdfdb" member_type: VOTER last_known_addr { host: "127.27.149.65" port: 42889 } health_report { overall_health: UNKNOWN } } peers { permanent_uuid: "aa462343f50d450db931cbe2538adb71" member_type: VOTER last_known_addr { host: "127.27.149.66" port: 36201 } health_report { overall_health: UNKNOWN } } peers { permanent_uuid: "b7b4728e168e4e478aabbfd99dd99f4c" member_type: VOTER last_known_addr { host: "127.27.149.67" port: 45801 } health_report { overall_health: HEALTHY } } }
I20260710 11:10:08.564939 29677 leader_election.cc:290] T 070adbd08adb407aa267c76d4dbd962a P b5a6d21f3f044f55b914f5ddd34bdfdb [CANDIDATE]: Term 1 election: Requested vote from peers aa462343f50d450db931cbe2538adb71 (127.27.149.66:36201), b7b4728e168e4e478aabbfd99dd99f4c (127.27.149.67:45801)
I20260710 11:10:08.565533 29507 tablet_service.cc:1917] Received RequestConsensusVote() RPC: tablet_id: "070adbd08adb407aa267c76d4dbd962a" candidate_uuid: "b5a6d21f3f044f55b914f5ddd34bdfdb" candidate_term: 1 candidate_status { last_received { term: 0 index: 0 } } ignore_live_leader: false dest_uuid: "b7b4728e168e4e478aabbfd99dd99f4c"
I20260710 11:10:08.565407 29438 tablet_service.cc:1917] Received RequestConsensusVote() RPC: tablet_id: "070adbd08adb407aa267c76d4dbd962a" candidate_uuid: "b5a6d21f3f044f55b914f5ddd34bdfdb" candidate_term: 1 candidate_status { last_received { term: 0 index: 0 } } ignore_live_leader: false dest_uuid: "aa462343f50d450db931cbe2538adb71"
I20260710 11:10:08.566032 29507 raft_consensus.cc:3060] T 070adbd08adb407aa267c76d4dbd962a P b7b4728e168e4e478aabbfd99dd99f4c [term 0 FOLLOWER]: Advancing to term 1
I20260710 11:10:08.566077 29438 raft_consensus.cc:3060] T 070adbd08adb407aa267c76d4dbd962a P aa462343f50d450db931cbe2538adb71 [term 0 FOLLOWER]: Advancing to term 1
I20260710 11:10:08.572504 29438 raft_consensus.cc:2468] T 070adbd08adb407aa267c76d4dbd962a P aa462343f50d450db931cbe2538adb71 [term 1 FOLLOWER]: Leader election vote request: Granting yes vote for candidate b5a6d21f3f044f55b914f5ddd34bdfdb in term 1.
I20260710 11:10:08.572502 29507 raft_consensus.cc:2468] T 070adbd08adb407aa267c76d4dbd962a P b7b4728e168e4e478aabbfd99dd99f4c [term 1 FOLLOWER]: Leader election vote request: Granting yes vote for candidate b5a6d21f3f044f55b914f5ddd34bdfdb in term 1.
I20260710 11:10:08.573843 29329 leader_election.cc:304] T 070adbd08adb407aa267c76d4dbd962a P b5a6d21f3f044f55b914f5ddd34bdfdb [CANDIDATE]: Term 1 election: Election decided. Result: candidate won. Election summary: received 2 responses out of 3 voters: 2 yes votes; 0 no votes. yes voters: aa462343f50d450db931cbe2538adb71, b5a6d21f3f044f55b914f5ddd34bdfdb; no voters: 
I20260710 11:10:08.574616 29677 raft_consensus.cc:2804] T 070adbd08adb407aa267c76d4dbd962a P b5a6d21f3f044f55b914f5ddd34bdfdb [term 1 FOLLOWER]: Leader election won for term 1
I20260710 11:10:08.575156 29677 raft_consensus.cc:697] T 070adbd08adb407aa267c76d4dbd962a P b5a6d21f3f044f55b914f5ddd34bdfdb [term 1 LEADER]: Becoming Leader. State: Replica: b5a6d21f3f044f55b914f5ddd34bdfdb, State: Running, Role: LEADER
I20260710 11:10:08.576072 29677 consensus_queue.cc:237] T 070adbd08adb407aa267c76d4dbd962a P b5a6d21f3f044f55b914f5ddd34bdfdb [LEADER]: Queue going to LEADER mode. State: All replicated index: 0, Majority replicated index: 0, Committed index: 0, Last appended: 0.0, Last appended by leader: 0, Current term: 1, Majority size: 2, State: 0, Mode: LEADER, active raft config: opid_index: -1 OBSOLETE_local: false peers { permanent_uuid: "b5a6d21f3f044f55b914f5ddd34bdfdb" member_type: VOTER last_known_addr { host: "127.27.149.65" port: 42889 } } peers { permanent_uuid: "aa462343f50d450db931cbe2538adb71" member_type: VOTER last_known_addr { host: "127.27.149.66" port: 36201 } } peers { permanent_uuid: "b7b4728e168e4e478aabbfd99dd99f4c" member_type: VOTER last_known_addr { host: "127.27.149.67" port: 45801 } }
I20260710 11:10:08.589684 29258 catalog_manager.cc:5697] T 070adbd08adb407aa267c76d4dbd962a P b5a6d21f3f044f55b914f5ddd34bdfdb reported cstate change: term changed from 0 to 1, leader changed from <none> to b5a6d21f3f044f55b914f5ddd34bdfdb (127.27.149.65). New cstate: current_term: 1 leader_uuid: "b5a6d21f3f044f55b914f5ddd34bdfdb" committed_config { opid_index: -1 OBSOLETE_local: false peers { permanent_uuid: "b5a6d21f3f044f55b914f5ddd34bdfdb" member_type: VOTER last_known_addr { host: "127.27.149.65" port: 42889 } health_report { overall_health: HEALTHY } } peers { permanent_uuid: "aa462343f50d450db931cbe2538adb71" member_type: VOTER last_known_addr { host: "127.27.149.66" port: 36201 } health_report { overall_health: UNKNOWN } } peers { permanent_uuid: "b7b4728e168e4e478aabbfd99dd99f4c" member_type: VOTER last_known_addr { host: "127.27.149.67" port: 45801 } health_report { overall_health: UNKNOWN } } }
I20260710 11:10:08.593657 29677 raft_consensus.cc:493] T 62515798228a43f9bf3b88bf97d32273 P b5a6d21f3f044f55b914f5ddd34bdfdb [term 0 FOLLOWER]: Starting pre-election (no leader contacted us within the election timeout)
I20260710 11:10:08.594201 29677 raft_consensus.cc:515] T 62515798228a43f9bf3b88bf97d32273 P b5a6d21f3f044f55b914f5ddd34bdfdb [term 0 FOLLOWER]: Starting pre-election with config: opid_index: -1 OBSOLETE_local: false peers { permanent_uuid: "b5a6d21f3f044f55b914f5ddd34bdfdb" member_type: VOTER last_known_addr { host: "127.27.149.65" port: 42889 } } peers { permanent_uuid: "aa462343f50d450db931cbe2538adb71" member_type: VOTER last_known_addr { host: "127.27.149.66" port: 36201 } } peers { permanent_uuid: "b7b4728e168e4e478aabbfd99dd99f4c" member_type: VOTER last_known_addr { host: "127.27.149.67" port: 45801 } }
I20260710 11:10:08.596642 29677 leader_election.cc:290] T 62515798228a43f9bf3b88bf97d32273 P b5a6d21f3f044f55b914f5ddd34bdfdb [CANDIDATE]: Term 1 pre-election: Requested pre-vote from peers aa462343f50d450db931cbe2538adb71 (127.27.149.66:36201), b7b4728e168e4e478aabbfd99dd99f4c (127.27.149.67:45801)
I20260710 11:10:08.596894 29438 tablet_service.cc:1917] Received RequestConsensusVote() RPC: tablet_id: "62515798228a43f9bf3b88bf97d32273" candidate_uuid: "b5a6d21f3f044f55b914f5ddd34bdfdb" candidate_term: 1 candidate_status { last_received { term: 0 index: 0 } } ignore_live_leader: false dest_uuid: "aa462343f50d450db931cbe2538adb71" is_pre_election: true
I20260710 11:10:08.597431 29507 tablet_service.cc:1917] Received RequestConsensusVote() RPC: tablet_id: "62515798228a43f9bf3b88bf97d32273" candidate_uuid: "b5a6d21f3f044f55b914f5ddd34bdfdb" candidate_term: 1 candidate_status { last_received { term: 0 index: 0 } } ignore_live_leader: false dest_uuid: "b7b4728e168e4e478aabbfd99dd99f4c" is_pre_election: true
I20260710 11:10:08.597631 29438 raft_consensus.cc:2468] T 62515798228a43f9bf3b88bf97d32273 P aa462343f50d450db931cbe2538adb71 [term 0 FOLLOWER]: Leader pre-election vote request: Granting yes vote for candidate b5a6d21f3f044f55b914f5ddd34bdfdb in term 0.
I20260710 11:10:08.598033 29507 raft_consensus.cc:2468] T 62515798228a43f9bf3b88bf97d32273 P b7b4728e168e4e478aabbfd99dd99f4c [term 0 FOLLOWER]: Leader pre-election vote request: Granting yes vote for candidate b5a6d21f3f044f55b914f5ddd34bdfdb in term 0.
I20260710 11:10:08.598688 29329 leader_election.cc:304] T 62515798228a43f9bf3b88bf97d32273 P b5a6d21f3f044f55b914f5ddd34bdfdb [CANDIDATE]: Term 1 pre-election: Election decided. Result: candidate won. Election summary: received 2 responses out of 3 voters: 2 yes votes; 0 no votes. yes voters: aa462343f50d450db931cbe2538adb71, b5a6d21f3f044f55b914f5ddd34bdfdb; no voters: 
I20260710 11:10:08.599500 29677 raft_consensus.cc:2804] T 62515798228a43f9bf3b88bf97d32273 P b5a6d21f3f044f55b914f5ddd34bdfdb [term 0 FOLLOWER]: Leader pre-election won for term 1
I20260710 11:10:08.599843 29677 raft_consensus.cc:493] T 62515798228a43f9bf3b88bf97d32273 P b5a6d21f3f044f55b914f5ddd34bdfdb [term 0 FOLLOWER]: Starting leader election (no leader contacted us within the election timeout)
I20260710 11:10:08.600062 29677 raft_consensus.cc:3060] T 62515798228a43f9bf3b88bf97d32273 P b5a6d21f3f044f55b914f5ddd34bdfdb [term 0 FOLLOWER]: Advancing to term 1
I20260710 11:10:08.604254 29677 raft_consensus.cc:515] T 62515798228a43f9bf3b88bf97d32273 P b5a6d21f3f044f55b914f5ddd34bdfdb [term 1 FOLLOWER]: Starting leader election with config: opid_index: -1 OBSOLETE_local: false peers { permanent_uuid: "b5a6d21f3f044f55b914f5ddd34bdfdb" member_type: VOTER last_known_addr { host: "127.27.149.65" port: 42889 } } peers { permanent_uuid: "aa462343f50d450db931cbe2538adb71" member_type: VOTER last_known_addr { host: "127.27.149.66" port: 36201 } } peers { permanent_uuid: "b7b4728e168e4e478aabbfd99dd99f4c" member_type: VOTER last_known_addr { host: "127.27.149.67" port: 45801 } }
I20260710 11:10:08.605921 29677 leader_election.cc:290] T 62515798228a43f9bf3b88bf97d32273 P b5a6d21f3f044f55b914f5ddd34bdfdb [CANDIDATE]: Term 1 election: Requested vote from peers aa462343f50d450db931cbe2538adb71 (127.27.149.66:36201), b7b4728e168e4e478aabbfd99dd99f4c (127.27.149.67:45801)
I20260710 11:10:08.606642 29438 tablet_service.cc:1917] Received RequestConsensusVote() RPC: tablet_id: "62515798228a43f9bf3b88bf97d32273" candidate_uuid: "b5a6d21f3f044f55b914f5ddd34bdfdb" candidate_term: 1 candidate_status { last_received { term: 0 index: 0 } } ignore_live_leader: false dest_uuid: "aa462343f50d450db931cbe2538adb71"
I20260710 11:10:08.606927 29507 tablet_service.cc:1917] Received RequestConsensusVote() RPC: tablet_id: "62515798228a43f9bf3b88bf97d32273" candidate_uuid: "b5a6d21f3f044f55b914f5ddd34bdfdb" candidate_term: 1 candidate_status { last_received { term: 0 index: 0 } } ignore_live_leader: false dest_uuid: "b7b4728e168e4e478aabbfd99dd99f4c"
I20260710 11:10:08.607107 29438 raft_consensus.cc:3060] T 62515798228a43f9bf3b88bf97d32273 P aa462343f50d450db931cbe2538adb71 [term 0 FOLLOWER]: Advancing to term 1
I20260710 11:10:08.607484 29507 raft_consensus.cc:3060] T 62515798228a43f9bf3b88bf97d32273 P b7b4728e168e4e478aabbfd99dd99f4c [term 0 FOLLOWER]: Advancing to term 1
I20260710 11:10:08.609359 29677 consensus_queue.cc:1048] T 677b584eb3814cb8baa4b4f9d54909b8 P b5a6d21f3f044f55b914f5ddd34bdfdb [LEADER]: Connected to new peer: Peer: permanent_uuid: "b7b4728e168e4e478aabbfd99dd99f4c" member_type: VOTER last_known_addr { host: "127.27.149.67" port: 45801 }, Status: LMP_MISMATCH, Last received: 0.0, Next index: 1, Last known committed idx: 0, Time since last communication: 0.000s
I20260710 11:10:08.612982 29507 raft_consensus.cc:2468] T 62515798228a43f9bf3b88bf97d32273 P b7b4728e168e4e478aabbfd99dd99f4c [term 1 FOLLOWER]: Leader election vote request: Granting yes vote for candidate b5a6d21f3f044f55b914f5ddd34bdfdb in term 1.
I20260710 11:10:08.614423 29326 leader_election.cc:304] T 62515798228a43f9bf3b88bf97d32273 P b5a6d21f3f044f55b914f5ddd34bdfdb [CANDIDATE]: Term 1 election: Election decided. Result: candidate won. Election summary: received 2 responses out of 3 voters: 2 yes votes; 0 no votes. yes voters: b5a6d21f3f044f55b914f5ddd34bdfdb, b7b4728e168e4e478aabbfd99dd99f4c; no voters: 
I20260710 11:10:08.615159 29677 raft_consensus.cc:2804] T 62515798228a43f9bf3b88bf97d32273 P b5a6d21f3f044f55b914f5ddd34bdfdb [term 1 FOLLOWER]: Leader election won for term 1
I20260710 11:10:08.615505 29438 raft_consensus.cc:2468] T 62515798228a43f9bf3b88bf97d32273 P aa462343f50d450db931cbe2538adb71 [term 1 FOLLOWER]: Leader election vote request: Granting yes vote for candidate b5a6d21f3f044f55b914f5ddd34bdfdb in term 1.
I20260710 11:10:08.619820 29677 raft_consensus.cc:697] T 62515798228a43f9bf3b88bf97d32273 P b5a6d21f3f044f55b914f5ddd34bdfdb [term 1 LEADER]: Becoming Leader. State: Replica: b5a6d21f3f044f55b914f5ddd34bdfdb, State: Running, Role: LEADER
I20260710 11:10:08.620790 29677 consensus_queue.cc:237] T 62515798228a43f9bf3b88bf97d32273 P b5a6d21f3f044f55b914f5ddd34bdfdb [LEADER]: Queue going to LEADER mode. State: All replicated index: 0, Majority replicated index: 0, Committed index: 0, Last appended: 0.0, Last appended by leader: 0, Current term: 1, Majority size: 2, State: 0, Mode: LEADER, active raft config: opid_index: -1 OBSOLETE_local: false peers { permanent_uuid: "b5a6d21f3f044f55b914f5ddd34bdfdb" member_type: VOTER last_known_addr { host: "127.27.149.65" port: 42889 } } peers { permanent_uuid: "aa462343f50d450db931cbe2538adb71" member_type: VOTER last_known_addr { host: "127.27.149.66" port: 36201 } } peers { permanent_uuid: "b7b4728e168e4e478aabbfd99dd99f4c" member_type: VOTER last_known_addr { host: "127.27.149.67" port: 45801 } }
I20260710 11:10:08.632012 29258 catalog_manager.cc:5697] T 62515798228a43f9bf3b88bf97d32273 P b5a6d21f3f044f55b914f5ddd34bdfdb reported cstate change: term changed from 0 to 1, leader changed from <none> to b5a6d21f3f044f55b914f5ddd34bdfdb (127.27.149.65). New cstate: current_term: 1 leader_uuid: "b5a6d21f3f044f55b914f5ddd34bdfdb" committed_config { opid_index: -1 OBSOLETE_local: false peers { permanent_uuid: "b5a6d21f3f044f55b914f5ddd34bdfdb" member_type: VOTER last_known_addr { host: "127.27.149.65" port: 42889 } health_report { overall_health: HEALTHY } } peers { permanent_uuid: "aa462343f50d450db931cbe2538adb71" member_type: VOTER last_known_addr { host: "127.27.149.66" port: 36201 } health_report { overall_health: UNKNOWN } } peers { permanent_uuid: "b7b4728e168e4e478aabbfd99dd99f4c" member_type: VOTER last_known_addr { host: "127.27.149.67" port: 45801 } health_report { overall_health: UNKNOWN } } }
I20260710 11:10:08.633239 29677 consensus_queue.cc:1048] T 677b584eb3814cb8baa4b4f9d54909b8 P b5a6d21f3f044f55b914f5ddd34bdfdb [LEADER]: Connected to new peer: Peer: permanent_uuid: "aa462343f50d450db931cbe2538adb71" member_type: VOTER last_known_addr { host: "127.27.149.66" port: 36201 }, Status: LMP_MISMATCH, Last received: 0.0, Next index: 1, Last known committed idx: 0, Time since last communication: 0.000s
I20260710 11:10:08.663615 29680 raft_consensus.cc:493] T c965c3f6e924413984ba522ff075919d P aa462343f50d450db931cbe2538adb71 [term 0 FOLLOWER]: Starting pre-election (no leader contacted us within the election timeout)
I20260710 11:10:08.664109 29680 raft_consensus.cc:515] T c965c3f6e924413984ba522ff075919d P aa462343f50d450db931cbe2538adb71 [term 0 FOLLOWER]: Starting pre-election with config: opid_index: -1 OBSOLETE_local: false peers { permanent_uuid: "b5a6d21f3f044f55b914f5ddd34bdfdb" member_type: VOTER last_known_addr { host: "127.27.149.65" port: 42889 } } peers { permanent_uuid: "aa462343f50d450db931cbe2538adb71" member_type: VOTER last_known_addr { host: "127.27.149.66" port: 36201 } } peers { permanent_uuid: "b7b4728e168e4e478aabbfd99dd99f4c" member_type: VOTER last_known_addr { host: "127.27.149.67" port: 45801 } }
I20260710 11:10:08.666216 29680 leader_election.cc:290] T c965c3f6e924413984ba522ff075919d P aa462343f50d450db931cbe2538adb71 [CANDIDATE]: Term 1 pre-election: Requested pre-vote from peers b5a6d21f3f044f55b914f5ddd34bdfdb (127.27.149.65:42889), b7b4728e168e4e478aabbfd99dd99f4c (127.27.149.67:45801)
I20260710 11:10:08.666723 29361 tablet_service.cc:1917] Received RequestConsensusVote() RPC: tablet_id: "c965c3f6e924413984ba522ff075919d" candidate_uuid: "aa462343f50d450db931cbe2538adb71" candidate_term: 1 candidate_status { last_received { term: 0 index: 0 } } ignore_live_leader: false dest_uuid: "b5a6d21f3f044f55b914f5ddd34bdfdb" is_pre_election: true
I20260710 11:10:08.667222 29361 raft_consensus.cc:2468] T c965c3f6e924413984ba522ff075919d P b5a6d21f3f044f55b914f5ddd34bdfdb [term 0 FOLLOWER]: Leader pre-election vote request: Granting yes vote for candidate aa462343f50d450db931cbe2538adb71 in term 0.
I20260710 11:10:08.667472 29511 tablet_service.cc:1917] Received RequestConsensusVote() RPC: tablet_id: "c965c3f6e924413984ba522ff075919d" candidate_uuid: "aa462343f50d450db931cbe2538adb71" candidate_term: 1 candidate_status { last_received { term: 0 index: 0 } } ignore_live_leader: false dest_uuid: "b7b4728e168e4e478aabbfd99dd99f4c" is_pre_election: true
I20260710 11:10:08.668038 29511 raft_consensus.cc:2468] T c965c3f6e924413984ba522ff075919d P b7b4728e168e4e478aabbfd99dd99f4c [term 0 FOLLOWER]: Leader pre-election vote request: Granting yes vote for candidate aa462343f50d450db931cbe2538adb71 in term 0.
I20260710 11:10:08.668195 29403 leader_election.cc:304] T c965c3f6e924413984ba522ff075919d P aa462343f50d450db931cbe2538adb71 [CANDIDATE]: Term 1 pre-election: Election decided. Result: candidate won. Election summary: received 2 responses out of 3 voters: 2 yes votes; 0 no votes. yes voters: aa462343f50d450db931cbe2538adb71, b5a6d21f3f044f55b914f5ddd34bdfdb; no voters: 
I20260710 11:10:08.668906 29680 raft_consensus.cc:2804] T c965c3f6e924413984ba522ff075919d P aa462343f50d450db931cbe2538adb71 [term 0 FOLLOWER]: Leader pre-election won for term 1
I20260710 11:10:08.669229 29680 raft_consensus.cc:493] T c965c3f6e924413984ba522ff075919d P aa462343f50d450db931cbe2538adb71 [term 0 FOLLOWER]: Starting leader election (no leader contacted us within the election timeout)
I20260710 11:10:08.669448 29680 raft_consensus.cc:3060] T c965c3f6e924413984ba522ff075919d P aa462343f50d450db931cbe2538adb71 [term 0 FOLLOWER]: Advancing to term 1
I20260710 11:10:08.673646 29680 raft_consensus.cc:515] T c965c3f6e924413984ba522ff075919d P aa462343f50d450db931cbe2538adb71 [term 1 FOLLOWER]: Starting leader election with config: opid_index: -1 OBSOLETE_local: false peers { permanent_uuid: "b5a6d21f3f044f55b914f5ddd34bdfdb" member_type: VOTER last_known_addr { host: "127.27.149.65" port: 42889 } } peers { permanent_uuid: "aa462343f50d450db931cbe2538adb71" member_type: VOTER last_known_addr { host: "127.27.149.66" port: 36201 } } peers { permanent_uuid: "b7b4728e168e4e478aabbfd99dd99f4c" member_type: VOTER last_known_addr { host: "127.27.149.67" port: 45801 } }
I20260710 11:10:08.675050 29680 leader_election.cc:290] T c965c3f6e924413984ba522ff075919d P aa462343f50d450db931cbe2538adb71 [CANDIDATE]: Term 1 election: Requested vote from peers b5a6d21f3f044f55b914f5ddd34bdfdb (127.27.149.65:42889), b7b4728e168e4e478aabbfd99dd99f4c (127.27.149.67:45801)
I20260710 11:10:08.676040 29511 tablet_service.cc:1917] Received RequestConsensusVote() RPC: tablet_id: "c965c3f6e924413984ba522ff075919d" candidate_uuid: "aa462343f50d450db931cbe2538adb71" candidate_term: 1 candidate_status { last_received { term: 0 index: 0 } } ignore_live_leader: false dest_uuid: "b7b4728e168e4e478aabbfd99dd99f4c"
I20260710 11:10:08.676234 29361 tablet_service.cc:1917] Received RequestConsensusVote() RPC: tablet_id: "c965c3f6e924413984ba522ff075919d" candidate_uuid: "aa462343f50d450db931cbe2538adb71" candidate_term: 1 candidate_status { last_received { term: 0 index: 0 } } ignore_live_leader: false dest_uuid: "b5a6d21f3f044f55b914f5ddd34bdfdb"
I20260710 11:10:08.676501 29511 raft_consensus.cc:3060] T c965c3f6e924413984ba522ff075919d P b7b4728e168e4e478aabbfd99dd99f4c [term 0 FOLLOWER]: Advancing to term 1
I20260710 11:10:08.676782 29361 raft_consensus.cc:3060] T c965c3f6e924413984ba522ff075919d P b5a6d21f3f044f55b914f5ddd34bdfdb [term 0 FOLLOWER]: Advancing to term 1
I20260710 11:10:08.680778 29511 raft_consensus.cc:2468] T c965c3f6e924413984ba522ff075919d P b7b4728e168e4e478aabbfd99dd99f4c [term 1 FOLLOWER]: Leader election vote request: Granting yes vote for candidate aa462343f50d450db931cbe2538adb71 in term 1.
I20260710 11:10:08.681173 29361 raft_consensus.cc:2468] T c965c3f6e924413984ba522ff075919d P b5a6d21f3f044f55b914f5ddd34bdfdb [term 1 FOLLOWER]: Leader election vote request: Granting yes vote for candidate aa462343f50d450db931cbe2538adb71 in term 1.
I20260710 11:10:08.681767 29401 leader_election.cc:304] T c965c3f6e924413984ba522ff075919d P aa462343f50d450db931cbe2538adb71 [CANDIDATE]: Term 1 election: Election decided. Result: candidate won. Election summary: received 2 responses out of 3 voters: 2 yes votes; 0 no votes. yes voters: aa462343f50d450db931cbe2538adb71, b7b4728e168e4e478aabbfd99dd99f4c; no voters: 
I20260710 11:10:08.682523 29680 raft_consensus.cc:2804] T c965c3f6e924413984ba522ff075919d P aa462343f50d450db931cbe2538adb71 [term 1 FOLLOWER]: Leader election won for term 1
I20260710 11:10:08.682976 29680 raft_consensus.cc:697] T c965c3f6e924413984ba522ff075919d P aa462343f50d450db931cbe2538adb71 [term 1 LEADER]: Becoming Leader. State: Replica: aa462343f50d450db931cbe2538adb71, State: Running, Role: LEADER
I20260710 11:10:08.683601 29680 consensus_queue.cc:237] T c965c3f6e924413984ba522ff075919d P aa462343f50d450db931cbe2538adb71 [LEADER]: Queue going to LEADER mode. State: All replicated index: 0, Majority replicated index: 0, Committed index: 0, Last appended: 0.0, Last appended by leader: 0, Current term: 1, Majority size: 2, State: 0, Mode: LEADER, active raft config: opid_index: -1 OBSOLETE_local: false peers { permanent_uuid: "b5a6d21f3f044f55b914f5ddd34bdfdb" member_type: VOTER last_known_addr { host: "127.27.149.65" port: 42889 } } peers { permanent_uuid: "aa462343f50d450db931cbe2538adb71" member_type: VOTER last_known_addr { host: "127.27.149.66" port: 36201 } } peers { permanent_uuid: "b7b4728e168e4e478aabbfd99dd99f4c" member_type: VOTER last_known_addr { host: "127.27.149.67" port: 45801 } }
I20260710 11:10:08.690380 29261 catalog_manager.cc:5697] T c965c3f6e924413984ba522ff075919d P aa462343f50d450db931cbe2538adb71 reported cstate change: term changed from 0 to 1, leader changed from <none> to aa462343f50d450db931cbe2538adb71 (127.27.149.66). New cstate: current_term: 1 leader_uuid: "aa462343f50d450db931cbe2538adb71" committed_config { opid_index: -1 OBSOLETE_local: false peers { permanent_uuid: "b5a6d21f3f044f55b914f5ddd34bdfdb" member_type: VOTER last_known_addr { host: "127.27.149.65" port: 42889 } health_report { overall_health: UNKNOWN } } peers { permanent_uuid: "aa462343f50d450db931cbe2538adb71" member_type: VOTER last_known_addr { host: "127.27.149.66" port: 36201 } health_report { overall_health: HEALTHY } } peers { permanent_uuid: "b7b4728e168e4e478aabbfd99dd99f4c" member_type: VOTER last_known_addr { host: "127.27.149.67" port: 45801 } health_report { overall_health: UNKNOWN } } }
I20260710 11:10:08.704752 29680 consensus_queue.cc:1048] T 07f62cedd7fd49039d1c1d84989d93f3 P aa462343f50d450db931cbe2538adb71 [LEADER]: Connected to new peer: Peer: permanent_uuid: "b5a6d21f3f044f55b914f5ddd34bdfdb" member_type: VOTER last_known_addr { host: "127.27.149.65" port: 42889 }, Status: LMP_MISMATCH, Last received: 0.0, Next index: 1, Last known committed idx: 0, Time since last communication: 0.000s
I20260710 11:10:08.714151 29680 consensus_queue.cc:1048] T 07f62cedd7fd49039d1c1d84989d93f3 P aa462343f50d450db931cbe2538adb71 [LEADER]: Connected to new peer: Peer: permanent_uuid: "b7b4728e168e4e478aabbfd99dd99f4c" member_type: VOTER last_known_addr { host: "127.27.149.67" port: 45801 }, Status: LMP_MISMATCH, Last received: 0.0, Next index: 1, Last known committed idx: 0, Time since last communication: 0.000s
I20260710 11:10:08.739149 29677 consensus_queue.cc:1048] T d3de4e696e3246ccbf98b90f08784313 P b5a6d21f3f044f55b914f5ddd34bdfdb [LEADER]: Connected to new peer: Peer: permanent_uuid: "b7b4728e168e4e478aabbfd99dd99f4c" member_type: VOTER last_known_addr { host: "127.27.149.67" port: 45801 }, Status: LMP_MISMATCH, Last received: 0.0, Next index: 1, Last known committed idx: 0, Time since last communication: 0.000s
I20260710 11:10:08.752808 29594 consensus_queue.cc:1048] T d3de4e696e3246ccbf98b90f08784313 P b5a6d21f3f044f55b914f5ddd34bdfdb [LEADER]: Connected to new peer: Peer: permanent_uuid: "aa462343f50d450db931cbe2538adb71" member_type: VOTER last_known_addr { host: "127.27.149.66" port: 36201 }, Status: LMP_MISMATCH, Last received: 0.0, Next index: 1, Last known committed idx: 0, Time since last communication: 0.000s
I20260710 11:10:08.763351 29594 consensus_queue.cc:1048] T f8d3a8e534a645a8812656bc66953b15 P b5a6d21f3f044f55b914f5ddd34bdfdb [LEADER]: Connected to new peer: Peer: permanent_uuid: "b7b4728e168e4e478aabbfd99dd99f4c" member_type: VOTER last_known_addr { host: "127.27.149.67" port: 45801 }, Status: LMP_MISMATCH, Last received: 0.0, Next index: 1, Last known committed idx: 0, Time since last communication: 0.001s
I20260710 11:10:08.773957 29438 raft_consensus.cc:3060] T f8d3a8e534a645a8812656bc66953b15 P aa462343f50d450db931cbe2538adb71 [term 0 FOLLOWER]: Advancing to term 1
I20260710 11:10:08.781596 29594 consensus_queue.cc:1048] T f8d3a8e534a645a8812656bc66953b15 P b5a6d21f3f044f55b914f5ddd34bdfdb [LEADER]: Connected to new peer: Peer: permanent_uuid: "aa462343f50d450db931cbe2538adb71" member_type: VOTER last_known_addr { host: "127.27.149.66" port: 36201 }, Status: LMP_MISMATCH, Last received: 0.0, Next index: 1, Last known committed idx: 0, Time since last communication: 0.000s
I20260710 11:10:08.867981 29680 consensus_queue.cc:1048] T 0628d0346dbe4f53b79096e55a3c22b7 P aa462343f50d450db931cbe2538adb71 [LEADER]: Connected to new peer: Peer: permanent_uuid: "b5a6d21f3f044f55b914f5ddd34bdfdb" member_type: VOTER last_known_addr { host: "127.27.149.65" port: 42889 }, Status: LMP_MISMATCH, Last received: 0.0, Next index: 1, Last known committed idx: 0, Time since last communication: 0.000s
I20260710 11:10:08.869634 29361 raft_consensus.cc:3060] T fb90df93f2e24756b8e810dfa83a6912 P b5a6d21f3f044f55b914f5ddd34bdfdb [term 0 FOLLOWER]: Advancing to term 1
I20260710 11:10:08.875308 29608 consensus_queue.cc:1048] T 3415bb451c024ba982d4c77581089a1f P b7b4728e168e4e478aabbfd99dd99f4c [LEADER]: Connected to new peer: Peer: permanent_uuid: "aa462343f50d450db931cbe2538adb71" member_type: VOTER last_known_addr { host: "127.27.149.66" port: 36201 }, Status: LMP_MISMATCH, Last received: 0.0, Next index: 1, Last known committed idx: 0, Time since last communication: 0.000s
I20260710 11:10:08.877382 29608 consensus_queue.cc:1048] T fb90df93f2e24756b8e810dfa83a6912 P b7b4728e168e4e478aabbfd99dd99f4c [LEADER]: Connected to new peer: Peer: permanent_uuid: "b5a6d21f3f044f55b914f5ddd34bdfdb" member_type: VOTER last_known_addr { host: "127.27.149.65" port: 42889 }, Status: LMP_MISMATCH, Last received: 0.0, Next index: 1, Last known committed idx: 0, Time since last communication: 0.000s
I20260710 11:10:08.884737 29627 consensus_queue.cc:1048] T 0628d0346dbe4f53b79096e55a3c22b7 P aa462343f50d450db931cbe2538adb71 [LEADER]: Connected to new peer: Peer: permanent_uuid: "b7b4728e168e4e478aabbfd99dd99f4c" member_type: VOTER last_known_addr { host: "127.27.149.67" port: 45801 }, Status: LMP_MISMATCH, Last received: 0.0, Next index: 1, Last known committed idx: 0, Time since last communication: 0.000s
I20260710 11:10:08.896799 29571 consensus_queue.cc:1048] T fb90df93f2e24756b8e810dfa83a6912 P b7b4728e168e4e478aabbfd99dd99f4c [LEADER]: Connected to new peer: Peer: permanent_uuid: "aa462343f50d450db931cbe2538adb71" member_type: VOTER last_known_addr { host: "127.27.149.66" port: 36201 }, Status: LMP_MISMATCH, Last received: 0.0, Next index: 1, Last known committed idx: 0, Time since last communication: 0.001s
I20260710 11:10:08.897763 29363 raft_consensus.cc:3060] T 3415bb451c024ba982d4c77581089a1f P b5a6d21f3f044f55b914f5ddd34bdfdb [term 0 FOLLOWER]: Advancing to term 1
I20260710 11:10:08.921918 29725 consensus_queue.cc:1048] T 3415bb451c024ba982d4c77581089a1f P b7b4728e168e4e478aabbfd99dd99f4c [LEADER]: Connected to new peer: Peer: permanent_uuid: "b5a6d21f3f044f55b914f5ddd34bdfdb" member_type: VOTER last_known_addr { host: "127.27.149.65" port: 42889 }, Status: LMP_MISMATCH, Last received: 0.0, Next index: 1, Last known committed idx: 0, Time since last communication: 0.000s
I20260710 11:10:09.010543 29725 consensus_queue.cc:1048] T b3596d5c33e54c1cb2d00492a2085bcb P b7b4728e168e4e478aabbfd99dd99f4c [LEADER]: Connected to new peer: Peer: permanent_uuid: "b5a6d21f3f044f55b914f5ddd34bdfdb" member_type: VOTER last_known_addr { host: "127.27.149.65" port: 42889 }, Status: LMP_MISMATCH, Last received: 0.0, Next index: 1, Last known committed idx: 0, Time since last communication: 0.000s
I20260710 11:10:09.022853 29725 consensus_queue.cc:1048] T b3596d5c33e54c1cb2d00492a2085bcb P b7b4728e168e4e478aabbfd99dd99f4c [LEADER]: Connected to new peer: Peer: permanent_uuid: "aa462343f50d450db931cbe2538adb71" member_type: VOTER last_known_addr { host: "127.27.149.66" port: 36201 }, Status: LMP_MISMATCH, Last received: 0.0, Next index: 1, Last known committed idx: 0, Time since last communication: 0.000s
I20260710 11:10:09.079488 29594 consensus_queue.cc:1048] T 62515798228a43f9bf3b88bf97d32273 P b5a6d21f3f044f55b914f5ddd34bdfdb [LEADER]: Connected to new peer: Peer: permanent_uuid: "b7b4728e168e4e478aabbfd99dd99f4c" member_type: VOTER last_known_addr { host: "127.27.149.67" port: 45801 }, Status: LMP_MISMATCH, Last received: 0.0, Next index: 1, Last known committed idx: 0, Time since last communication: 0.000s
I20260710 11:10:09.090356 29677 consensus_queue.cc:1048] T 62515798228a43f9bf3b88bf97d32273 P b5a6d21f3f044f55b914f5ddd34bdfdb [LEADER]: Connected to new peer: Peer: permanent_uuid: "aa462343f50d450db931cbe2538adb71" member_type: VOTER last_known_addr { host: "127.27.149.66" port: 36201 }, Status: LMP_MISMATCH, Last received: 0.0, Next index: 1, Last known committed idx: 0, Time since last communication: 0.000s
I20260710 11:10:09.145428 29678 consensus_queue.cc:1048] T 070adbd08adb407aa267c76d4dbd962a P b5a6d21f3f044f55b914f5ddd34bdfdb [LEADER]: Connected to new peer: Peer: permanent_uuid: "b7b4728e168e4e478aabbfd99dd99f4c" member_type: VOTER last_known_addr { host: "127.27.149.67" port: 45801 }, Status: LMP_MISMATCH, Last received: 0.0, Next index: 1, Last known committed idx: 0, Time since last communication: 0.000s
I20260710 11:10:09.155296 29678 consensus_queue.cc:1048] T 070adbd08adb407aa267c76d4dbd962a P b5a6d21f3f044f55b914f5ddd34bdfdb [LEADER]: Connected to new peer: Peer: permanent_uuid: "aa462343f50d450db931cbe2538adb71" member_type: VOTER last_known_addr { host: "127.27.149.66" port: 36201 }, Status: LMP_MISMATCH, Last received: 0.0, Next index: 1, Last known committed idx: 0, Time since last communication: 0.000s
I20260710 11:10:09.230875 28245 file_cache.cc:504] Constructed file cache file cache with capacity 419430
W20260710 11:10:09.238875 29736 instance_detector.cc:116] could not retrieve Azure instance metadata: Network error: curl error: HTTP response code said error: The requested URL returned error: 404
W20260710 11:10:09.239178 29735 instance_detector.cc:116] could not retrieve AWS instance metadata: Network error: curl error: HTTP response code said error: The requested URL returned error: 404
I20260710 11:10:09.244807 28245 server_base.cc:1061] running on GCE node
W20260710 11:10:09.244758 29738 instance_detector.cc:116] could not retrieve OpenStack instance metadata: Network error: curl error: HTTP response code said error: The requested URL returned error: 404
I20260710 11:10:09.246176 28245 hybrid_clock.cc:584] initializing the hybrid clock with 'system_unsync' time source
W20260710 11:10:09.246409 28245 system_unsync_time.cc:38] NTP support is disabled. Clock error bounds will not be accurate. This configuration is not suitable for distributed clusters.
I20260710 11:10:09.246591 28245 hybrid_clock.cc:648] HybridClock initialized: now 1783681809246575 us; error 0 us; skew 500 ppm
I20260710 11:10:09.247182 28245 server_base.cc:861] Flag tcmalloc_max_total_thread_cache_bytes is not working since tcmalloc is not enabled.
I20260710 11:10:09.250221 28245 webserver.cc:533] Webserver started at http://127.27.149.68:35135/ using document root <none> and password file <none>
I20260710 11:10:09.250842 28245 fs_manager.cc:362] Metadata directory not provided
I20260710 11:10:09.251080 28245 fs_manager.cc:368] Using write-ahead log directory (fs_wal_dir) as metadata directory
I20260710 11:10:09.251406 28245 server_base.cc:909] This appears to be a new deployment of Kudu; creating new FS layout
I20260710 11:10:09.252463 28245 fs_manager.cc:1068] Generated new instance metadata in path /tmp/dist-test-taskbIduxs/test-tmp/auto_leader_rebalancer-test.0.LeaderRebalancerTest.AddTserver.1783681781596581-28245-0/minicluster-data/ts-3-root/instance:
uuid: "250467d50b874835a6fd4f18c10c746e"
format_stamp: "Formatted at 2026-07-10 11:10:09 on dist-test-slave-7vz2"
I20260710 11:10:09.256757 28245 fs_manager.cc:696] Time spent creating directory manager: real 0.004s	user 0.006s	sys 0.000s
I20260710 11:10:09.260607 29743 log_block_manager.cc:4127] Time spent loading block containers with low live blocks: real 0.000s	user 0.000s	sys 0.000s
I20260710 11:10:09.261516 28245 fs_manager.cc:730] Time spent opening block manager: real 0.003s	user 0.003s	sys 0.000s
I20260710 11:10:09.261924 28245 fs_manager.cc:647] Opened local filesystem: /tmp/dist-test-taskbIduxs/test-tmp/auto_leader_rebalancer-test.0.LeaderRebalancerTest.AddTserver.1783681781596581-28245-0/minicluster-data/ts-3-root
uuid: "250467d50b874835a6fd4f18c10c746e"
format_stamp: "Formatted at 2026-07-10 11:10:09 on dist-test-slave-7vz2"
I20260710 11:10:09.262344 28245 fs_report.cc:389] FS layout report
--------------------
wal directory: /tmp/dist-test-taskbIduxs/test-tmp/auto_leader_rebalancer-test.0.LeaderRebalancerTest.AddTserver.1783681781596581-28245-0/minicluster-data/ts-3-root
metadata directory: /tmp/dist-test-taskbIduxs/test-tmp/auto_leader_rebalancer-test.0.LeaderRebalancerTest.AddTserver.1783681781596581-28245-0/minicluster-data/ts-3-root
1 data directories: /tmp/dist-test-taskbIduxs/test-tmp/auto_leader_rebalancer-test.0.LeaderRebalancerTest.AddTserver.1783681781596581-28245-0/minicluster-data/ts-3-root/data
Total live blocks: 0
Total live bytes: 0
Total live bytes (after alignment): 0
Total number of LBM containers: 0 (0 full)
Did not check for missing blocks
Did not check for orphaned blocks
Total full LBM containers with extra space: 0 (0 repaired)
Total full LBM container extra space in bytes: 0 (0 repaired)
Total incomplete LBM containers: 0 (0 repaired)
Total LBM partial records: 0 (0 repaired)
Total corrupted LBM metadata records in RocksDB: 0 (0 repaired)
I20260710 11:10:09.276712 28245 rpc_server.cc:225] running with OpenSSL 1.1.1  11 Sep 2018
I20260710 11:10:09.278438 28245 kserver.cc:163] Server-wide thread pool size limit: 3276
I20260710 11:10:09.280555 29627 consensus_queue.cc:1048] T c965c3f6e924413984ba522ff075919d P aa462343f50d450db931cbe2538adb71 [LEADER]: Connected to new peer: Peer: permanent_uuid: "b5a6d21f3f044f55b914f5ddd34bdfdb" member_type: VOTER last_known_addr { host: "127.27.149.65" port: 42889 }, Status: LMP_MISMATCH, Last received: 0.0, Next index: 1, Last known committed idx: 0, Time since last communication: 0.000s
I20260710 11:10:09.280762 28245 txn_system_client.cc:432] TxnSystemClient initialization is disabled...
I20260710 11:10:09.283941 28245 ts_tablet_manager.cc:585] Loaded tablet metadata (0 total tablets, 0 live tablets)
I20260710 11:10:09.284310 28245 ts_tablet_manager.cc:531] Time spent load tablet metadata: real 0.000s	user 0.000s	sys 0.000s
I20260710 11:10:09.284726 28245 ts_tablet_manager.cc:616] Registered 0 tablets
I20260710 11:10:09.284976 28245 ts_tablet_manager.cc:595] Time spent register tablets: real 0.000s	user 0.000s	sys 0.000s
I20260710 11:10:09.291390 29627 consensus_queue.cc:1048] T c965c3f6e924413984ba522ff075919d P aa462343f50d450db931cbe2538adb71 [LEADER]: Connected to new peer: Peer: permanent_uuid: "b7b4728e168e4e478aabbfd99dd99f4c" member_type: VOTER last_known_addr { host: "127.27.149.67" port: 45801 }, Status: LMP_MISMATCH, Last received: 0.0, Next index: 1, Last known committed idx: 0, Time since last communication: 0.000s
I20260710 11:10:09.410254 28245 rpc_server.cc:307] RPC server started. Bound to: 127.27.149.68:43999
I20260710 11:10:09.411625 29807 acceptor_pool.cc:272] collecting diagnostics on the listening RPC socket 127.27.149.68:43999 every 8 connection(s)
I20260710 11:10:09.414430 28245 auto_leader_rebalancer-test.cc:388] add a tserver: 250467d50b874835a6fd4f18c10c746e
I20260710 11:10:09.426007 29808 heartbeater.cc:344] Connected to a master server at 127.27.149.126:33027
I20260710 11:10:09.426473 29808 heartbeater.cc:461] Registering TS with master...
I20260710 11:10:09.427462 29808 heartbeater.cc:507] Master 127.27.149.126:33027 requested a full tablet report, sending...
I20260710 11:10:09.429569 29258 ts_manager.cc:194] Registered new tserver with Master: 250467d50b874835a6fd4f18c10c746e (127.27.149.68:43999)
I20260710 11:10:09.431463 29258 master_service.cc:502] Signed X509 certificate for tserver {username='slave'} at 127.0.0.1:39630
I20260710 11:10:10.434279 29808 heartbeater.cc:499] Master 127.27.149.126:33027 was elected leader, sending a full tablet report...
I20260710 11:10:10.447578 29360 consensus_queue.cc:237] T 677b584eb3814cb8baa4b4f9d54909b8 P b5a6d21f3f044f55b914f5ddd34bdfdb [LEADER]: Queue going to LEADER mode. State: All replicated index: 0, Majority replicated index: 1, Committed index: 1, Last appended: 1.1, Last appended by leader: 0, Current term: 1, Majority size: 2, State: 0, Mode: LEADER, active raft config: opid_index: 2 OBSOLETE_local: false peers { permanent_uuid: "b5a6d21f3f044f55b914f5ddd34bdfdb" member_type: VOTER last_known_addr { host: "127.27.149.65" port: 42889 } } peers { permanent_uuid: "aa462343f50d450db931cbe2538adb71" member_type: VOTER last_known_addr { host: "127.27.149.66" port: 36201 } } peers { permanent_uuid: "b7b4728e168e4e478aabbfd99dd99f4c" member_type: VOTER last_known_addr { host: "127.27.149.67" port: 45801 } attrs { replace: true } } peers { permanent_uuid: "250467d50b874835a6fd4f18c10c746e" member_type: NON_VOTER last_known_addr { host: "127.27.149.68" port: 43999 } attrs { promote: true } }
