I20260710 11:10:29.497745  5643 consensus_queue.cc:260] T ffeb2907a90248c88c17ea386991f955 P 2947ad4ab11a44f7a9819dcaa103bf4d [NON_LEADER]: Queue going to NON_LEADER mode. State: All replicated index: 0, Majority replicated index: 4, Committed index: 4, Last appended: 1.4, Last appended by leader: 4, Current term: 1, Majority size: -1, State: 0, Mode: NON_LEADER, active raft config: opid_index: 4 OBSOLETE_local: false peers { permanent_uuid: "9540de6bfdbf472c82d0dddd6c98da8f" member_type: VOTER last_known_addr { host: "127.4.90.65" port: 45345 } } peers { permanent_uuid: "2947ad4ab11a44f7a9819dcaa103bf4d" member_type: VOTER last_known_addr { host: "127.4.90.66" port: 43609 } } peers { permanent_uuid: "f353255ac9dd491bb1d7052125abde95" member_type: VOTER last_known_addr { host: "127.4.90.68" port: 37731 } attrs { promote: false } }
I20260710 11:10:29.498656  5643 raft_consensus.cc:3060] T ffeb2907a90248c88c17ea386991f955 P 2947ad4ab11a44f7a9819dcaa103bf4d [term 1 FOLLOWER]: Advancing to term 2
I20260710 11:10:29.501245  5571 raft_consensus.cc:2468] T ffeb2907a90248c88c17ea386991f955 P 9540de6bfdbf472c82d0dddd6c98da8f [term 2 FOLLOWER]: Leader election vote request: Granting yes vote for candidate f353255ac9dd491bb1d7052125abde95 in term 2.
I20260710 11:10:29.502236  5951 leader_election.cc:304] T ffeb2907a90248c88c17ea386991f955 P f353255ac9dd491bb1d7052125abde95 [CANDIDATE]: Term 2 election: Election decided. Result: candidate won. Election summary: received 2 responses out of 3 voters: 2 yes votes; 0 no votes. yes voters: 9540de6bfdbf472c82d0dddd6c98da8f, f353255ac9dd491bb1d7052125abde95; no voters: 
I20260710 11:10:29.503067  6368 raft_consensus.cc:2804] T ffeb2907a90248c88c17ea386991f955 P f353255ac9dd491bb1d7052125abde95 [term 2 FOLLOWER]: Leader election won for term 2
I20260710 11:10:29.503162  5643 raft_consensus.cc:2468] T ffeb2907a90248c88c17ea386991f955 P 2947ad4ab11a44f7a9819dcaa103bf4d [term 2 FOLLOWER]: Leader election vote request: Granting yes vote for candidate f353255ac9dd491bb1d7052125abde95 in term 2.
I20260710 11:10:29.503589  6368 raft_consensus.cc:697] T ffeb2907a90248c88c17ea386991f955 P f353255ac9dd491bb1d7052125abde95 [term 2 LEADER]: Becoming Leader. State: Replica: f353255ac9dd491bb1d7052125abde95, State: Running, Role: LEADER
I20260710 11:10:29.504563  6368 consensus_queue.cc:237] T ffeb2907a90248c88c17ea386991f955 P f353255ac9dd491bb1d7052125abde95 [LEADER]: Queue going to LEADER mode. State: All replicated index: 0, Majority replicated index: 4, Committed index: 4, Last appended: 1.4, Last appended by leader: 4, Current term: 2, Majority size: 2, State: 0, Mode: LEADER, active raft config: opid_index: 4 OBSOLETE_local: false peers { permanent_uuid: "9540de6bfdbf472c82d0dddd6c98da8f" member_type: VOTER last_known_addr { host: "127.4.90.65" port: 45345 } } peers { permanent_uuid: "2947ad4ab11a44f7a9819dcaa103bf4d" member_type: VOTER last_known_addr { host: "127.4.90.66" port: 43609 } } peers { permanent_uuid: "f353255ac9dd491bb1d7052125abde95" member_type: VOTER last_known_addr { host: "127.4.90.68" port: 37731 } attrs { promote: false } }
I20260710 11:10:29.513622  5467 catalog_manager.cc:5697] T ffeb2907a90248c88c17ea386991f955 P f353255ac9dd491bb1d7052125abde95 reported cstate change: term changed from 1 to 2, leader changed from 2947ad4ab11a44f7a9819dcaa103bf4d (127.4.90.66) to f353255ac9dd491bb1d7052125abde95 (127.4.90.68). New cstate: current_term: 2 leader_uuid: "f353255ac9dd491bb1d7052125abde95" committed_config { opid_index: 4 OBSOLETE_local: false peers { permanent_uuid: "9540de6bfdbf472c82d0dddd6c98da8f" member_type: VOTER last_known_addr { host: "127.4.90.65" port: 45345 } health_report { overall_health: UNKNOWN } } peers { permanent_uuid: "2947ad4ab11a44f7a9819dcaa103bf4d" member_type: VOTER last_known_addr { host: "127.4.90.66" port: 43609 } health_report { overall_health: UNKNOWN } } peers { permanent_uuid: "f353255ac9dd491bb1d7052125abde95" member_type: VOTER last_known_addr { host: "127.4.90.68" port: 37731 } attrs { promote: false } health_report { overall_health: HEALTHY } } }
I20260710 11:10:29.535806  6358 raft_consensus.cc:993] T 06d98ae1915846faaf6a93fa50d204c5 P 2947ad4ab11a44f7a9819dcaa103bf4d: : Instructing follower f353255ac9dd491bb1d7052125abde95 to start an election
I20260710 11:10:29.536360  6351 raft_consensus.cc:1081] T 06d98ae1915846faaf6a93fa50d204c5 P 2947ad4ab11a44f7a9819dcaa103bf4d [term 1 LEADER]: Signalling peer f353255ac9dd491bb1d7052125abde95 to start an election
I20260710 11:10:29.538986  5982 tablet_service.cc:2044] Received Run Leader Election RPC: tablet_id: "06d98ae1915846faaf6a93fa50d204c5"
dest_uuid: "f353255ac9dd491bb1d7052125abde95"
 from {username='slave'} at 127.0.0.1:42554
I20260710 11:10:29.539536  5982 raft_consensus.cc:493] T 06d98ae1915846faaf6a93fa50d204c5 P f353255ac9dd491bb1d7052125abde95 [term 1 FOLLOWER]: Starting forced leader election (received explicit request)
I20260710 11:10:29.539857  5982 raft_consensus.cc:3060] T 06d98ae1915846faaf6a93fa50d204c5 P f353255ac9dd491bb1d7052125abde95 [term 1 FOLLOWER]: Advancing to term 2
I20260710 11:10:29.544874  5982 raft_consensus.cc:515] T 06d98ae1915846faaf6a93fa50d204c5 P f353255ac9dd491bb1d7052125abde95 [term 2 FOLLOWER]: Starting forced leader election with config: opid_index: 4 OBSOLETE_local: false peers { permanent_uuid: "2947ad4ab11a44f7a9819dcaa103bf4d" member_type: VOTER last_known_addr { host: "127.4.90.66" port: 43609 } } peers { permanent_uuid: "49e8df7c811b42cb93c51682257fd3c3" member_type: VOTER last_known_addr { host: "127.4.90.67" port: 39887 } } peers { permanent_uuid: "f353255ac9dd491bb1d7052125abde95" member_type: VOTER last_known_addr { host: "127.4.90.68" port: 37731 } attrs { promote: false } }
I20260710 11:10:29.546366  5982 leader_election.cc:290] T 06d98ae1915846faaf6a93fa50d204c5 P f353255ac9dd491bb1d7052125abde95 [CANDIDATE]: Term 2 election: Requested vote from peers 2947ad4ab11a44f7a9819dcaa103bf4d (127.4.90.66:43609), 49e8df7c811b42cb93c51682257fd3c3 (127.4.90.67:39887)
I20260710 11:10:29.547343  5643 tablet_service.cc:1917] Received RequestConsensusVote() RPC: tablet_id: "06d98ae1915846faaf6a93fa50d204c5" candidate_uuid: "f353255ac9dd491bb1d7052125abde95" candidate_term: 2 candidate_status { last_received { term: 1 index: 4 } } ignore_live_leader: true dest_uuid: "2947ad4ab11a44f7a9819dcaa103bf4d"
I20260710 11:10:29.547444  5720 tablet_service.cc:1917] Received RequestConsensusVote() RPC: tablet_id: "06d98ae1915846faaf6a93fa50d204c5" candidate_uuid: "f353255ac9dd491bb1d7052125abde95" candidate_term: 2 candidate_status { last_received { term: 1 index: 4 } } ignore_live_leader: true dest_uuid: "49e8df7c811b42cb93c51682257fd3c3"
I20260710 11:10:29.548005  5643 raft_consensus.cc:3055] T 06d98ae1915846faaf6a93fa50d204c5 P 2947ad4ab11a44f7a9819dcaa103bf4d [term 1 LEADER]: Stepping down as leader of term 1
I20260710 11:10:29.548056  5720 raft_consensus.cc:3060] T 06d98ae1915846faaf6a93fa50d204c5 P 49e8df7c811b42cb93c51682257fd3c3 [term 1 FOLLOWER]: Advancing to term 2
I20260710 11:10:29.548414  5643 raft_consensus.cc:740] T 06d98ae1915846faaf6a93fa50d204c5 P 2947ad4ab11a44f7a9819dcaa103bf4d [term 1 LEADER]: Becoming Follower/Learner. State: Replica: 2947ad4ab11a44f7a9819dcaa103bf4d, State: Running, Role: LEADER
I20260710 11:10:29.549190  5643 consensus_queue.cc:260] T 06d98ae1915846faaf6a93fa50d204c5 P 2947ad4ab11a44f7a9819dcaa103bf4d [NON_LEADER]: Queue going to NON_LEADER mode. State: All replicated index: 0, Majority replicated index: 4, Committed index: 4, Last appended: 1.4, Last appended by leader: 4, Current term: 1, Majority size: -1, State: 0, Mode: NON_LEADER, active raft config: opid_index: 4 OBSOLETE_local: false peers { permanent_uuid: "2947ad4ab11a44f7a9819dcaa103bf4d" member_type: VOTER last_known_addr { host: "127.4.90.66" port: 43609 } } peers { permanent_uuid: "49e8df7c811b42cb93c51682257fd3c3" member_type: VOTER last_known_addr { host: "127.4.90.67" port: 39887 } } peers { permanent_uuid: "f353255ac9dd491bb1d7052125abde95" member_type: VOTER last_known_addr { host: "127.4.90.68" port: 37731 } attrs { promote: false } }
I20260710 11:10:29.550366  5643 raft_consensus.cc:3060] T 06d98ae1915846faaf6a93fa50d204c5 P 2947ad4ab11a44f7a9819dcaa103bf4d [term 1 FOLLOWER]: Advancing to term 2
I20260710 11:10:29.554852  5720 raft_consensus.cc:2468] T 06d98ae1915846faaf6a93fa50d204c5 P 49e8df7c811b42cb93c51682257fd3c3 [term 2 FOLLOWER]: Leader election vote request: Granting yes vote for candidate f353255ac9dd491bb1d7052125abde95 in term 2.
I20260710 11:10:29.556100  5951 leader_election.cc:304] T 06d98ae1915846faaf6a93fa50d204c5 P f353255ac9dd491bb1d7052125abde95 [CANDIDATE]: Term 2 election: Election decided. Result: candidate won. Election summary: received 2 responses out of 3 voters: 2 yes votes; 0 no votes. yes voters: 49e8df7c811b42cb93c51682257fd3c3, f353255ac9dd491bb1d7052125abde95; no voters: 
I20260710 11:10:29.556922  6368 raft_consensus.cc:2804] T 06d98ae1915846faaf6a93fa50d204c5 P f353255ac9dd491bb1d7052125abde95 [term 2 FOLLOWER]: Leader election won for term 2
I20260710 11:10:29.556891  5643 raft_consensus.cc:2468] T 06d98ae1915846faaf6a93fa50d204c5 P 2947ad4ab11a44f7a9819dcaa103bf4d [term 2 FOLLOWER]: Leader election vote request: Granting yes vote for candidate f353255ac9dd491bb1d7052125abde95 in term 2.
I20260710 11:10:29.557610  6368 raft_consensus.cc:697] T 06d98ae1915846faaf6a93fa50d204c5 P f353255ac9dd491bb1d7052125abde95 [term 2 LEADER]: Becoming Leader. State: Replica: f353255ac9dd491bb1d7052125abde95, State: Running, Role: LEADER
I20260710 11:10:29.558694  6368 consensus_queue.cc:237] T 06d98ae1915846faaf6a93fa50d204c5 P f353255ac9dd491bb1d7052125abde95 [LEADER]: Queue going to LEADER mode. State: All replicated index: 0, Majority replicated index: 4, Committed index: 4, Last appended: 1.4, Last appended by leader: 4, Current term: 2, Majority size: 2, State: 0, Mode: LEADER, active raft config: opid_index: 4 OBSOLETE_local: false peers { permanent_uuid: "2947ad4ab11a44f7a9819dcaa103bf4d" member_type: VOTER last_known_addr { host: "127.4.90.66" port: 43609 } } peers { permanent_uuid: "49e8df7c811b42cb93c51682257fd3c3" member_type: VOTER last_known_addr { host: "127.4.90.67" port: 39887 } } peers { permanent_uuid: "f353255ac9dd491bb1d7052125abde95" member_type: VOTER last_known_addr { host: "127.4.90.68" port: 37731 } attrs { promote: false } }
I20260710 11:10:29.566654  5467 catalog_manager.cc:5697] T 06d98ae1915846faaf6a93fa50d204c5 P f353255ac9dd491bb1d7052125abde95 reported cstate change: term changed from 1 to 2, leader changed from 2947ad4ab11a44f7a9819dcaa103bf4d (127.4.90.66) to f353255ac9dd491bb1d7052125abde95 (127.4.90.68). New cstate: current_term: 2 leader_uuid: "f353255ac9dd491bb1d7052125abde95" committed_config { opid_index: 4 OBSOLETE_local: false peers { permanent_uuid: "2947ad4ab11a44f7a9819dcaa103bf4d" member_type: VOTER last_known_addr { host: "127.4.90.66" port: 43609 } health_report { overall_health: UNKNOWN } } peers { permanent_uuid: "49e8df7c811b42cb93c51682257fd3c3" member_type: VOTER last_known_addr { host: "127.4.90.67" port: 39887 } health_report { overall_health: UNKNOWN } } peers { permanent_uuid: "f353255ac9dd491bb1d7052125abde95" member_type: VOTER last_known_addr { host: "127.4.90.68" port: 37731 } attrs { promote: false } health_report { overall_health: HEALTHY } } }
I20260710 11:10:29.588968  6358 raft_consensus.cc:993] T 8cd3b633a52f4c5a82c29008f403eaf7 P 2947ad4ab11a44f7a9819dcaa103bf4d: : Instructing follower 9540de6bfdbf472c82d0dddd6c98da8f to start an election
I20260710 11:10:29.589442  6372 raft_consensus.cc:1081] T 8cd3b633a52f4c5a82c29008f403eaf7 P 2947ad4ab11a44f7a9819dcaa103bf4d [term 1 LEADER]: Signalling peer 9540de6bfdbf472c82d0dddd6c98da8f to start an election
I20260710 11:10:29.591038  5571 tablet_service.cc:2044] Received Run Leader Election RPC: tablet_id: "8cd3b633a52f4c5a82c29008f403eaf7"
dest_uuid: "9540de6bfdbf472c82d0dddd6c98da8f"
 from {username='slave'} at 127.0.0.1:41076
I20260710 11:10:29.591642  5571 raft_consensus.cc:493] T 8cd3b633a52f4c5a82c29008f403eaf7 P 9540de6bfdbf472c82d0dddd6c98da8f [term 1 FOLLOWER]: Starting forced leader election (received explicit request)
I20260710 11:10:29.591905  5571 raft_consensus.cc:3060] T 8cd3b633a52f4c5a82c29008f403eaf7 P 9540de6bfdbf472c82d0dddd6c98da8f [term 1 FOLLOWER]: Advancing to term 2
I20260710 11:10:29.596496  5571 raft_consensus.cc:515] T 8cd3b633a52f4c5a82c29008f403eaf7 P 9540de6bfdbf472c82d0dddd6c98da8f [term 2 FOLLOWER]: Starting forced leader election with config: opid_index: -1 OBSOLETE_local: false peers { permanent_uuid: "9540de6bfdbf472c82d0dddd6c98da8f" member_type: VOTER last_known_addr { host: "127.4.90.65" port: 45345 } } peers { permanent_uuid: "2947ad4ab11a44f7a9819dcaa103bf4d" member_type: VOTER last_known_addr { host: "127.4.90.66" port: 43609 } } peers { permanent_uuid: "49e8df7c811b42cb93c51682257fd3c3" member_type: VOTER last_known_addr { host: "127.4.90.67" port: 39887 } }
I20260710 11:10:29.598366  5571 leader_election.cc:290] T 8cd3b633a52f4c5a82c29008f403eaf7 P 9540de6bfdbf472c82d0dddd6c98da8f [CANDIDATE]: Term 2 election: Requested vote from peers 2947ad4ab11a44f7a9819dcaa103bf4d (127.4.90.66:43609), 49e8df7c811b42cb93c51682257fd3c3 (127.4.90.67:39887)
I20260710 11:10:29.598941  5643 tablet_service.cc:1917] Received RequestConsensusVote() RPC: tablet_id: "8cd3b633a52f4c5a82c29008f403eaf7" candidate_uuid: "9540de6bfdbf472c82d0dddd6c98da8f" candidate_term: 2 candidate_status { last_received { term: 1 index: 1 } } ignore_live_leader: true dest_uuid: "2947ad4ab11a44f7a9819dcaa103bf4d"
I20260710 11:10:29.599136  5720 tablet_service.cc:1917] Received RequestConsensusVote() RPC: tablet_id: "8cd3b633a52f4c5a82c29008f403eaf7" candidate_uuid: "9540de6bfdbf472c82d0dddd6c98da8f" candidate_term: 2 candidate_status { last_received { term: 1 index: 1 } } ignore_live_leader: true dest_uuid: "49e8df7c811b42cb93c51682257fd3c3"
I20260710 11:10:29.599529  5643 raft_consensus.cc:3055] T 8cd3b633a52f4c5a82c29008f403eaf7 P 2947ad4ab11a44f7a9819dcaa103bf4d [term 1 LEADER]: Stepping down as leader of term 1
I20260710 11:10:29.599771  5720 raft_consensus.cc:3060] T 8cd3b633a52f4c5a82c29008f403eaf7 P 49e8df7c811b42cb93c51682257fd3c3 [term 1 FOLLOWER]: Advancing to term 2
I20260710 11:10:29.600004  5643 raft_consensus.cc:740] T 8cd3b633a52f4c5a82c29008f403eaf7 P 2947ad4ab11a44f7a9819dcaa103bf4d [term 1 LEADER]: Becoming Follower/Learner. State: Replica: 2947ad4ab11a44f7a9819dcaa103bf4d, State: Running, Role: LEADER
I20260710 11:10:29.600721  5643 consensus_queue.cc:260] T 8cd3b633a52f4c5a82c29008f403eaf7 P 2947ad4ab11a44f7a9819dcaa103bf4d [NON_LEADER]: Queue going to NON_LEADER mode. State: All replicated index: 0, Majority replicated index: 1, Committed index: 1, Last appended: 1.1, Last appended by leader: 1, Current term: 1, Majority size: -1, State: 0, Mode: NON_LEADER, active raft config: opid_index: -1 OBSOLETE_local: false peers { permanent_uuid: "9540de6bfdbf472c82d0dddd6c98da8f" member_type: VOTER last_known_addr { host: "127.4.90.65" port: 45345 } } peers { permanent_uuid: "2947ad4ab11a44f7a9819dcaa103bf4d" member_type: VOTER last_known_addr { host: "127.4.90.66" port: 43609 } } peers { permanent_uuid: "49e8df7c811b42cb93c51682257fd3c3" member_type: VOTER last_known_addr { host: "127.4.90.67" port: 39887 } }
I20260710 11:10:29.601511  5643 raft_consensus.cc:3060] T 8cd3b633a52f4c5a82c29008f403eaf7 P 2947ad4ab11a44f7a9819dcaa103bf4d [term 1 FOLLOWER]: Advancing to term 2
I20260710 11:10:29.604563  5720 raft_consensus.cc:2468] T 8cd3b633a52f4c5a82c29008f403eaf7 P 49e8df7c811b42cb93c51682257fd3c3 [term 2 FOLLOWER]: Leader election vote request: Granting yes vote for candidate 9540de6bfdbf472c82d0dddd6c98da8f in term 2.
I20260710 11:10:29.605659  5537 leader_election.cc:304] T 8cd3b633a52f4c5a82c29008f403eaf7 P 9540de6bfdbf472c82d0dddd6c98da8f [CANDIDATE]: Term 2 election: Election decided. Result: candidate won. Election summary: received 2 responses out of 3 voters: 2 yes votes; 0 no votes. yes voters: 49e8df7c811b42cb93c51682257fd3c3, 9540de6bfdbf472c82d0dddd6c98da8f; no voters: 
I20260710 11:10:29.605850  5643 raft_consensus.cc:2468] T 8cd3b633a52f4c5a82c29008f403eaf7 P 2947ad4ab11a44f7a9819dcaa103bf4d [term 2 FOLLOWER]: Leader election vote request: Granting yes vote for candidate 9540de6bfdbf472c82d0dddd6c98da8f in term 2.
I20260710 11:10:29.606390  6354 raft_consensus.cc:2804] T 8cd3b633a52f4c5a82c29008f403eaf7 P 9540de6bfdbf472c82d0dddd6c98da8f [term 2 FOLLOWER]: Leader election won for term 2
I20260710 11:10:29.606878  6354 raft_consensus.cc:697] T 8cd3b633a52f4c5a82c29008f403eaf7 P 9540de6bfdbf472c82d0dddd6c98da8f [term 2 LEADER]: Becoming Leader. State: Replica: 9540de6bfdbf472c82d0dddd6c98da8f, State: Running, Role: LEADER
I20260710 11:10:29.607666  6354 consensus_queue.cc:237] T 8cd3b633a52f4c5a82c29008f403eaf7 P 9540de6bfdbf472c82d0dddd6c98da8f [LEADER]: Queue going to LEADER mode. State: All replicated index: 0, Majority replicated index: 1, Committed index: 1, Last appended: 1.1, Last appended by leader: 1, Current term: 2, Majority size: 2, State: 0, Mode: LEADER, active raft config: opid_index: -1 OBSOLETE_local: false peers { permanent_uuid: "9540de6bfdbf472c82d0dddd6c98da8f" member_type: VOTER last_known_addr { host: "127.4.90.65" port: 45345 } } peers { permanent_uuid: "2947ad4ab11a44f7a9819dcaa103bf4d" member_type: VOTER last_known_addr { host: "127.4.90.66" port: 43609 } } peers { permanent_uuid: "49e8df7c811b42cb93c51682257fd3c3" member_type: VOTER last_known_addr { host: "127.4.90.67" port: 39887 } }
I20260710 11:10:29.616634  5467 catalog_manager.cc:5697] T 8cd3b633a52f4c5a82c29008f403eaf7 P 9540de6bfdbf472c82d0dddd6c98da8f reported cstate change: term changed from 1 to 2, leader changed from 2947ad4ab11a44f7a9819dcaa103bf4d (127.4.90.66) to 9540de6bfdbf472c82d0dddd6c98da8f (127.4.90.65). New cstate: current_term: 2 leader_uuid: "9540de6bfdbf472c82d0dddd6c98da8f" committed_config { opid_index: -1 OBSOLETE_local: false peers { permanent_uuid: "9540de6bfdbf472c82d0dddd6c98da8f" member_type: VOTER last_known_addr { host: "127.4.90.65" port: 45345 } health_report { overall_health: HEALTHY } } peers { permanent_uuid: "2947ad4ab11a44f7a9819dcaa103bf4d" member_type: VOTER last_known_addr { host: "127.4.90.66" port: 43609 } health_report { overall_health: UNKNOWN } } peers { permanent_uuid: "49e8df7c811b42cb93c51682257fd3c3" member_type: VOTER last_known_addr { host: "127.4.90.67" port: 39887 } health_report { overall_health: UNKNOWN } } }
I20260710 11:10:29.658272  6353 raft_consensus.cc:993] T 4d8d9fce8d924d4980bfce5969739f35 P 49e8df7c811b42cb93c51682257fd3c3: : Instructing follower f353255ac9dd491bb1d7052125abde95 to start an election
I20260710 11:10:29.658803  6356 raft_consensus.cc:1081] T 4d8d9fce8d924d4980bfce5969739f35 P 49e8df7c811b42cb93c51682257fd3c3 [term 1 LEADER]: Signalling peer f353255ac9dd491bb1d7052125abde95 to start an election
I20260710 11:10:29.660519  5982 tablet_service.cc:2044] Received Run Leader Election RPC: tablet_id: "4d8d9fce8d924d4980bfce5969739f35"
dest_uuid: "f353255ac9dd491bb1d7052125abde95"
 from {username='slave'} at 127.0.0.1:42564
I20260710 11:10:29.660953  5982 raft_consensus.cc:493] T 4d8d9fce8d924d4980bfce5969739f35 P f353255ac9dd491bb1d7052125abde95 [term 1 FOLLOWER]: Starting forced leader election (received explicit request)
I20260710 11:10:29.661235  5982 raft_consensus.cc:3060] T 4d8d9fce8d924d4980bfce5969739f35 P f353255ac9dd491bb1d7052125abde95 [term 1 FOLLOWER]: Advancing to term 2
I20260710 11:10:29.665910  5982 raft_consensus.cc:515] T 4d8d9fce8d924d4980bfce5969739f35 P f353255ac9dd491bb1d7052125abde95 [term 2 FOLLOWER]: Starting forced leader election with config: opid_index: 4 OBSOLETE_local: false peers { permanent_uuid: "2947ad4ab11a44f7a9819dcaa103bf4d" member_type: VOTER last_known_addr { host: "127.4.90.66" port: 43609 } } peers { permanent_uuid: "49e8df7c811b42cb93c51682257fd3c3" member_type: VOTER last_known_addr { host: "127.4.90.67" port: 39887 } } peers { permanent_uuid: "f353255ac9dd491bb1d7052125abde95" member_type: VOTER last_known_addr { host: "127.4.90.68" port: 37731 } attrs { promote: false } }
I20260710 11:10:29.667946  5982 leader_election.cc:290] T 4d8d9fce8d924d4980bfce5969739f35 P f353255ac9dd491bb1d7052125abde95 [CANDIDATE]: Term 2 election: Requested vote from peers 2947ad4ab11a44f7a9819dcaa103bf4d (127.4.90.66:43609), 49e8df7c811b42cb93c51682257fd3c3 (127.4.90.67:39887)
I20260710 11:10:29.668946  5720 tablet_service.cc:1917] Received RequestConsensusVote() RPC: tablet_id: "4d8d9fce8d924d4980bfce5969739f35" candidate_uuid: "f353255ac9dd491bb1d7052125abde95" candidate_term: 2 candidate_status { last_received { term: 1 index: 4 } } ignore_live_leader: true dest_uuid: "49e8df7c811b42cb93c51682257fd3c3"
I20260710 11:10:29.669246  5643 tablet_service.cc:1917] Received RequestConsensusVote() RPC: tablet_id: "4d8d9fce8d924d4980bfce5969739f35" candidate_uuid: "f353255ac9dd491bb1d7052125abde95" candidate_term: 2 candidate_status { last_received { term: 1 index: 4 } } ignore_live_leader: true dest_uuid: "2947ad4ab11a44f7a9819dcaa103bf4d"
I20260710 11:10:29.669559  5720 raft_consensus.cc:3055] T 4d8d9fce8d924d4980bfce5969739f35 P 49e8df7c811b42cb93c51682257fd3c3 [term 1 LEADER]: Stepping down as leader of term 1
I20260710 11:10:29.669734  5643 raft_consensus.cc:3060] T 4d8d9fce8d924d4980bfce5969739f35 P 2947ad4ab11a44f7a9819dcaa103bf4d [term 1 FOLLOWER]: Advancing to term 2
I20260710 11:10:29.669900  5720 raft_consensus.cc:740] T 4d8d9fce8d924d4980bfce5969739f35 P 49e8df7c811b42cb93c51682257fd3c3 [term 1 LEADER]: Becoming Follower/Learner. State: Replica: 49e8df7c811b42cb93c51682257fd3c3, State: Running, Role: LEADER
I20260710 11:10:29.670696  5720 consensus_queue.cc:260] T 4d8d9fce8d924d4980bfce5969739f35 P 49e8df7c811b42cb93c51682257fd3c3 [NON_LEADER]: Queue going to NON_LEADER mode. State: All replicated index: 0, Majority replicated index: 4, Committed index: 4, Last appended: 1.4, Last appended by leader: 4, Current term: 1, Majority size: -1, State: 0, Mode: NON_LEADER, active raft config: opid_index: 4 OBSOLETE_local: false peers { permanent_uuid: "2947ad4ab11a44f7a9819dcaa103bf4d" member_type: VOTER last_known_addr { host: "127.4.90.66" port: 43609 } } peers { permanent_uuid: "49e8df7c811b42cb93c51682257fd3c3" member_type: VOTER last_known_addr { host: "127.4.90.67" port: 39887 } } peers { permanent_uuid: "f353255ac9dd491bb1d7052125abde95" member_type: VOTER last_known_addr { host: "127.4.90.68" port: 37731 } attrs { promote: false } }
I20260710 11:10:29.671701  5720 raft_consensus.cc:3060] T 4d8d9fce8d924d4980bfce5969739f35 P 49e8df7c811b42cb93c51682257fd3c3 [term 1 FOLLOWER]: Advancing to term 2
I20260710 11:10:29.676164  5643 raft_consensus.cc:2468] T 4d8d9fce8d924d4980bfce5969739f35 P 2947ad4ab11a44f7a9819dcaa103bf4d [term 2 FOLLOWER]: Leader election vote request: Granting yes vote for candidate f353255ac9dd491bb1d7052125abde95 in term 2.
I20260710 11:10:29.678278  5720 raft_consensus.cc:2468] T 4d8d9fce8d924d4980bfce5969739f35 P 49e8df7c811b42cb93c51682257fd3c3 [term 2 FOLLOWER]: Leader election vote request: Granting yes vote for candidate f353255ac9dd491bb1d7052125abde95 in term 2.
I20260710 11:10:29.678494  5948 leader_election.cc:304] T 4d8d9fce8d924d4980bfce5969739f35 P f353255ac9dd491bb1d7052125abde95 [CANDIDATE]: Term 2 election: Election decided. Result: candidate won. Election summary: received 2 responses out of 3 voters: 2 yes votes; 0 no votes. yes voters: 2947ad4ab11a44f7a9819dcaa103bf4d, f353255ac9dd491bb1d7052125abde95; no voters: 
I20260710 11:10:29.679487  6368 raft_consensus.cc:2804] T 4d8d9fce8d924d4980bfce5969739f35 P f353255ac9dd491bb1d7052125abde95 [term 2 FOLLOWER]: Leader election won for term 2
I20260710 11:10:29.679908  6368 raft_consensus.cc:697] T 4d8d9fce8d924d4980bfce5969739f35 P f353255ac9dd491bb1d7052125abde95 [term 2 LEADER]: Becoming Leader. State: Replica: f353255ac9dd491bb1d7052125abde95, State: Running, Role: LEADER
I20260710 11:10:29.680688  6368 consensus_queue.cc:237] T 4d8d9fce8d924d4980bfce5969739f35 P f353255ac9dd491bb1d7052125abde95 [LEADER]: Queue going to LEADER mode. State: All replicated index: 0, Majority replicated index: 4, Committed index: 4, Last appended: 1.4, Last appended by leader: 4, Current term: 2, Majority size: 2, State: 0, Mode: LEADER, active raft config: opid_index: 4 OBSOLETE_local: false peers { permanent_uuid: "2947ad4ab11a44f7a9819dcaa103bf4d" member_type: VOTER last_known_addr { host: "127.4.90.66" port: 43609 } } peers { permanent_uuid: "49e8df7c811b42cb93c51682257fd3c3" member_type: VOTER last_known_addr { host: "127.4.90.67" port: 39887 } } peers { permanent_uuid: "f353255ac9dd491bb1d7052125abde95" member_type: VOTER last_known_addr { host: "127.4.90.68" port: 37731 } attrs { promote: false } }
I20260710 11:10:29.687649  5467 catalog_manager.cc:5697] T 4d8d9fce8d924d4980bfce5969739f35 P f353255ac9dd491bb1d7052125abde95 reported cstate change: term changed from 1 to 2, leader changed from 49e8df7c811b42cb93c51682257fd3c3 (127.4.90.67) to f353255ac9dd491bb1d7052125abde95 (127.4.90.68). New cstate: current_term: 2 leader_uuid: "f353255ac9dd491bb1d7052125abde95" committed_config { opid_index: 4 OBSOLETE_local: false peers { permanent_uuid: "2947ad4ab11a44f7a9819dcaa103bf4d" member_type: VOTER last_known_addr { host: "127.4.90.66" port: 43609 } health_report { overall_health: UNKNOWN } } peers { permanent_uuid: "49e8df7c811b42cb93c51682257fd3c3" member_type: VOTER last_known_addr { host: "127.4.90.67" port: 39887 } health_report { overall_health: UNKNOWN } } peers { permanent_uuid: "f353255ac9dd491bb1d7052125abde95" member_type: VOTER last_known_addr { host: "127.4.90.68" port: 37731 } attrs { promote: false } health_report { overall_health: HEALTHY } } }
I20260710 11:10:29.721522  5643 raft_consensus.cc:1275] T a16e938a95434126baed00a71a5d100d P 2947ad4ab11a44f7a9819dcaa103bf4d [term 2 FOLLOWER]: Refusing update from remote peer 9540de6bfdbf472c82d0dddd6c98da8f: Log matching property violated. Preceding OpId in replica: term: 1 index: 1. Preceding OpId from leader: term: 2 index: 2. (index mismatch)
I20260710 11:10:29.723452  6376 consensus_queue.cc:1048] T a16e938a95434126baed00a71a5d100d P 9540de6bfdbf472c82d0dddd6c98da8f [LEADER]: Connected to new peer: Peer: permanent_uuid: "2947ad4ab11a44f7a9819dcaa103bf4d" member_type: VOTER last_known_addr { host: "127.4.90.66" port: 43609 }, Status: LMP_MISMATCH, Last received: 0.0, Next index: 2, Last known committed idx: 1, Time since last communication: 0.000s
I20260710 11:10:29.733672  5720 raft_consensus.cc:1275] T a16e938a95434126baed00a71a5d100d P 49e8df7c811b42cb93c51682257fd3c3 [term 2 FOLLOWER]: Refusing update from remote peer 9540de6bfdbf472c82d0dddd6c98da8f: Log matching property violated. Preceding OpId in replica: term: 1 index: 1. Preceding OpId from leader: term: 2 index: 2. (index mismatch)
I20260710 11:10:29.735347  6376 consensus_queue.cc:1048] T a16e938a95434126baed00a71a5d100d P 9540de6bfdbf472c82d0dddd6c98da8f [LEADER]: Connected to new peer: Peer: permanent_uuid: "49e8df7c811b42cb93c51682257fd3c3" member_type: VOTER last_known_addr { host: "127.4.90.67" port: 39887 }, Status: LMP_MISMATCH, Last received: 0.0, Next index: 2, Last known committed idx: 1, Time since last communication: 0.002s
I20260710 11:10:29.907863  5646 raft_consensus.cc:1275] T 6332b40d84944c6a85b07a6830ae3745 P 2947ad4ab11a44f7a9819dcaa103bf4d [term 2 FOLLOWER]: Refusing update from remote peer f353255ac9dd491bb1d7052125abde95: Log matching property violated. Preceding OpId in replica: term: 1 index: 4. Preceding OpId from leader: term: 2 index: 5. (index mismatch)
I20260710 11:10:29.909199  6369 consensus_queue.cc:1048] T 6332b40d84944c6a85b07a6830ae3745 P f353255ac9dd491bb1d7052125abde95 [LEADER]: Connected to new peer: Peer: permanent_uuid: "2947ad4ab11a44f7a9819dcaa103bf4d" member_type: VOTER last_known_addr { host: "127.4.90.66" port: 43609 }, Status: LMP_MISMATCH, Last received: 0.0, Next index: 5, Last known committed idx: 4, Time since last communication: 0.000s
I20260710 11:10:29.910310  5571 raft_consensus.cc:1275] T 6332b40d84944c6a85b07a6830ae3745 P 9540de6bfdbf472c82d0dddd6c98da8f [term 2 FOLLOWER]: Refusing update from remote peer f353255ac9dd491bb1d7052125abde95: Log matching property violated. Preceding OpId in replica: term: 1 index: 4. Preceding OpId from leader: term: 2 index: 5. (index mismatch)
I20260710 11:10:29.911561  6369 consensus_queue.cc:1048] T 6332b40d84944c6a85b07a6830ae3745 P f353255ac9dd491bb1d7052125abde95 [LEADER]: Connected to new peer: Peer: permanent_uuid: "9540de6bfdbf472c82d0dddd6c98da8f" member_type: VOTER last_known_addr { host: "127.4.90.65" port: 45345 }, Status: LMP_MISMATCH, Last received: 0.0, Next index: 5, Last known committed idx: 4, Time since last communication: 0.000s
I20260710 11:10:29.935233  5571 raft_consensus.cc:1275] T ffeb2907a90248c88c17ea386991f955 P 9540de6bfdbf472c82d0dddd6c98da8f [term 2 FOLLOWER]: Refusing update from remote peer f353255ac9dd491bb1d7052125abde95: Log matching property violated. Preceding OpId in replica: term: 1 index: 4. Preceding OpId from leader: term: 2 index: 5. (index mismatch)
I20260710 11:10:29.936542  6385 consensus_queue.cc:1048] T ffeb2907a90248c88c17ea386991f955 P f353255ac9dd491bb1d7052125abde95 [LEADER]: Connected to new peer: Peer: permanent_uuid: "9540de6bfdbf472c82d0dddd6c98da8f" member_type: VOTER last_known_addr { host: "127.4.90.65" port: 45345 }, Status: LMP_MISMATCH, Last received: 0.0, Next index: 5, Last known committed idx: 4, Time since last communication: 0.000s
I20260710 11:10:29.945195  5646 raft_consensus.cc:1275] T ffeb2907a90248c88c17ea386991f955 P 2947ad4ab11a44f7a9819dcaa103bf4d [term 2 FOLLOWER]: Refusing update from remote peer f353255ac9dd491bb1d7052125abde95: Log matching property violated. Preceding OpId in replica: term: 1 index: 4. Preceding OpId from leader: term: 2 index: 5. (index mismatch)
I20260710 11:10:29.946452  6385 consensus_queue.cc:1048] T ffeb2907a90248c88c17ea386991f955 P f353255ac9dd491bb1d7052125abde95 [LEADER]: Connected to new peer: Peer: permanent_uuid: "2947ad4ab11a44f7a9819dcaa103bf4d" member_type: VOTER last_known_addr { host: "127.4.90.66" port: 43609 }, Status: LMP_MISMATCH, Last received: 0.0, Next index: 5, Last known committed idx: 4, Time since last communication: 0.000s
I20260710 11:10:29.960372  5646 raft_consensus.cc:1275] T 06d98ae1915846faaf6a93fa50d204c5 P 2947ad4ab11a44f7a9819dcaa103bf4d [term 2 FOLLOWER]: Refusing update from remote peer f353255ac9dd491bb1d7052125abde95: Log matching property violated. Preceding OpId in replica: term: 1 index: 4. Preceding OpId from leader: term: 2 index: 5. (index mismatch)
I20260710 11:10:29.961730  6385 consensus_queue.cc:1048] T 06d98ae1915846faaf6a93fa50d204c5 P f353255ac9dd491bb1d7052125abde95 [LEADER]: Connected to new peer: Peer: permanent_uuid: "2947ad4ab11a44f7a9819dcaa103bf4d" member_type: VOTER last_known_addr { host: "127.4.90.66" port: 43609 }, Status: LMP_MISMATCH, Last received: 0.0, Next index: 5, Last known committed idx: 4, Time since last communication: 0.000s
I20260710 11:10:29.970860  5720 raft_consensus.cc:1275] T 06d98ae1915846faaf6a93fa50d204c5 P 49e8df7c811b42cb93c51682257fd3c3 [term 2 FOLLOWER]: Refusing update from remote peer f353255ac9dd491bb1d7052125abde95: Log matching property violated. Preceding OpId in replica: term: 1 index: 4. Preceding OpId from leader: term: 2 index: 5. (index mismatch)
I20260710 11:10:29.973101  6368 consensus_queue.cc:1048] T 06d98ae1915846faaf6a93fa50d204c5 P f353255ac9dd491bb1d7052125abde95 [LEADER]: Connected to new peer: Peer: permanent_uuid: "49e8df7c811b42cb93c51682257fd3c3" member_type: VOTER last_known_addr { host: "127.4.90.67" port: 39887 }, Status: LMP_MISMATCH, Last received: 0.0, Next index: 5, Last known committed idx: 4, Time since last communication: 0.000s
I20260710 11:10:30.005374  5720 raft_consensus.cc:1275] T 8cd3b633a52f4c5a82c29008f403eaf7 P 49e8df7c811b42cb93c51682257fd3c3 [term 2 FOLLOWER]: Refusing update from remote peer 9540de6bfdbf472c82d0dddd6c98da8f: Log matching property violated. Preceding OpId in replica: term: 1 index: 1. Preceding OpId from leader: term: 2 index: 2. (index mismatch)
I20260710 11:10:30.006603  6376 consensus_queue.cc:1048] T 8cd3b633a52f4c5a82c29008f403eaf7 P 9540de6bfdbf472c82d0dddd6c98da8f [LEADER]: Connected to new peer: Peer: permanent_uuid: "49e8df7c811b42cb93c51682257fd3c3" member_type: VOTER last_known_addr { host: "127.4.90.67" port: 39887 }, Status: LMP_MISMATCH, Last received: 0.0, Next index: 2, Last known committed idx: 1, Time since last communication: 0.000s
I20260710 11:10:30.017714  5646 raft_consensus.cc:1275] T 8cd3b633a52f4c5a82c29008f403eaf7 P 2947ad4ab11a44f7a9819dcaa103bf4d [term 2 FOLLOWER]: Refusing update from remote peer 9540de6bfdbf472c82d0dddd6c98da8f: Log matching property violated. Preceding OpId in replica: term: 1 index: 1. Preceding OpId from leader: term: 2 index: 2. (index mismatch)
I20260710 11:10:30.019382  6354 consensus_queue.cc:1048] T 8cd3b633a52f4c5a82c29008f403eaf7 P 9540de6bfdbf472c82d0dddd6c98da8f [LEADER]: Connected to new peer: Peer: permanent_uuid: "2947ad4ab11a44f7a9819dcaa103bf4d" member_type: VOTER last_known_addr { host: "127.4.90.66" port: 43609 }, Status: LMP_MISMATCH, Last received: 0.0, Next index: 2, Last known committed idx: 1, Time since last communication: 0.000s
I20260710 11:10:30.081229  5646 raft_consensus.cc:1275] T 4d8d9fce8d924d4980bfce5969739f35 P 2947ad4ab11a44f7a9819dcaa103bf4d [term 2 FOLLOWER]: Refusing update from remote peer f353255ac9dd491bb1d7052125abde95: Log matching property violated. Preceding OpId in replica: term: 1 index: 4. Preceding OpId from leader: term: 2 index: 5. (index mismatch)
I20260710 11:10:30.082479  6368 consensus_queue.cc:1048] T 4d8d9fce8d924d4980bfce5969739f35 P f353255ac9dd491bb1d7052125abde95 [LEADER]: Connected to new peer: Peer: permanent_uuid: "2947ad4ab11a44f7a9819dcaa103bf4d" member_type: VOTER last_known_addr { host: "127.4.90.66" port: 43609 }, Status: LMP_MISMATCH, Last received: 0.0, Next index: 5, Last known committed idx: 4, Time since last communication: 0.000s
I20260710 11:10:30.091070  5720 raft_consensus.cc:1275] T 4d8d9fce8d924d4980bfce5969739f35 P 49e8df7c811b42cb93c51682257fd3c3 [term 2 FOLLOWER]: Refusing update from remote peer f353255ac9dd491bb1d7052125abde95: Log matching property violated. Preceding OpId in replica: term: 1 index: 4. Preceding OpId from leader: term: 2 index: 5. (index mismatch)
I20260710 11:10:30.093106  6369 consensus_queue.cc:1048] T 4d8d9fce8d924d4980bfce5969739f35 P f353255ac9dd491bb1d7052125abde95 [LEADER]: Connected to new peer: Peer: permanent_uuid: "49e8df7c811b42cb93c51682257fd3c3" member_type: VOTER last_known_addr { host: "127.4.90.67" port: 39887 }, Status: LMP_MISMATCH, Last received: 0.0, Next index: 5, Last known committed idx: 4, Time since last communication: 0.000s
I20260710 11:10:30.266222  4457 auto_leader_rebalancer.cc:141] leader rebalance for table test-workload
I20260710 11:10:30.284150  4457 auto_leader_rebalancer.cc:141] leader rebalance for table test-workload
I20260710 11:10:30.298501  5646 tablet_service.cc:2072] Received LeaderStepDown RPC: tablet_id: "074419e3f2c04387807fd64c81bcb8ed"
dest_uuid: "2947ad4ab11a44f7a9819dcaa103bf4d"
mode: GRACEFUL
new_leader_uuid: "f353255ac9dd491bb1d7052125abde95"
 from {username='slave'} at 127.0.0.1:46756
I20260710 11:10:30.299135  5646 raft_consensus.cc:606] T 074419e3f2c04387807fd64c81bcb8ed P 2947ad4ab11a44f7a9819dcaa103bf4d [term 1 LEADER]: Received request to transfer leadership to TS f353255ac9dd491bb1d7052125abde95
I20260710 11:10:30.301641  5720 tablet_service.cc:2072] Received LeaderStepDown RPC: tablet_id: "8b8d603c9c7f41f6bb0a24c1deaca00f"
dest_uuid: "49e8df7c811b42cb93c51682257fd3c3"
mode: GRACEFUL
new_leader_uuid: "2947ad4ab11a44f7a9819dcaa103bf4d"
 from {username='slave'} at 127.0.0.1:53220
I20260710 11:10:30.302243  5720 raft_consensus.cc:606] T 8b8d603c9c7f41f6bb0a24c1deaca00f P 49e8df7c811b42cb93c51682257fd3c3 [term 1 LEADER]: Received request to transfer leadership to TS 2947ad4ab11a44f7a9819dcaa103bf4d
I20260710 11:10:30.303476  4457 auto_leader_rebalancer.cc:452] table: test-workload, leader rebalance finish, leader transfer count: 2
I20260710 11:10:30.304241  4457 auto_leader_rebalancer.cc:527] All tables' leader rebalancing finished this round
I20260710 11:10:30.723745  6372 raft_consensus.cc:993] T 074419e3f2c04387807fd64c81bcb8ed P 2947ad4ab11a44f7a9819dcaa103bf4d: : Instructing follower f353255ac9dd491bb1d7052125abde95 to start an election
I20260710 11:10:30.724278  6372 raft_consensus.cc:1081] T 074419e3f2c04387807fd64c81bcb8ed P 2947ad4ab11a44f7a9819dcaa103bf4d [term 1 LEADER]: Signalling peer f353255ac9dd491bb1d7052125abde95 to start an election
I20260710 11:10:30.725925  5982 tablet_service.cc:2044] Received Run Leader Election RPC: tablet_id: "074419e3f2c04387807fd64c81bcb8ed"
dest_uuid: "f353255ac9dd491bb1d7052125abde95"
 from {username='slave'} at 127.0.0.1:42554
I20260710 11:10:30.726481  5982 raft_consensus.cc:493] T 074419e3f2c04387807fd64c81bcb8ed P f353255ac9dd491bb1d7052125abde95 [term 1 FOLLOWER]: Starting forced leader election (received explicit request)
I20260710 11:10:30.726737  5982 raft_consensus.cc:3060] T 074419e3f2c04387807fd64c81bcb8ed P f353255ac9dd491bb1d7052125abde95 [term 1 FOLLOWER]: Advancing to term 2
I20260710 11:10:30.731174  5982 raft_consensus.cc:515] T 074419e3f2c04387807fd64c81bcb8ed P f353255ac9dd491bb1d7052125abde95 [term 2 FOLLOWER]: Starting forced leader election with config: opid_index: 4 OBSOLETE_local: false peers { permanent_uuid: "2947ad4ab11a44f7a9819dcaa103bf4d" member_type: VOTER last_known_addr { host: "127.4.90.66" port: 43609 } } peers { permanent_uuid: "49e8df7c811b42cb93c51682257fd3c3" member_type: VOTER last_known_addr { host: "127.4.90.67" port: 39887 } } peers { permanent_uuid: "f353255ac9dd491bb1d7052125abde95" member_type: VOTER last_known_addr { host: "127.4.90.68" port: 37731 } attrs { promote: false } }
I20260710 11:10:30.732715  5982 leader_election.cc:290] T 074419e3f2c04387807fd64c81bcb8ed P f353255ac9dd491bb1d7052125abde95 [CANDIDATE]: Term 2 election: Requested vote from peers 2947ad4ab11a44f7a9819dcaa103bf4d (127.4.90.66:43609), 49e8df7c811b42cb93c51682257fd3c3 (127.4.90.67:39887)
I20260710 11:10:30.733777  5646 tablet_service.cc:1917] Received RequestConsensusVote() RPC: tablet_id: "074419e3f2c04387807fd64c81bcb8ed" candidate_uuid: "f353255ac9dd491bb1d7052125abde95" candidate_term: 2 candidate_status { last_received { term: 1 index: 4 } } ignore_live_leader: true dest_uuid: "2947ad4ab11a44f7a9819dcaa103bf4d"
I20260710 11:10:30.733777  5720 tablet_service.cc:1917] Received RequestConsensusVote() RPC: tablet_id: "074419e3f2c04387807fd64c81bcb8ed" candidate_uuid: "f353255ac9dd491bb1d7052125abde95" candidate_term: 2 candidate_status { last_received { term: 1 index: 4 } } ignore_live_leader: true dest_uuid: "49e8df7c811b42cb93c51682257fd3c3"
I20260710 11:10:30.734575  5646 raft_consensus.cc:3055] T 074419e3f2c04387807fd64c81bcb8ed P 2947ad4ab11a44f7a9819dcaa103bf4d [term 1 LEADER]: Stepping down as leader of term 1
I20260710 11:10:30.734620  5720 raft_consensus.cc:3060] T 074419e3f2c04387807fd64c81bcb8ed P 49e8df7c811b42cb93c51682257fd3c3 [term 1 FOLLOWER]: Advancing to term 2
I20260710 11:10:30.735005  5646 raft_consensus.cc:740] T 074419e3f2c04387807fd64c81bcb8ed P 2947ad4ab11a44f7a9819dcaa103bf4d [term 1 LEADER]: Becoming Follower/Learner. State: Replica: 2947ad4ab11a44f7a9819dcaa103bf4d, State: Running, Role: LEADER
I20260710 11:10:30.735730  5646 consensus_queue.cc:260] T 074419e3f2c04387807fd64c81bcb8ed P 2947ad4ab11a44f7a9819dcaa103bf4d [NON_LEADER]: Queue going to NON_LEADER mode. State: All replicated index: 0, Majority replicated index: 4, Committed index: 4, Last appended: 1.4, Last appended by leader: 4, Current term: 1, Majority size: -1, State: 0, Mode: NON_LEADER, active raft config: opid_index: 4 OBSOLETE_local: false peers { permanent_uuid: "2947ad4ab11a44f7a9819dcaa103bf4d" member_type: VOTER last_known_addr { host: "127.4.90.66" port: 43609 } } peers { permanent_uuid: "49e8df7c811b42cb93c51682257fd3c3" member_type: VOTER last_known_addr { host: "127.4.90.67" port: 39887 } } peers { permanent_uuid: "f353255ac9dd491bb1d7052125abde95" member_type: VOTER last_known_addr { host: "127.4.90.68" port: 37731 } attrs { promote: false } }
I20260710 11:10:30.736971  5646 raft_consensus.cc:3060] T 074419e3f2c04387807fd64c81bcb8ed P 2947ad4ab11a44f7a9819dcaa103bf4d [term 1 FOLLOWER]: Advancing to term 2
I20260710 11:10:30.743594  5646 raft_consensus.cc:2468] T 074419e3f2c04387807fd64c81bcb8ed P 2947ad4ab11a44f7a9819dcaa103bf4d [term 2 FOLLOWER]: Leader election vote request: Granting yes vote for candidate f353255ac9dd491bb1d7052125abde95 in term 2.
I20260710 11:10:30.744045  5720 raft_consensus.cc:2468] T 074419e3f2c04387807fd64c81bcb8ed P 49e8df7c811b42cb93c51682257fd3c3 [term 2 FOLLOWER]: Leader election vote request: Granting yes vote for candidate f353255ac9dd491bb1d7052125abde95 in term 2.
I20260710 11:10:30.744867  5948 leader_election.cc:304] T 074419e3f2c04387807fd64c81bcb8ed P f353255ac9dd491bb1d7052125abde95 [CANDIDATE]: Term 2 election: Election decided. Result: candidate won. Election summary: received 2 responses out of 3 voters: 2 yes votes; 0 no votes. yes voters: 2947ad4ab11a44f7a9819dcaa103bf4d, f353255ac9dd491bb1d7052125abde95; no voters: 
I20260710 11:10:30.745766  6385 raft_consensus.cc:2804] T 074419e3f2c04387807fd64c81bcb8ed P f353255ac9dd491bb1d7052125abde95 [term 2 FOLLOWER]: Leader election won for term 2
I20260710 11:10:30.746290  6385 raft_consensus.cc:697] T 074419e3f2c04387807fd64c81bcb8ed P f353255ac9dd491bb1d7052125abde95 [term 2 LEADER]: Becoming Leader. State: Replica: f353255ac9dd491bb1d7052125abde95, State: Running, Role: LEADER
I20260710 11:10:30.747129  6385 consensus_queue.cc:237] T 074419e3f2c04387807fd64c81bcb8ed P f353255ac9dd491bb1d7052125abde95 [LEADER]: Queue going to LEADER mode. State: All replicated index: 0, Majority replicated index: 4, Committed index: 4, Last appended: 1.4, Last appended by leader: 4, Current term: 2, Majority size: 2, State: 0, Mode: LEADER, active raft config: opid_index: 4 OBSOLETE_local: false peers { permanent_uuid: "2947ad4ab11a44f7a9819dcaa103bf4d" member_type: VOTER last_known_addr { host: "127.4.90.66" port: 43609 } } peers { permanent_uuid: "49e8df7c811b42cb93c51682257fd3c3" member_type: VOTER last_known_addr { host: "127.4.90.67" port: 39887 } } peers { permanent_uuid: "f353255ac9dd491bb1d7052125abde95" member_type: VOTER last_known_addr { host: "127.4.90.68" port: 37731 } attrs { promote: false } }
I20260710 11:10:30.754462  5467 catalog_manager.cc:5697] T 074419e3f2c04387807fd64c81bcb8ed P f353255ac9dd491bb1d7052125abde95 reported cstate change: term changed from 1 to 2, leader changed from 2947ad4ab11a44f7a9819dcaa103bf4d (127.4.90.66) to f353255ac9dd491bb1d7052125abde95 (127.4.90.68). New cstate: current_term: 2 leader_uuid: "f353255ac9dd491bb1d7052125abde95" committed_config { opid_index: 4 OBSOLETE_local: false peers { permanent_uuid: "2947ad4ab11a44f7a9819dcaa103bf4d" member_type: VOTER last_known_addr { host: "127.4.90.66" port: 43609 } health_report { overall_health: UNKNOWN } } peers { permanent_uuid: "49e8df7c811b42cb93c51682257fd3c3" member_type: VOTER last_known_addr { host: "127.4.90.67" port: 39887 } health_report { overall_health: UNKNOWN } } peers { permanent_uuid: "f353255ac9dd491bb1d7052125abde95" member_type: VOTER last_known_addr { host: "127.4.90.68" port: 37731 } attrs { promote: false } health_report { overall_health: HEALTHY } } }
I20260710 11:10:30.800552  6356 raft_consensus.cc:993] T 8b8d603c9c7f41f6bb0a24c1deaca00f P 49e8df7c811b42cb93c51682257fd3c3: : Instructing follower 2947ad4ab11a44f7a9819dcaa103bf4d to start an election
I20260710 11:10:30.801072  6353 raft_consensus.cc:1081] T 8b8d603c9c7f41f6bb0a24c1deaca00f P 49e8df7c811b42cb93c51682257fd3c3 [term 1 LEADER]: Signalling peer 2947ad4ab11a44f7a9819dcaa103bf4d to start an election
I20260710 11:10:30.802927  5646 tablet_service.cc:2044] Received Run Leader Election RPC: tablet_id: "8b8d603c9c7f41f6bb0a24c1deaca00f"
dest_uuid: "2947ad4ab11a44f7a9819dcaa103bf4d"
 from {username='slave'} at 127.0.0.1:58950
I20260710 11:10:30.803447  5646 raft_consensus.cc:493] T 8b8d603c9c7f41f6bb0a24c1deaca00f P 2947ad4ab11a44f7a9819dcaa103bf4d [term 1 FOLLOWER]: Starting forced leader election (received explicit request)
I20260710 11:10:30.803843  5646 raft_consensus.cc:3060] T 8b8d603c9c7f41f6bb0a24c1deaca00f P 2947ad4ab11a44f7a9819dcaa103bf4d [term 1 FOLLOWER]: Advancing to term 2
I20260710 11:10:30.809386  5646 raft_consensus.cc:515] T 8b8d603c9c7f41f6bb0a24c1deaca00f P 2947ad4ab11a44f7a9819dcaa103bf4d [term 2 FOLLOWER]: Starting forced leader election with config: opid_index: -1 OBSOLETE_local: false peers { permanent_uuid: "9540de6bfdbf472c82d0dddd6c98da8f" member_type: VOTER last_known_addr { host: "127.4.90.65" port: 45345 } } peers { permanent_uuid: "2947ad4ab11a44f7a9819dcaa103bf4d" member_type: VOTER last_known_addr { host: "127.4.90.66" port: 43609 } } peers { permanent_uuid: "49e8df7c811b42cb93c51682257fd3c3" member_type: VOTER last_known_addr { host: "127.4.90.67" port: 39887 } }
I20260710 11:10:30.811461  5646 leader_election.cc:290] T 8b8d603c9c7f41f6bb0a24c1deaca00f P 2947ad4ab11a44f7a9819dcaa103bf4d [CANDIDATE]: Term 2 election: Requested vote from peers 9540de6bfdbf472c82d0dddd6c98da8f (127.4.90.65:45345), 49e8df7c811b42cb93c51682257fd3c3 (127.4.90.67:39887)
I20260710 11:10:30.812182  5570 tablet_service.cc:1917] Received RequestConsensusVote() RPC: tablet_id: "8b8d603c9c7f41f6bb0a24c1deaca00f" candidate_uuid: "2947ad4ab11a44f7a9819dcaa103bf4d" candidate_term: 2 candidate_status { last_received { term: 1 index: 1 } } ignore_live_leader: true dest_uuid: "9540de6bfdbf472c82d0dddd6c98da8f"
I20260710 11:10:30.812446  5720 tablet_service.cc:1917] Received RequestConsensusVote() RPC: tablet_id: "8b8d603c9c7f41f6bb0a24c1deaca00f" candidate_uuid: "2947ad4ab11a44f7a9819dcaa103bf4d" candidate_term: 2 candidate_status { last_received { term: 1 index: 1 } } ignore_live_leader: true dest_uuid: "49e8df7c811b42cb93c51682257fd3c3"
I20260710 11:10:30.812770  5570 raft_consensus.cc:3060] T 8b8d603c9c7f41f6bb0a24c1deaca00f P 9540de6bfdbf472c82d0dddd6c98da8f [term 1 FOLLOWER]: Advancing to term 2
I20260710 11:10:30.812937  5720 raft_consensus.cc:3055] T 8b8d603c9c7f41f6bb0a24c1deaca00f P 49e8df7c811b42cb93c51682257fd3c3 [term 1 LEADER]: Stepping down as leader of term 1
I20260710 11:10:30.813261  5720 raft_consensus.cc:740] T 8b8d603c9c7f41f6bb0a24c1deaca00f P 49e8df7c811b42cb93c51682257fd3c3 [term 1 LEADER]: Becoming Follower/Learner. State: Replica: 49e8df7c811b42cb93c51682257fd3c3, State: Running, Role: LEADER
I20260710 11:10:30.814000  5720 consensus_queue.cc:260] T 8b8d603c9c7f41f6bb0a24c1deaca00f P 49e8df7c811b42cb93c51682257fd3c3 [NON_LEADER]: Queue going to NON_LEADER mode. State: All replicated index: 0, Majority replicated index: 1, Committed index: 1, Last appended: 1.1, Last appended by leader: 1, Current term: 1, Majority size: -1, State: 0, Mode: NON_LEADER, active raft config: opid_index: -1 OBSOLETE_local: false peers { permanent_uuid: "9540de6bfdbf472c82d0dddd6c98da8f" member_type: VOTER last_known_addr { host: "127.4.90.65" port: 45345 } } peers { permanent_uuid: "2947ad4ab11a44f7a9819dcaa103bf4d" member_type: VOTER last_known_addr { host: "127.4.90.66" port: 43609 } } peers { permanent_uuid: "49e8df7c811b42cb93c51682257fd3c3" member_type: VOTER last_known_addr { host: "127.4.90.67" port: 39887 } }
I20260710 11:10:30.815172  5720 raft_consensus.cc:3060] T 8b8d603c9c7f41f6bb0a24c1deaca00f P 49e8df7c811b42cb93c51682257fd3c3 [term 1 FOLLOWER]: Advancing to term 2
I20260710 11:10:30.819258  5570 raft_consensus.cc:2468] T 8b8d603c9c7f41f6bb0a24c1deaca00f P 9540de6bfdbf472c82d0dddd6c98da8f [term 2 FOLLOWER]: Leader election vote request: Granting yes vote for candidate 2947ad4ab11a44f7a9819dcaa103bf4d in term 2.
I20260710 11:10:30.820704  5612 leader_election.cc:304] T 8b8d603c9c7f41f6bb0a24c1deaca00f P 2947ad4ab11a44f7a9819dcaa103bf4d [CANDIDATE]: Term 2 election: Election decided. Result: candidate won. Election summary: received 2 responses out of 3 voters: 2 yes votes; 0 no votes. yes voters: 2947ad4ab11a44f7a9819dcaa103bf4d, 9540de6bfdbf472c82d0dddd6c98da8f; no voters: 
I20260710 11:10:30.821162  5720 raft_consensus.cc:2468] T 8b8d603c9c7f41f6bb0a24c1deaca00f P 49e8df7c811b42cb93c51682257fd3c3 [term 2 FOLLOWER]: Leader election vote request: Granting yes vote for candidate 2947ad4ab11a44f7a9819dcaa103bf4d in term 2.
I20260710 11:10:30.821447  6372 raft_consensus.cc:2804] T 8b8d603c9c7f41f6bb0a24c1deaca00f P 2947ad4ab11a44f7a9819dcaa103bf4d [term 2 FOLLOWER]: Leader election won for term 2
I20260710 11:10:30.821945  6372 raft_consensus.cc:697] T 8b8d603c9c7f41f6bb0a24c1deaca00f P 2947ad4ab11a44f7a9819dcaa103bf4d [term 2 LEADER]: Becoming Leader. State: Replica: 2947ad4ab11a44f7a9819dcaa103bf4d, State: Running, Role: LEADER
