I20260710 11:10:04.978449   942 raft_consensus.cc:1081] T bd5554b77be84dfca3466191ddd28fd0 P 69b42c927ab04a0e8b6066fe3e54c9b9 [term 3 LEADER]: Signalling peer 76b8829495ae46fc973f231d82b2ccbb to start an election
I20260710 11:10:04.980053   688 tablet_service.cc:2044] Received Run Leader Election RPC: tablet_id: "bd5554b77be84dfca3466191ddd28fd0"
dest_uuid: "76b8829495ae46fc973f231d82b2ccbb"
 from {username='slave'} at 127.0.0.1:55976
I20260710 11:10:04.980466   688 raft_consensus.cc:493] T bd5554b77be84dfca3466191ddd28fd0 P 76b8829495ae46fc973f231d82b2ccbb [term 3 FOLLOWER]: Starting forced leader election (received explicit request)
I20260710 11:10:04.980700   688 raft_consensus.cc:3060] T bd5554b77be84dfca3466191ddd28fd0 P 76b8829495ae46fc973f231d82b2ccbb [term 3 FOLLOWER]: Advancing to term 4
I20260710 11:10:04.985033   688 raft_consensus.cc:515] T bd5554b77be84dfca3466191ddd28fd0 P 76b8829495ae46fc973f231d82b2ccbb [term 4 FOLLOWER]: Starting forced leader election with config: opid_index: -1 OBSOLETE_local: false peers { permanent_uuid: "69b42c927ab04a0e8b6066fe3e54c9b9" member_type: VOTER last_known_addr { host: "127.31.169.193" port: 33955 } } peers { permanent_uuid: "76b8829495ae46fc973f231d82b2ccbb" member_type: VOTER last_known_addr { host: "127.31.169.194" port: 46843 } } peers { permanent_uuid: "a85db37978a046fcae9b3d1eb495d68c" member_type: VOTER last_known_addr { host: "127.31.169.195" port: 39811 } }
I20260710 11:10:04.986634   688 leader_election.cc:290] T bd5554b77be84dfca3466191ddd28fd0 P 76b8829495ae46fc973f231d82b2ccbb [CANDIDATE]: Term 4 election: Requested vote from peers 69b42c927ab04a0e8b6066fe3e54c9b9 (127.31.169.193:33955), a85db37978a046fcae9b3d1eb495d68c (127.31.169.195:39811)
I20260710 11:10:04.987677   613 tablet_service.cc:1917] Received RequestConsensusVote() RPC: tablet_id: "bd5554b77be84dfca3466191ddd28fd0" candidate_uuid: "76b8829495ae46fc973f231d82b2ccbb" candidate_term: 4 candidate_status { last_received { term: 3 index: 3 } } ignore_live_leader: true dest_uuid: "69b42c927ab04a0e8b6066fe3e54c9b9"
I20260710 11:10:04.987818   764 tablet_service.cc:1917] Received RequestConsensusVote() RPC: tablet_id: "bd5554b77be84dfca3466191ddd28fd0" candidate_uuid: "76b8829495ae46fc973f231d82b2ccbb" candidate_term: 4 candidate_status { last_received { term: 3 index: 3 } } ignore_live_leader: true dest_uuid: "a85db37978a046fcae9b3d1eb495d68c"
I20260710 11:10:04.988272   613 raft_consensus.cc:3055] T bd5554b77be84dfca3466191ddd28fd0 P 69b42c927ab04a0e8b6066fe3e54c9b9 [term 3 LEADER]: Stepping down as leader of term 3
I20260710 11:10:04.988374   764 raft_consensus.cc:3060] T bd5554b77be84dfca3466191ddd28fd0 P a85db37978a046fcae9b3d1eb495d68c [term 3 FOLLOWER]: Advancing to term 4
I20260710 11:10:04.988574   613 raft_consensus.cc:740] T bd5554b77be84dfca3466191ddd28fd0 P 69b42c927ab04a0e8b6066fe3e54c9b9 [term 3 LEADER]: Becoming Follower/Learner. State: Replica: 69b42c927ab04a0e8b6066fe3e54c9b9, State: Running, Role: LEADER
I20260710 11:10:04.989308   613 consensus_queue.cc:260] T bd5554b77be84dfca3466191ddd28fd0 P 69b42c927ab04a0e8b6066fe3e54c9b9 [NON_LEADER]: Queue going to NON_LEADER mode. State: All replicated index: 0, Majority replicated index: 3, Committed index: 3, Last appended: 3.3, Last appended by leader: 3, Current term: 3, Majority size: -1, State: 0, Mode: NON_LEADER, active raft config: opid_index: -1 OBSOLETE_local: false peers { permanent_uuid: "69b42c927ab04a0e8b6066fe3e54c9b9" member_type: VOTER last_known_addr { host: "127.31.169.193" port: 33955 } } peers { permanent_uuid: "76b8829495ae46fc973f231d82b2ccbb" member_type: VOTER last_known_addr { host: "127.31.169.194" port: 46843 } } peers { permanent_uuid: "a85db37978a046fcae9b3d1eb495d68c" member_type: VOTER last_known_addr { host: "127.31.169.195" port: 39811 } }
I20260710 11:10:04.990219   613 raft_consensus.cc:3060] T bd5554b77be84dfca3466191ddd28fd0 P 69b42c927ab04a0e8b6066fe3e54c9b9 [term 3 FOLLOWER]: Advancing to term 4
I20260710 11:10:04.993497   764 raft_consensus.cc:2468] T bd5554b77be84dfca3466191ddd28fd0 P a85db37978a046fcae9b3d1eb495d68c [term 4 FOLLOWER]: Leader election vote request: Granting yes vote for candidate 76b8829495ae46fc973f231d82b2ccbb in term 4.
I20260710 11:10:04.994838   653 leader_election.cc:304] T bd5554b77be84dfca3466191ddd28fd0 P 76b8829495ae46fc973f231d82b2ccbb [CANDIDATE]: Term 4 election: Election decided. Result: candidate won. Election summary: received 2 responses out of 3 voters: 2 yes votes; 0 no votes. yes voters: 76b8829495ae46fc973f231d82b2ccbb, a85db37978a046fcae9b3d1eb495d68c; no voters: 
I20260710 11:10:04.994962   613 raft_consensus.cc:2468] T bd5554b77be84dfca3466191ddd28fd0 P 69b42c927ab04a0e8b6066fe3e54c9b9 [term 4 FOLLOWER]: Leader election vote request: Granting yes vote for candidate 76b8829495ae46fc973f231d82b2ccbb in term 4.
I20260710 11:10:04.995888   919 raft_consensus.cc:2804] T bd5554b77be84dfca3466191ddd28fd0 P 76b8829495ae46fc973f231d82b2ccbb [term 4 FOLLOWER]: Leader election won for term 4
I20260710 11:10:04.997088   919 raft_consensus.cc:697] T bd5554b77be84dfca3466191ddd28fd0 P 76b8829495ae46fc973f231d82b2ccbb [term 4 LEADER]: Becoming Leader. State: Replica: 76b8829495ae46fc973f231d82b2ccbb, State: Running, Role: LEADER
I20260710 11:10:04.997926   919 consensus_queue.cc:237] T bd5554b77be84dfca3466191ddd28fd0 P 76b8829495ae46fc973f231d82b2ccbb [LEADER]: Queue going to LEADER mode. State: All replicated index: 0, Majority replicated index: 3, Committed index: 3, Last appended: 3.3, Last appended by leader: 3, Current term: 4, Majority size: 2, State: 0, Mode: LEADER, active raft config: opid_index: -1 OBSOLETE_local: false peers { permanent_uuid: "69b42c927ab04a0e8b6066fe3e54c9b9" member_type: VOTER last_known_addr { host: "127.31.169.193" port: 33955 } } peers { permanent_uuid: "76b8829495ae46fc973f231d82b2ccbb" member_type: VOTER last_known_addr { host: "127.31.169.194" port: 46843 } } peers { permanent_uuid: "a85db37978a046fcae9b3d1eb495d68c" member_type: VOTER last_known_addr { host: "127.31.169.195" port: 39811 } }
I20260710 11:10:05.004876   513 catalog_manager.cc:5697] T bd5554b77be84dfca3466191ddd28fd0 P 76b8829495ae46fc973f231d82b2ccbb reported cstate change: term changed from 3 to 4, leader changed from 69b42c927ab04a0e8b6066fe3e54c9b9 (127.31.169.193) to 76b8829495ae46fc973f231d82b2ccbb (127.31.169.194). New cstate: current_term: 4 leader_uuid: "76b8829495ae46fc973f231d82b2ccbb" committed_config { opid_index: -1 OBSOLETE_local: false peers { permanent_uuid: "69b42c927ab04a0e8b6066fe3e54c9b9" member_type: VOTER last_known_addr { host: "127.31.169.193" port: 33955 } health_report { overall_health: UNKNOWN } } peers { permanent_uuid: "76b8829495ae46fc973f231d82b2ccbb" member_type: VOTER last_known_addr { host: "127.31.169.194" port: 46843 } health_report { overall_health: HEALTHY } } peers { permanent_uuid: "a85db37978a046fcae9b3d1eb495d68c" member_type: VOTER last_known_addr { host: "127.31.169.195" port: 39811 } health_report { overall_health: UNKNOWN } } }
I20260710 11:10:05.148615   931 raft_consensus.cc:993] T 1fa64c8d1d10407bb24889320e2d8344 P 69b42c927ab04a0e8b6066fe3e54c9b9: : Instructing follower a85db37978a046fcae9b3d1eb495d68c to start an election
I20260710 11:10:05.149127   942 raft_consensus.cc:1081] T 1fa64c8d1d10407bb24889320e2d8344 P 69b42c927ab04a0e8b6066fe3e54c9b9 [term 3 LEADER]: Signalling peer a85db37978a046fcae9b3d1eb495d68c to start an election
I20260710 11:10:05.150579   764 tablet_service.cc:2044] Received Run Leader Election RPC: tablet_id: "1fa64c8d1d10407bb24889320e2d8344"
dest_uuid: "a85db37978a046fcae9b3d1eb495d68c"
 from {username='slave'} at 127.0.0.1:48740
I20260710 11:10:05.151013   764 raft_consensus.cc:493] T 1fa64c8d1d10407bb24889320e2d8344 P a85db37978a046fcae9b3d1eb495d68c [term 3 FOLLOWER]: Starting forced leader election (received explicit request)
I20260710 11:10:05.151292   764 raft_consensus.cc:3060] T 1fa64c8d1d10407bb24889320e2d8344 P a85db37978a046fcae9b3d1eb495d68c [term 3 FOLLOWER]: Advancing to term 4
I20260710 11:10:05.155704   764 raft_consensus.cc:515] T 1fa64c8d1d10407bb24889320e2d8344 P a85db37978a046fcae9b3d1eb495d68c [term 4 FOLLOWER]: Starting forced leader election with config: opid_index: -1 OBSOLETE_local: false peers { permanent_uuid: "69b42c927ab04a0e8b6066fe3e54c9b9" member_type: VOTER last_known_addr { host: "127.31.169.193" port: 33955 } } peers { permanent_uuid: "76b8829495ae46fc973f231d82b2ccbb" member_type: VOTER last_known_addr { host: "127.31.169.194" port: 46843 } } peers { permanent_uuid: "a85db37978a046fcae9b3d1eb495d68c" member_type: VOTER last_known_addr { host: "127.31.169.195" port: 39811 } }
I20260710 11:10:05.157100   764 leader_election.cc:290] T 1fa64c8d1d10407bb24889320e2d8344 P a85db37978a046fcae9b3d1eb495d68c [CANDIDATE]: Term 4 election: Requested vote from peers 69b42c927ab04a0e8b6066fe3e54c9b9 (127.31.169.193:33955), 76b8829495ae46fc973f231d82b2ccbb (127.31.169.194:46843)
I20260710 11:10:05.158120   613 tablet_service.cc:1917] Received RequestConsensusVote() RPC: tablet_id: "1fa64c8d1d10407bb24889320e2d8344" candidate_uuid: "a85db37978a046fcae9b3d1eb495d68c" candidate_term: 4 candidate_status { last_received { term: 3 index: 3 } } ignore_live_leader: true dest_uuid: "69b42c927ab04a0e8b6066fe3e54c9b9"
I20260710 11:10:05.158193   688 tablet_service.cc:1917] Received RequestConsensusVote() RPC: tablet_id: "1fa64c8d1d10407bb24889320e2d8344" candidate_uuid: "a85db37978a046fcae9b3d1eb495d68c" candidate_term: 4 candidate_status { last_received { term: 3 index: 3 } } ignore_live_leader: true dest_uuid: "76b8829495ae46fc973f231d82b2ccbb"
I20260710 11:10:05.158713   688 raft_consensus.cc:3060] T 1fa64c8d1d10407bb24889320e2d8344 P 76b8829495ae46fc973f231d82b2ccbb [term 3 FOLLOWER]: Advancing to term 4
I20260710 11:10:05.158722   613 raft_consensus.cc:3055] T 1fa64c8d1d10407bb24889320e2d8344 P 69b42c927ab04a0e8b6066fe3e54c9b9 [term 3 LEADER]: Stepping down as leader of term 3
I20260710 11:10:05.159257   613 raft_consensus.cc:740] T 1fa64c8d1d10407bb24889320e2d8344 P 69b42c927ab04a0e8b6066fe3e54c9b9 [term 3 LEADER]: Becoming Follower/Learner. State: Replica: 69b42c927ab04a0e8b6066fe3e54c9b9, State: Running, Role: LEADER
I20260710 11:10:05.160058   613 consensus_queue.cc:260] T 1fa64c8d1d10407bb24889320e2d8344 P 69b42c927ab04a0e8b6066fe3e54c9b9 [NON_LEADER]: Queue going to NON_LEADER mode. State: All replicated index: 0, Majority replicated index: 3, Committed index: 3, Last appended: 3.3, Last appended by leader: 3, Current term: 3, Majority size: -1, State: 0, Mode: NON_LEADER, active raft config: opid_index: -1 OBSOLETE_local: false peers { permanent_uuid: "69b42c927ab04a0e8b6066fe3e54c9b9" member_type: VOTER last_known_addr { host: "127.31.169.193" port: 33955 } } peers { permanent_uuid: "76b8829495ae46fc973f231d82b2ccbb" member_type: VOTER last_known_addr { host: "127.31.169.194" port: 46843 } } peers { permanent_uuid: "a85db37978a046fcae9b3d1eb495d68c" member_type: VOTER last_known_addr { host: "127.31.169.195" port: 39811 } }
I20260710 11:10:05.161198   613 raft_consensus.cc:3060] T 1fa64c8d1d10407bb24889320e2d8344 P 69b42c927ab04a0e8b6066fe3e54c9b9 [term 3 FOLLOWER]: Advancing to term 4
I20260710 11:10:05.164242   688 raft_consensus.cc:2468] T 1fa64c8d1d10407bb24889320e2d8344 P 76b8829495ae46fc973f231d82b2ccbb [term 4 FOLLOWER]: Leader election vote request: Granting yes vote for candidate a85db37978a046fcae9b3d1eb495d68c in term 4.
I20260710 11:10:05.166553   727 leader_election.cc:304] T 1fa64c8d1d10407bb24889320e2d8344 P a85db37978a046fcae9b3d1eb495d68c [CANDIDATE]: Term 4 election: Election decided. Result: candidate won. Election summary: received 2 responses out of 3 voters: 2 yes votes; 0 no votes. yes voters: 76b8829495ae46fc973f231d82b2ccbb, a85db37978a046fcae9b3d1eb495d68c; no voters: 
I20260710 11:10:05.167410   905 raft_consensus.cc:2804] T 1fa64c8d1d10407bb24889320e2d8344 P a85db37978a046fcae9b3d1eb495d68c [term 4 FOLLOWER]: Leader election won for term 4
I20260710 11:10:05.168332   613 raft_consensus.cc:2468] T 1fa64c8d1d10407bb24889320e2d8344 P 69b42c927ab04a0e8b6066fe3e54c9b9 [term 4 FOLLOWER]: Leader election vote request: Granting yes vote for candidate a85db37978a046fcae9b3d1eb495d68c in term 4.
I20260710 11:10:05.168720   905 raft_consensus.cc:697] T 1fa64c8d1d10407bb24889320e2d8344 P a85db37978a046fcae9b3d1eb495d68c [term 4 LEADER]: Becoming Leader. State: Replica: a85db37978a046fcae9b3d1eb495d68c, State: Running, Role: LEADER
I20260710 11:10:05.169765   905 consensus_queue.cc:237] T 1fa64c8d1d10407bb24889320e2d8344 P a85db37978a046fcae9b3d1eb495d68c [LEADER]: Queue going to LEADER mode. State: All replicated index: 0, Majority replicated index: 3, Committed index: 3, Last appended: 3.3, Last appended by leader: 3, Current term: 4, Majority size: 2, State: 0, Mode: LEADER, active raft config: opid_index: -1 OBSOLETE_local: false peers { permanent_uuid: "69b42c927ab04a0e8b6066fe3e54c9b9" member_type: VOTER last_known_addr { host: "127.31.169.193" port: 33955 } } peers { permanent_uuid: "76b8829495ae46fc973f231d82b2ccbb" member_type: VOTER last_known_addr { host: "127.31.169.194" port: 46843 } } peers { permanent_uuid: "a85db37978a046fcae9b3d1eb495d68c" member_type: VOTER last_known_addr { host: "127.31.169.195" port: 39811 } }
I20260710 11:10:05.177556   513 catalog_manager.cc:5697] T 1fa64c8d1d10407bb24889320e2d8344 P a85db37978a046fcae9b3d1eb495d68c reported cstate change: term changed from 3 to 4, leader changed from 69b42c927ab04a0e8b6066fe3e54c9b9 (127.31.169.193) to a85db37978a046fcae9b3d1eb495d68c (127.31.169.195). New cstate: current_term: 4 leader_uuid: "a85db37978a046fcae9b3d1eb495d68c" committed_config { opid_index: -1 OBSOLETE_local: false peers { permanent_uuid: "69b42c927ab04a0e8b6066fe3e54c9b9" member_type: VOTER last_known_addr { host: "127.31.169.193" port: 33955 } health_report { overall_health: UNKNOWN } } peers { permanent_uuid: "76b8829495ae46fc973f231d82b2ccbb" member_type: VOTER last_known_addr { host: "127.31.169.194" port: 46843 } health_report { overall_health: UNKNOWN } } peers { permanent_uuid: "a85db37978a046fcae9b3d1eb495d68c" member_type: VOTER last_known_addr { host: "127.31.169.195" port: 39811 } health_report { overall_health: HEALTHY } } }
I20260710 11:10:05.227066   931 raft_consensus.cc:993] T 576f26bc45f144b4a528b90225d70f11 P 69b42c927ab04a0e8b6066fe3e54c9b9: : Instructing follower a85db37978a046fcae9b3d1eb495d68c to start an election
I20260710 11:10:05.227548   942 raft_consensus.cc:1081] T 576f26bc45f144b4a528b90225d70f11 P 69b42c927ab04a0e8b6066fe3e54c9b9 [term 2 LEADER]: Signalling peer a85db37978a046fcae9b3d1eb495d68c to start an election
I20260710 11:10:05.229036   764 tablet_service.cc:2044] Received Run Leader Election RPC: tablet_id: "576f26bc45f144b4a528b90225d70f11"
dest_uuid: "a85db37978a046fcae9b3d1eb495d68c"
 from {username='slave'} at 127.0.0.1:48740
I20260710 11:10:05.229509   764 raft_consensus.cc:493] T 576f26bc45f144b4a528b90225d70f11 P a85db37978a046fcae9b3d1eb495d68c [term 2 FOLLOWER]: Starting forced leader election (received explicit request)
I20260710 11:10:05.229797   764 raft_consensus.cc:3060] T 576f26bc45f144b4a528b90225d70f11 P a85db37978a046fcae9b3d1eb495d68c [term 2 FOLLOWER]: Advancing to term 3
I20260710 11:10:05.234407   764 raft_consensus.cc:515] T 576f26bc45f144b4a528b90225d70f11 P a85db37978a046fcae9b3d1eb495d68c [term 3 FOLLOWER]: Starting forced leader election with config: opid_index: -1 OBSOLETE_local: false peers { permanent_uuid: "69b42c927ab04a0e8b6066fe3e54c9b9" member_type: VOTER last_known_addr { host: "127.31.169.193" port: 33955 } } peers { permanent_uuid: "76b8829495ae46fc973f231d82b2ccbb" member_type: VOTER last_known_addr { host: "127.31.169.194" port: 46843 } } peers { permanent_uuid: "a85db37978a046fcae9b3d1eb495d68c" member_type: VOTER last_known_addr { host: "127.31.169.195" port: 39811 } }
I20260710 11:10:05.235883   764 leader_election.cc:290] T 576f26bc45f144b4a528b90225d70f11 P a85db37978a046fcae9b3d1eb495d68c [CANDIDATE]: Term 3 election: Requested vote from peers 69b42c927ab04a0e8b6066fe3e54c9b9 (127.31.169.193:33955), 76b8829495ae46fc973f231d82b2ccbb (127.31.169.194:46843)
I20260710 11:10:05.236804   613 tablet_service.cc:1917] Received RequestConsensusVote() RPC: tablet_id: "576f26bc45f144b4a528b90225d70f11" candidate_uuid: "a85db37978a046fcae9b3d1eb495d68c" candidate_term: 3 candidate_status { last_received { term: 2 index: 2 } } ignore_live_leader: true dest_uuid: "69b42c927ab04a0e8b6066fe3e54c9b9"
I20260710 11:10:05.236984   688 tablet_service.cc:1917] Received RequestConsensusVote() RPC: tablet_id: "576f26bc45f144b4a528b90225d70f11" candidate_uuid: "a85db37978a046fcae9b3d1eb495d68c" candidate_term: 3 candidate_status { last_received { term: 2 index: 2 } } ignore_live_leader: true dest_uuid: "76b8829495ae46fc973f231d82b2ccbb"
I20260710 11:10:05.237471   613 raft_consensus.cc:3055] T 576f26bc45f144b4a528b90225d70f11 P 69b42c927ab04a0e8b6066fe3e54c9b9 [term 2 LEADER]: Stepping down as leader of term 2
I20260710 11:10:05.237484   688 raft_consensus.cc:3060] T 576f26bc45f144b4a528b90225d70f11 P 76b8829495ae46fc973f231d82b2ccbb [term 2 FOLLOWER]: Advancing to term 3
I20260710 11:10:05.237933   613 raft_consensus.cc:740] T 576f26bc45f144b4a528b90225d70f11 P 69b42c927ab04a0e8b6066fe3e54c9b9 [term 2 LEADER]: Becoming Follower/Learner. State: Replica: 69b42c927ab04a0e8b6066fe3e54c9b9, State: Running, Role: LEADER
I20260710 11:10:05.238737   613 consensus_queue.cc:260] T 576f26bc45f144b4a528b90225d70f11 P 69b42c927ab04a0e8b6066fe3e54c9b9 [NON_LEADER]: Queue going to NON_LEADER mode. State: All replicated index: 0, Majority replicated index: 2, Committed index: 2, Last appended: 2.2, Last appended by leader: 2, Current term: 2, Majority size: -1, State: 0, Mode: NON_LEADER, active raft config: opid_index: -1 OBSOLETE_local: false peers { permanent_uuid: "69b42c927ab04a0e8b6066fe3e54c9b9" member_type: VOTER last_known_addr { host: "127.31.169.193" port: 33955 } } peers { permanent_uuid: "76b8829495ae46fc973f231d82b2ccbb" member_type: VOTER last_known_addr { host: "127.31.169.194" port: 46843 } } peers { permanent_uuid: "a85db37978a046fcae9b3d1eb495d68c" member_type: VOTER last_known_addr { host: "127.31.169.195" port: 39811 } }
I20260710 11:10:05.239970   613 raft_consensus.cc:3060] T 576f26bc45f144b4a528b90225d70f11 P 69b42c927ab04a0e8b6066fe3e54c9b9 [term 2 FOLLOWER]: Advancing to term 3
I20260710 11:10:05.242220   931 raft_consensus.cc:993] T 52bf7c1fb5ec42ecaf6db3edbad1afbf P 69b42c927ab04a0e8b6066fe3e54c9b9: : Instructing follower 76b8829495ae46fc973f231d82b2ccbb to start an election
I20260710 11:10:05.242676   942 raft_consensus.cc:1081] T 52bf7c1fb5ec42ecaf6db3edbad1afbf P 69b42c927ab04a0e8b6066fe3e54c9b9 [term 2 LEADER]: Signalling peer 76b8829495ae46fc973f231d82b2ccbb to start an election
I20260710 11:10:05.244151   687 tablet_service.cc:2044] Received Run Leader Election RPC: tablet_id: "52bf7c1fb5ec42ecaf6db3edbad1afbf"
dest_uuid: "76b8829495ae46fc973f231d82b2ccbb"
 from {username='slave'} at 127.0.0.1:55976
I20260710 11:10:05.244611   687 raft_consensus.cc:493] T 52bf7c1fb5ec42ecaf6db3edbad1afbf P 76b8829495ae46fc973f231d82b2ccbb [term 2 FOLLOWER]: Starting forced leader election (received explicit request)
I20260710 11:10:05.244567   688 raft_consensus.cc:2468] T 576f26bc45f144b4a528b90225d70f11 P 76b8829495ae46fc973f231d82b2ccbb [term 3 FOLLOWER]: Leader election vote request: Granting yes vote for candidate a85db37978a046fcae9b3d1eb495d68c in term 3.
I20260710 11:10:05.245144   687 raft_consensus.cc:3060] T 52bf7c1fb5ec42ecaf6db3edbad1afbf P 76b8829495ae46fc973f231d82b2ccbb [term 2 FOLLOWER]: Advancing to term 3
I20260710 11:10:05.246245   727 leader_election.cc:304] T 576f26bc45f144b4a528b90225d70f11 P a85db37978a046fcae9b3d1eb495d68c [CANDIDATE]: Term 3 election: Election decided. Result: candidate won. Election summary: received 2 responses out of 3 voters: 2 yes votes; 0 no votes. yes voters: 76b8829495ae46fc973f231d82b2ccbb, a85db37978a046fcae9b3d1eb495d68c; no voters: 
I20260710 11:10:05.247007   613 raft_consensus.cc:2468] T 576f26bc45f144b4a528b90225d70f11 P 69b42c927ab04a0e8b6066fe3e54c9b9 [term 3 FOLLOWER]: Leader election vote request: Granting yes vote for candidate a85db37978a046fcae9b3d1eb495d68c in term 3.
I20260710 11:10:05.247069   905 raft_consensus.cc:2804] T 576f26bc45f144b4a528b90225d70f11 P a85db37978a046fcae9b3d1eb495d68c [term 3 FOLLOWER]: Leader election won for term 3
I20260710 11:10:05.247813   905 raft_consensus.cc:697] T 576f26bc45f144b4a528b90225d70f11 P a85db37978a046fcae9b3d1eb495d68c [term 3 LEADER]: Becoming Leader. State: Replica: a85db37978a046fcae9b3d1eb495d68c, State: Running, Role: LEADER
I20260710 11:10:05.248716   905 consensus_queue.cc:237] T 576f26bc45f144b4a528b90225d70f11 P a85db37978a046fcae9b3d1eb495d68c [LEADER]: Queue going to LEADER mode. State: All replicated index: 0, Majority replicated index: 2, Committed index: 2, Last appended: 2.2, Last appended by leader: 2, Current term: 3, Majority size: 2, State: 0, Mode: LEADER, active raft config: opid_index: -1 OBSOLETE_local: false peers { permanent_uuid: "69b42c927ab04a0e8b6066fe3e54c9b9" member_type: VOTER last_known_addr { host: "127.31.169.193" port: 33955 } } peers { permanent_uuid: "76b8829495ae46fc973f231d82b2ccbb" member_type: VOTER last_known_addr { host: "127.31.169.194" port: 46843 } } peers { permanent_uuid: "a85db37978a046fcae9b3d1eb495d68c" member_type: VOTER last_known_addr { host: "127.31.169.195" port: 39811 } }
I20260710 11:10:05.250756   687 raft_consensus.cc:515] T 52bf7c1fb5ec42ecaf6db3edbad1afbf P 76b8829495ae46fc973f231d82b2ccbb [term 3 FOLLOWER]: Starting forced leader election with config: opid_index: -1 OBSOLETE_local: false peers { permanent_uuid: "69b42c927ab04a0e8b6066fe3e54c9b9" member_type: VOTER last_known_addr { host: "127.31.169.193" port: 33955 } } peers { permanent_uuid: "76b8829495ae46fc973f231d82b2ccbb" member_type: VOTER last_known_addr { host: "127.31.169.194" port: 46843 } } peers { permanent_uuid: "a85db37978a046fcae9b3d1eb495d68c" member_type: VOTER last_known_addr { host: "127.31.169.195" port: 39811 } }
I20260710 11:10:05.253621   613 tablet_service.cc:1917] Received RequestConsensusVote() RPC: tablet_id: "52bf7c1fb5ec42ecaf6db3edbad1afbf" candidate_uuid: "76b8829495ae46fc973f231d82b2ccbb" candidate_term: 3 candidate_status { last_received { term: 2 index: 2 } } ignore_live_leader: true dest_uuid: "69b42c927ab04a0e8b6066fe3e54c9b9"
I20260710 11:10:05.253937   764 tablet_service.cc:1917] Received RequestConsensusVote() RPC: tablet_id: "52bf7c1fb5ec42ecaf6db3edbad1afbf" candidate_uuid: "76b8829495ae46fc973f231d82b2ccbb" candidate_term: 3 candidate_status { last_received { term: 2 index: 2 } } ignore_live_leader: true dest_uuid: "a85db37978a046fcae9b3d1eb495d68c"
I20260710 11:10:05.254429   613 raft_consensus.cc:3055] T 52bf7c1fb5ec42ecaf6db3edbad1afbf P 69b42c927ab04a0e8b6066fe3e54c9b9 [term 2 LEADER]: Stepping down as leader of term 2
I20260710 11:10:05.254802   764 raft_consensus.cc:3060] T 52bf7c1fb5ec42ecaf6db3edbad1afbf P a85db37978a046fcae9b3d1eb495d68c [term 2 FOLLOWER]: Advancing to term 3
I20260710 11:10:05.254854   613 raft_consensus.cc:740] T 52bf7c1fb5ec42ecaf6db3edbad1afbf P 69b42c927ab04a0e8b6066fe3e54c9b9 [term 2 LEADER]: Becoming Follower/Learner. State: Replica: 69b42c927ab04a0e8b6066fe3e54c9b9, State: Running, Role: LEADER
I20260710 11:10:05.255944   613 consensus_queue.cc:260] T 52bf7c1fb5ec42ecaf6db3edbad1afbf P 69b42c927ab04a0e8b6066fe3e54c9b9 [NON_LEADER]: Queue going to NON_LEADER mode. State: All replicated index: 0, Majority replicated index: 2, Committed index: 2, Last appended: 2.2, Last appended by leader: 2, Current term: 2, Majority size: -1, State: 0, Mode: NON_LEADER, active raft config: opid_index: -1 OBSOLETE_local: false peers { permanent_uuid: "69b42c927ab04a0e8b6066fe3e54c9b9" member_type: VOTER last_known_addr { host: "127.31.169.193" port: 33955 } } peers { permanent_uuid: "76b8829495ae46fc973f231d82b2ccbb" member_type: VOTER last_known_addr { host: "127.31.169.194" port: 46843 } } peers { permanent_uuid: "a85db37978a046fcae9b3d1eb495d68c" member_type: VOTER last_known_addr { host: "127.31.169.195" port: 39811 } }
I20260710 11:10:05.257148   613 raft_consensus.cc:3060] T 52bf7c1fb5ec42ecaf6db3edbad1afbf P 69b42c927ab04a0e8b6066fe3e54c9b9 [term 2 FOLLOWER]: Advancing to term 3
I20260710 11:10:05.261951   764 raft_consensus.cc:2468] T 52bf7c1fb5ec42ecaf6db3edbad1afbf P a85db37978a046fcae9b3d1eb495d68c [term 3 FOLLOWER]: Leader election vote request: Granting yes vote for candidate 76b8829495ae46fc973f231d82b2ccbb in term 3.
I20260710 11:10:05.262671   513 catalog_manager.cc:5697] T 576f26bc45f144b4a528b90225d70f11 P a85db37978a046fcae9b3d1eb495d68c reported cstate change: term changed from 2 to 3, leader changed from 69b42c927ab04a0e8b6066fe3e54c9b9 (127.31.169.193) to a85db37978a046fcae9b3d1eb495d68c (127.31.169.195). New cstate: current_term: 3 leader_uuid: "a85db37978a046fcae9b3d1eb495d68c" committed_config { opid_index: -1 OBSOLETE_local: false peers { permanent_uuid: "69b42c927ab04a0e8b6066fe3e54c9b9" member_type: VOTER last_known_addr { host: "127.31.169.193" port: 33955 } health_report { overall_health: UNKNOWN } } peers { permanent_uuid: "76b8829495ae46fc973f231d82b2ccbb" member_type: VOTER last_known_addr { host: "127.31.169.194" port: 46843 } health_report { overall_health: UNKNOWN } } peers { permanent_uuid: "a85db37978a046fcae9b3d1eb495d68c" member_type: VOTER last_known_addr { host: "127.31.169.195" port: 39811 } health_report { overall_health: HEALTHY } } }
I20260710 11:10:05.263303   653 leader_election.cc:304] T 52bf7c1fb5ec42ecaf6db3edbad1afbf P 76b8829495ae46fc973f231d82b2ccbb [CANDIDATE]: Term 3 election: Election decided. Result: candidate won. Election summary: received 2 responses out of 3 voters: 2 yes votes; 0 no votes. yes voters: 76b8829495ae46fc973f231d82b2ccbb, a85db37978a046fcae9b3d1eb495d68c; no voters: 
I20260710 11:10:05.263826   613 raft_consensus.cc:2468] T 52bf7c1fb5ec42ecaf6db3edbad1afbf P 69b42c927ab04a0e8b6066fe3e54c9b9 [term 3 FOLLOWER]: Leader election vote request: Granting yes vote for candidate 76b8829495ae46fc973f231d82b2ccbb in term 3.
I20260710 11:10:05.264393   919 raft_consensus.cc:2804] T 52bf7c1fb5ec42ecaf6db3edbad1afbf P 76b8829495ae46fc973f231d82b2ccbb [term 3 FOLLOWER]: Leader election won for term 3
I20260710 11:10:05.264954   687 leader_election.cc:290] T 52bf7c1fb5ec42ecaf6db3edbad1afbf P 76b8829495ae46fc973f231d82b2ccbb [CANDIDATE]: Term 3 election: Requested vote from peers 69b42c927ab04a0e8b6066fe3e54c9b9 (127.31.169.193:33955), a85db37978a046fcae9b3d1eb495d68c (127.31.169.195:39811)
I20260710 11:10:05.265007   919 raft_consensus.cc:697] T 52bf7c1fb5ec42ecaf6db3edbad1afbf P 76b8829495ae46fc973f231d82b2ccbb [term 3 LEADER]: Becoming Leader. State: Replica: 76b8829495ae46fc973f231d82b2ccbb, State: Running, Role: LEADER
I20260710 11:10:05.266091   919 consensus_queue.cc:237] T 52bf7c1fb5ec42ecaf6db3edbad1afbf P 76b8829495ae46fc973f231d82b2ccbb [LEADER]: Queue going to LEADER mode. State: All replicated index: 0, Majority replicated index: 2, Committed index: 2, Last appended: 2.2, Last appended by leader: 2, Current term: 3, Majority size: 2, State: 0, Mode: LEADER, active raft config: opid_index: -1 OBSOLETE_local: false peers { permanent_uuid: "69b42c927ab04a0e8b6066fe3e54c9b9" member_type: VOTER last_known_addr { host: "127.31.169.193" port: 33955 } } peers { permanent_uuid: "76b8829495ae46fc973f231d82b2ccbb" member_type: VOTER last_known_addr { host: "127.31.169.194" port: 46843 } } peers { permanent_uuid: "a85db37978a046fcae9b3d1eb495d68c" member_type: VOTER last_known_addr { host: "127.31.169.195" port: 39811 } }
I20260710 11:10:05.273973   513 catalog_manager.cc:5697] T 52bf7c1fb5ec42ecaf6db3edbad1afbf P 76b8829495ae46fc973f231d82b2ccbb reported cstate change: term changed from 2 to 3, leader changed from 69b42c927ab04a0e8b6066fe3e54c9b9 (127.31.169.193) to 76b8829495ae46fc973f231d82b2ccbb (127.31.169.194). New cstate: current_term: 3 leader_uuid: "76b8829495ae46fc973f231d82b2ccbb" committed_config { opid_index: -1 OBSOLETE_local: false peers { permanent_uuid: "69b42c927ab04a0e8b6066fe3e54c9b9" member_type: VOTER last_known_addr { host: "127.31.169.193" port: 33955 } health_report { overall_health: UNKNOWN } } peers { permanent_uuid: "76b8829495ae46fc973f231d82b2ccbb" member_type: VOTER last_known_addr { host: "127.31.169.194" port: 46843 } health_report { overall_health: HEALTHY } } peers { permanent_uuid: "a85db37978a046fcae9b3d1eb495d68c" member_type: VOTER last_known_addr { host: "127.31.169.195" port: 39811 } health_report { overall_health: UNKNOWN } } }
I20260710 11:10:05.460255   613 raft_consensus.cc:1275] T bd5554b77be84dfca3466191ddd28fd0 P 69b42c927ab04a0e8b6066fe3e54c9b9 [term 4 FOLLOWER]: Refusing update from remote peer 76b8829495ae46fc973f231d82b2ccbb: Log matching property violated. Preceding OpId in replica: term: 3 index: 3. Preceding OpId from leader: term: 4 index: 4. (index mismatch)
I20260710 11:10:05.461609   919 consensus_queue.cc:1048] T bd5554b77be84dfca3466191ddd28fd0 P 76b8829495ae46fc973f231d82b2ccbb [LEADER]: Connected to new peer: Peer: permanent_uuid: "69b42c927ab04a0e8b6066fe3e54c9b9" member_type: VOTER last_known_addr { host: "127.31.169.193" port: 33955 }, Status: LMP_MISMATCH, Last received: 0.0, Next index: 4, Last known committed idx: 3, Time since last communication: 0.000s
I20260710 11:10:05.471999   764 raft_consensus.cc:1275] T bd5554b77be84dfca3466191ddd28fd0 P a85db37978a046fcae9b3d1eb495d68c [term 4 FOLLOWER]: Refusing update from remote peer 76b8829495ae46fc973f231d82b2ccbb: Log matching property violated. Preceding OpId in replica: term: 3 index: 3. Preceding OpId from leader: term: 4 index: 4. (index mismatch)
I20260710 11:10:05.474824   955 consensus_queue.cc:1048] T bd5554b77be84dfca3466191ddd28fd0 P 76b8829495ae46fc973f231d82b2ccbb [LEADER]: Connected to new peer: Peer: permanent_uuid: "a85db37978a046fcae9b3d1eb495d68c" member_type: VOTER last_known_addr { host: "127.31.169.195" port: 39811 }, Status: LMP_MISMATCH, Last received: 0.0, Next index: 4, Last known committed idx: 3, Time since last communication: 0.001s
I20260710 11:10:05.588387   613 raft_consensus.cc:1275] T 1fa64c8d1d10407bb24889320e2d8344 P 69b42c927ab04a0e8b6066fe3e54c9b9 [term 4 FOLLOWER]: Refusing update from remote peer a85db37978a046fcae9b3d1eb495d68c: Log matching property violated. Preceding OpId in replica: term: 3 index: 3. Preceding OpId from leader: term: 4 index: 4. (index mismatch)
I20260710 11:10:05.589651   905 consensus_queue.cc:1048] T 1fa64c8d1d10407bb24889320e2d8344 P a85db37978a046fcae9b3d1eb495d68c [LEADER]: Connected to new peer: Peer: permanent_uuid: "69b42c927ab04a0e8b6066fe3e54c9b9" member_type: VOTER last_known_addr { host: "127.31.169.193" port: 33955 }, Status: LMP_MISMATCH, Last received: 0.0, Next index: 4, Last known committed idx: 3, Time since last communication: 0.000s
I20260710 11:10:05.599402   687 raft_consensus.cc:1275] T 1fa64c8d1d10407bb24889320e2d8344 P 76b8829495ae46fc973f231d82b2ccbb [term 4 FOLLOWER]: Refusing update from remote peer a85db37978a046fcae9b3d1eb495d68c: Log matching property violated. Preceding OpId in replica: term: 3 index: 3. Preceding OpId from leader: term: 4 index: 4. (index mismatch)
I20260710 11:10:05.601790   960 consensus_queue.cc:1048] T 1fa64c8d1d10407bb24889320e2d8344 P a85db37978a046fcae9b3d1eb495d68c [LEADER]: Connected to new peer: Peer: permanent_uuid: "76b8829495ae46fc973f231d82b2ccbb" member_type: VOTER last_known_addr { host: "127.31.169.194" port: 46843 }, Status: LMP_MISMATCH, Last received: 0.0, Next index: 4, Last known committed idx: 3, Time since last communication: 0.001s
I20260710 11:10:05.687935   687 raft_consensus.cc:1275] T 576f26bc45f144b4a528b90225d70f11 P 76b8829495ae46fc973f231d82b2ccbb [term 3 FOLLOWER]: Refusing update from remote peer a85db37978a046fcae9b3d1eb495d68c: Log matching property violated. Preceding OpId in replica: term: 2 index: 2. Preceding OpId from leader: term: 3 index: 3. (index mismatch)
I20260710 11:10:05.689253   960 consensus_queue.cc:1048] T 576f26bc45f144b4a528b90225d70f11 P a85db37978a046fcae9b3d1eb495d68c [LEADER]: Connected to new peer: Peer: permanent_uuid: "76b8829495ae46fc973f231d82b2ccbb" member_type: VOTER last_known_addr { host: "127.31.169.194" port: 46843 }, Status: LMP_MISMATCH, Last received: 0.0, Next index: 3, Last known committed idx: 2, Time since last communication: 0.000s
I20260710 11:10:05.699517   613 raft_consensus.cc:1275] T 576f26bc45f144b4a528b90225d70f11 P 69b42c927ab04a0e8b6066fe3e54c9b9 [term 3 FOLLOWER]: Refusing update from remote peer a85db37978a046fcae9b3d1eb495d68c: Log matching property violated. Preceding OpId in replica: term: 2 index: 2. Preceding OpId from leader: term: 3 index: 3. (index mismatch)
I20260710 11:10:05.701279   905 consensus_queue.cc:1048] T 576f26bc45f144b4a528b90225d70f11 P a85db37978a046fcae9b3d1eb495d68c [LEADER]: Connected to new peer: Peer: permanent_uuid: "69b42c927ab04a0e8b6066fe3e54c9b9" member_type: VOTER last_known_addr { host: "127.31.169.193" port: 33955 }, Status: LMP_MISMATCH, Last received: 0.0, Next index: 3, Last known committed idx: 2, Time since last communication: 0.000s
I20260710 11:10:05.763396   613 raft_consensus.cc:1275] T 52bf7c1fb5ec42ecaf6db3edbad1afbf P 69b42c927ab04a0e8b6066fe3e54c9b9 [term 3 FOLLOWER]: Refusing update from remote peer 76b8829495ae46fc973f231d82b2ccbb: Log matching property violated. Preceding OpId in replica: term: 2 index: 2. Preceding OpId from leader: term: 3 index: 3. (index mismatch)
I20260710 11:10:05.764634   955 consensus_queue.cc:1048] T 52bf7c1fb5ec42ecaf6db3edbad1afbf P 76b8829495ae46fc973f231d82b2ccbb [LEADER]: Connected to new peer: Peer: permanent_uuid: "69b42c927ab04a0e8b6066fe3e54c9b9" member_type: VOTER last_known_addr { host: "127.31.169.193" port: 33955 }, Status: LMP_MISMATCH, Last received: 0.0, Next index: 3, Last known committed idx: 2, Time since last communication: 0.000s
I20260710 11:10:05.775087   764 raft_consensus.cc:1275] T 52bf7c1fb5ec42ecaf6db3edbad1afbf P a85db37978a046fcae9b3d1eb495d68c [term 3 FOLLOWER]: Refusing update from remote peer 76b8829495ae46fc973f231d82b2ccbb: Log matching property violated. Preceding OpId in replica: term: 2 index: 2. Preceding OpId from leader: term: 3 index: 3. (index mismatch)
I20260710 11:10:05.776428   919 consensus_queue.cc:1048] T 52bf7c1fb5ec42ecaf6db3edbad1afbf P 76b8829495ae46fc973f231d82b2ccbb [LEADER]: Connected to new peer: Peer: permanent_uuid: "a85db37978a046fcae9b3d1eb495d68c" member_type: VOTER last_known_addr { host: "127.31.169.195" port: 39811 }, Status: LMP_MISMATCH, Last received: 0.0, Next index: 3, Last known committed idx: 2, Time since last communication: 0.000s
I20260710 11:10:05.928678 32423 auto_leader_rebalancer.cc:141] leader rebalance for table test-workload
I20260710 11:10:05.934631 32423 tablet_server.cc:179] TabletServer@127.31.169.193:0 shutting down...
I20260710 11:10:05.959005 32423 ts_tablet_manager.cc:1507] Shutting down tablet manager...
I20260710 11:10:05.959954 32423 tablet_replica.cc:333] T c60d90af680345eeb59531f874c0ba51 P 69b42c927ab04a0e8b6066fe3e54c9b9: stopping tablet replica
I20260710 11:10:05.960706 32423 raft_consensus.cc:2243] T c60d90af680345eeb59531f874c0ba51 P 69b42c927ab04a0e8b6066fe3e54c9b9 [term 4 LEADER]: Raft consensus shutting down.
I20260710 11:10:05.961583 32423 raft_consensus.cc:2272] T c60d90af680345eeb59531f874c0ba51 P 69b42c927ab04a0e8b6066fe3e54c9b9 [term 4 FOLLOWER]: Raft consensus is shut down!
I20260710 11:10:05.963490 32423 tablet_replica.cc:333] T e0be1f9079074048953c50e2263f6e28 P 69b42c927ab04a0e8b6066fe3e54c9b9: stopping tablet replica
I20260710 11:10:05.964039 32423 raft_consensus.cc:2243] T e0be1f9079074048953c50e2263f6e28 P 69b42c927ab04a0e8b6066fe3e54c9b9 [term 1 FOLLOWER]: Raft consensus shutting down.
I20260710 11:10:05.964408 32423 raft_consensus.cc:2272] T e0be1f9079074048953c50e2263f6e28 P 69b42c927ab04a0e8b6066fe3e54c9b9 [term 1 FOLLOWER]: Raft consensus is shut down!
I20260710 11:10:05.966220 32423 tablet_replica.cc:333] T 1fa64c8d1d10407bb24889320e2d8344 P 69b42c927ab04a0e8b6066fe3e54c9b9: stopping tablet replica
I20260710 11:10:05.966723 32423 raft_consensus.cc:2243] T 1fa64c8d1d10407bb24889320e2d8344 P 69b42c927ab04a0e8b6066fe3e54c9b9 [term 4 FOLLOWER]: Raft consensus shutting down.
I20260710 11:10:05.967073 32423 raft_consensus.cc:2272] T 1fa64c8d1d10407bb24889320e2d8344 P 69b42c927ab04a0e8b6066fe3e54c9b9 [term 4 FOLLOWER]: Raft consensus is shut down!
I20260710 11:10:05.969735 32423 tablet_replica.cc:333] T bd5554b77be84dfca3466191ddd28fd0 P 69b42c927ab04a0e8b6066fe3e54c9b9: stopping tablet replica
I20260710 11:10:05.970256 32423 raft_consensus.cc:2243] T bd5554b77be84dfca3466191ddd28fd0 P 69b42c927ab04a0e8b6066fe3e54c9b9 [term 4 FOLLOWER]: Raft consensus shutting down.
I20260710 11:10:05.970613 32423 raft_consensus.cc:2272] T bd5554b77be84dfca3466191ddd28fd0 P 69b42c927ab04a0e8b6066fe3e54c9b9 [term 4 FOLLOWER]: Raft consensus is shut down!
I20260710 11:10:05.972733 32423 tablet_replica.cc:333] T 52bf7c1fb5ec42ecaf6db3edbad1afbf P 69b42c927ab04a0e8b6066fe3e54c9b9: stopping tablet replica
I20260710 11:10:05.973207 32423 raft_consensus.cc:2243] T 52bf7c1fb5ec42ecaf6db3edbad1afbf P 69b42c927ab04a0e8b6066fe3e54c9b9 [term 3 FOLLOWER]: Raft consensus shutting down.
I20260710 11:10:05.973562 32423 raft_consensus.cc:2272] T 52bf7c1fb5ec42ecaf6db3edbad1afbf P 69b42c927ab04a0e8b6066fe3e54c9b9 [term 3 FOLLOWER]: Raft consensus is shut down!
I20260710 11:10:05.975816 32423 tablet_replica.cc:333] T 21650ffb93654572a503e993882b3f8b P 69b42c927ab04a0e8b6066fe3e54c9b9: stopping tablet replica
I20260710 11:10:05.976263 32423 raft_consensus.cc:2243] T 21650ffb93654572a503e993882b3f8b P 69b42c927ab04a0e8b6066fe3e54c9b9 [term 3 LEADER]: Raft consensus shutting down.
I20260710 11:10:05.976912 32423 raft_consensus.cc:2272] T 21650ffb93654572a503e993882b3f8b P 69b42c927ab04a0e8b6066fe3e54c9b9 [term 3 FOLLOWER]: Raft consensus is shut down!
I20260710 11:10:05.978770 32423 tablet_replica.cc:333] T 576f26bc45f144b4a528b90225d70f11 P 69b42c927ab04a0e8b6066fe3e54c9b9: stopping tablet replica
I20260710 11:10:05.979403 32423 raft_consensus.cc:2243] T 576f26bc45f144b4a528b90225d70f11 P 69b42c927ab04a0e8b6066fe3e54c9b9 [term 3 FOLLOWER]: Raft consensus shutting down.
I20260710 11:10:05.980033 32423 raft_consensus.cc:2272] T 576f26bc45f144b4a528b90225d70f11 P 69b42c927ab04a0e8b6066fe3e54c9b9 [term 3 FOLLOWER]: Raft consensus is shut down!
I20260710 11:10:05.982272 32423 tablet_replica.cc:333] T c8ba4f51a9364b459ce4a09a63c81964 P 69b42c927ab04a0e8b6066fe3e54c9b9: stopping tablet replica
I20260710 11:10:05.982867 32423 raft_consensus.cc:2243] T c8ba4f51a9364b459ce4a09a63c81964 P 69b42c927ab04a0e8b6066fe3e54c9b9 [term 2 LEADER]: Raft consensus shutting down.
I20260710 11:10:05.983727 32423 raft_consensus.cc:2272] T c8ba4f51a9364b459ce4a09a63c81964 P 69b42c927ab04a0e8b6066fe3e54c9b9 [term 2 FOLLOWER]: Raft consensus is shut down!
I20260710 11:10:05.985690 32423 tablet_replica.cc:333] T 6b54369e96b848b5bc65ace0569a0fb5 P 69b42c927ab04a0e8b6066fe3e54c9b9: stopping tablet replica
I20260710 11:10:05.986279 32423 raft_consensus.cc:2243] T 6b54369e96b848b5bc65ace0569a0fb5 P 69b42c927ab04a0e8b6066fe3e54c9b9 [term 1 FOLLOWER]: Raft consensus shutting down.
I20260710 11:10:05.986752 32423 raft_consensus.cc:2272] T 6b54369e96b848b5bc65ace0569a0fb5 P 69b42c927ab04a0e8b6066fe3e54c9b9 [term 1 FOLLOWER]: Raft consensus is shut down!
I20260710 11:10:05.988793 32423 tablet_replica.cc:333] T 47115d86dcb94afb92d9fa147475d49b P 69b42c927ab04a0e8b6066fe3e54c9b9: stopping tablet replica
I20260710 11:10:05.989303 32423 raft_consensus.cc:2243] T 47115d86dcb94afb92d9fa147475d49b P 69b42c927ab04a0e8b6066fe3e54c9b9 [term 3 LEADER]: Raft consensus shutting down.
I20260710 11:10:05.990165 32423 raft_consensus.cc:2272] T 47115d86dcb94afb92d9fa147475d49b P 69b42c927ab04a0e8b6066fe3e54c9b9 [term 3 FOLLOWER]: Raft consensus is shut down!
I20260710 11:10:06.021843 32423 tablet_server.cc:196] TabletServer@127.31.169.193:0 shutdown complete.
I20260710 11:10:06.042726 32423 tablet_server.cc:179] TabletServer@127.31.169.194:0 shutting down...
I20260710 11:10:06.073616 32423 ts_tablet_manager.cc:1507] Shutting down tablet manager...
I20260710 11:10:06.074411 32423 tablet_replica.cc:333] T e0be1f9079074048953c50e2263f6e28 P 76b8829495ae46fc973f231d82b2ccbb: stopping tablet replica
I20260710 11:10:06.075325 32423 raft_consensus.cc:2243] T e0be1f9079074048953c50e2263f6e28 P 76b8829495ae46fc973f231d82b2ccbb [term 1 LEADER]: Raft consensus shutting down.
I20260710 11:10:06.076314 32423 raft_consensus.cc:2272] T e0be1f9079074048953c50e2263f6e28 P 76b8829495ae46fc973f231d82b2ccbb [term 1 FOLLOWER]: Raft consensus is shut down!
I20260710 11:10:06.078102 32423 tablet_replica.cc:333] T 6b54369e96b848b5bc65ace0569a0fb5 P 76b8829495ae46fc973f231d82b2ccbb: stopping tablet replica
I20260710 11:10:06.078644 32423 raft_consensus.cc:2243] T 6b54369e96b848b5bc65ace0569a0fb5 P 76b8829495ae46fc973f231d82b2ccbb [term 1 FOLLOWER]: Raft consensus shutting down.
I20260710 11:10:06.079100 32423 raft_consensus.cc:2272] T 6b54369e96b848b5bc65ace0569a0fb5 P 76b8829495ae46fc973f231d82b2ccbb [term 1 FOLLOWER]: Raft consensus is shut down!
I20260710 11:10:06.080899 32423 tablet_replica.cc:333] T 47115d86dcb94afb92d9fa147475d49b P 76b8829495ae46fc973f231d82b2ccbb: stopping tablet replica
I20260710 11:10:06.081445 32423 raft_consensus.cc:2243] T 47115d86dcb94afb92d9fa147475d49b P 76b8829495ae46fc973f231d82b2ccbb [term 3 FOLLOWER]: Raft consensus shutting down.
I20260710 11:10:06.081868 32423 raft_consensus.cc:2272] T 47115d86dcb94afb92d9fa147475d49b P 76b8829495ae46fc973f231d82b2ccbb [term 3 FOLLOWER]: Raft consensus is shut down!
I20260710 11:10:06.084056 32423 tablet_replica.cc:333] T 576f26bc45f144b4a528b90225d70f11 P 76b8829495ae46fc973f231d82b2ccbb: stopping tablet replica
I20260710 11:10:06.084594 32423 raft_consensus.cc:2243] T 576f26bc45f144b4a528b90225d70f11 P 76b8829495ae46fc973f231d82b2ccbb [term 3 FOLLOWER]: Raft consensus shutting down.
I20260710 11:10:06.085047 32423 raft_consensus.cc:2272] T 576f26bc45f144b4a528b90225d70f11 P 76b8829495ae46fc973f231d82b2ccbb [term 3 FOLLOWER]: Raft consensus is shut down!
I20260710 11:10:06.087272 32423 tablet_replica.cc:333] T 21650ffb93654572a503e993882b3f8b P 76b8829495ae46fc973f231d82b2ccbb: stopping tablet replica
I20260710 11:10:06.087815 32423 raft_consensus.cc:2243] T 21650ffb93654572a503e993882b3f8b P 76b8829495ae46fc973f231d82b2ccbb [term 3 FOLLOWER]: Raft consensus shutting down.
W20260710 11:10:06.087792   728 proxy.cc:239] Call had error, refreshing address and retrying: Network error: Client connection negotiation failed: client connection to 127.31.169.193:33955: connect: Connection refused (error 111) [suppressed 2 similar messages]
I20260710 11:10:06.088599 32423 raft_consensus.cc:2272] T 21650ffb93654572a503e993882b3f8b P 76b8829495ae46fc973f231d82b2ccbb [term 3 FOLLOWER]: Raft consensus is shut down!
I20260710 11:10:06.091001 32423 tablet_replica.cc:333] T c8ba4f51a9364b459ce4a09a63c81964 P 76b8829495ae46fc973f231d82b2ccbb: stopping tablet replica
I20260710 11:10:06.091662 32423 raft_consensus.cc:2243] T c8ba4f51a9364b459ce4a09a63c81964 P 76b8829495ae46fc973f231d82b2ccbb [term 2 FOLLOWER]: Raft consensus shutting down.
I20260710 11:10:06.092132 32423 raft_consensus.cc:2272] T c8ba4f51a9364b459ce4a09a63c81964 P 76b8829495ae46fc973f231d82b2ccbb [term 2 FOLLOWER]: Raft consensus is shut down!
W20260710 11:10:06.093159   728 consensus_peers.cc:597] T 1fa64c8d1d10407bb24889320e2d8344 P a85db37978a046fcae9b3d1eb495d68c -> Peer 69b42c927ab04a0e8b6066fe3e54c9b9 (127.31.169.193:33955): Couldn't send request to peer 69b42c927ab04a0e8b6066fe3e54c9b9. Status: Network error: Client connection negotiation failed: client connection to 127.31.169.193:33955: connect: Connection refused (error 111). This is attempt 1: this message will repeat every 5th retry.
I20260710 11:10:06.094090 32423 tablet_replica.cc:333] T c60d90af680345eeb59531f874c0ba51 P 76b8829495ae46fc973f231d82b2ccbb: stopping tablet replica
I20260710 11:10:06.094643 32423 raft_consensus.cc:2243] T c60d90af680345eeb59531f874c0ba51 P 76b8829495ae46fc973f231d82b2ccbb [term 4 FOLLOWER]: Raft consensus shutting down.
I20260710 11:10:06.095063 32423 raft_consensus.cc:2272] T c60d90af680345eeb59531f874c0ba51 P 76b8829495ae46fc973f231d82b2ccbb [term 4 FOLLOWER]: Raft consensus is shut down!
I20260710 11:10:06.096802 32423 tablet_replica.cc:333] T 1fa64c8d1d10407bb24889320e2d8344 P 76b8829495ae46fc973f231d82b2ccbb: stopping tablet replica
I20260710 11:10:06.097345 32423 raft_consensus.cc:2243] T 1fa64c8d1d10407bb24889320e2d8344 P 76b8829495ae46fc973f231d82b2ccbb [term 4 FOLLOWER]: Raft consensus shutting down.
I20260710 11:10:06.097766 32423 raft_consensus.cc:2272] T 1fa64c8d1d10407bb24889320e2d8344 P 76b8829495ae46fc973f231d82b2ccbb [term 4 FOLLOWER]: Raft consensus is shut down!
I20260710 11:10:06.100416 32423 tablet_replica.cc:333] T bd5554b77be84dfca3466191ddd28fd0 P 76b8829495ae46fc973f231d82b2ccbb: stopping tablet replica
I20260710 11:10:06.100998 32423 raft_consensus.cc:2243] T bd5554b77be84dfca3466191ddd28fd0 P 76b8829495ae46fc973f231d82b2ccbb [term 4 LEADER]: Raft consensus shutting down.
I20260710 11:10:06.101794 32423 raft_consensus.cc:2272] T bd5554b77be84dfca3466191ddd28fd0 P 76b8829495ae46fc973f231d82b2ccbb [term 4 FOLLOWER]: Raft consensus is shut down!
I20260710 11:10:06.104130 32423 tablet_replica.cc:333] T 52bf7c1fb5ec42ecaf6db3edbad1afbf P 76b8829495ae46fc973f231d82b2ccbb: stopping tablet replica
I20260710 11:10:06.104718 32423 raft_consensus.cc:2243] T 52bf7c1fb5ec42ecaf6db3edbad1afbf P 76b8829495ae46fc973f231d82b2ccbb [term 3 LEADER]: Raft consensus shutting down.
I20260710 11:10:06.105523 32423 raft_consensus.cc:2272] T 52bf7c1fb5ec42ecaf6db3edbad1afbf P 76b8829495ae46fc973f231d82b2ccbb [term 3 FOLLOWER]: Raft consensus is shut down!
W20260710 11:10:06.133358   727 consensus_peers.cc:597] T 576f26bc45f144b4a528b90225d70f11 P a85db37978a046fcae9b3d1eb495d68c -> Peer 76b8829495ae46fc973f231d82b2ccbb (127.31.169.194:46843): Couldn't send request to peer 76b8829495ae46fc973f231d82b2ccbb. Status: Network error: Client connection negotiation failed: client connection to 127.31.169.194:46843: connect: Connection refused (error 111). This is attempt 1: this message will repeat every 5th retry.
I20260710 11:10:06.137418 32423 tablet_server.cc:196] TabletServer@127.31.169.194:0 shutdown complete.
W20260710 11:10:06.142180   728 consensus_peers.cc:597] T 576f26bc45f144b4a528b90225d70f11 P a85db37978a046fcae9b3d1eb495d68c -> Peer 69b42c927ab04a0e8b6066fe3e54c9b9 (127.31.169.193:33955): Couldn't send request to peer 69b42c927ab04a0e8b6066fe3e54c9b9. Status: Network error: Client connection negotiation failed: client connection to 127.31.169.193:33955: connect: Connection refused (error 111). This is attempt 1: this message will repeat every 5th retry.
I20260710 11:10:06.159603 32423 tablet_server.cc:179] TabletServer@127.31.169.195:0 shutting down...
W20260710 11:10:06.183940   727 consensus_peers.cc:597] T 1fa64c8d1d10407bb24889320e2d8344 P a85db37978a046fcae9b3d1eb495d68c -> Peer 76b8829495ae46fc973f231d82b2ccbb (127.31.169.194:46843): Couldn't send request to peer 76b8829495ae46fc973f231d82b2ccbb. Status: Network error: Client connection negotiation failed: client connection to 127.31.169.194:46843: connect: Connection refused (error 111). This is attempt 1: this message will repeat every 5th retry.
I20260710 11:10:06.199292 32423 ts_tablet_manager.cc:1507] Shutting down tablet manager...
I20260710 11:10:06.200011 32423 tablet_replica.cc:333] T e0be1f9079074048953c50e2263f6e28 P a85db37978a046fcae9b3d1eb495d68c: stopping tablet replica
I20260710 11:10:06.200531 32423 raft_consensus.cc:2243] T e0be1f9079074048953c50e2263f6e28 P a85db37978a046fcae9b3d1eb495d68c [term 1 FOLLOWER]: Raft consensus shutting down.
I20260710 11:10:06.200937 32423 raft_consensus.cc:2272] T e0be1f9079074048953c50e2263f6e28 P a85db37978a046fcae9b3d1eb495d68c [term 1 FOLLOWER]: Raft consensus is shut down!
I20260710 11:10:06.202654 32423 tablet_replica.cc:333] T 47115d86dcb94afb92d9fa147475d49b P a85db37978a046fcae9b3d1eb495d68c: stopping tablet replica
I20260710 11:10:06.203244 32423 raft_consensus.cc:2243] T 47115d86dcb94afb92d9fa147475d49b P a85db37978a046fcae9b3d1eb495d68c [term 3 FOLLOWER]: Raft consensus shutting down.
I20260710 11:10:06.203658 32423 raft_consensus.cc:2272] T 47115d86dcb94afb92d9fa147475d49b P a85db37978a046fcae9b3d1eb495d68c [term 3 FOLLOWER]: Raft consensus is shut down!
I20260710 11:10:06.205211 32423 tablet_replica.cc:333] T 6b54369e96b848b5bc65ace0569a0fb5 P a85db37978a046fcae9b3d1eb495d68c: stopping tablet replica
I20260710 11:10:06.205687 32423 raft_consensus.cc:2243] T 6b54369e96b848b5bc65ace0569a0fb5 P a85db37978a046fcae9b3d1eb495d68c [term 1 LEADER]: Raft consensus shutting down.
I20260710 11:10:06.206384 32423 raft_consensus.cc:2272] T 6b54369e96b848b5bc65ace0569a0fb5 P a85db37978a046fcae9b3d1eb495d68c [term 1 FOLLOWER]: Raft consensus is shut down!
I20260710 11:10:06.208150 32423 tablet_replica.cc:333] T 21650ffb93654572a503e993882b3f8b P a85db37978a046fcae9b3d1eb495d68c: stopping tablet replica
I20260710 11:10:06.208622 32423 raft_consensus.cc:2243] T 21650ffb93654572a503e993882b3f8b P a85db37978a046fcae9b3d1eb495d68c [term 3 FOLLOWER]: Raft consensus shutting down.
I20260710 11:10:06.209010 32423 raft_consensus.cc:2272] T 21650ffb93654572a503e993882b3f8b P a85db37978a046fcae9b3d1eb495d68c [term 3 FOLLOWER]: Raft consensus is shut down!
