I20260710 11:10:32.021606  1169 raft_consensus.cc:740] T 672aa599b2da459196fd55046381bbb8 P 3d3cb7f6093b4bc6abdf6ad4f0c9b1d2 [term 1 LEADER]: Becoming Follower/Learner. State: Replica: 3d3cb7f6093b4bc6abdf6ad4f0c9b1d2, State: Running, Role: LEADER
I20260710 11:10:32.022440  1169 consensus_queue.cc:260] T 672aa599b2da459196fd55046381bbb8 P 3d3cb7f6093b4bc6abdf6ad4f0c9b1d2 [NON_LEADER]: Queue going to NON_LEADER mode. State: All replicated index: 0, Majority replicated index: 1, Committed index: 1, Last appended: 1.1, Last appended by leader: 1, Current term: 1, Majority size: -1, State: 0, Mode: NON_LEADER, active raft config: opid_index: -1 OBSOLETE_local: false peers { permanent_uuid: "347ac2067d1e4b05b25e1cde5c17577a" member_type: VOTER last_known_addr { host: "127.31.169.193" port: 36535 } } peers { permanent_uuid: "3d3cb7f6093b4bc6abdf6ad4f0c9b1d2" member_type: VOTER last_known_addr { host: "127.31.169.194" port: 36409 } } peers { permanent_uuid: "820dd3916f234dd2884ff8790aa9cfd0" member_type: VOTER last_known_addr { host: "127.31.169.195" port: 38419 } }
I20260710 11:10:32.023589  1169 raft_consensus.cc:3060] T 672aa599b2da459196fd55046381bbb8 P 3d3cb7f6093b4bc6abdf6ad4f0c9b1d2 [term 1 FOLLOWER]: Advancing to term 2
I20260710 11:10:32.029592  1239 raft_consensus.cc:2468] T 672aa599b2da459196fd55046381bbb8 P 820dd3916f234dd2884ff8790aa9cfd0 [term 2 FOLLOWER]: Leader election vote request: Granting yes vote for candidate 347ac2067d1e4b05b25e1cde5c17577a in term 2.
I20260710 11:10:32.029739  1169 raft_consensus.cc:2468] T 672aa599b2da459196fd55046381bbb8 P 3d3cb7f6093b4bc6abdf6ad4f0c9b1d2 [term 2 FOLLOWER]: Leader election vote request: Granting yes vote for candidate 347ac2067d1e4b05b25e1cde5c17577a in term 2.
I20260710 11:10:32.031287  1058 leader_election.cc:304] T 672aa599b2da459196fd55046381bbb8 P 347ac2067d1e4b05b25e1cde5c17577a [CANDIDATE]: Term 2 election: Election decided. Result: candidate won. Election summary: received 2 responses out of 3 voters: 2 yes votes; 0 no votes. yes voters: 347ac2067d1e4b05b25e1cde5c17577a, 820dd3916f234dd2884ff8790aa9cfd0; no voters: 
I20260710 11:10:32.032050  1867 raft_consensus.cc:2804] T 672aa599b2da459196fd55046381bbb8 P 347ac2067d1e4b05b25e1cde5c17577a [term 2 FOLLOWER]: Leader election won for term 2
I20260710 11:10:32.032495  1867 raft_consensus.cc:697] T 672aa599b2da459196fd55046381bbb8 P 347ac2067d1e4b05b25e1cde5c17577a [term 2 LEADER]: Becoming Leader. State: Replica: 347ac2067d1e4b05b25e1cde5c17577a, State: Running, Role: LEADER
I20260710 11:10:32.033358  1867 consensus_queue.cc:237] T 672aa599b2da459196fd55046381bbb8 P 347ac2067d1e4b05b25e1cde5c17577a [LEADER]: Queue going to LEADER mode. State: All replicated index: 0, Majority replicated index: 1, Committed index: 1, Last appended: 1.1, Last appended by leader: 1, Current term: 2, Majority size: 2, State: 0, Mode: LEADER, active raft config: opid_index: -1 OBSOLETE_local: false peers { permanent_uuid: "347ac2067d1e4b05b25e1cde5c17577a" member_type: VOTER last_known_addr { host: "127.31.169.193" port: 36535 } } peers { permanent_uuid: "3d3cb7f6093b4bc6abdf6ad4f0c9b1d2" member_type: VOTER last_known_addr { host: "127.31.169.194" port: 36409 } } peers { permanent_uuid: "820dd3916f234dd2884ff8790aa9cfd0" member_type: VOTER last_known_addr { host: "127.31.169.195" port: 38419 } }
I20260710 11:10:32.041873   987 catalog_manager.cc:5697] T 672aa599b2da459196fd55046381bbb8 P 347ac2067d1e4b05b25e1cde5c17577a reported cstate change: term changed from 1 to 2, leader changed from 3d3cb7f6093b4bc6abdf6ad4f0c9b1d2 (127.31.169.194) to 347ac2067d1e4b05b25e1cde5c17577a (127.31.169.193). New cstate: current_term: 2 leader_uuid: "347ac2067d1e4b05b25e1cde5c17577a" committed_config { opid_index: -1 OBSOLETE_local: false peers { permanent_uuid: "347ac2067d1e4b05b25e1cde5c17577a" member_type: VOTER last_known_addr { host: "127.31.169.193" port: 36535 } health_report { overall_health: HEALTHY } } peers { permanent_uuid: "3d3cb7f6093b4bc6abdf6ad4f0c9b1d2" member_type: VOTER last_known_addr { host: "127.31.169.194" port: 36409 } health_report { overall_health: UNKNOWN } } peers { permanent_uuid: "820dd3916f234dd2884ff8790aa9cfd0" member_type: VOTER last_known_addr { host: "127.31.169.195" port: 38419 } health_report { overall_health: UNKNOWN } } }
I20260710 11:10:32.071811  1898 raft_consensus.cc:993] T 61d72b091f004c53b9784d11a7d58556 P 3d3cb7f6093b4bc6abdf6ad4f0c9b1d2: : Instructing follower 347ac2067d1e4b05b25e1cde5c17577a to start an election
I20260710 11:10:32.072369  1899 raft_consensus.cc:1081] T 61d72b091f004c53b9784d11a7d58556 P 3d3cb7f6093b4bc6abdf6ad4f0c9b1d2 [term 1 LEADER]: Signalling peer 347ac2067d1e4b05b25e1cde5c17577a to start an election
I20260710 11:10:32.074261  1089 tablet_service.cc:2044] Received Run Leader Election RPC: tablet_id: "61d72b091f004c53b9784d11a7d58556"
dest_uuid: "347ac2067d1e4b05b25e1cde5c17577a"
 from {username='slave'} at 127.0.0.1:51600
I20260710 11:10:32.074707  1089 raft_consensus.cc:493] T 61d72b091f004c53b9784d11a7d58556 P 347ac2067d1e4b05b25e1cde5c17577a [term 1 FOLLOWER]: Starting forced leader election (received explicit request)
I20260710 11:10:32.074955  1089 raft_consensus.cc:3060] T 61d72b091f004c53b9784d11a7d58556 P 347ac2067d1e4b05b25e1cde5c17577a [term 1 FOLLOWER]: Advancing to term 2
I20260710 11:10:32.079707  1089 raft_consensus.cc:515] T 61d72b091f004c53b9784d11a7d58556 P 347ac2067d1e4b05b25e1cde5c17577a [term 2 FOLLOWER]: Starting forced leader election with config: opid_index: -1 OBSOLETE_local: false peers { permanent_uuid: "347ac2067d1e4b05b25e1cde5c17577a" member_type: VOTER last_known_addr { host: "127.31.169.193" port: 36535 } } peers { permanent_uuid: "3d3cb7f6093b4bc6abdf6ad4f0c9b1d2" member_type: VOTER last_known_addr { host: "127.31.169.194" port: 36409 } } peers { permanent_uuid: "820dd3916f234dd2884ff8790aa9cfd0" member_type: VOTER last_known_addr { host: "127.31.169.195" port: 38419 } }
I20260710 11:10:32.081225  1089 leader_election.cc:290] T 61d72b091f004c53b9784d11a7d58556 P 347ac2067d1e4b05b25e1cde5c17577a [CANDIDATE]: Term 2 election: Requested vote from peers 3d3cb7f6093b4bc6abdf6ad4f0c9b1d2 (127.31.169.194:36409), 820dd3916f234dd2884ff8790aa9cfd0 (127.31.169.195:38419)
I20260710 11:10:32.081983  1169 tablet_service.cc:1917] Received RequestConsensusVote() RPC: tablet_id: "61d72b091f004c53b9784d11a7d58556" candidate_uuid: "347ac2067d1e4b05b25e1cde5c17577a" candidate_term: 2 candidate_status { last_received { term: 1 index: 1 } } ignore_live_leader: true dest_uuid: "3d3cb7f6093b4bc6abdf6ad4f0c9b1d2"
I20260710 11:10:32.082118  1239 tablet_service.cc:1917] Received RequestConsensusVote() RPC: tablet_id: "61d72b091f004c53b9784d11a7d58556" candidate_uuid: "347ac2067d1e4b05b25e1cde5c17577a" candidate_term: 2 candidate_status { last_received { term: 1 index: 1 } } ignore_live_leader: true dest_uuid: "820dd3916f234dd2884ff8790aa9cfd0"
I20260710 11:10:32.082608  1169 raft_consensus.cc:3055] T 61d72b091f004c53b9784d11a7d58556 P 3d3cb7f6093b4bc6abdf6ad4f0c9b1d2 [term 1 LEADER]: Stepping down as leader of term 1
I20260710 11:10:32.082726  1239 raft_consensus.cc:3060] T 61d72b091f004c53b9784d11a7d58556 P 820dd3916f234dd2884ff8790aa9cfd0 [term 1 FOLLOWER]: Advancing to term 2
I20260710 11:10:32.082929  1169 raft_consensus.cc:740] T 61d72b091f004c53b9784d11a7d58556 P 3d3cb7f6093b4bc6abdf6ad4f0c9b1d2 [term 1 LEADER]: Becoming Follower/Learner. State: Replica: 3d3cb7f6093b4bc6abdf6ad4f0c9b1d2, State: Running, Role: LEADER
I20260710 11:10:32.083740  1169 consensus_queue.cc:260] T 61d72b091f004c53b9784d11a7d58556 P 3d3cb7f6093b4bc6abdf6ad4f0c9b1d2 [NON_LEADER]: Queue going to NON_LEADER mode. State: All replicated index: 0, Majority replicated index: 1, Committed index: 1, Last appended: 1.1, Last appended by leader: 1, Current term: 1, Majority size: -1, State: 0, Mode: NON_LEADER, active raft config: opid_index: -1 OBSOLETE_local: false peers { permanent_uuid: "347ac2067d1e4b05b25e1cde5c17577a" member_type: VOTER last_known_addr { host: "127.31.169.193" port: 36535 } } peers { permanent_uuid: "3d3cb7f6093b4bc6abdf6ad4f0c9b1d2" member_type: VOTER last_known_addr { host: "127.31.169.194" port: 36409 } } peers { permanent_uuid: "820dd3916f234dd2884ff8790aa9cfd0" member_type: VOTER last_known_addr { host: "127.31.169.195" port: 38419 } }
I20260710 11:10:32.084703  1169 raft_consensus.cc:3060] T 61d72b091f004c53b9784d11a7d58556 P 3d3cb7f6093b4bc6abdf6ad4f0c9b1d2 [term 1 FOLLOWER]: Advancing to term 2
I20260710 11:10:32.087670  1239 raft_consensus.cc:2468] T 61d72b091f004c53b9784d11a7d58556 P 820dd3916f234dd2884ff8790aa9cfd0 [term 2 FOLLOWER]: Leader election vote request: Granting yes vote for candidate 347ac2067d1e4b05b25e1cde5c17577a in term 2.
I20260710 11:10:32.088804  1058 leader_election.cc:304] T 61d72b091f004c53b9784d11a7d58556 P 347ac2067d1e4b05b25e1cde5c17577a [CANDIDATE]: Term 2 election: Election decided. Result: candidate won. Election summary: received 2 responses out of 3 voters: 2 yes votes; 0 no votes. yes voters: 347ac2067d1e4b05b25e1cde5c17577a, 820dd3916f234dd2884ff8790aa9cfd0; no voters: 
I20260710 11:10:32.089622  1867 raft_consensus.cc:2804] T 61d72b091f004c53b9784d11a7d58556 P 347ac2067d1e4b05b25e1cde5c17577a [term 2 FOLLOWER]: Leader election won for term 2
I20260710 11:10:32.089749  1169 raft_consensus.cc:2468] T 61d72b091f004c53b9784d11a7d58556 P 3d3cb7f6093b4bc6abdf6ad4f0c9b1d2 [term 2 FOLLOWER]: Leader election vote request: Granting yes vote for candidate 347ac2067d1e4b05b25e1cde5c17577a in term 2.
I20260710 11:10:32.090122  1867 raft_consensus.cc:697] T 61d72b091f004c53b9784d11a7d58556 P 347ac2067d1e4b05b25e1cde5c17577a [term 2 LEADER]: Becoming Leader. State: Replica: 347ac2067d1e4b05b25e1cde5c17577a, State: Running, Role: LEADER
I20260710 11:10:32.091228  1867 consensus_queue.cc:237] T 61d72b091f004c53b9784d11a7d58556 P 347ac2067d1e4b05b25e1cde5c17577a [LEADER]: Queue going to LEADER mode. State: All replicated index: 0, Majority replicated index: 1, Committed index: 1, Last appended: 1.1, Last appended by leader: 1, Current term: 2, Majority size: 2, State: 0, Mode: LEADER, active raft config: opid_index: -1 OBSOLETE_local: false peers { permanent_uuid: "347ac2067d1e4b05b25e1cde5c17577a" member_type: VOTER last_known_addr { host: "127.31.169.193" port: 36535 } } peers { permanent_uuid: "3d3cb7f6093b4bc6abdf6ad4f0c9b1d2" member_type: VOTER last_known_addr { host: "127.31.169.194" port: 36409 } } peers { permanent_uuid: "820dd3916f234dd2884ff8790aa9cfd0" member_type: VOTER last_known_addr { host: "127.31.169.195" port: 38419 } }
I20260710 11:10:32.099857   987 catalog_manager.cc:5697] T 61d72b091f004c53b9784d11a7d58556 P 347ac2067d1e4b05b25e1cde5c17577a reported cstate change: term changed from 1 to 2, leader changed from 3d3cb7f6093b4bc6abdf6ad4f0c9b1d2 (127.31.169.194) to 347ac2067d1e4b05b25e1cde5c17577a (127.31.169.193). New cstate: current_term: 2 leader_uuid: "347ac2067d1e4b05b25e1cde5c17577a" committed_config { opid_index: -1 OBSOLETE_local: false peers { permanent_uuid: "347ac2067d1e4b05b25e1cde5c17577a" member_type: VOTER last_known_addr { host: "127.31.169.193" port: 36535 } health_report { overall_health: HEALTHY } } peers { permanent_uuid: "3d3cb7f6093b4bc6abdf6ad4f0c9b1d2" member_type: VOTER last_known_addr { host: "127.31.169.194" port: 36409 } health_report { overall_health: UNKNOWN } } peers { permanent_uuid: "820dd3916f234dd2884ff8790aa9cfd0" member_type: VOTER last_known_addr { host: "127.31.169.195" port: 38419 } health_report { overall_health: UNKNOWN } } }
I20260710 11:10:32.335227  1890 raft_consensus.cc:993] T 7dec7ad4031c49a7a9b59f9b44e452dd P 820dd3916f234dd2884ff8790aa9cfd0: : Instructing follower 02f697eeb4304509b3cf83260449f27a to start an election
I20260710 11:10:32.335839  1910 raft_consensus.cc:1081] T 7dec7ad4031c49a7a9b59f9b44e452dd P 820dd3916f234dd2884ff8790aa9cfd0 [term 1 LEADER]: Signalling peer 02f697eeb4304509b3cf83260449f27a to start an election
I20260710 11:10:32.337500  1530 tablet_service.cc:2044] Received Run Leader Election RPC: tablet_id: "7dec7ad4031c49a7a9b59f9b44e452dd"
dest_uuid: "02f697eeb4304509b3cf83260449f27a"
 from {username='slave'} at 127.0.0.1:58964
I20260710 11:10:32.337961  1530 raft_consensus.cc:493] T 7dec7ad4031c49a7a9b59f9b44e452dd P 02f697eeb4304509b3cf83260449f27a [term 1 FOLLOWER]: Starting forced leader election (received explicit request)
I20260710 11:10:32.338286  1530 raft_consensus.cc:3060] T 7dec7ad4031c49a7a9b59f9b44e452dd P 02f697eeb4304509b3cf83260449f27a [term 1 FOLLOWER]: Advancing to term 2
I20260710 11:10:32.342851  1170 raft_consensus.cc:1275] T a8e29255cd9a4860a4155ebc1173a673 P 3d3cb7f6093b4bc6abdf6ad4f0c9b1d2 [term 2 FOLLOWER]: Refusing update from remote peer 02f697eeb4304509b3cf83260449f27a: Log matching property violated. Preceding OpId in replica: term: 1 index: 4. Preceding OpId from leader: term: 2 index: 5. (index mismatch)
I20260710 11:10:32.344106  1530 raft_consensus.cc:515] T 7dec7ad4031c49a7a9b59f9b44e452dd P 02f697eeb4304509b3cf83260449f27a [term 2 FOLLOWER]: Starting forced leader election with config: opid_index: 4 OBSOLETE_local: false peers { permanent_uuid: "347ac2067d1e4b05b25e1cde5c17577a" member_type: VOTER last_known_addr { host: "127.31.169.193" port: 36535 } } peers { permanent_uuid: "820dd3916f234dd2884ff8790aa9cfd0" member_type: VOTER last_known_addr { host: "127.31.169.195" port: 38419 } } peers { permanent_uuid: "02f697eeb4304509b3cf83260449f27a" member_type: VOTER last_known_addr { host: "127.31.169.196" port: 46575 } attrs { promote: false } }
I20260710 11:10:32.344185  1900 consensus_queue.cc:1048] T a8e29255cd9a4860a4155ebc1173a673 P 02f697eeb4304509b3cf83260449f27a [LEADER]: Connected to new peer: Peer: permanent_uuid: "3d3cb7f6093b4bc6abdf6ad4f0c9b1d2" member_type: VOTER last_known_addr { host: "127.31.169.194" port: 36409 }, Status: LMP_MISMATCH, Last received: 0.0, Next index: 5, Last known committed idx: 4, Time since last communication: 0.000s
I20260710 11:10:32.346169  1530 leader_election.cc:290] T 7dec7ad4031c49a7a9b59f9b44e452dd P 02f697eeb4304509b3cf83260449f27a [CANDIDATE]: Term 2 election: Requested vote from peers 347ac2067d1e4b05b25e1cde5c17577a (127.31.169.193:36535), 820dd3916f234dd2884ff8790aa9cfd0 (127.31.169.195:38419)
I20260710 11:10:32.346434  1089 tablet_service.cc:1917] Received RequestConsensusVote() RPC: tablet_id: "7dec7ad4031c49a7a9b59f9b44e452dd" candidate_uuid: "02f697eeb4304509b3cf83260449f27a" candidate_term: 2 candidate_status { last_received { term: 1 index: 4 } } ignore_live_leader: true dest_uuid: "347ac2067d1e4b05b25e1cde5c17577a"
I20260710 11:10:32.346796  1239 tablet_service.cc:1917] Received RequestConsensusVote() RPC: tablet_id: "7dec7ad4031c49a7a9b59f9b44e452dd" candidate_uuid: "02f697eeb4304509b3cf83260449f27a" candidate_term: 2 candidate_status { last_received { term: 1 index: 4 } } ignore_live_leader: true dest_uuid: "820dd3916f234dd2884ff8790aa9cfd0"
I20260710 11:10:32.347003  1089 raft_consensus.cc:3060] T 7dec7ad4031c49a7a9b59f9b44e452dd P 347ac2067d1e4b05b25e1cde5c17577a [term 1 FOLLOWER]: Advancing to term 2
I20260710 11:10:32.347484  1239 raft_consensus.cc:3055] T 7dec7ad4031c49a7a9b59f9b44e452dd P 820dd3916f234dd2884ff8790aa9cfd0 [term 1 LEADER]: Stepping down as leader of term 1
I20260710 11:10:32.347816  1239 raft_consensus.cc:740] T 7dec7ad4031c49a7a9b59f9b44e452dd P 820dd3916f234dd2884ff8790aa9cfd0 [term 1 LEADER]: Becoming Follower/Learner. State: Replica: 820dd3916f234dd2884ff8790aa9cfd0, State: Running, Role: LEADER
I20260710 11:10:32.348677  1239 consensus_queue.cc:260] T 7dec7ad4031c49a7a9b59f9b44e452dd P 820dd3916f234dd2884ff8790aa9cfd0 [NON_LEADER]: Queue going to NON_LEADER mode. State: All replicated index: 0, Majority replicated index: 4, Committed index: 4, Last appended: 1.4, Last appended by leader: 4, Current term: 1, Majority size: -1, State: 0, Mode: NON_LEADER, active raft config: opid_index: 4 OBSOLETE_local: false peers { permanent_uuid: "347ac2067d1e4b05b25e1cde5c17577a" member_type: VOTER last_known_addr { host: "127.31.169.193" port: 36535 } } peers { permanent_uuid: "820dd3916f234dd2884ff8790aa9cfd0" member_type: VOTER last_known_addr { host: "127.31.169.195" port: 38419 } } peers { permanent_uuid: "02f697eeb4304509b3cf83260449f27a" member_type: VOTER last_known_addr { host: "127.31.169.196" port: 46575 } attrs { promote: false } }
I20260710 11:10:32.350319  1239 raft_consensus.cc:3060] T 7dec7ad4031c49a7a9b59f9b44e452dd P 820dd3916f234dd2884ff8790aa9cfd0 [term 1 FOLLOWER]: Advancing to term 2
I20260710 11:10:32.353715  1089 raft_consensus.cc:2468] T 7dec7ad4031c49a7a9b59f9b44e452dd P 347ac2067d1e4b05b25e1cde5c17577a [term 2 FOLLOWER]: Leader election vote request: Granting yes vote for candidate 02f697eeb4304509b3cf83260449f27a in term 2.
I20260710 11:10:32.355273  1499 leader_election.cc:304] T 7dec7ad4031c49a7a9b59f9b44e452dd P 02f697eeb4304509b3cf83260449f27a [CANDIDATE]: Term 2 election: Election decided. Result: candidate won. Election summary: received 2 responses out of 3 voters: 2 yes votes; 0 no votes. yes voters: 02f697eeb4304509b3cf83260449f27a, 347ac2067d1e4b05b25e1cde5c17577a; no voters: 
I20260710 11:10:32.356263  1900 raft_consensus.cc:2804] T 7dec7ad4031c49a7a9b59f9b44e452dd P 02f697eeb4304509b3cf83260449f27a [term 2 FOLLOWER]: Leader election won for term 2
I20260710 11:10:32.367766  1900 raft_consensus.cc:697] T 7dec7ad4031c49a7a9b59f9b44e452dd P 02f697eeb4304509b3cf83260449f27a [term 2 LEADER]: Becoming Leader. State: Replica: 02f697eeb4304509b3cf83260449f27a, State: Running, Role: LEADER
I20260710 11:10:32.369354  1900 consensus_queue.cc:237] T 7dec7ad4031c49a7a9b59f9b44e452dd P 02f697eeb4304509b3cf83260449f27a [LEADER]: Queue going to LEADER mode. State: All replicated index: 0, Majority replicated index: 4, Committed index: 4, Last appended: 1.4, Last appended by leader: 4, Current term: 2, Majority size: 2, State: 0, Mode: LEADER, active raft config: opid_index: 4 OBSOLETE_local: false peers { permanent_uuid: "347ac2067d1e4b05b25e1cde5c17577a" member_type: VOTER last_known_addr { host: "127.31.169.193" port: 36535 } } peers { permanent_uuid: "820dd3916f234dd2884ff8790aa9cfd0" member_type: VOTER last_known_addr { host: "127.31.169.195" port: 38419 } } peers { permanent_uuid: "02f697eeb4304509b3cf83260449f27a" member_type: VOTER last_known_addr { host: "127.31.169.196" port: 46575 } attrs { promote: false } }
I20260710 11:10:32.371541  1244 raft_consensus.cc:1275] T a8e29255cd9a4860a4155ebc1173a673 P 820dd3916f234dd2884ff8790aa9cfd0 [term 2 FOLLOWER]: Refusing update from remote peer 02f697eeb4304509b3cf83260449f27a: Log matching property violated. Preceding OpId in replica: term: 1 index: 4. Preceding OpId from leader: term: 2 index: 5. (index mismatch)
I20260710 11:10:32.371490  1239 raft_consensus.cc:2468] T 7dec7ad4031c49a7a9b59f9b44e452dd P 820dd3916f234dd2884ff8790aa9cfd0 [term 2 FOLLOWER]: Leader election vote request: Granting yes vote for candidate 02f697eeb4304509b3cf83260449f27a in term 2.
I20260710 11:10:32.374444  1913 consensus_queue.cc:1048] T a8e29255cd9a4860a4155ebc1173a673 P 02f697eeb4304509b3cf83260449f27a [LEADER]: Connected to new peer: Peer: permanent_uuid: "820dd3916f234dd2884ff8790aa9cfd0" member_type: VOTER last_known_addr { host: "127.31.169.195" port: 38419 }, Status: LMP_MISMATCH, Last received: 0.0, Next index: 5, Last known committed idx: 4, Time since last communication: 0.001s
I20260710 11:10:32.381631   987 catalog_manager.cc:5697] T 7dec7ad4031c49a7a9b59f9b44e452dd P 02f697eeb4304509b3cf83260449f27a reported cstate change: term changed from 1 to 2, leader changed from 820dd3916f234dd2884ff8790aa9cfd0 (127.31.169.195) to 02f697eeb4304509b3cf83260449f27a (127.31.169.196). New cstate: current_term: 2 leader_uuid: "02f697eeb4304509b3cf83260449f27a" committed_config { opid_index: 4 OBSOLETE_local: false peers { permanent_uuid: "347ac2067d1e4b05b25e1cde5c17577a" member_type: VOTER last_known_addr { host: "127.31.169.193" port: 36535 } health_report { overall_health: UNKNOWN } } peers { permanent_uuid: "820dd3916f234dd2884ff8790aa9cfd0" member_type: VOTER last_known_addr { host: "127.31.169.195" port: 38419 } health_report { overall_health: UNKNOWN } } peers { permanent_uuid: "02f697eeb4304509b3cf83260449f27a" member_type: VOTER last_known_addr { host: "127.31.169.196" port: 46575 } attrs { promote: false } health_report { overall_health: HEALTHY } } }
I20260710 11:10:32.468917  1089 raft_consensus.cc:1275] T f42232c5e41c41048a65311af8bfbc63 P 347ac2067d1e4b05b25e1cde5c17577a [term 2 FOLLOWER]: Refusing update from remote peer 02f697eeb4304509b3cf83260449f27a: Log matching property violated. Preceding OpId in replica: term: 1 index: 4. Preceding OpId from leader: term: 2 index: 5. (index mismatch)
I20260710 11:10:32.470382  1913 consensus_queue.cc:1048] T f42232c5e41c41048a65311af8bfbc63 P 02f697eeb4304509b3cf83260449f27a [LEADER]: Connected to new peer: Peer: permanent_uuid: "347ac2067d1e4b05b25e1cde5c17577a" member_type: VOTER last_known_addr { host: "127.31.169.193" port: 36535 }, Status: LMP_MISMATCH, Last received: 0.0, Next index: 5, Last known committed idx: 4, Time since last communication: 0.000s
I20260710 11:10:32.480738  1170 raft_consensus.cc:1275] T f42232c5e41c41048a65311af8bfbc63 P 3d3cb7f6093b4bc6abdf6ad4f0c9b1d2 [term 2 FOLLOWER]: Refusing update from remote peer 02f697eeb4304509b3cf83260449f27a: Log matching property violated. Preceding OpId in replica: term: 1 index: 4. Preceding OpId from leader: term: 2 index: 5. (index mismatch)
I20260710 11:10:32.482502  1901 consensus_queue.cc:1048] T f42232c5e41c41048a65311af8bfbc63 P 02f697eeb4304509b3cf83260449f27a [LEADER]: Connected to new peer: Peer: permanent_uuid: "3d3cb7f6093b4bc6abdf6ad4f0c9b1d2" member_type: VOTER last_known_addr { host: "127.31.169.194" port: 36409 }, Status: LMP_MISMATCH, Last received: 0.0, Next index: 5, Last known committed idx: 4, Time since last communication: 0.001s
I20260710 11:10:32.526393  1239 raft_consensus.cc:1275] T 672aa599b2da459196fd55046381bbb8 P 820dd3916f234dd2884ff8790aa9cfd0 [term 2 FOLLOWER]: Refusing update from remote peer 347ac2067d1e4b05b25e1cde5c17577a: Log matching property violated. Preceding OpId in replica: term: 1 index: 1. Preceding OpId from leader: term: 2 index: 2. (index mismatch)
I20260710 11:10:32.527832  1867 consensus_queue.cc:1048] T 672aa599b2da459196fd55046381bbb8 P 347ac2067d1e4b05b25e1cde5c17577a [LEADER]: Connected to new peer: Peer: permanent_uuid: "820dd3916f234dd2884ff8790aa9cfd0" member_type: VOTER last_known_addr { host: "127.31.169.195" port: 38419 }, Status: LMP_MISMATCH, Last received: 0.0, Next index: 2, Last known committed idx: 1, Time since last communication: 0.000s
I20260710 11:10:32.538455  1170 raft_consensus.cc:1275] T 672aa599b2da459196fd55046381bbb8 P 3d3cb7f6093b4bc6abdf6ad4f0c9b1d2 [term 2 FOLLOWER]: Refusing update from remote peer 347ac2067d1e4b05b25e1cde5c17577a: Log matching property violated. Preceding OpId in replica: term: 1 index: 1. Preceding OpId from leader: term: 2 index: 2. (index mismatch)
I20260710 11:10:32.540238  1923 consensus_queue.cc:1048] T 672aa599b2da459196fd55046381bbb8 P 347ac2067d1e4b05b25e1cde5c17577a [LEADER]: Connected to new peer: Peer: permanent_uuid: "3d3cb7f6093b4bc6abdf6ad4f0c9b1d2" member_type: VOTER last_known_addr { host: "127.31.169.194" port: 36409 }, Status: LMP_MISMATCH, Last received: 0.0, Next index: 2, Last known committed idx: 1, Time since last communication: 0.001s
I20260710 11:10:32.653575  1170 raft_consensus.cc:1275] T 61d72b091f004c53b9784d11a7d58556 P 3d3cb7f6093b4bc6abdf6ad4f0c9b1d2 [term 2 FOLLOWER]: Refusing update from remote peer 347ac2067d1e4b05b25e1cde5c17577a: Log matching property violated. Preceding OpId in replica: term: 1 index: 1. Preceding OpId from leader: term: 2 index: 2. (index mismatch)
I20260710 11:10:32.654822  1923 consensus_queue.cc:1048] T 61d72b091f004c53b9784d11a7d58556 P 347ac2067d1e4b05b25e1cde5c17577a [LEADER]: Connected to new peer: Peer: permanent_uuid: "3d3cb7f6093b4bc6abdf6ad4f0c9b1d2" member_type: VOTER last_known_addr { host: "127.31.169.194" port: 36409 }, Status: LMP_MISMATCH, Last received: 0.0, Next index: 2, Last known committed idx: 1, Time since last communication: 0.000s
I20260710 11:10:32.663592  1239 raft_consensus.cc:1275] T 61d72b091f004c53b9784d11a7d58556 P 820dd3916f234dd2884ff8790aa9cfd0 [term 2 FOLLOWER]: Refusing update from remote peer 347ac2067d1e4b05b25e1cde5c17577a: Log matching property violated. Preceding OpId in replica: term: 1 index: 1. Preceding OpId from leader: term: 2 index: 2. (index mismatch)
I20260710 11:10:32.665359  1923 consensus_queue.cc:1048] T 61d72b091f004c53b9784d11a7d58556 P 347ac2067d1e4b05b25e1cde5c17577a [LEADER]: Connected to new peer: Peer: permanent_uuid: "820dd3916f234dd2884ff8790aa9cfd0" member_type: VOTER last_known_addr { host: "127.31.169.195" port: 38419 }, Status: LMP_MISMATCH, Last received: 0.0, Next index: 2, Last known committed idx: 1, Time since last communication: 0.000s
I20260710 11:10:32.786518 32423 auto_leader_rebalancer.cc:141] leader rebalance for table test-workload
I20260710 11:10:32.801134 32423 auto_leader_rebalancer.cc:141] leader rebalance for table test-workload
I20260710 11:10:32.815203  1239 tablet_service.cc:2072] Received LeaderStepDown RPC: tablet_id: "1e98f866f42942d588ce97ece8199fa2"
dest_uuid: "820dd3916f234dd2884ff8790aa9cfd0"
mode: GRACEFUL
new_leader_uuid: "02f697eeb4304509b3cf83260449f27a"
 from {username='slave'} at 127.0.0.1:51258
I20260710 11:10:32.815742  1239 raft_consensus.cc:606] T 1e98f866f42942d588ce97ece8199fa2 P 820dd3916f234dd2884ff8790aa9cfd0 [term 1 LEADER]: Received request to transfer leadership to TS 02f697eeb4304509b3cf83260449f27a
I20260710 11:10:32.818667  1089 tablet_service.cc:2072] Received LeaderStepDown RPC: tablet_id: "2e96c187f6064a9e8293a9b829ab048a"
dest_uuid: "347ac2067d1e4b05b25e1cde5c17577a"
mode: GRACEFUL
new_leader_uuid: "02f697eeb4304509b3cf83260449f27a"
 from {username='slave'} at 127.0.0.1:48086
I20260710 11:10:32.819258  1089 raft_consensus.cc:606] T 2e96c187f6064a9e8293a9b829ab048a P 347ac2067d1e4b05b25e1cde5c17577a [term 1 LEADER]: Received request to transfer leadership to TS 02f697eeb4304509b3cf83260449f27a
I20260710 11:10:32.819917  1092 raft_consensus.cc:1275] T 7dec7ad4031c49a7a9b59f9b44e452dd P 347ac2067d1e4b05b25e1cde5c17577a [term 2 FOLLOWER]: Refusing update from remote peer 02f697eeb4304509b3cf83260449f27a: Log matching property violated. Preceding OpId in replica: term: 1 index: 4. Preceding OpId from leader: term: 2 index: 5. (index mismatch)
I20260710 11:10:32.821327  1901 consensus_queue.cc:1048] T 7dec7ad4031c49a7a9b59f9b44e452dd P 02f697eeb4304509b3cf83260449f27a [LEADER]: Connected to new peer: Peer: permanent_uuid: "347ac2067d1e4b05b25e1cde5c17577a" member_type: VOTER last_known_addr { host: "127.31.169.193" port: 36535 }, Status: LMP_MISMATCH, Last received: 0.0, Next index: 5, Last known committed idx: 4, Time since last communication: 0.000s
I20260710 11:10:32.821938  1092 tablet_service.cc:2072] Received LeaderStepDown RPC: tablet_id: "f3e3b18ab8b840798233263e0d5dc3f4"
dest_uuid: "347ac2067d1e4b05b25e1cde5c17577a"
mode: GRACEFUL
new_leader_uuid: "02f697eeb4304509b3cf83260449f27a"
 from {username='slave'} at 127.0.0.1:48086
I20260710 11:10:32.822414  1092 raft_consensus.cc:606] T f3e3b18ab8b840798233263e0d5dc3f4 P 347ac2067d1e4b05b25e1cde5c17577a [term 1 LEADER]: Received request to transfer leadership to TS 02f697eeb4304509b3cf83260449f27a
I20260710 11:10:32.823745 32423 auto_leader_rebalancer.cc:452] table: test-workload, leader rebalance finish, leader transfer count: 3
I20260710 11:10:32.824586 32423 auto_leader_rebalancer.cc:527] All tables' leader rebalancing finished this round
I20260710 11:10:32.832269  1239 raft_consensus.cc:1275] T 7dec7ad4031c49a7a9b59f9b44e452dd P 820dd3916f234dd2884ff8790aa9cfd0 [term 2 FOLLOWER]: Refusing update from remote peer 02f697eeb4304509b3cf83260449f27a: Log matching property violated. Preceding OpId in replica: term: 1 index: 4. Preceding OpId from leader: term: 2 index: 5. (index mismatch)
I20260710 11:10:32.833806  1900 consensus_queue.cc:1048] T 7dec7ad4031c49a7a9b59f9b44e452dd P 02f697eeb4304509b3cf83260449f27a [LEADER]: Connected to new peer: Peer: permanent_uuid: "820dd3916f234dd2884ff8790aa9cfd0" member_type: VOTER last_known_addr { host: "127.31.169.195" port: 38419 }, Status: LMP_MISMATCH, Last received: 0.0, Next index: 5, Last known committed idx: 4, Time since last communication: 0.000s
I20260710 11:10:32.912781  1923 raft_consensus.cc:993] T f3e3b18ab8b840798233263e0d5dc3f4 P 347ac2067d1e4b05b25e1cde5c17577a: : Instructing follower 02f697eeb4304509b3cf83260449f27a to start an election
I20260710 11:10:32.913209  1867 raft_consensus.cc:1081] T f3e3b18ab8b840798233263e0d5dc3f4 P 347ac2067d1e4b05b25e1cde5c17577a [term 1 LEADER]: Signalling peer 02f697eeb4304509b3cf83260449f27a to start an election
I20260710 11:10:32.914518  1530 tablet_service.cc:2044] Received Run Leader Election RPC: tablet_id: "f3e3b18ab8b840798233263e0d5dc3f4"
dest_uuid: "02f697eeb4304509b3cf83260449f27a"
 from {username='slave'} at 127.0.0.1:58952
I20260710 11:10:32.914979  1530 raft_consensus.cc:493] T f3e3b18ab8b840798233263e0d5dc3f4 P 02f697eeb4304509b3cf83260449f27a [term 1 FOLLOWER]: Starting forced leader election (received explicit request)
I20260710 11:10:32.915314  1530 raft_consensus.cc:3060] T f3e3b18ab8b840798233263e0d5dc3f4 P 02f697eeb4304509b3cf83260449f27a [term 1 FOLLOWER]: Advancing to term 2
I20260710 11:10:32.919824  1530 raft_consensus.cc:515] T f3e3b18ab8b840798233263e0d5dc3f4 P 02f697eeb4304509b3cf83260449f27a [term 2 FOLLOWER]: Starting forced leader election with config: opid_index: 4 OBSOLETE_local: false peers { permanent_uuid: "820dd3916f234dd2884ff8790aa9cfd0" member_type: VOTER last_known_addr { host: "127.31.169.195" port: 38419 } } peers { permanent_uuid: "347ac2067d1e4b05b25e1cde5c17577a" member_type: VOTER last_known_addr { host: "127.31.169.193" port: 36535 } } peers { permanent_uuid: "02f697eeb4304509b3cf83260449f27a" member_type: VOTER last_known_addr { host: "127.31.169.196" port: 46575 } attrs { promote: false } }
I20260710 11:10:32.921327  1530 leader_election.cc:290] T f3e3b18ab8b840798233263e0d5dc3f4 P 02f697eeb4304509b3cf83260449f27a [CANDIDATE]: Term 2 election: Requested vote from peers 820dd3916f234dd2884ff8790aa9cfd0 (127.31.169.195:38419), 347ac2067d1e4b05b25e1cde5c17577a (127.31.169.193:36535)
I20260710 11:10:32.922091  1239 tablet_service.cc:1917] Received RequestConsensusVote() RPC: tablet_id: "f3e3b18ab8b840798233263e0d5dc3f4" candidate_uuid: "02f697eeb4304509b3cf83260449f27a" candidate_term: 2 candidate_status { last_received { term: 1 index: 4 } } ignore_live_leader: true dest_uuid: "820dd3916f234dd2884ff8790aa9cfd0"
I20260710 11:10:32.922226  1089 tablet_service.cc:1917] Received RequestConsensusVote() RPC: tablet_id: "f3e3b18ab8b840798233263e0d5dc3f4" candidate_uuid: "02f697eeb4304509b3cf83260449f27a" candidate_term: 2 candidate_status { last_received { term: 1 index: 4 } } ignore_live_leader: true dest_uuid: "347ac2067d1e4b05b25e1cde5c17577a"
I20260710 11:10:32.922684  1239 raft_consensus.cc:3060] T f3e3b18ab8b840798233263e0d5dc3f4 P 820dd3916f234dd2884ff8790aa9cfd0 [term 1 FOLLOWER]: Advancing to term 2
I20260710 11:10:32.922832  1089 raft_consensus.cc:3055] T f3e3b18ab8b840798233263e0d5dc3f4 P 347ac2067d1e4b05b25e1cde5c17577a [term 1 LEADER]: Stepping down as leader of term 1
I20260710 11:10:32.923207  1089 raft_consensus.cc:740] T f3e3b18ab8b840798233263e0d5dc3f4 P 347ac2067d1e4b05b25e1cde5c17577a [term 1 LEADER]: Becoming Follower/Learner. State: Replica: 347ac2067d1e4b05b25e1cde5c17577a, State: Running, Role: LEADER
I20260710 11:10:32.923892  1089 consensus_queue.cc:260] T f3e3b18ab8b840798233263e0d5dc3f4 P 347ac2067d1e4b05b25e1cde5c17577a [NON_LEADER]: Queue going to NON_LEADER mode. State: All replicated index: 0, Majority replicated index: 4, Committed index: 4, Last appended: 1.4, Last appended by leader: 4, Current term: 1, Majority size: -1, State: 0, Mode: NON_LEADER, active raft config: opid_index: 4 OBSOLETE_local: false peers { permanent_uuid: "820dd3916f234dd2884ff8790aa9cfd0" member_type: VOTER last_known_addr { host: "127.31.169.195" port: 38419 } } peers { permanent_uuid: "347ac2067d1e4b05b25e1cde5c17577a" member_type: VOTER last_known_addr { host: "127.31.169.193" port: 36535 } } peers { permanent_uuid: "02f697eeb4304509b3cf83260449f27a" member_type: VOTER last_known_addr { host: "127.31.169.196" port: 46575 } attrs { promote: false } }
I20260710 11:10:32.924806  1089 raft_consensus.cc:3060] T f3e3b18ab8b840798233263e0d5dc3f4 P 347ac2067d1e4b05b25e1cde5c17577a [term 1 FOLLOWER]: Advancing to term 2
I20260710 11:10:32.928239  1239 raft_consensus.cc:2468] T f3e3b18ab8b840798233263e0d5dc3f4 P 820dd3916f234dd2884ff8790aa9cfd0 [term 2 FOLLOWER]: Leader election vote request: Granting yes vote for candidate 02f697eeb4304509b3cf83260449f27a in term 2.
I20260710 11:10:32.929382  1496 leader_election.cc:304] T f3e3b18ab8b840798233263e0d5dc3f4 P 02f697eeb4304509b3cf83260449f27a [CANDIDATE]: Term 2 election: Election decided. Result: candidate won. Election summary: received 2 responses out of 3 voters: 2 yes votes; 0 no votes. yes voters: 02f697eeb4304509b3cf83260449f27a, 820dd3916f234dd2884ff8790aa9cfd0; no voters: 
I20260710 11:10:32.930156  1900 raft_consensus.cc:2804] T f3e3b18ab8b840798233263e0d5dc3f4 P 02f697eeb4304509b3cf83260449f27a [term 2 FOLLOWER]: Leader election won for term 2
I20260710 11:10:32.930536  1089 raft_consensus.cc:2468] T f3e3b18ab8b840798233263e0d5dc3f4 P 347ac2067d1e4b05b25e1cde5c17577a [term 2 FOLLOWER]: Leader election vote request: Granting yes vote for candidate 02f697eeb4304509b3cf83260449f27a in term 2.
I20260710 11:10:32.930580  1900 raft_consensus.cc:697] T f3e3b18ab8b840798233263e0d5dc3f4 P 02f697eeb4304509b3cf83260449f27a [term 2 LEADER]: Becoming Leader. State: Replica: 02f697eeb4304509b3cf83260449f27a, State: Running, Role: LEADER
I20260710 11:10:32.931689  1900 consensus_queue.cc:237] T f3e3b18ab8b840798233263e0d5dc3f4 P 02f697eeb4304509b3cf83260449f27a [LEADER]: Queue going to LEADER mode. State: All replicated index: 0, Majority replicated index: 4, Committed index: 4, Last appended: 1.4, Last appended by leader: 4, Current term: 2, Majority size: 2, State: 0, Mode: LEADER, active raft config: opid_index: 4 OBSOLETE_local: false peers { permanent_uuid: "820dd3916f234dd2884ff8790aa9cfd0" member_type: VOTER last_known_addr { host: "127.31.169.195" port: 38419 } } peers { permanent_uuid: "347ac2067d1e4b05b25e1cde5c17577a" member_type: VOTER last_known_addr { host: "127.31.169.193" port: 36535 } } peers { permanent_uuid: "02f697eeb4304509b3cf83260449f27a" member_type: VOTER last_known_addr { host: "127.31.169.196" port: 46575 } attrs { promote: false } }
I20260710 11:10:32.939800   987 catalog_manager.cc:5697] T f3e3b18ab8b840798233263e0d5dc3f4 P 02f697eeb4304509b3cf83260449f27a reported cstate change: term changed from 1 to 2, leader changed from 347ac2067d1e4b05b25e1cde5c17577a (127.31.169.193) to 02f697eeb4304509b3cf83260449f27a (127.31.169.196). New cstate: current_term: 2 leader_uuid: "02f697eeb4304509b3cf83260449f27a" committed_config { opid_index: 4 OBSOLETE_local: false peers { permanent_uuid: "820dd3916f234dd2884ff8790aa9cfd0" member_type: VOTER last_known_addr { host: "127.31.169.195" port: 38419 } health_report { overall_health: UNKNOWN } } peers { permanent_uuid: "347ac2067d1e4b05b25e1cde5c17577a" member_type: VOTER last_known_addr { host: "127.31.169.193" port: 36535 } health_report { overall_health: UNKNOWN } } peers { permanent_uuid: "02f697eeb4304509b3cf83260449f27a" member_type: VOTER last_known_addr { host: "127.31.169.196" port: 46575 } attrs { promote: false } health_report { overall_health: HEALTHY } } }
I20260710 11:10:33.240511  1910 raft_consensus.cc:993] T 1e98f866f42942d588ce97ece8199fa2 P 820dd3916f234dd2884ff8790aa9cfd0: : Instructing follower 02f697eeb4304509b3cf83260449f27a to start an election
I20260710 11:10:33.241040  1910 raft_consensus.cc:1081] T 1e98f866f42942d588ce97ece8199fa2 P 820dd3916f234dd2884ff8790aa9cfd0 [term 1 LEADER]: Signalling peer 02f697eeb4304509b3cf83260449f27a to start an election
I20260710 11:10:33.242451  1533 tablet_service.cc:2044] Received Run Leader Election RPC: tablet_id: "1e98f866f42942d588ce97ece8199fa2"
dest_uuid: "02f697eeb4304509b3cf83260449f27a"
 from {username='slave'} at 127.0.0.1:58964
I20260710 11:10:33.242914  1533 raft_consensus.cc:493] T 1e98f866f42942d588ce97ece8199fa2 P 02f697eeb4304509b3cf83260449f27a [term 1 FOLLOWER]: Starting forced leader election (received explicit request)
I20260710 11:10:33.243234  1533 raft_consensus.cc:3060] T 1e98f866f42942d588ce97ece8199fa2 P 02f697eeb4304509b3cf83260449f27a [term 1 FOLLOWER]: Advancing to term 2
I20260710 11:10:33.247613  1533 raft_consensus.cc:515] T 1e98f866f42942d588ce97ece8199fa2 P 02f697eeb4304509b3cf83260449f27a [term 2 FOLLOWER]: Starting forced leader election with config: opid_index: 4 OBSOLETE_local: false peers { permanent_uuid: "3d3cb7f6093b4bc6abdf6ad4f0c9b1d2" member_type: VOTER last_known_addr { host: "127.31.169.194" port: 36409 } } peers { permanent_uuid: "820dd3916f234dd2884ff8790aa9cfd0" member_type: VOTER last_known_addr { host: "127.31.169.195" port: 38419 } } peers { permanent_uuid: "02f697eeb4304509b3cf83260449f27a" member_type: VOTER last_known_addr { host: "127.31.169.196" port: 46575 } attrs { promote: false } }
I20260710 11:10:33.249127  1533 leader_election.cc:290] T 1e98f866f42942d588ce97ece8199fa2 P 02f697eeb4304509b3cf83260449f27a [CANDIDATE]: Term 2 election: Requested vote from peers 3d3cb7f6093b4bc6abdf6ad4f0c9b1d2 (127.31.169.194:36409), 820dd3916f234dd2884ff8790aa9cfd0 (127.31.169.195:38419)
I20260710 11:10:33.249888  1170 tablet_service.cc:1917] Received RequestConsensusVote() RPC: tablet_id: "1e98f866f42942d588ce97ece8199fa2" candidate_uuid: "02f697eeb4304509b3cf83260449f27a" candidate_term: 2 candidate_status { last_received { term: 1 index: 4 } } ignore_live_leader: true dest_uuid: "3d3cb7f6093b4bc6abdf6ad4f0c9b1d2"
I20260710 11:10:33.250113  1239 tablet_service.cc:1917] Received RequestConsensusVote() RPC: tablet_id: "1e98f866f42942d588ce97ece8199fa2" candidate_uuid: "02f697eeb4304509b3cf83260449f27a" candidate_term: 2 candidate_status { last_received { term: 1 index: 4 } } ignore_live_leader: true dest_uuid: "820dd3916f234dd2884ff8790aa9cfd0"
I20260710 11:10:33.250574  1170 raft_consensus.cc:3060] T 1e98f866f42942d588ce97ece8199fa2 P 3d3cb7f6093b4bc6abdf6ad4f0c9b1d2 [term 1 FOLLOWER]: Advancing to term 2
I20260710 11:10:33.250715  1239 raft_consensus.cc:3055] T 1e98f866f42942d588ce97ece8199fa2 P 820dd3916f234dd2884ff8790aa9cfd0 [term 1 LEADER]: Stepping down as leader of term 1
I20260710 11:10:33.251192  1239 raft_consensus.cc:740] T 1e98f866f42942d588ce97ece8199fa2 P 820dd3916f234dd2884ff8790aa9cfd0 [term 1 LEADER]: Becoming Follower/Learner. State: Replica: 820dd3916f234dd2884ff8790aa9cfd0, State: Running, Role: LEADER
I20260710 11:10:33.251967  1239 consensus_queue.cc:260] T 1e98f866f42942d588ce97ece8199fa2 P 820dd3916f234dd2884ff8790aa9cfd0 [NON_LEADER]: Queue going to NON_LEADER mode. State: All replicated index: 0, Majority replicated index: 4, Committed index: 4, Last appended: 1.4, Last appended by leader: 4, Current term: 1, Majority size: -1, State: 0, Mode: NON_LEADER, active raft config: opid_index: 4 OBSOLETE_local: false peers { permanent_uuid: "3d3cb7f6093b4bc6abdf6ad4f0c9b1d2" member_type: VOTER last_known_addr { host: "127.31.169.194" port: 36409 } } peers { permanent_uuid: "820dd3916f234dd2884ff8790aa9cfd0" member_type: VOTER last_known_addr { host: "127.31.169.195" port: 38419 } } peers { permanent_uuid: "02f697eeb4304509b3cf83260449f27a" member_type: VOTER last_known_addr { host: "127.31.169.196" port: 46575 } attrs { promote: false } }
I20260710 11:10:33.253288  1239 raft_consensus.cc:3060] T 1e98f866f42942d588ce97ece8199fa2 P 820dd3916f234dd2884ff8790aa9cfd0 [term 1 FOLLOWER]: Advancing to term 2
I20260710 11:10:33.257699  1170 raft_consensus.cc:2468] T 1e98f866f42942d588ce97ece8199fa2 P 3d3cb7f6093b4bc6abdf6ad4f0c9b1d2 [term 2 FOLLOWER]: Leader election vote request: Granting yes vote for candidate 02f697eeb4304509b3cf83260449f27a in term 2.
I20260710 11:10:33.259609  1497 leader_election.cc:304] T 1e98f866f42942d588ce97ece8199fa2 P 02f697eeb4304509b3cf83260449f27a [CANDIDATE]: Term 2 election: Election decided. Result: candidate won. Election summary: received 2 responses out of 3 voters: 2 yes votes; 0 no votes. yes voters: 02f697eeb4304509b3cf83260449f27a, 3d3cb7f6093b4bc6abdf6ad4f0c9b1d2; no voters: 
I20260710 11:10:33.260488  1900 raft_consensus.cc:2804] T 1e98f866f42942d588ce97ece8199fa2 P 02f697eeb4304509b3cf83260449f27a [term 2 FOLLOWER]: Leader election won for term 2
I20260710 11:10:33.261003  1900 raft_consensus.cc:697] T 1e98f866f42942d588ce97ece8199fa2 P 02f697eeb4304509b3cf83260449f27a [term 2 LEADER]: Becoming Leader. State: Replica: 02f697eeb4304509b3cf83260449f27a, State: Running, Role: LEADER
I20260710 11:10:33.261968  1239 raft_consensus.cc:2468] T 1e98f866f42942d588ce97ece8199fa2 P 820dd3916f234dd2884ff8790aa9cfd0 [term 2 FOLLOWER]: Leader election vote request: Granting yes vote for candidate 02f697eeb4304509b3cf83260449f27a in term 2.
I20260710 11:10:33.261940  1900 consensus_queue.cc:237] T 1e98f866f42942d588ce97ece8199fa2 P 02f697eeb4304509b3cf83260449f27a [LEADER]: Queue going to LEADER mode. State: All replicated index: 0, Majority replicated index: 4, Committed index: 4, Last appended: 1.4, Last appended by leader: 4, Current term: 2, Majority size: 2, State: 0, Mode: LEADER, active raft config: opid_index: 4 OBSOLETE_local: false peers { permanent_uuid: "3d3cb7f6093b4bc6abdf6ad4f0c9b1d2" member_type: VOTER last_known_addr { host: "127.31.169.194" port: 36409 } } peers { permanent_uuid: "820dd3916f234dd2884ff8790aa9cfd0" member_type: VOTER last_known_addr { host: "127.31.169.195" port: 38419 } } peers { permanent_uuid: "02f697eeb4304509b3cf83260449f27a" member_type: VOTER last_known_addr { host: "127.31.169.196" port: 46575 } attrs { promote: false } }
I20260710 11:10:33.268432  1891 raft_consensus.cc:993] T 2e96c187f6064a9e8293a9b829ab048a P 347ac2067d1e4b05b25e1cde5c17577a: : Instructing follower 02f697eeb4304509b3cf83260449f27a to start an election
I20260710 11:10:33.269048  1891 raft_consensus.cc:1081] T 2e96c187f6064a9e8293a9b829ab048a P 347ac2067d1e4b05b25e1cde5c17577a [term 1 LEADER]: Signalling peer 02f697eeb4304509b3cf83260449f27a to start an election
I20260710 11:10:33.271008  1533 tablet_service.cc:2044] Received Run Leader Election RPC: tablet_id: "2e96c187f6064a9e8293a9b829ab048a"
dest_uuid: "02f697eeb4304509b3cf83260449f27a"
 from {username='slave'} at 127.0.0.1:58952
I20260710 11:10:33.271564  1533 raft_consensus.cc:493] T 2e96c187f6064a9e8293a9b829ab048a P 02f697eeb4304509b3cf83260449f27a [term 1 FOLLOWER]: Starting forced leader election (received explicit request)
I20260710 11:10:33.271945  1533 raft_consensus.cc:3060] T 2e96c187f6064a9e8293a9b829ab048a P 02f697eeb4304509b3cf83260449f27a [term 1 FOLLOWER]: Advancing to term 2
I20260710 11:10:33.275774   987 catalog_manager.cc:5697] T 1e98f866f42942d588ce97ece8199fa2 P 02f697eeb4304509b3cf83260449f27a reported cstate change: term changed from 1 to 2, leader changed from 820dd3916f234dd2884ff8790aa9cfd0 (127.31.169.195) to 02f697eeb4304509b3cf83260449f27a (127.31.169.196). New cstate: current_term: 2 leader_uuid: "02f697eeb4304509b3cf83260449f27a" committed_config { opid_index: 4 OBSOLETE_local: false peers { permanent_uuid: "3d3cb7f6093b4bc6abdf6ad4f0c9b1d2" member_type: VOTER last_known_addr { host: "127.31.169.194" port: 36409 } health_report { overall_health: UNKNOWN } } peers { permanent_uuid: "820dd3916f234dd2884ff8790aa9cfd0" member_type: VOTER last_known_addr { host: "127.31.169.195" port: 38419 } health_report { overall_health: UNKNOWN } } peers { permanent_uuid: "02f697eeb4304509b3cf83260449f27a" member_type: VOTER last_known_addr { host: "127.31.169.196" port: 46575 } attrs { promote: false } health_report { overall_health: HEALTHY } } }
I20260710 11:10:33.276844  1533 raft_consensus.cc:515] T 2e96c187f6064a9e8293a9b829ab048a P 02f697eeb4304509b3cf83260449f27a [term 2 FOLLOWER]: Starting forced leader election with config: opid_index: 4 OBSOLETE_local: false peers { permanent_uuid: "347ac2067d1e4b05b25e1cde5c17577a" member_type: VOTER last_known_addr { host: "127.31.169.193" port: 36535 } } peers { permanent_uuid: "3d3cb7f6093b4bc6abdf6ad4f0c9b1d2" member_type: VOTER last_known_addr { host: "127.31.169.194" port: 36409 } } peers { permanent_uuid: "02f697eeb4304509b3cf83260449f27a" member_type: VOTER last_known_addr { host: "127.31.169.196" port: 46575 } attrs { promote: false } }
I20260710 11:10:33.278579  1533 leader_election.cc:290] T 2e96c187f6064a9e8293a9b829ab048a P 02f697eeb4304509b3cf83260449f27a [CANDIDATE]: Term 2 election: Requested vote from peers 347ac2067d1e4b05b25e1cde5c17577a (127.31.169.193:36535), 3d3cb7f6093b4bc6abdf6ad4f0c9b1d2 (127.31.169.194:36409)
I20260710 11:10:33.279259  1089 tablet_service.cc:1917] Received RequestConsensusVote() RPC: tablet_id: "2e96c187f6064a9e8293a9b829ab048a" candidate_uuid: "02f697eeb4304509b3cf83260449f27a" candidate_term: 2 candidate_status { last_received { term: 1 index: 4 } } ignore_live_leader: true dest_uuid: "347ac2067d1e4b05b25e1cde5c17577a"
I20260710 11:10:33.279875  1089 raft_consensus.cc:3055] T 2e96c187f6064a9e8293a9b829ab048a P 347ac2067d1e4b05b25e1cde5c17577a [term 1 LEADER]: Stepping down as leader of term 1
I20260710 11:10:33.280217  1089 raft_consensus.cc:740] T 2e96c187f6064a9e8293a9b829ab048a P 347ac2067d1e4b05b25e1cde5c17577a [term 1 LEADER]: Becoming Follower/Learner. State: Replica: 347ac2067d1e4b05b25e1cde5c17577a, State: Running, Role: LEADER
I20260710 11:10:33.280741  1170 tablet_service.cc:1917] Received RequestConsensusVote() RPC: tablet_id: "2e96c187f6064a9e8293a9b829ab048a" candidate_uuid: "02f697eeb4304509b3cf83260449f27a" candidate_term: 2 candidate_status { last_received { term: 1 index: 4 } } ignore_live_leader: true dest_uuid: "3d3cb7f6093b4bc6abdf6ad4f0c9b1d2"
I20260710 11:10:33.281297  1170 raft_consensus.cc:3060] T 2e96c187f6064a9e8293a9b829ab048a P 3d3cb7f6093b4bc6abdf6ad4f0c9b1d2 [term 1 FOLLOWER]: Advancing to term 2
I20260710 11:10:33.280980  1089 consensus_queue.cc:260] T 2e96c187f6064a9e8293a9b829ab048a P 347ac2067d1e4b05b25e1cde5c17577a [NON_LEADER]: Queue going to NON_LEADER mode. State: All replicated index: 0, Majority replicated index: 4, Committed index: 4, Last appended: 1.4, Last appended by leader: 4, Current term: 1, Majority size: -1, State: 0, Mode: NON_LEADER, active raft config: opid_index: 4 OBSOLETE_local: false peers { permanent_uuid: "347ac2067d1e4b05b25e1cde5c17577a" member_type: VOTER last_known_addr { host: "127.31.169.193" port: 36535 } } peers { permanent_uuid: "3d3cb7f6093b4bc6abdf6ad4f0c9b1d2" member_type: VOTER last_known_addr { host: "127.31.169.194" port: 36409 } } peers { permanent_uuid: "02f697eeb4304509b3cf83260449f27a" member_type: VOTER last_known_addr { host: "127.31.169.196" port: 46575 } attrs { promote: false } }
I20260710 11:10:33.282277  1089 raft_consensus.cc:3060] T 2e96c187f6064a9e8293a9b829ab048a P 347ac2067d1e4b05b25e1cde5c17577a [term 1 FOLLOWER]: Advancing to term 2
I20260710 11:10:33.288076  1089 raft_consensus.cc:2468] T 2e96c187f6064a9e8293a9b829ab048a P 347ac2067d1e4b05b25e1cde5c17577a [term 2 FOLLOWER]: Leader election vote request: Granting yes vote for candidate 02f697eeb4304509b3cf83260449f27a in term 2.
I20260710 11:10:33.288004  1170 raft_consensus.cc:2468] T 2e96c187f6064a9e8293a9b829ab048a P 3d3cb7f6093b4bc6abdf6ad4f0c9b1d2 [term 2 FOLLOWER]: Leader election vote request: Granting yes vote for candidate 02f697eeb4304509b3cf83260449f27a in term 2.
I20260710 11:10:33.289294  1499 leader_election.cc:304] T 2e96c187f6064a9e8293a9b829ab048a P 02f697eeb4304509b3cf83260449f27a [CANDIDATE]: Term 2 election: Election decided. Result: candidate won. Election summary: received 2 responses out of 3 voters: 2 yes votes; 0 no votes. yes voters: 02f697eeb4304509b3cf83260449f27a, 347ac2067d1e4b05b25e1cde5c17577a; no voters: 
I20260710 11:10:33.290025  1900 raft_consensus.cc:2804] T 2e96c187f6064a9e8293a9b829ab048a P 02f697eeb4304509b3cf83260449f27a [term 2 FOLLOWER]: Leader election won for term 2
I20260710 11:10:33.290428  1900 raft_consensus.cc:697] T 2e96c187f6064a9e8293a9b829ab048a P 02f697eeb4304509b3cf83260449f27a [term 2 LEADER]: Becoming Leader. State: Replica: 02f697eeb4304509b3cf83260449f27a, State: Running, Role: LEADER
I20260710 11:10:33.291189  1900 consensus_queue.cc:237] T 2e96c187f6064a9e8293a9b829ab048a P 02f697eeb4304509b3cf83260449f27a [LEADER]: Queue going to LEADER mode. State: All replicated index: 0, Majority replicated index: 4, Committed index: 4, Last appended: 1.4, Last appended by leader: 4, Current term: 2, Majority size: 2, State: 0, Mode: LEADER, active raft config: opid_index: 4 OBSOLETE_local: false peers { permanent_uuid: "347ac2067d1e4b05b25e1cde5c17577a" member_type: VOTER last_known_addr { host: "127.31.169.193" port: 36535 } } peers { permanent_uuid: "3d3cb7f6093b4bc6abdf6ad4f0c9b1d2" member_type: VOTER last_known_addr { host: "127.31.169.194" port: 36409 } } peers { permanent_uuid: "02f697eeb4304509b3cf83260449f27a" member_type: VOTER last_known_addr { host: "127.31.169.196" port: 46575 } attrs { promote: false } }
