I20260710 11:10:18.981221 29509 raft_consensus.cc:2955] T 3e0b84ca22834eaca6fa36e430807daa P 1f991df8bb06456db05ec57efc03b43b [term 1 FOLLOWER]: Committing config change with OpId 1.4: config changed from index 3 to 4, VOTER 22879e5db8cf441da9cb1b973f564a55 (127.27.83.67) evicted. New config: { opid_index: 4 OBSOLETE_local: false peers { permanent_uuid: "3d304435da074c43a78fa07ce4d1e3d1" member_type: VOTER last_known_addr { host: "127.27.83.65" port: 38325 } } peers { permanent_uuid: "583c396030da4c0694473893fc64b754" member_type: VOTER last_known_addr { host: "127.27.83.66" port: 38087 } } peers { permanent_uuid: "1f991df8bb06456db05ec57efc03b43b" member_type: VOTER last_known_addr { host: "127.27.83.68" port: 46655 } attrs { promote: false } } }
I20260710 11:10:18.985737 29232 raft_consensus.cc:2955] T 6fb38ea96fae420dbc5d424dd081adb2 P 22879e5db8cf441da9cb1b973f564a55 [term 1 FOLLOWER]: Committing config change with OpId 1.4: config changed from index 3 to 4, VOTER 583c396030da4c0694473893fc64b754 (127.27.83.66) evicted. New config: { opid_index: 4 OBSOLETE_local: false peers { permanent_uuid: "3d304435da074c43a78fa07ce4d1e3d1" member_type: VOTER last_known_addr { host: "127.27.83.65" port: 38325 } } peers { permanent_uuid: "22879e5db8cf441da9cb1b973f564a55" member_type: VOTER last_known_addr { host: "127.27.83.67" port: 39645 } } peers { permanent_uuid: "1f991df8bb06456db05ec57efc03b43b" member_type: VOTER last_known_addr { host: "127.27.83.68" port: 46655 } attrs { promote: false } } }
I20260710 11:10:18.985984 29083 raft_consensus.cc:2955] T 1bb7f43096cb4969a5f48ef304c873fb P 3d304435da074c43a78fa07ce4d1e3d1 [term 1 FOLLOWER]: Committing config change with OpId 1.3: config changed from index 2 to 3, 1f991df8bb06456db05ec57efc03b43b (127.27.83.68) changed from NON_VOTER to VOTER. New config: { opid_index: 3 OBSOLETE_local: false peers { permanent_uuid: "3d304435da074c43a78fa07ce4d1e3d1" member_type: VOTER last_known_addr { host: "127.27.83.65" port: 38325 } } peers { permanent_uuid: "583c396030da4c0694473893fc64b754" member_type: VOTER last_known_addr { host: "127.27.83.66" port: 38087 } } peers { permanent_uuid: "22879e5db8cf441da9cb1b973f564a55" member_type: VOTER last_known_addr { host: "127.27.83.67" port: 39645 } attrs { replace: true } } peers { permanent_uuid: "1f991df8bb06456db05ec57efc03b43b" member_type: VOTER last_known_addr { host: "127.27.83.68" port: 46655 } attrs { promote: false } } }
I20260710 11:10:18.990091 28980 catalog_manager.cc:5697] T 1bb7f43096cb4969a5f48ef304c873fb P 583c396030da4c0694473893fc64b754 reported cstate change: config changed from index 2 to 3, 1f991df8bb06456db05ec57efc03b43b (127.27.83.68) changed from NON_VOTER to VOTER. New cstate: current_term: 1 leader_uuid: "583c396030da4c0694473893fc64b754" committed_config { opid_index: 3 OBSOLETE_local: false peers { permanent_uuid: "3d304435da074c43a78fa07ce4d1e3d1" member_type: VOTER last_known_addr { host: "127.27.83.65" port: 38325 } health_report { overall_health: HEALTHY } } peers { permanent_uuid: "583c396030da4c0694473893fc64b754" member_type: VOTER last_known_addr { host: "127.27.83.66" port: 38087 } health_report { overall_health: HEALTHY } } peers { permanent_uuid: "22879e5db8cf441da9cb1b973f564a55" member_type: VOTER last_known_addr { host: "127.27.83.67" port: 39645 } attrs { replace: true } health_report { overall_health: HEALTHY } } peers { permanent_uuid: "1f991df8bb06456db05ec57efc03b43b" member_type: VOTER last_known_addr { host: "127.27.83.68" port: 46655 } attrs { promote: false } health_report { overall_health: HEALTHY } } }
I20260710 11:10:18.989925 29084 raft_consensus.cc:2955] T 3e0b84ca22834eaca6fa36e430807daa P 3d304435da074c43a78fa07ce4d1e3d1 [term 1 FOLLOWER]: Committing config change with OpId 1.4: config changed from index 3 to 4, VOTER 22879e5db8cf441da9cb1b973f564a55 (127.27.83.67) evicted. New config: { opid_index: 4 OBSOLETE_local: false peers { permanent_uuid: "3d304435da074c43a78fa07ce4d1e3d1" member_type: VOTER last_known_addr { host: "127.27.83.65" port: 38325 } } peers { permanent_uuid: "583c396030da4c0694473893fc64b754" member_type: VOTER last_known_addr { host: "127.27.83.66" port: 38087 } } peers { permanent_uuid: "1f991df8bb06456db05ec57efc03b43b" member_type: VOTER last_known_addr { host: "127.27.83.68" port: 46655 } attrs { promote: false } } }
I20260710 11:10:19.005355 29144 tablet_service.cc:1558] Processing DeleteTablet for tablet 6fb38ea96fae420dbc5d424dd081adb2 with delete_type TABLET_DATA_TOMBSTONED (TS 583c396030da4c0694473893fc64b754 not found in new config with opid_index 4) from {username='slave'} at 127.0.0.1:33808
I20260710 11:10:19.006517 28968 catalog_manager.cc:5210] ChangeConfig:REMOVE_PEER RPC for tablet 3e0b84ca22834eaca6fa36e430807daa with cas_config_opid_index 3: ChangeConfig:REMOVE_PEER succeeded (attempt 1)
I20260710 11:10:19.012554 29677 tablet_replica.cc:333] T 6fb38ea96fae420dbc5d424dd081adb2 P 583c396030da4c0694473893fc64b754: stopping tablet replica
I20260710 11:10:19.013525 29677 raft_consensus.cc:2243] T 6fb38ea96fae420dbc5d424dd081adb2 P 583c396030da4c0694473893fc64b754 [term 1 FOLLOWER]: Raft consensus shutting down.
I20260710 11:10:19.014127 29677 raft_consensus.cc:2272] T 6fb38ea96fae420dbc5d424dd081adb2 P 583c396030da4c0694473893fc64b754 [term 1 FOLLOWER]: Raft consensus is shut down!
I20260710 11:10:19.018504 29677 ts_tablet_manager.cc:1916] T 6fb38ea96fae420dbc5d424dd081adb2 P 583c396030da4c0694473893fc64b754: Deleting tablet data with delete state TABLET_DATA_TOMBSTONED
I20260710 11:10:19.019766 29159 consensus_queue.cc:237] T 1bb7f43096cb4969a5f48ef304c873fb P 583c396030da4c0694473893fc64b754 [LEADER]: Queue going to LEADER mode. State: All replicated index: 0, Majority replicated index: 3, Committed index: 3, Last appended: 1.3, Last appended by leader: 0, Current term: 1, Majority size: 2, State: 0, Mode: LEADER, active raft config: opid_index: 4 OBSOLETE_local: false peers { permanent_uuid: "3d304435da074c43a78fa07ce4d1e3d1" member_type: VOTER last_known_addr { host: "127.27.83.65" port: 38325 } } peers { permanent_uuid: "583c396030da4c0694473893fc64b754" member_type: VOTER last_known_addr { host: "127.27.83.66" port: 38087 } } peers { permanent_uuid: "1f991df8bb06456db05ec57efc03b43b" member_type: VOTER last_known_addr { host: "127.27.83.68" port: 46655 } attrs { promote: false } }
I20260710 11:10:19.028190 29510 raft_consensus.cc:1275] T 1bb7f43096cb4969a5f48ef304c873fb P 1f991df8bb06456db05ec57efc03b43b [term 1 FOLLOWER]: Refusing update from remote peer 583c396030da4c0694473893fc64b754: Log matching property violated. Preceding OpId in replica: term: 1 index: 3. Preceding OpId from leader: term: 1 index: 4. (index mismatch)
I20260710 11:10:19.028225 29083 raft_consensus.cc:1275] T 1bb7f43096cb4969a5f48ef304c873fb P 3d304435da074c43a78fa07ce4d1e3d1 [term 1 FOLLOWER]: Refusing update from remote peer 583c396030da4c0694473893fc64b754: Log matching property violated. Preceding OpId in replica: term: 1 index: 3. Preceding OpId from leader: term: 1 index: 4. (index mismatch)
I20260710 11:10:19.029829 29650 consensus_queue.cc:1048] T 1bb7f43096cb4969a5f48ef304c873fb P 583c396030da4c0694473893fc64b754 [LEADER]: Connected to new peer: Peer: permanent_uuid: "3d304435da074c43a78fa07ce4d1e3d1" member_type: VOTER last_known_addr { host: "127.27.83.65" port: 38325 }, Status: LMP_MISMATCH, Last received: 0.0, Next index: 4, Last known committed idx: 3, Time since last communication: 0.000s
I20260710 11:10:19.031574 28980 catalog_manager.cc:5697] T cbd466a535a14136901828c8e02c0dac P 1f991df8bb06456db05ec57efc03b43b reported cstate change: config changed from index 3 to 4, VOTER 583c396030da4c0694473893fc64b754 (127.27.83.66) evicted. New cstate: current_term: 1 leader_uuid: "22879e5db8cf441da9cb1b973f564a55" committed_config { opid_index: 4 OBSOLETE_local: false peers { permanent_uuid: "3d304435da074c43a78fa07ce4d1e3d1" member_type: VOTER last_known_addr { host: "127.27.83.65" port: 38325 } } peers { permanent_uuid: "22879e5db8cf441da9cb1b973f564a55" member_type: VOTER last_known_addr { host: "127.27.83.67" port: 39645 } } peers { permanent_uuid: "1f991df8bb06456db05ec57efc03b43b" member_type: VOTER last_known_addr { host: "127.27.83.68" port: 46655 } attrs { promote: false } } }
I20260710 11:10:19.032472 29677 ts_tablet_manager.cc:1929] T 6fb38ea96fae420dbc5d424dd081adb2 P 583c396030da4c0694473893fc64b754: tablet deleted with delete type TABLET_DATA_TOMBSTONED: last-logged OpId 1.3
I20260710 11:10:19.032869 29677 log.cc:1199] T 6fb38ea96fae420dbc5d424dd081adb2 P 583c396030da4c0694473893fc64b754: Deleting WAL directory at /tmp/dist-test-taskprhwoV/test-tmp/auto_leader_rebalancer-test.0.LeaderRebalancerTest.AddTserver.1783681779726676-27981-0/minicluster-data/ts-1-root/wals/6fb38ea96fae420dbc5d424dd081adb2
I20260710 11:10:19.032584 28980 catalog_manager.cc:5697] T 3e0b84ca22834eaca6fa36e430807daa P 1f991df8bb06456db05ec57efc03b43b reported cstate change: config changed from index 3 to 4, VOTER 22879e5db8cf441da9cb1b973f564a55 (127.27.83.67) evicted. New cstate: current_term: 1 leader_uuid: "583c396030da4c0694473893fc64b754" committed_config { opid_index: 4 OBSOLETE_local: false peers { permanent_uuid: "3d304435da074c43a78fa07ce4d1e3d1" member_type: VOTER last_known_addr { host: "127.27.83.65" port: 38325 } } peers { permanent_uuid: "583c396030da4c0694473893fc64b754" member_type: VOTER last_known_addr { host: "127.27.83.66" port: 38087 } } peers { permanent_uuid: "1f991df8bb06456db05ec57efc03b43b" member_type: VOTER last_known_addr { host: "127.27.83.68" port: 46655 } attrs { promote: false } } }
I20260710 11:10:19.033634 29649 consensus_queue.cc:1048] T 1bb7f43096cb4969a5f48ef304c873fb P 583c396030da4c0694473893fc64b754 [LEADER]: Connected to new peer: Peer: permanent_uuid: "1f991df8bb06456db05ec57efc03b43b" member_type: VOTER last_known_addr { host: "127.27.83.68" port: 46655 } attrs { promote: false }, Status: LMP_MISMATCH, Last received: 0.0, Next index: 4, Last known committed idx: 3, Time since last communication: 0.000s
I20260710 11:10:19.034369 28968 catalog_manager.cc:5028] TS 583c396030da4c0694473893fc64b754 (127.27.83.66:38087): tablet 6fb38ea96fae420dbc5d424dd081adb2 (table test-workload [id=292b882e091f425da44746ac59eff6d1]) successfully deleted
I20260710 11:10:19.040465 29650 raft_consensus.cc:2955] T 1bb7f43096cb4969a5f48ef304c873fb P 583c396030da4c0694473893fc64b754 [term 1 LEADER]: Committing config change with OpId 1.4: config changed from index 3 to 4, VOTER 22879e5db8cf441da9cb1b973f564a55 (127.27.83.67) evicted. New config: { opid_index: 4 OBSOLETE_local: false peers { permanent_uuid: "3d304435da074c43a78fa07ce4d1e3d1" member_type: VOTER last_known_addr { host: "127.27.83.65" port: 38325 } } peers { permanent_uuid: "583c396030da4c0694473893fc64b754" member_type: VOTER last_known_addr { host: "127.27.83.66" port: 38087 } } peers { permanent_uuid: "1f991df8bb06456db05ec57efc03b43b" member_type: VOTER last_known_addr { host: "127.27.83.68" port: 46655 } attrs { promote: false } } }
I20260710 11:10:19.042819 29083 raft_consensus.cc:2955] T 1bb7f43096cb4969a5f48ef304c873fb P 3d304435da074c43a78fa07ce4d1e3d1 [term 1 FOLLOWER]: Committing config change with OpId 1.4: config changed from index 3 to 4, VOTER 22879e5db8cf441da9cb1b973f564a55 (127.27.83.67) evicted. New config: { opid_index: 4 OBSOLETE_local: false peers { permanent_uuid: "3d304435da074c43a78fa07ce4d1e3d1" member_type: VOTER last_known_addr { host: "127.27.83.65" port: 38325 } } peers { permanent_uuid: "583c396030da4c0694473893fc64b754" member_type: VOTER last_known_addr { host: "127.27.83.66" port: 38087 } } peers { permanent_uuid: "1f991df8bb06456db05ec57efc03b43b" member_type: VOTER last_known_addr { host: "127.27.83.68" port: 46655 } attrs { promote: false } } }
I20260710 11:10:19.043370 29510 raft_consensus.cc:2955] T 1bb7f43096cb4969a5f48ef304c873fb P 1f991df8bb06456db05ec57efc03b43b [term 1 FOLLOWER]: Committing config change with OpId 1.4: config changed from index 3 to 4, VOTER 22879e5db8cf441da9cb1b973f564a55 (127.27.83.67) evicted. New config: { opid_index: 4 OBSOLETE_local: false peers { permanent_uuid: "3d304435da074c43a78fa07ce4d1e3d1" member_type: VOTER last_known_addr { host: "127.27.83.65" port: 38325 } } peers { permanent_uuid: "583c396030da4c0694473893fc64b754" member_type: VOTER last_known_addr { host: "127.27.83.66" port: 38087 } } peers { permanent_uuid: "1f991df8bb06456db05ec57efc03b43b" member_type: VOTER last_known_addr { host: "127.27.83.68" port: 46655 } attrs { promote: false } } }
I20260710 11:10:19.053607 28968 catalog_manager.cc:5210] ChangeConfig:REMOVE_PEER RPC for tablet 1bb7f43096cb4969a5f48ef304c873fb with cas_config_opid_index 3: ChangeConfig:REMOVE_PEER succeeded (attempt 1)
I20260710 11:10:19.061753 29144 tablet_service.cc:1558] Processing DeleteTablet for tablet cbd466a535a14136901828c8e02c0dac with delete_type TABLET_DATA_TOMBSTONED (TS 583c396030da4c0694473893fc64b754 not found in new config with opid_index 4) from {username='slave'} at 127.0.0.1:33808
I20260710 11:10:19.062634 29677 tablet_replica.cc:333] T cbd466a535a14136901828c8e02c0dac P 583c396030da4c0694473893fc64b754: stopping tablet replica
I20260710 11:10:19.063596 29677 raft_consensus.cc:2243] T cbd466a535a14136901828c8e02c0dac P 583c396030da4c0694473893fc64b754 [term 1 FOLLOWER]: Raft consensus shutting down.
I20260710 11:10:19.064175 29221 tablet_service.cc:1558] Processing DeleteTablet for tablet 3e0b84ca22834eaca6fa36e430807daa with delete_type TABLET_DATA_TOMBSTONED (TS 22879e5db8cf441da9cb1b973f564a55 not found in new config with opid_index 4) from {username='slave'} at 127.0.0.1:51332
I20260710 11:10:19.064254 29677 raft_consensus.cc:2272] T cbd466a535a14136901828c8e02c0dac P 583c396030da4c0694473893fc64b754 [term 1 FOLLOWER]: Raft consensus is shut down!
I20260710 11:10:19.066217 28982 catalog_manager.cc:5697] T 1bb7f43096cb4969a5f48ef304c873fb P 583c396030da4c0694473893fc64b754 reported cstate change: config changed from index 3 to 4, VOTER 22879e5db8cf441da9cb1b973f564a55 (127.27.83.67) evicted. New cstate: current_term: 1 leader_uuid: "583c396030da4c0694473893fc64b754" committed_config { opid_index: 4 OBSOLETE_local: false peers { permanent_uuid: "3d304435da074c43a78fa07ce4d1e3d1" member_type: VOTER last_known_addr { host: "127.27.83.65" port: 38325 } health_report { overall_health: HEALTHY } } peers { permanent_uuid: "583c396030da4c0694473893fc64b754" member_type: VOTER last_known_addr { host: "127.27.83.66" port: 38087 } health_report { overall_health: HEALTHY } } peers { permanent_uuid: "1f991df8bb06456db05ec57efc03b43b" member_type: VOTER last_known_addr { host: "127.27.83.68" port: 46655 } attrs { promote: false } health_report { overall_health: HEALTHY } } }
I20260710 11:10:19.067968 29677 ts_tablet_manager.cc:1916] T cbd466a535a14136901828c8e02c0dac P 583c396030da4c0694473893fc64b754: Deleting tablet data with delete state TABLET_DATA_TOMBSTONED
I20260710 11:10:19.072268 29678 tablet_replica.cc:333] T 3e0b84ca22834eaca6fa36e430807daa P 22879e5db8cf441da9cb1b973f564a55: stopping tablet replica
I20260710 11:10:19.075148 29678 raft_consensus.cc:2243] T 3e0b84ca22834eaca6fa36e430807daa P 22879e5db8cf441da9cb1b973f564a55 [term 1 FOLLOWER]: Raft consensus shutting down.
I20260710 11:10:19.076462 29221 tablet_service.cc:1558] Processing DeleteTablet for tablet 1bb7f43096cb4969a5f48ef304c873fb with delete_type TABLET_DATA_TOMBSTONED (TS 22879e5db8cf441da9cb1b973f564a55 not found in new config with opid_index 4) from {username='slave'} at 127.0.0.1:51332
I20260710 11:10:19.080075 29678 raft_consensus.cc:2272] T 3e0b84ca22834eaca6fa36e430807daa P 22879e5db8cf441da9cb1b973f564a55 [term 1 FOLLOWER]: Raft consensus is shut down!
I20260710 11:10:19.083957 29678 ts_tablet_manager.cc:1916] T 3e0b84ca22834eaca6fa36e430807daa P 22879e5db8cf441da9cb1b973f564a55: Deleting tablet data with delete state TABLET_DATA_TOMBSTONED
I20260710 11:10:19.088932 29677 ts_tablet_manager.cc:1929] T cbd466a535a14136901828c8e02c0dac P 583c396030da4c0694473893fc64b754: tablet deleted with delete type TABLET_DATA_TOMBSTONED: last-logged OpId 1.3
I20260710 11:10:19.089278 29677 log.cc:1199] T cbd466a535a14136901828c8e02c0dac P 583c396030da4c0694473893fc64b754: Deleting WAL directory at /tmp/dist-test-taskprhwoV/test-tmp/auto_leader_rebalancer-test.0.LeaderRebalancerTest.AddTserver.1783681779726676-27981-0/minicluster-data/ts-1-root/wals/cbd466a535a14136901828c8e02c0dac
I20260710 11:10:19.090446 28968 catalog_manager.cc:5028] TS 583c396030da4c0694473893fc64b754 (127.27.83.66:38087): tablet cbd466a535a14136901828c8e02c0dac (table test-workload [id=292b882e091f425da44746ac59eff6d1]) successfully deleted
I20260710 11:10:19.096371 29678 ts_tablet_manager.cc:1929] T 3e0b84ca22834eaca6fa36e430807daa P 22879e5db8cf441da9cb1b973f564a55: tablet deleted with delete type TABLET_DATA_TOMBSTONED: last-logged OpId 1.3
I20260710 11:10:19.096716 29678 log.cc:1199] T 3e0b84ca22834eaca6fa36e430807daa P 22879e5db8cf441da9cb1b973f564a55: Deleting WAL directory at /tmp/dist-test-taskprhwoV/test-tmp/auto_leader_rebalancer-test.0.LeaderRebalancerTest.AddTserver.1783681779726676-27981-0/minicluster-data/ts-2-root/wals/3e0b84ca22834eaca6fa36e430807daa
I20260710 11:10:19.098042 29678 tablet_replica.cc:333] T 1bb7f43096cb4969a5f48ef304c873fb P 22879e5db8cf441da9cb1b973f564a55: stopping tablet replica
I20260710 11:10:19.097988 28969 catalog_manager.cc:5028] TS 22879e5db8cf441da9cb1b973f564a55 (127.27.83.67:39645): tablet 3e0b84ca22834eaca6fa36e430807daa (table test-workload [id=292b882e091f425da44746ac59eff6d1]) successfully deleted
I20260710 11:10:19.098902 29678 raft_consensus.cc:2243] T 1bb7f43096cb4969a5f48ef304c873fb P 22879e5db8cf441da9cb1b973f564a55 [term 1 FOLLOWER]: Raft consensus shutting down.
I20260710 11:10:19.099521 29678 raft_consensus.cc:2272] T 1bb7f43096cb4969a5f48ef304c873fb P 22879e5db8cf441da9cb1b973f564a55 [term 1 FOLLOWER]: Raft consensus is shut down!
I20260710 11:10:19.101692 29678 ts_tablet_manager.cc:1916] T 1bb7f43096cb4969a5f48ef304c873fb P 22879e5db8cf441da9cb1b973f564a55: Deleting tablet data with delete state TABLET_DATA_TOMBSTONED
I20260710 11:10:19.111809 29678 ts_tablet_manager.cc:1929] T 1bb7f43096cb4969a5f48ef304c873fb P 22879e5db8cf441da9cb1b973f564a55: tablet deleted with delete type TABLET_DATA_TOMBSTONED: last-logged OpId 1.3
I20260710 11:10:19.112115 29678 log.cc:1199] T 1bb7f43096cb4969a5f48ef304c873fb P 22879e5db8cf441da9cb1b973f564a55: Deleting WAL directory at /tmp/dist-test-taskprhwoV/test-tmp/auto_leader_rebalancer-test.0.LeaderRebalancerTest.AddTserver.1783681779726676-27981-0/minicluster-data/ts-2-root/wals/1bb7f43096cb4969a5f48ef304c873fb
I20260710 11:10:19.113281 28969 catalog_manager.cc:5028] TS 22879e5db8cf441da9cb1b973f564a55 (127.27.83.67:39645): tablet 1bb7f43096cb4969a5f48ef304c873fb (table test-workload [id=292b882e091f425da44746ac59eff6d1]) successfully deleted
I20260710 11:10:20.111263 29234 consensus_queue.cc:237] T 25f43ccdce41475cb867201ee27829d5 P 22879e5db8cf441da9cb1b973f564a55 [LEADER]: Queue going to LEADER mode. State: All replicated index: 0, Majority replicated index: 1, Committed index: 1, Last appended: 1.1, Last appended by leader: 0, Current term: 1, Majority size: 2, State: 0, Mode: LEADER, active raft config: opid_index: 2 OBSOLETE_local: false peers { permanent_uuid: "3d304435da074c43a78fa07ce4d1e3d1" member_type: VOTER last_known_addr { host: "127.27.83.65" port: 38325 } attrs { replace: true } } peers { permanent_uuid: "583c396030da4c0694473893fc64b754" member_type: VOTER last_known_addr { host: "127.27.83.66" port: 38087 } } peers { permanent_uuid: "22879e5db8cf441da9cb1b973f564a55" member_type: VOTER last_known_addr { host: "127.27.83.67" port: 39645 } } peers { permanent_uuid: "1f991df8bb06456db05ec57efc03b43b" member_type: NON_VOTER last_known_addr { host: "127.27.83.68" port: 46655 } attrs { promote: true } }
W20260710 11:10:20.117393 29200 consensus_peers.cc:597] T 25f43ccdce41475cb867201ee27829d5 P 22879e5db8cf441da9cb1b973f564a55 -> Peer 1f991df8bb06456db05ec57efc03b43b (127.27.83.68:46655): Couldn't send request to peer 1f991df8bb06456db05ec57efc03b43b. Error code: TABLET_NOT_FOUND (6). Status: Not found: Tablet not found: 25f43ccdce41475cb867201ee27829d5. This is attempt 1: this message will repeat every 5th retry.
I20260710 11:10:20.117772 29157 raft_consensus.cc:1275] T 25f43ccdce41475cb867201ee27829d5 P 583c396030da4c0694473893fc64b754 [term 1 FOLLOWER]: Refusing update from remote peer 22879e5db8cf441da9cb1b973f564a55: Log matching property violated. Preceding OpId in replica: term: 1 index: 1. Preceding OpId from leader: term: 1 index: 2. (index mismatch)
I20260710 11:10:20.118790 29084 raft_consensus.cc:1275] T 25f43ccdce41475cb867201ee27829d5 P 3d304435da074c43a78fa07ce4d1e3d1 [term 1 FOLLOWER]: Refusing update from remote peer 22879e5db8cf441da9cb1b973f564a55: Log matching property violated. Preceding OpId in replica: term: 1 index: 1. Preceding OpId from leader: term: 1 index: 2. (index mismatch)
I20260710 11:10:20.118850 29682 consensus_queue.cc:1048] T 25f43ccdce41475cb867201ee27829d5 P 22879e5db8cf441da9cb1b973f564a55 [LEADER]: Connected to new peer: Peer: permanent_uuid: "583c396030da4c0694473893fc64b754" member_type: VOTER last_known_addr { host: "127.27.83.66" port: 38087 }, Status: LMP_MISMATCH, Last received: 0.0, Next index: 2, Last known committed idx: 1, Time since last communication: 0.000s
I20260710 11:10:20.120589 29651 consensus_queue.cc:1048] T 25f43ccdce41475cb867201ee27829d5 P 22879e5db8cf441da9cb1b973f564a55 [LEADER]: Connected to new peer: Peer: permanent_uuid: "3d304435da074c43a78fa07ce4d1e3d1" member_type: VOTER last_known_addr { host: "127.27.83.65" port: 38325 } attrs { replace: true }, Status: LMP_MISMATCH, Last received: 0.0, Next index: 2, Last known committed idx: 1, Time since last communication: 0.000s
I20260710 11:10:20.125905 29651 raft_consensus.cc:2955] T 25f43ccdce41475cb867201ee27829d5 P 22879e5db8cf441da9cb1b973f564a55 [term 1 LEADER]: Committing config change with OpId 1.2: config changed from index -1 to 2, NON_VOTER 1f991df8bb06456db05ec57efc03b43b (127.27.83.68) added. New config: { opid_index: 2 OBSOLETE_local: false peers { permanent_uuid: "3d304435da074c43a78fa07ce4d1e3d1" member_type: VOTER last_known_addr { host: "127.27.83.65" port: 38325 } attrs { replace: true } } peers { permanent_uuid: "583c396030da4c0694473893fc64b754" member_type: VOTER last_known_addr { host: "127.27.83.66" port: 38087 } } peers { permanent_uuid: "22879e5db8cf441da9cb1b973f564a55" member_type: VOTER last_known_addr { host: "127.27.83.67" port: 39645 } } peers { permanent_uuid: "1f991df8bb06456db05ec57efc03b43b" member_type: NON_VOTER last_known_addr { host: "127.27.83.68" port: 46655 } attrs { promote: true } } }
I20260710 11:10:20.127496 29157 raft_consensus.cc:2955] T 25f43ccdce41475cb867201ee27829d5 P 583c396030da4c0694473893fc64b754 [term 1 FOLLOWER]: Committing config change with OpId 1.2: config changed from index -1 to 2, NON_VOTER 1f991df8bb06456db05ec57efc03b43b (127.27.83.68) added. New config: { opid_index: 2 OBSOLETE_local: false peers { permanent_uuid: "3d304435da074c43a78fa07ce4d1e3d1" member_type: VOTER last_known_addr { host: "127.27.83.65" port: 38325 } attrs { replace: true } } peers { permanent_uuid: "583c396030da4c0694473893fc64b754" member_type: VOTER last_known_addr { host: "127.27.83.66" port: 38087 } } peers { permanent_uuid: "22879e5db8cf441da9cb1b973f564a55" member_type: VOTER last_known_addr { host: "127.27.83.67" port: 39645 } } peers { permanent_uuid: "1f991df8bb06456db05ec57efc03b43b" member_type: NON_VOTER last_known_addr { host: "127.27.83.68" port: 46655 } attrs { promote: true } } }
I20260710 11:10:20.129880 29083 raft_consensus.cc:2955] T 25f43ccdce41475cb867201ee27829d5 P 3d304435da074c43a78fa07ce4d1e3d1 [term 1 FOLLOWER]: Committing config change with OpId 1.2: config changed from index -1 to 2, NON_VOTER 1f991df8bb06456db05ec57efc03b43b (127.27.83.68) added. New config: { opid_index: 2 OBSOLETE_local: false peers { permanent_uuid: "3d304435da074c43a78fa07ce4d1e3d1" member_type: VOTER last_known_addr { host: "127.27.83.65" port: 38325 } attrs { replace: true } } peers { permanent_uuid: "583c396030da4c0694473893fc64b754" member_type: VOTER last_known_addr { host: "127.27.83.66" port: 38087 } } peers { permanent_uuid: "22879e5db8cf441da9cb1b973f564a55" member_type: VOTER last_known_addr { host: "127.27.83.67" port: 39645 } } peers { permanent_uuid: "1f991df8bb06456db05ec57efc03b43b" member_type: NON_VOTER last_known_addr { host: "127.27.83.68" port: 46655 } attrs { promote: true } } }
I20260710 11:10:20.142277 29083 consensus_queue.cc:237] T 361169bd10a043d2ace1509449bae43b P 3d304435da074c43a78fa07ce4d1e3d1 [LEADER]: Queue going to LEADER mode. State: All replicated index: 0, Majority replicated index: 1, Committed index: 1, Last appended: 1.1, Last appended by leader: 0, Current term: 1, Majority size: 2, State: 0, Mode: LEADER, active raft config: opid_index: 2 OBSOLETE_local: false peers { permanent_uuid: "3d304435da074c43a78fa07ce4d1e3d1" member_type: VOTER last_known_addr { host: "127.27.83.65" port: 38325 } } peers { permanent_uuid: "583c396030da4c0694473893fc64b754" member_type: VOTER last_known_addr { host: "127.27.83.66" port: 38087 } } peers { permanent_uuid: "22879e5db8cf441da9cb1b973f564a55" member_type: VOTER last_known_addr { host: "127.27.83.67" port: 39645 } attrs { replace: true } } peers { permanent_uuid: "1f991df8bb06456db05ec57efc03b43b" member_type: NON_VOTER last_known_addr { host: "127.27.83.68" port: 46655 } attrs { promote: true } }
I20260710 11:10:20.141412 28982 catalog_manager.cc:5697] T 25f43ccdce41475cb867201ee27829d5 P 583c396030da4c0694473893fc64b754 reported cstate change: config changed from index -1 to 2, NON_VOTER 1f991df8bb06456db05ec57efc03b43b (127.27.83.68) added. New cstate: current_term: 1 leader_uuid: "22879e5db8cf441da9cb1b973f564a55" committed_config { opid_index: 2 OBSOLETE_local: false peers { permanent_uuid: "3d304435da074c43a78fa07ce4d1e3d1" member_type: VOTER last_known_addr { host: "127.27.83.65" port: 38325 } attrs { replace: true } } peers { permanent_uuid: "583c396030da4c0694473893fc64b754" member_type: VOTER last_known_addr { host: "127.27.83.66" port: 38087 } } peers { permanent_uuid: "22879e5db8cf441da9cb1b973f564a55" member_type: VOTER last_known_addr { host: "127.27.83.67" port: 39645 } } peers { permanent_uuid: "1f991df8bb06456db05ec57efc03b43b" member_type: NON_VOTER last_known_addr { host: "127.27.83.68" port: 46655 } attrs { promote: true } } }
I20260710 11:10:20.151257 29234 raft_consensus.cc:1275] T 361169bd10a043d2ace1509449bae43b P 22879e5db8cf441da9cb1b973f564a55 [term 1 FOLLOWER]: Refusing update from remote peer 3d304435da074c43a78fa07ce4d1e3d1: Log matching property violated. Preceding OpId in replica: term: 1 index: 1. Preceding OpId from leader: term: 1 index: 2. (index mismatch)
I20260710 11:10:20.152988 29621 consensus_queue.cc:1048] T 361169bd10a043d2ace1509449bae43b P 3d304435da074c43a78fa07ce4d1e3d1 [LEADER]: Connected to new peer: Peer: permanent_uuid: "22879e5db8cf441da9cb1b973f564a55" member_type: VOTER last_known_addr { host: "127.27.83.67" port: 39645 } attrs { replace: true }, Status: LMP_MISMATCH, Last received: 0.0, Next index: 2, Last known committed idx: 1, Time since last communication: 0.001s
W20260710 11:10:20.153625 29051 consensus_peers.cc:597] T 361169bd10a043d2ace1509449bae43b P 3d304435da074c43a78fa07ce4d1e3d1 -> Peer 1f991df8bb06456db05ec57efc03b43b (127.27.83.68:46655): Couldn't send request to peer 1f991df8bb06456db05ec57efc03b43b. Error code: TABLET_NOT_FOUND (6). Status: Not found: Tablet not found: 361169bd10a043d2ace1509449bae43b. This is attempt 1: this message will repeat every 5th retry.
I20260710 11:10:20.158634 29157 raft_consensus.cc:1275] T 361169bd10a043d2ace1509449bae43b P 583c396030da4c0694473893fc64b754 [term 1 FOLLOWER]: Refusing update from remote peer 3d304435da074c43a78fa07ce4d1e3d1: Log matching property violated. Preceding OpId in replica: term: 1 index: 1. Preceding OpId from leader: term: 1 index: 2. (index mismatch)
I20260710 11:10:20.160123 29689 consensus_queue.cc:1048] T 361169bd10a043d2ace1509449bae43b P 3d304435da074c43a78fa07ce4d1e3d1 [LEADER]: Connected to new peer: Peer: permanent_uuid: "583c396030da4c0694473893fc64b754" member_type: VOTER last_known_addr { host: "127.27.83.66" port: 38087 }, Status: LMP_MISMATCH, Last received: 0.0, Next index: 2, Last known committed idx: 1, Time since last communication: 0.000s
I20260710 11:10:20.162154 29689 raft_consensus.cc:2955] T 361169bd10a043d2ace1509449bae43b P 3d304435da074c43a78fa07ce4d1e3d1 [term 1 LEADER]: Committing config change with OpId 1.2: config changed from index -1 to 2, NON_VOTER 1f991df8bb06456db05ec57efc03b43b (127.27.83.68) added. New config: { opid_index: 2 OBSOLETE_local: false peers { permanent_uuid: "3d304435da074c43a78fa07ce4d1e3d1" member_type: VOTER last_known_addr { host: "127.27.83.65" port: 38325 } } peers { permanent_uuid: "583c396030da4c0694473893fc64b754" member_type: VOTER last_known_addr { host: "127.27.83.66" port: 38087 } } peers { permanent_uuid: "22879e5db8cf441da9cb1b973f564a55" member_type: VOTER last_known_addr { host: "127.27.83.67" port: 39645 } attrs { replace: true } } peers { permanent_uuid: "1f991df8bb06456db05ec57efc03b43b" member_type: NON_VOTER last_known_addr { host: "127.27.83.68" port: 46655 } attrs { promote: true } } }
I20260710 11:10:20.164441 29234 raft_consensus.cc:2955] T 361169bd10a043d2ace1509449bae43b P 22879e5db8cf441da9cb1b973f564a55 [term 1 FOLLOWER]: Committing config change with OpId 1.2: config changed from index -1 to 2, NON_VOTER 1f991df8bb06456db05ec57efc03b43b (127.27.83.68) added. New config: { opid_index: 2 OBSOLETE_local: false peers { permanent_uuid: "3d304435da074c43a78fa07ce4d1e3d1" member_type: VOTER last_known_addr { host: "127.27.83.65" port: 38325 } } peers { permanent_uuid: "583c396030da4c0694473893fc64b754" member_type: VOTER last_known_addr { host: "127.27.83.66" port: 38087 } } peers { permanent_uuid: "22879e5db8cf441da9cb1b973f564a55" member_type: VOTER last_known_addr { host: "127.27.83.67" port: 39645 } attrs { replace: true } } peers { permanent_uuid: "1f991df8bb06456db05ec57efc03b43b" member_type: NON_VOTER last_known_addr { host: "127.27.83.68" port: 46655 } attrs { promote: true } } }
I20260710 11:10:20.182348 29159 consensus_queue.cc:237] T 71435cb558684eedb236735328623d9c P 583c396030da4c0694473893fc64b754 [LEADER]: Queue going to LEADER mode. State: All replicated index: 0, Majority replicated index: 1, Committed index: 1, Last appended: 1.1, Last appended by leader: 0, Current term: 1, Majority size: 2, State: 0, Mode: LEADER, active raft config: opid_index: 2 OBSOLETE_local: false peers { permanent_uuid: "3d304435da074c43a78fa07ce4d1e3d1" member_type: VOTER last_known_addr { host: "127.27.83.65" port: 38325 } attrs { replace: true } } peers { permanent_uuid: "583c396030da4c0694473893fc64b754" member_type: VOTER last_known_addr { host: "127.27.83.66" port: 38087 } } peers { permanent_uuid: "22879e5db8cf441da9cb1b973f564a55" member_type: VOTER last_known_addr { host: "127.27.83.67" port: 39645 } } peers { permanent_uuid: "1f991df8bb06456db05ec57efc03b43b" member_type: NON_VOTER last_known_addr { host: "127.27.83.68" port: 46655 } attrs { promote: true } }
I20260710 11:10:20.183686 28980 catalog_manager.cc:5697] T 361169bd10a043d2ace1509449bae43b P 22879e5db8cf441da9cb1b973f564a55 reported cstate change: config changed from index -1 to 2, NON_VOTER 1f991df8bb06456db05ec57efc03b43b (127.27.83.68) added. New cstate: current_term: 1 leader_uuid: "3d304435da074c43a78fa07ce4d1e3d1" committed_config { opid_index: 2 OBSOLETE_local: false peers { permanent_uuid: "3d304435da074c43a78fa07ce4d1e3d1" member_type: VOTER last_known_addr { host: "127.27.83.65" port: 38325 } } peers { permanent_uuid: "583c396030da4c0694473893fc64b754" member_type: VOTER last_known_addr { host: "127.27.83.66" port: 38087 } } peers { permanent_uuid: "22879e5db8cf441da9cb1b973f564a55" member_type: VOTER last_known_addr { host: "127.27.83.67" port: 39645 } attrs { replace: true } } peers { permanent_uuid: "1f991df8bb06456db05ec57efc03b43b" member_type: NON_VOTER last_known_addr { host: "127.27.83.68" port: 46655 } attrs { promote: true } } }
I20260710 11:10:20.189390 29158 raft_consensus.cc:2955] T 361169bd10a043d2ace1509449bae43b P 583c396030da4c0694473893fc64b754 [term 1 FOLLOWER]: Committing config change with OpId 1.2: config changed from index -1 to 2, NON_VOTER 1f991df8bb06456db05ec57efc03b43b (127.27.83.68) added. New config: { opid_index: 2 OBSOLETE_local: false peers { permanent_uuid: "3d304435da074c43a78fa07ce4d1e3d1" member_type: VOTER last_known_addr { host: "127.27.83.65" port: 38325 } } peers { permanent_uuid: "583c396030da4c0694473893fc64b754" member_type: VOTER last_known_addr { host: "127.27.83.66" port: 38087 } } peers { permanent_uuid: "22879e5db8cf441da9cb1b973f564a55" member_type: VOTER last_known_addr { host: "127.27.83.67" port: 39645 } attrs { replace: true } } peers { permanent_uuid: "1f991df8bb06456db05ec57efc03b43b" member_type: NON_VOTER last_known_addr { host: "127.27.83.68" port: 46655 } attrs { promote: true } } }
I20260710 11:10:20.205523 29234 raft_consensus.cc:1275] T 71435cb558684eedb236735328623d9c P 22879e5db8cf441da9cb1b973f564a55 [term 1 FOLLOWER]: Refusing update from remote peer 583c396030da4c0694473893fc64b754: Log matching property violated. Preceding OpId in replica: term: 1 index: 1. Preceding OpId from leader: term: 1 index: 2. (index mismatch)
I20260710 11:10:20.205983 29083 raft_consensus.cc:1275] T 71435cb558684eedb236735328623d9c P 3d304435da074c43a78fa07ce4d1e3d1 [term 1 FOLLOWER]: Refusing update from remote peer 583c396030da4c0694473893fc64b754: Log matching property violated. Preceding OpId in replica: term: 1 index: 1. Preceding OpId from leader: term: 1 index: 2. (index mismatch)
W20260710 11:10:20.206692 29126 consensus_peers.cc:597] T 71435cb558684eedb236735328623d9c P 583c396030da4c0694473893fc64b754 -> Peer 1f991df8bb06456db05ec57efc03b43b (127.27.83.68:46655): Couldn't send request to peer 1f991df8bb06456db05ec57efc03b43b. Error code: TABLET_NOT_FOUND (6). Status: Not found: Tablet not found: 71435cb558684eedb236735328623d9c. This is attempt 1: this message will repeat every 5th retry.
I20260710 11:10:20.206857 29649 consensus_queue.cc:1048] T 71435cb558684eedb236735328623d9c P 583c396030da4c0694473893fc64b754 [LEADER]: Connected to new peer: Peer: permanent_uuid: "22879e5db8cf441da9cb1b973f564a55" member_type: VOTER last_known_addr { host: "127.27.83.67" port: 39645 }, Status: LMP_MISMATCH, Last received: 0.0, Next index: 2, Last known committed idx: 1, Time since last communication: 0.000s
I20260710 11:10:20.207643 29680 consensus_queue.cc:1048] T 71435cb558684eedb236735328623d9c P 583c396030da4c0694473893fc64b754 [LEADER]: Connected to new peer: Peer: permanent_uuid: "3d304435da074c43a78fa07ce4d1e3d1" member_type: VOTER last_known_addr { host: "127.27.83.65" port: 38325 } attrs { replace: true }, Status: LMP_MISMATCH, Last received: 0.0, Next index: 2, Last known committed idx: 1, Time since last communication: 0.000s
I20260710 11:10:20.215521 29680 raft_consensus.cc:2955] T 71435cb558684eedb236735328623d9c P 583c396030da4c0694473893fc64b754 [term 1 LEADER]: Committing config change with OpId 1.2: config changed from index -1 to 2, NON_VOTER 1f991df8bb06456db05ec57efc03b43b (127.27.83.68) added. New config: { opid_index: 2 OBSOLETE_local: false peers { permanent_uuid: "3d304435da074c43a78fa07ce4d1e3d1" member_type: VOTER last_known_addr { host: "127.27.83.65" port: 38325 } attrs { replace: true } } peers { permanent_uuid: "583c396030da4c0694473893fc64b754" member_type: VOTER last_known_addr { host: "127.27.83.66" port: 38087 } } peers { permanent_uuid: "22879e5db8cf441da9cb1b973f564a55" member_type: VOTER last_known_addr { host: "127.27.83.67" port: 39645 } } peers { permanent_uuid: "1f991df8bb06456db05ec57efc03b43b" member_type: NON_VOTER last_known_addr { host: "127.27.83.68" port: 46655 } attrs { promote: true } } }
I20260710 11:10:20.217172 29083 raft_consensus.cc:2955] T 71435cb558684eedb236735328623d9c P 3d304435da074c43a78fa07ce4d1e3d1 [term 1 FOLLOWER]: Committing config change with OpId 1.2: config changed from index -1 to 2, NON_VOTER 1f991df8bb06456db05ec57efc03b43b (127.27.83.68) added. New config: { opid_index: 2 OBSOLETE_local: false peers { permanent_uuid: "3d304435da074c43a78fa07ce4d1e3d1" member_type: VOTER last_known_addr { host: "127.27.83.65" port: 38325 } attrs { replace: true } } peers { permanent_uuid: "583c396030da4c0694473893fc64b754" member_type: VOTER last_known_addr { host: "127.27.83.66" port: 38087 } } peers { permanent_uuid: "22879e5db8cf441da9cb1b973f564a55" member_type: VOTER last_known_addr { host: "127.27.83.67" port: 39645 } } peers { permanent_uuid: "1f991df8bb06456db05ec57efc03b43b" member_type: NON_VOTER last_known_addr { host: "127.27.83.68" port: 46655 } attrs { promote: true } } }
I20260710 11:10:20.218775 29234 raft_consensus.cc:2955] T 71435cb558684eedb236735328623d9c P 22879e5db8cf441da9cb1b973f564a55 [term 1 FOLLOWER]: Committing config change with OpId 1.2: config changed from index -1 to 2, NON_VOTER 1f991df8bb06456db05ec57efc03b43b (127.27.83.68) added. New config: { opid_index: 2 OBSOLETE_local: false peers { permanent_uuid: "3d304435da074c43a78fa07ce4d1e3d1" member_type: VOTER last_known_addr { host: "127.27.83.65" port: 38325 } attrs { replace: true } } peers { permanent_uuid: "583c396030da4c0694473893fc64b754" member_type: VOTER last_known_addr { host: "127.27.83.66" port: 38087 } } peers { permanent_uuid: "22879e5db8cf441da9cb1b973f564a55" member_type: VOTER last_known_addr { host: "127.27.83.67" port: 39645 } } peers { permanent_uuid: "1f991df8bb06456db05ec57efc03b43b" member_type: NON_VOTER last_known_addr { host: "127.27.83.68" port: 46655 } attrs { promote: true } } }
I20260710 11:10:20.235029 28981 catalog_manager.cc:5697] T 71435cb558684eedb236735328623d9c P 3d304435da074c43a78fa07ce4d1e3d1 reported cstate change: config changed from index -1 to 2, NON_VOTER 1f991df8bb06456db05ec57efc03b43b (127.27.83.68) added. New cstate: current_term: 1 leader_uuid: "583c396030da4c0694473893fc64b754" committed_config { opid_index: 2 OBSOLETE_local: false peers { permanent_uuid: "3d304435da074c43a78fa07ce4d1e3d1" member_type: VOTER last_known_addr { host: "127.27.83.65" port: 38325 } attrs { replace: true } } peers { permanent_uuid: "583c396030da4c0694473893fc64b754" member_type: VOTER last_known_addr { host: "127.27.83.66" port: 38087 } } peers { permanent_uuid: "22879e5db8cf441da9cb1b973f564a55" member_type: VOTER last_known_addr { host: "127.27.83.67" port: 39645 } } peers { permanent_uuid: "1f991df8bb06456db05ec57efc03b43b" member_type: NON_VOTER last_known_addr { host: "127.27.83.68" port: 46655 } attrs { promote: true } } }
I20260710 11:10:20.241837 29083 consensus_queue.cc:237] T 6e4a679515034d318e5610dc82287f5b P 3d304435da074c43a78fa07ce4d1e3d1 [LEADER]: Queue going to LEADER mode. State: All replicated index: 0, Majority replicated index: 1, Committed index: 1, Last appended: 1.1, Last appended by leader: 0, Current term: 1, Majority size: 2, State: 0, Mode: LEADER, active raft config: opid_index: 2 OBSOLETE_local: false peers { permanent_uuid: "3d304435da074c43a78fa07ce4d1e3d1" member_type: VOTER last_known_addr { host: "127.27.83.65" port: 38325 } } peers { permanent_uuid: "583c396030da4c0694473893fc64b754" member_type: VOTER last_known_addr { host: "127.27.83.66" port: 38087 } attrs { replace: true } } peers { permanent_uuid: "22879e5db8cf441da9cb1b973f564a55" member_type: VOTER last_known_addr { host: "127.27.83.67" port: 39645 } } peers { permanent_uuid: "1f991df8bb06456db05ec57efc03b43b" member_type: NON_VOTER last_known_addr { host: "127.27.83.68" port: 46655 } attrs { promote: true } }
I20260710 11:10:20.299360 29234 raft_consensus.cc:1275] T 6e4a679515034d318e5610dc82287f5b P 22879e5db8cf441da9cb1b973f564a55 [term 1 FOLLOWER]: Refusing update from remote peer 3d304435da074c43a78fa07ce4d1e3d1: Log matching property violated. Preceding OpId in replica: term: 1 index: 1. Preceding OpId from leader: term: 1 index: 2. (index mismatch)
W20260710 11:10:20.299785 29051 consensus_peers.cc:597] T 6e4a679515034d318e5610dc82287f5b P 3d304435da074c43a78fa07ce4d1e3d1 -> Peer 1f991df8bb06456db05ec57efc03b43b (127.27.83.68:46655): Couldn't send request to peer 1f991df8bb06456db05ec57efc03b43b. Error code: TABLET_NOT_FOUND (6). Status: Not found: Tablet not found: 6e4a679515034d318e5610dc82287f5b. This is attempt 1: this message will repeat every 5th retry.
I20260710 11:10:20.307991 29159 raft_consensus.cc:1275] T 6e4a679515034d318e5610dc82287f5b P 583c396030da4c0694473893fc64b754 [term 1 FOLLOWER]: Refusing update from remote peer 3d304435da074c43a78fa07ce4d1e3d1: Log matching property violated. Preceding OpId in replica: term: 1 index: 1. Preceding OpId from leader: term: 1 index: 2. (index mismatch)
I20260710 11:10:20.310149 29621 consensus_queue.cc:1048] T 6e4a679515034d318e5610dc82287f5b P 3d304435da074c43a78fa07ce4d1e3d1 [LEADER]: Connected to new peer: Peer: permanent_uuid: "583c396030da4c0694473893fc64b754" member_type: VOTER last_known_addr { host: "127.27.83.66" port: 38087 } attrs { replace: true }, Status: LMP_MISMATCH, Last received: 0.0, Next index: 2, Last known committed idx: 1, Time since last communication: 0.001s
I20260710 11:10:20.311794 29689 consensus_queue.cc:1048] T 6e4a679515034d318e5610dc82287f5b P 3d304435da074c43a78fa07ce4d1e3d1 [LEADER]: Connected to new peer: Peer: permanent_uuid: "22879e5db8cf441da9cb1b973f564a55" member_type: VOTER last_known_addr { host: "127.27.83.67" port: 39645 }, Status: LMP_MISMATCH, Last received: 0.0, Next index: 2, Last known committed idx: 1, Time since last communication: 0.000s
I20260710 11:10:20.325109 29689 raft_consensus.cc:2955] T 6e4a679515034d318e5610dc82287f5b P 3d304435da074c43a78fa07ce4d1e3d1 [term 1 LEADER]: Committing config change with OpId 1.2: config changed from index -1 to 2, NON_VOTER 1f991df8bb06456db05ec57efc03b43b (127.27.83.68) added. New config: { opid_index: 2 OBSOLETE_local: false peers { permanent_uuid: "3d304435da074c43a78fa07ce4d1e3d1" member_type: VOTER last_known_addr { host: "127.27.83.65" port: 38325 } } peers { permanent_uuid: "583c396030da4c0694473893fc64b754" member_type: VOTER last_known_addr { host: "127.27.83.66" port: 38087 } attrs { replace: true } } peers { permanent_uuid: "22879e5db8cf441da9cb1b973f564a55" member_type: VOTER last_known_addr { host: "127.27.83.67" port: 39645 } } peers { permanent_uuid: "1f991df8bb06456db05ec57efc03b43b" member_type: NON_VOTER last_known_addr { host: "127.27.83.68" port: 46655 } attrs { promote: true } } }
I20260710 11:10:20.328125 29234 raft_consensus.cc:2955] T 6e4a679515034d318e5610dc82287f5b P 22879e5db8cf441da9cb1b973f564a55 [term 1 FOLLOWER]: Committing config change with OpId 1.2: config changed from index -1 to 2, NON_VOTER 1f991df8bb06456db05ec57efc03b43b (127.27.83.68) added. New config: { opid_index: 2 OBSOLETE_local: false peers { permanent_uuid: "3d304435da074c43a78fa07ce4d1e3d1" member_type: VOTER last_known_addr { host: "127.27.83.65" port: 38325 } } peers { permanent_uuid: "583c396030da4c0694473893fc64b754" member_type: VOTER last_known_addr { host: "127.27.83.66" port: 38087 } attrs { replace: true } } peers { permanent_uuid: "22879e5db8cf441da9cb1b973f564a55" member_type: VOTER last_known_addr { host: "127.27.83.67" port: 39645 } } peers { permanent_uuid: "1f991df8bb06456db05ec57efc03b43b" member_type: NON_VOTER last_known_addr { host: "127.27.83.68" port: 46655 } attrs { promote: true } } }
I20260710 11:10:20.331179 29159 raft_consensus.cc:2955] T 6e4a679515034d318e5610dc82287f5b P 583c396030da4c0694473893fc64b754 [term 1 FOLLOWER]: Committing config change with OpId 1.2: config changed from index -1 to 2, NON_VOTER 1f991df8bb06456db05ec57efc03b43b (127.27.83.68) added. New config: { opid_index: 2 OBSOLETE_local: false peers { permanent_uuid: "3d304435da074c43a78fa07ce4d1e3d1" member_type: VOTER last_known_addr { host: "127.27.83.65" port: 38325 } } peers { permanent_uuid: "583c396030da4c0694473893fc64b754" member_type: VOTER last_known_addr { host: "127.27.83.66" port: 38087 } attrs { replace: true } } peers { permanent_uuid: "22879e5db8cf441da9cb1b973f564a55" member_type: VOTER last_known_addr { host: "127.27.83.67" port: 39645 } } peers { permanent_uuid: "1f991df8bb06456db05ec57efc03b43b" member_type: NON_VOTER last_known_addr { host: "127.27.83.68" port: 46655 } attrs { promote: true } } }
I20260710 11:10:20.346709 28981 catalog_manager.cc:5697] T 6e4a679515034d318e5610dc82287f5b P 22879e5db8cf441da9cb1b973f564a55 reported cstate change: config changed from index -1 to 2, NON_VOTER 1f991df8bb06456db05ec57efc03b43b (127.27.83.68) added. New cstate: current_term: 1 leader_uuid: "3d304435da074c43a78fa07ce4d1e3d1" committed_config { opid_index: 2 OBSOLETE_local: false peers { permanent_uuid: "3d304435da074c43a78fa07ce4d1e3d1" member_type: VOTER last_known_addr { host: "127.27.83.65" port: 38325 } } peers { permanent_uuid: "583c396030da4c0694473893fc64b754" member_type: VOTER last_known_addr { host: "127.27.83.66" port: 38087 } attrs { replace: true } } peers { permanent_uuid: "22879e5db8cf441da9cb1b973f564a55" member_type: VOTER last_known_addr { host: "127.27.83.67" port: 39645 } } peers { permanent_uuid: "1f991df8bb06456db05ec57efc03b43b" member_type: NON_VOTER last_known_addr { host: "127.27.83.68" port: 46655 } attrs { promote: true } } }
I20260710 11:10:20.530320 29704 ts_tablet_manager.cc:933] T 25f43ccdce41475cb867201ee27829d5 P 1f991df8bb06456db05ec57efc03b43b: Initiating tablet copy from peer 22879e5db8cf441da9cb1b973f564a55 (127.27.83.67:39645)
I20260710 11:10:20.532546 29704 tablet_copy_client.cc:323] T 25f43ccdce41475cb867201ee27829d5 P 1f991df8bb06456db05ec57efc03b43b: tablet copy: Beginning tablet copy session from remote peer at address 127.27.83.67:39645
I20260710 11:10:20.534520 29244 tablet_copy_service.cc:140] P 22879e5db8cf441da9cb1b973f564a55: Received BeginTabletCopySession request for tablet 25f43ccdce41475cb867201ee27829d5 from peer 1f991df8bb06456db05ec57efc03b43b ({username='slave'} at 127.0.0.1:56970)
I20260710 11:10:20.535118 29244 tablet_copy_service.cc:161] P 22879e5db8cf441da9cb1b973f564a55: Beginning new tablet copy session on tablet 25f43ccdce41475cb867201ee27829d5 from peer 1f991df8bb06456db05ec57efc03b43b at {username='slave'} at 127.0.0.1:56970: session id = 1f991df8bb06456db05ec57efc03b43b-25f43ccdce41475cb867201ee27829d5
I20260710 11:10:20.543403 29244 tablet_copy_source_session.cc:215] T 25f43ccdce41475cb867201ee27829d5 P 22879e5db8cf441da9cb1b973f564a55: Tablet Copy: opened 0 blocks and 1 log segments
I20260710 11:10:20.546429 29704 data_dirs.cc:400] Could only allocate 1 dirs of requested 3 for tablet 25f43ccdce41475cb867201ee27829d5. 1 dirs total, 0 dirs full, 0 dirs failed
I20260710 11:10:20.559958 29704 tablet_copy_client.cc:806] T 25f43ccdce41475cb867201ee27829d5 P 1f991df8bb06456db05ec57efc03b43b: tablet copy: Starting download of 0 data blocks...
I20260710 11:10:20.560525 29704 tablet_copy_client.cc:670] T 25f43ccdce41475cb867201ee27829d5 P 1f991df8bb06456db05ec57efc03b43b: tablet copy: Starting download of 1 WAL segments...
I20260710 11:10:20.564459 29704 tablet_copy_client.cc:538] T 25f43ccdce41475cb867201ee27829d5 P 1f991df8bb06456db05ec57efc03b43b: tablet copy: Tablet Copy complete. Replacing tablet superblock.
I20260710 11:10:20.570300 29704 tablet_bootstrap.cc:492] T 25f43ccdce41475cb867201ee27829d5 P 1f991df8bb06456db05ec57efc03b43b: Bootstrap starting.
I20260710 11:10:20.588030 29704 tablet_bootstrap.cc:492] T 25f43ccdce41475cb867201ee27829d5 P 1f991df8bb06456db05ec57efc03b43b: Bootstrap replayed 1/1 log segments. Stats: ops{read=2 overwritten=0 applied=2 ignored=0} inserts{seen=0 ignored=0} mutations{seen=0 ignored=0} orphaned_commits=0. Pending: 0 replicates
I20260710 11:10:20.588698 29704 tablet_bootstrap.cc:492] T 25f43ccdce41475cb867201ee27829d5 P 1f991df8bb06456db05ec57efc03b43b: Bootstrap complete.
I20260710 11:10:20.589190 29704 ts_tablet_manager.cc:1403] T 25f43ccdce41475cb867201ee27829d5 P 1f991df8bb06456db05ec57efc03b43b: Time spent bootstrapping tablet: real 0.019s	user 0.014s	sys 0.005s
I20260710 11:10:20.591804 29704 raft_consensus.cc:359] T 25f43ccdce41475cb867201ee27829d5 P 1f991df8bb06456db05ec57efc03b43b [term 1 LEARNER]: Replica starting. Triggering 0 pending ops. Active config: opid_index: 2 OBSOLETE_local: false peers { permanent_uuid: "3d304435da074c43a78fa07ce4d1e3d1" member_type: VOTER last_known_addr { host: "127.27.83.65" port: 38325 } attrs { replace: true } } peers { permanent_uuid: "583c396030da4c0694473893fc64b754" member_type: VOTER last_known_addr { host: "127.27.83.66" port: 38087 } } peers { permanent_uuid: "22879e5db8cf441da9cb1b973f564a55" member_type: VOTER last_known_addr { host: "127.27.83.67" port: 39645 } } peers { permanent_uuid: "1f991df8bb06456db05ec57efc03b43b" member_type: NON_VOTER last_known_addr { host: "127.27.83.68" port: 46655 } attrs { promote: true } }
I20260710 11:10:20.592368 29704 raft_consensus.cc:740] T 25f43ccdce41475cb867201ee27829d5 P 1f991df8bb06456db05ec57efc03b43b [term 1 LEARNER]: Becoming Follower/Learner. State: Replica: 1f991df8bb06456db05ec57efc03b43b, State: Initialized, Role: LEARNER
