I20260710 11:09:53.002774 14206 data_dirs.cc:400] Could only allocate 1 dirs of requested 3 for tablet ba87e6f8bc594c5d8badf1460510f3b3. 1 dirs total, 0 dirs full, 0 dirs failed
I20260710 11:09:53.005362 14205 tablet_service.cc:1511] Processing CreateTablet for tablet a23571bcf4ed48739c8a72356e12ea52 (DEFAULT_TABLE table=test-workload [id=f6dfce95030848fcb156c74239c1d551]), partition=RANGE (key) PARTITION 1503238548 <= VALUES < 1717986912
I20260710 11:09:53.006438 14205 data_dirs.cc:400] Could only allocate 1 dirs of requested 3 for tablet a23571bcf4ed48739c8a72356e12ea52. 1 dirs total, 0 dirs full, 0 dirs failed
I20260710 11:09:53.025365 14411 tablet_bootstrap.cc:492] T f0a483d13a674f648f263150a02c240f P 68d0e2ddc5e642feb2726f91cccf73e0: Bootstrap starting.
I20260710 11:09:53.056432 14280 tablet_service.cc:1511] Processing CreateTablet for tablet 0af0c7131d044e22b301c52a33db6c37 (DEFAULT_TABLE table=test-workload [id=f6dfce95030848fcb156c74239c1d551]), partition=RANGE (key) PARTITION 1717986912 <= VALUES < 1932735276
I20260710 11:09:53.057911 14280 data_dirs.cc:400] Could only allocate 1 dirs of requested 3 for tablet 0af0c7131d044e22b301c52a33db6c37. 1 dirs total, 0 dirs full, 0 dirs failed
I20260710 11:09:53.060609 14287 tablet_service.cc:1511] Processing CreateTablet for tablet 0c0d27fb74864992b2f893979335b78d (DEFAULT_TABLE table=test-workload [id=f6dfce95030848fcb156c74239c1d551]), partition=RANGE (key) PARTITION 1932735276 <= VALUES
I20260710 11:09:53.062007 14287 data_dirs.cc:400] Could only allocate 1 dirs of requested 3 for tablet 0c0d27fb74864992b2f893979335b78d. 1 dirs total, 0 dirs full, 0 dirs failed
I20260710 11:09:53.076720 14204 tablet_service.cc:1511] Processing CreateTablet for tablet 0af0c7131d044e22b301c52a33db6c37 (DEFAULT_TABLE table=test-workload [id=f6dfce95030848fcb156c74239c1d551]), partition=RANGE (key) PARTITION 1717986912 <= VALUES < 1932735276
I20260710 11:09:53.078281 14204 data_dirs.cc:400] Could only allocate 1 dirs of requested 3 for tablet 0af0c7131d044e22b301c52a33db6c37. 1 dirs total, 0 dirs full, 0 dirs failed
I20260710 11:09:53.078281 14412 tablet_bootstrap.cc:492] T 7f956422ab9145ef965f8d8cfc3811f6 P 5652d28d1b564c7daf421c5b73995836: Bootstrap starting.
I20260710 11:09:53.079432 14360 tablet_service.cc:1511] Processing CreateTablet for tablet 0af0c7131d044e22b301c52a33db6c37 (DEFAULT_TABLE table=test-workload [id=f6dfce95030848fcb156c74239c1d551]), partition=RANGE (key) PARTITION 1717986912 <= VALUES < 1932735276
I20260710 11:09:53.082967 14360 data_dirs.cc:400] Could only allocate 1 dirs of requested 3 for tablet 0af0c7131d044e22b301c52a33db6c37. 1 dirs total, 0 dirs full, 0 dirs failed
I20260710 11:09:53.084185 14355 tablet_service.cc:1511] Processing CreateTablet for tablet a23571bcf4ed48739c8a72356e12ea52 (DEFAULT_TABLE table=test-workload [id=f6dfce95030848fcb156c74239c1d551]), partition=RANGE (key) PARTITION 1503238548 <= VALUES < 1717986912
I20260710 11:09:53.085556 14355 data_dirs.cc:400] Could only allocate 1 dirs of requested 3 for tablet a23571bcf4ed48739c8a72356e12ea52. 1 dirs total, 0 dirs full, 0 dirs failed
I20260710 11:09:53.082563 14212 tablet_service.cc:1511] Processing CreateTablet for tablet 0c0d27fb74864992b2f893979335b78d (DEFAULT_TABLE table=test-workload [id=f6dfce95030848fcb156c74239c1d551]), partition=RANGE (key) PARTITION 1932735276 <= VALUES
I20260710 11:09:53.090126 14212 data_dirs.cc:400] Could only allocate 1 dirs of requested 3 for tablet 0c0d27fb74864992b2f893979335b78d. 1 dirs total, 0 dirs full, 0 dirs failed
I20260710 11:09:53.090463 14413 tablet_bootstrap.cc:492] T ece242259b6b467c92923d56565fb1df P 69f67bcfa0fb47fa9519158f90335447: Bootstrap starting.
I20260710 11:09:53.095525 14411 tablet_bootstrap.cc:654] T f0a483d13a674f648f263150a02c240f P 68d0e2ddc5e642feb2726f91cccf73e0: Neither blocks nor log segments found. Creating new log.
I20260710 11:09:53.102815 14413 tablet_bootstrap.cc:654] T ece242259b6b467c92923d56565fb1df P 69f67bcfa0fb47fa9519158f90335447: Neither blocks nor log segments found. Creating new log.
I20260710 11:09:53.107448 14360 tablet_service.cc:1511] Processing CreateTablet for tablet 0c0d27fb74864992b2f893979335b78d (DEFAULT_TABLE table=test-workload [id=f6dfce95030848fcb156c74239c1d551]), partition=RANGE (key) PARTITION 1932735276 <= VALUES
I20260710 11:09:53.108848 14360 data_dirs.cc:400] Could only allocate 1 dirs of requested 3 for tablet 0c0d27fb74864992b2f893979335b78d. 1 dirs total, 0 dirs full, 0 dirs failed
I20260710 11:09:53.118136 14413 tablet_bootstrap.cc:492] T ece242259b6b467c92923d56565fb1df P 69f67bcfa0fb47fa9519158f90335447: No bootstrap required, opened a new log
I20260710 11:09:53.123689 14413 ts_tablet_manager.cc:1403] T ece242259b6b467c92923d56565fb1df P 69f67bcfa0fb47fa9519158f90335447: Time spent bootstrapping tablet: real 0.033s	user 0.011s	sys 0.003s
I20260710 11:09:53.126544 14411 tablet_bootstrap.cc:492] T f0a483d13a674f648f263150a02c240f P 68d0e2ddc5e642feb2726f91cccf73e0: No bootstrap required, opened a new log
I20260710 11:09:53.127065 14411 ts_tablet_manager.cc:1403] T f0a483d13a674f648f263150a02c240f P 68d0e2ddc5e642feb2726f91cccf73e0: Time spent bootstrapping tablet: real 0.102s	user 0.008s	sys 0.007s
I20260710 11:09:53.129351 14413 raft_consensus.cc:359] T ece242259b6b467c92923d56565fb1df P 69f67bcfa0fb47fa9519158f90335447 [term 0 FOLLOWER]: Replica starting. Triggering 0 pending ops. Active config: opid_index: -1 OBSOLETE_local: false peers { permanent_uuid: "69f67bcfa0fb47fa9519158f90335447" member_type: VOTER last_known_addr { host: "127.13.72.65" port: 34633 } } peers { permanent_uuid: "5652d28d1b564c7daf421c5b73995836" member_type: VOTER last_known_addr { host: "127.13.72.66" port: 34507 } } peers { permanent_uuid: "68d0e2ddc5e642feb2726f91cccf73e0" member_type: VOTER last_known_addr { host: "127.13.72.67" port: 38017 } }
I20260710 11:09:53.130031 14413 raft_consensus.cc:385] T ece242259b6b467c92923d56565fb1df P 69f67bcfa0fb47fa9519158f90335447 [term 0 FOLLOWER]: Consensus starting up: Expiring failure detector timer to make a prompt election more likely
I20260710 11:09:53.130477 14413 raft_consensus.cc:740] T ece242259b6b467c92923d56565fb1df P 69f67bcfa0fb47fa9519158f90335447 [term 0 FOLLOWER]: Becoming Follower/Learner. State: Replica: 69f67bcfa0fb47fa9519158f90335447, State: Initialized, Role: FOLLOWER
I20260710 11:09:53.130009 14411 raft_consensus.cc:359] T f0a483d13a674f648f263150a02c240f P 68d0e2ddc5e642feb2726f91cccf73e0 [term 0 FOLLOWER]: Replica starting. Triggering 0 pending ops. Active config: opid_index: -1 OBSOLETE_local: false peers { permanent_uuid: "69f67bcfa0fb47fa9519158f90335447" member_type: VOTER last_known_addr { host: "127.13.72.65" port: 34633 } } peers { permanent_uuid: "5652d28d1b564c7daf421c5b73995836" member_type: VOTER last_known_addr { host: "127.13.72.66" port: 34507 } } peers { permanent_uuid: "68d0e2ddc5e642feb2726f91cccf73e0" member_type: VOTER last_known_addr { host: "127.13.72.67" port: 38017 } }
I20260710 11:09:53.130932 14411 raft_consensus.cc:385] T f0a483d13a674f648f263150a02c240f P 68d0e2ddc5e642feb2726f91cccf73e0 [term 0 FOLLOWER]: Consensus starting up: Expiring failure detector timer to make a prompt election more likely
I20260710 11:09:53.131455 14411 raft_consensus.cc:740] T f0a483d13a674f648f263150a02c240f P 68d0e2ddc5e642feb2726f91cccf73e0 [term 0 FOLLOWER]: Becoming Follower/Learner. State: Replica: 68d0e2ddc5e642feb2726f91cccf73e0, State: Initialized, Role: FOLLOWER
I20260710 11:09:53.131229 14413 consensus_queue.cc:260] T ece242259b6b467c92923d56565fb1df P 69f67bcfa0fb47fa9519158f90335447 [NON_LEADER]: Queue going to NON_LEADER mode. State: All replicated index: 0, Majority replicated index: 0, Committed index: 0, Last appended: 0.0, Last appended by leader: 0, Current term: 0, Majority size: -1, State: 0, Mode: NON_LEADER, active raft config: opid_index: -1 OBSOLETE_local: false peers { permanent_uuid: "69f67bcfa0fb47fa9519158f90335447" member_type: VOTER last_known_addr { host: "127.13.72.65" port: 34633 } } peers { permanent_uuid: "5652d28d1b564c7daf421c5b73995836" member_type: VOTER last_known_addr { host: "127.13.72.66" port: 34507 } } peers { permanent_uuid: "68d0e2ddc5e642feb2726f91cccf73e0" member_type: VOTER last_known_addr { host: "127.13.72.67" port: 38017 } }
I20260710 11:09:53.132404 14411 consensus_queue.cc:260] T f0a483d13a674f648f263150a02c240f P 68d0e2ddc5e642feb2726f91cccf73e0 [NON_LEADER]: Queue going to NON_LEADER mode. State: All replicated index: 0, Majority replicated index: 0, Committed index: 0, Last appended: 0.0, Last appended by leader: 0, Current term: 0, Majority size: -1, State: 0, Mode: NON_LEADER, active raft config: opid_index: -1 OBSOLETE_local: false peers { permanent_uuid: "69f67bcfa0fb47fa9519158f90335447" member_type: VOTER last_known_addr { host: "127.13.72.65" port: 34633 } } peers { permanent_uuid: "5652d28d1b564c7daf421c5b73995836" member_type: VOTER last_known_addr { host: "127.13.72.66" port: 34507 } } peers { permanent_uuid: "68d0e2ddc5e642feb2726f91cccf73e0" member_type: VOTER last_known_addr { host: "127.13.72.67" port: 38017 } }
I20260710 11:09:53.133294 14412 tablet_bootstrap.cc:654] T 7f956422ab9145ef965f8d8cfc3811f6 P 5652d28d1b564c7daf421c5b73995836: Neither blocks nor log segments found. Creating new log.
I20260710 11:09:53.143352 14412 tablet_bootstrap.cc:492] T 7f956422ab9145ef965f8d8cfc3811f6 P 5652d28d1b564c7daf421c5b73995836: No bootstrap required, opened a new log
I20260710 11:09:53.143841 14412 ts_tablet_manager.cc:1403] T 7f956422ab9145ef965f8d8cfc3811f6 P 5652d28d1b564c7daf421c5b73995836: Time spent bootstrapping tablet: real 0.066s	user 0.011s	sys 0.000s
I20260710 11:09:53.146442 14412 raft_consensus.cc:359] T 7f956422ab9145ef965f8d8cfc3811f6 P 5652d28d1b564c7daf421c5b73995836 [term 0 FOLLOWER]: Replica starting. Triggering 0 pending ops. Active config: opid_index: -1 OBSOLETE_local: false peers { permanent_uuid: "69f67bcfa0fb47fa9519158f90335447" member_type: VOTER last_known_addr { host: "127.13.72.65" port: 34633 } } peers { permanent_uuid: "5652d28d1b564c7daf421c5b73995836" member_type: VOTER last_known_addr { host: "127.13.72.66" port: 34507 } } peers { permanent_uuid: "68d0e2ddc5e642feb2726f91cccf73e0" member_type: VOTER last_known_addr { host: "127.13.72.67" port: 38017 } }
I20260710 11:09:53.146907 14412 raft_consensus.cc:385] T 7f956422ab9145ef965f8d8cfc3811f6 P 5652d28d1b564c7daf421c5b73995836 [term 0 FOLLOWER]: Consensus starting up: Expiring failure detector timer to make a prompt election more likely
I20260710 11:09:53.147094 14412 raft_consensus.cc:740] T 7f956422ab9145ef965f8d8cfc3811f6 P 5652d28d1b564c7daf421c5b73995836 [term 0 FOLLOWER]: Becoming Follower/Learner. State: Replica: 5652d28d1b564c7daf421c5b73995836, State: Initialized, Role: FOLLOWER
I20260710 11:09:53.147691 14412 consensus_queue.cc:260] T 7f956422ab9145ef965f8d8cfc3811f6 P 5652d28d1b564c7daf421c5b73995836 [NON_LEADER]: Queue going to NON_LEADER mode. State: All replicated index: 0, Majority replicated index: 0, Committed index: 0, Last appended: 0.0, Last appended by leader: 0, Current term: 0, Majority size: -1, State: 0, Mode: NON_LEADER, active raft config: opid_index: -1 OBSOLETE_local: false peers { permanent_uuid: "69f67bcfa0fb47fa9519158f90335447" member_type: VOTER last_known_addr { host: "127.13.72.65" port: 34633 } } peers { permanent_uuid: "5652d28d1b564c7daf421c5b73995836" member_type: VOTER last_known_addr { host: "127.13.72.66" port: 34507 } } peers { permanent_uuid: "68d0e2ddc5e642feb2726f91cccf73e0" member_type: VOTER last_known_addr { host: "127.13.72.67" port: 38017 } }
I20260710 11:09:53.149444 14396 heartbeater.cc:499] Master 127.13.72.126:39955 was elected leader, sending a full tablet report...
I20260710 11:09:53.149766 14247 heartbeater.cc:499] Master 127.13.72.126:39955 was elected leader, sending a full tablet report...
I20260710 11:09:53.150164 14411 ts_tablet_manager.cc:1434] T f0a483d13a674f648f263150a02c240f P 68d0e2ddc5e642feb2726f91cccf73e0: Time spent starting tablet: real 0.023s	user 0.011s	sys 0.014s
I20260710 11:09:53.150238 14413 ts_tablet_manager.cc:1434] T ece242259b6b467c92923d56565fb1df P 69f67bcfa0fb47fa9519158f90335447: Time spent starting tablet: real 0.025s	user 0.010s	sys 0.012s
I20260710 11:09:53.151274 14413 tablet_bootstrap.cc:492] T fa5cc19f48d247b9a931d2cff712e5fd P 69f67bcfa0fb47fa9519158f90335447: Bootstrap starting.
I20260710 11:09:53.151278 14411 tablet_bootstrap.cc:492] T ece242259b6b467c92923d56565fb1df P 68d0e2ddc5e642feb2726f91cccf73e0: Bootstrap starting.
I20260710 11:09:53.157968 14411 tablet_bootstrap.cc:654] T ece242259b6b467c92923d56565fb1df P 68d0e2ddc5e642feb2726f91cccf73e0: Neither blocks nor log segments found. Creating new log.
I20260710 11:09:53.157968 14413 tablet_bootstrap.cc:654] T fa5cc19f48d247b9a931d2cff712e5fd P 69f67bcfa0fb47fa9519158f90335447: Neither blocks nor log segments found. Creating new log.
I20260710 11:09:53.158707 14322 heartbeater.cc:499] Master 127.13.72.126:39955 was elected leader, sending a full tablet report...
I20260710 11:09:53.158190 14412 ts_tablet_manager.cc:1434] T 7f956422ab9145ef965f8d8cfc3811f6 P 5652d28d1b564c7daf421c5b73995836: Time spent starting tablet: real 0.014s	user 0.010s	sys 0.000s
I20260710 11:09:53.164155 14412 tablet_bootstrap.cc:492] T 93b23fc364074c05ac865aea8ce91a09 P 5652d28d1b564c7daf421c5b73995836: Bootstrap starting.
I20260710 11:09:53.171047 14412 tablet_bootstrap.cc:654] T 93b23fc364074c05ac865aea8ce91a09 P 5652d28d1b564c7daf421c5b73995836: Neither blocks nor log segments found. Creating new log.
I20260710 11:09:53.177100 14413 tablet_bootstrap.cc:492] T fa5cc19f48d247b9a931d2cff712e5fd P 69f67bcfa0fb47fa9519158f90335447: No bootstrap required, opened a new log
I20260710 11:09:53.177752 14413 ts_tablet_manager.cc:1403] T fa5cc19f48d247b9a931d2cff712e5fd P 69f67bcfa0fb47fa9519158f90335447: Time spent bootstrapping tablet: real 0.027s	user 0.020s	sys 0.001s
I20260710 11:09:53.181500 14413 raft_consensus.cc:359] T fa5cc19f48d247b9a931d2cff712e5fd P 69f67bcfa0fb47fa9519158f90335447 [term 0 FOLLOWER]: Replica starting. Triggering 0 pending ops. Active config: opid_index: -1 OBSOLETE_local: false peers { permanent_uuid: "5652d28d1b564c7daf421c5b73995836" member_type: VOTER last_known_addr { host: "127.13.72.66" port: 34507 } } peers { permanent_uuid: "68d0e2ddc5e642feb2726f91cccf73e0" member_type: VOTER last_known_addr { host: "127.13.72.67" port: 38017 } } peers { permanent_uuid: "69f67bcfa0fb47fa9519158f90335447" member_type: VOTER last_known_addr { host: "127.13.72.65" port: 34633 } }
I20260710 11:09:53.182482 14413 raft_consensus.cc:385] T fa5cc19f48d247b9a931d2cff712e5fd P 69f67bcfa0fb47fa9519158f90335447 [term 0 FOLLOWER]: Consensus starting up: Expiring failure detector timer to make a prompt election more likely
I20260710 11:09:53.182866 14413 raft_consensus.cc:740] T fa5cc19f48d247b9a931d2cff712e5fd P 69f67bcfa0fb47fa9519158f90335447 [term 0 FOLLOWER]: Becoming Follower/Learner. State: Replica: 69f67bcfa0fb47fa9519158f90335447, State: Initialized, Role: FOLLOWER
I20260710 11:09:53.183770 14413 consensus_queue.cc:260] T fa5cc19f48d247b9a931d2cff712e5fd P 69f67bcfa0fb47fa9519158f90335447 [NON_LEADER]: Queue going to NON_LEADER mode. State: All replicated index: 0, Majority replicated index: 0, Committed index: 0, Last appended: 0.0, Last appended by leader: 0, Current term: 0, Majority size: -1, State: 0, Mode: NON_LEADER, active raft config: opid_index: -1 OBSOLETE_local: false peers { permanent_uuid: "5652d28d1b564c7daf421c5b73995836" member_type: VOTER last_known_addr { host: "127.13.72.66" port: 34507 } } peers { permanent_uuid: "68d0e2ddc5e642feb2726f91cccf73e0" member_type: VOTER last_known_addr { host: "127.13.72.67" port: 38017 } } peers { permanent_uuid: "69f67bcfa0fb47fa9519158f90335447" member_type: VOTER last_known_addr { host: "127.13.72.65" port: 34633 } }
I20260710 11:09:53.187002 14413 ts_tablet_manager.cc:1434] T fa5cc19f48d247b9a931d2cff712e5fd P 69f67bcfa0fb47fa9519158f90335447: Time spent starting tablet: real 0.009s	user 0.008s	sys 0.002s
I20260710 11:09:53.188254 14413 tablet_bootstrap.cc:492] T a594f45eb2cf4c89886bb724747df085 P 69f67bcfa0fb47fa9519158f90335447: Bootstrap starting.
I20260710 11:09:53.196774 14413 tablet_bootstrap.cc:654] T a594f45eb2cf4c89886bb724747df085 P 69f67bcfa0fb47fa9519158f90335447: Neither blocks nor log segments found. Creating new log.
I20260710 11:09:53.209993 14413 tablet_bootstrap.cc:492] T a594f45eb2cf4c89886bb724747df085 P 69f67bcfa0fb47fa9519158f90335447: No bootstrap required, opened a new log
I20260710 11:09:53.210690 14413 ts_tablet_manager.cc:1403] T a594f45eb2cf4c89886bb724747df085 P 69f67bcfa0fb47fa9519158f90335447: Time spent bootstrapping tablet: real 0.023s	user 0.019s	sys 0.000s
I20260710 11:09:53.214702 14413 raft_consensus.cc:359] T a594f45eb2cf4c89886bb724747df085 P 69f67bcfa0fb47fa9519158f90335447 [term 0 FOLLOWER]: Replica starting. Triggering 0 pending ops. Active config: opid_index: -1 OBSOLETE_local: false peers { permanent_uuid: "69f67bcfa0fb47fa9519158f90335447" member_type: VOTER last_known_addr { host: "127.13.72.65" port: 34633 } } peers { permanent_uuid: "5652d28d1b564c7daf421c5b73995836" member_type: VOTER last_known_addr { host: "127.13.72.66" port: 34507 } } peers { permanent_uuid: "68d0e2ddc5e642feb2726f91cccf73e0" member_type: VOTER last_known_addr { host: "127.13.72.67" port: 38017 } }
I20260710 11:09:53.215684 14413 raft_consensus.cc:385] T a594f45eb2cf4c89886bb724747df085 P 69f67bcfa0fb47fa9519158f90335447 [term 0 FOLLOWER]: Consensus starting up: Expiring failure detector timer to make a prompt election more likely
I20260710 11:09:53.216706 14413 raft_consensus.cc:740] T a594f45eb2cf4c89886bb724747df085 P 69f67bcfa0fb47fa9519158f90335447 [term 0 FOLLOWER]: Becoming Follower/Learner. State: Replica: 69f67bcfa0fb47fa9519158f90335447, State: Initialized, Role: FOLLOWER
I20260710 11:09:53.217651 14413 consensus_queue.cc:260] T a594f45eb2cf4c89886bb724747df085 P 69f67bcfa0fb47fa9519158f90335447 [NON_LEADER]: Queue going to NON_LEADER mode. State: All replicated index: 0, Majority replicated index: 0, Committed index: 0, Last appended: 0.0, Last appended by leader: 0, Current term: 0, Majority size: -1, State: 0, Mode: NON_LEADER, active raft config: opid_index: -1 OBSOLETE_local: false peers { permanent_uuid: "69f67bcfa0fb47fa9519158f90335447" member_type: VOTER last_known_addr { host: "127.13.72.65" port: 34633 } } peers { permanent_uuid: "5652d28d1b564c7daf421c5b73995836" member_type: VOTER last_known_addr { host: "127.13.72.66" port: 34507 } } peers { permanent_uuid: "68d0e2ddc5e642feb2726f91cccf73e0" member_type: VOTER last_known_addr { host: "127.13.72.67" port: 38017 } }
I20260710 11:09:53.218986 14419 raft_consensus.cc:493] T 7f956422ab9145ef965f8d8cfc3811f6 P 5652d28d1b564c7daf421c5b73995836 [term 0 FOLLOWER]: Starting pre-election (no leader contacted us within the election timeout)
I20260710 11:09:53.219511 14419 raft_consensus.cc:515] T 7f956422ab9145ef965f8d8cfc3811f6 P 5652d28d1b564c7daf421c5b73995836 [term 0 FOLLOWER]: Starting pre-election with config: opid_index: -1 OBSOLETE_local: false peers { permanent_uuid: "69f67bcfa0fb47fa9519158f90335447" member_type: VOTER last_known_addr { host: "127.13.72.65" port: 34633 } } peers { permanent_uuid: "5652d28d1b564c7daf421c5b73995836" member_type: VOTER last_known_addr { host: "127.13.72.66" port: 34507 } } peers { permanent_uuid: "68d0e2ddc5e642feb2726f91cccf73e0" member_type: VOTER last_known_addr { host: "127.13.72.67" port: 38017 } }
I20260710 11:09:53.220906 14413 ts_tablet_manager.cc:1434] T a594f45eb2cf4c89886bb724747df085 P 69f67bcfa0fb47fa9519158f90335447: Time spent starting tablet: real 0.010s	user 0.008s	sys 0.000s
I20260710 11:09:53.221894 14413 tablet_bootstrap.cc:492] T ba87e6f8bc594c5d8badf1460510f3b3 P 69f67bcfa0fb47fa9519158f90335447: Bootstrap starting.
I20260710 11:09:53.222163 14419 leader_election.cc:290] T 7f956422ab9145ef965f8d8cfc3811f6 P 5652d28d1b564c7daf421c5b73995836 [CANDIDATE]: Term 1 pre-election: Requested pre-vote from peers 69f67bcfa0fb47fa9519158f90335447 (127.13.72.65:34633), 68d0e2ddc5e642feb2726f91cccf73e0 (127.13.72.67:38017)
I20260710 11:09:53.222397 14411 tablet_bootstrap.cc:492] T ece242259b6b467c92923d56565fb1df P 68d0e2ddc5e642feb2726f91cccf73e0: No bootstrap required, opened a new log
I20260710 11:09:53.222987 14411 ts_tablet_manager.cc:1403] T ece242259b6b467c92923d56565fb1df P 68d0e2ddc5e642feb2726f91cccf73e0: Time spent bootstrapping tablet: real 0.072s	user 0.028s	sys 0.037s
I20260710 11:09:53.225906 14411 raft_consensus.cc:359] T ece242259b6b467c92923d56565fb1df P 68d0e2ddc5e642feb2726f91cccf73e0 [term 0 FOLLOWER]: Replica starting. Triggering 0 pending ops. Active config: opid_index: -1 OBSOLETE_local: false peers { permanent_uuid: "69f67bcfa0fb47fa9519158f90335447" member_type: VOTER last_known_addr { host: "127.13.72.65" port: 34633 } } peers { permanent_uuid: "5652d28d1b564c7daf421c5b73995836" member_type: VOTER last_known_addr { host: "127.13.72.66" port: 34507 } } peers { permanent_uuid: "68d0e2ddc5e642feb2726f91cccf73e0" member_type: VOTER last_known_addr { host: "127.13.72.67" port: 38017 } }
I20260710 11:09:53.226681 14411 raft_consensus.cc:385] T ece242259b6b467c92923d56565fb1df P 68d0e2ddc5e642feb2726f91cccf73e0 [term 0 FOLLOWER]: Consensus starting up: Expiring failure detector timer to make a prompt election more likely
I20260710 11:09:53.227043 14411 raft_consensus.cc:740] T ece242259b6b467c92923d56565fb1df P 68d0e2ddc5e642feb2726f91cccf73e0 [term 0 FOLLOWER]: Becoming Follower/Learner. State: Replica: 68d0e2ddc5e642feb2726f91cccf73e0, State: Initialized, Role: FOLLOWER
I20260710 11:09:53.228229 14413 tablet_bootstrap.cc:654] T ba87e6f8bc594c5d8badf1460510f3b3 P 69f67bcfa0fb47fa9519158f90335447: Neither blocks nor log segments found. Creating new log.
I20260710 11:09:53.227932 14411 consensus_queue.cc:260] T ece242259b6b467c92923d56565fb1df P 68d0e2ddc5e642feb2726f91cccf73e0 [NON_LEADER]: Queue going to NON_LEADER mode. State: All replicated index: 0, Majority replicated index: 0, Committed index: 0, Last appended: 0.0, Last appended by leader: 0, Current term: 0, Majority size: -1, State: 0, Mode: NON_LEADER, active raft config: opid_index: -1 OBSOLETE_local: false peers { permanent_uuid: "69f67bcfa0fb47fa9519158f90335447" member_type: VOTER last_known_addr { host: "127.13.72.65" port: 34633 } } peers { permanent_uuid: "5652d28d1b564c7daf421c5b73995836" member_type: VOTER last_known_addr { host: "127.13.72.66" port: 34507 } } peers { permanent_uuid: "68d0e2ddc5e642feb2726f91cccf73e0" member_type: VOTER last_known_addr { host: "127.13.72.67" port: 38017 } }
I20260710 11:09:53.237203 14411 ts_tablet_manager.cc:1434] T ece242259b6b467c92923d56565fb1df P 68d0e2ddc5e642feb2726f91cccf73e0: Time spent starting tablet: real 0.014s	user 0.006s	sys 0.000s
I20260710 11:09:53.238234 14412 tablet_bootstrap.cc:492] T 93b23fc364074c05ac865aea8ce91a09 P 5652d28d1b564c7daf421c5b73995836: No bootstrap required, opened a new log
I20260710 11:09:53.238751 14411 tablet_bootstrap.cc:492] T fa5cc19f48d247b9a931d2cff712e5fd P 68d0e2ddc5e642feb2726f91cccf73e0: Bootstrap starting.
I20260710 11:09:53.241389 14413 tablet_bootstrap.cc:492] T ba87e6f8bc594c5d8badf1460510f3b3 P 69f67bcfa0fb47fa9519158f90335447: No bootstrap required, opened a new log
I20260710 11:09:53.241865 14413 ts_tablet_manager.cc:1403] T ba87e6f8bc594c5d8badf1460510f3b3 P 69f67bcfa0fb47fa9519158f90335447: Time spent bootstrapping tablet: real 0.020s	user 0.010s	sys 0.008s
I20260710 11:09:53.243355 14411 tablet_bootstrap.cc:654] T fa5cc19f48d247b9a931d2cff712e5fd P 68d0e2ddc5e642feb2726f91cccf73e0: Neither blocks nor log segments found. Creating new log.
I20260710 11:09:53.244680 14413 raft_consensus.cc:359] T ba87e6f8bc594c5d8badf1460510f3b3 P 69f67bcfa0fb47fa9519158f90335447 [term 0 FOLLOWER]: Replica starting. Triggering 0 pending ops. Active config: opid_index: -1 OBSOLETE_local: false peers { permanent_uuid: "69f67bcfa0fb47fa9519158f90335447" member_type: VOTER last_known_addr { host: "127.13.72.65" port: 34633 } } peers { permanent_uuid: "5652d28d1b564c7daf421c5b73995836" member_type: VOTER last_known_addr { host: "127.13.72.66" port: 34507 } } peers { permanent_uuid: "68d0e2ddc5e642feb2726f91cccf73e0" member_type: VOTER last_known_addr { host: "127.13.72.67" port: 38017 } }
I20260710 11:09:53.245374 14413 raft_consensus.cc:385] T ba87e6f8bc594c5d8badf1460510f3b3 P 69f67bcfa0fb47fa9519158f90335447 [term 0 FOLLOWER]: Consensus starting up: Expiring failure detector timer to make a prompt election more likely
I20260710 11:09:53.245639 14413 raft_consensus.cc:740] T ba87e6f8bc594c5d8badf1460510f3b3 P 69f67bcfa0fb47fa9519158f90335447 [term 0 FOLLOWER]: Becoming Follower/Learner. State: Replica: 69f67bcfa0fb47fa9519158f90335447, State: Initialized, Role: FOLLOWER
I20260710 11:09:53.246457 14413 consensus_queue.cc:260] T ba87e6f8bc594c5d8badf1460510f3b3 P 69f67bcfa0fb47fa9519158f90335447 [NON_LEADER]: Queue going to NON_LEADER mode. State: All replicated index: 0, Majority replicated index: 0, Committed index: 0, Last appended: 0.0, Last appended by leader: 0, Current term: 0, Majority size: -1, State: 0, Mode: NON_LEADER, active raft config: opid_index: -1 OBSOLETE_local: false peers { permanent_uuid: "69f67bcfa0fb47fa9519158f90335447" member_type: VOTER last_known_addr { host: "127.13.72.65" port: 34633 } } peers { permanent_uuid: "5652d28d1b564c7daf421c5b73995836" member_type: VOTER last_known_addr { host: "127.13.72.66" port: 34507 } } peers { permanent_uuid: "68d0e2ddc5e642feb2726f91cccf73e0" member_type: VOTER last_known_addr { host: "127.13.72.67" port: 38017 } }
I20260710 11:09:53.238734 14412 ts_tablet_manager.cc:1403] T 93b23fc364074c05ac865aea8ce91a09 P 5652d28d1b564c7daf421c5b73995836: Time spent bootstrapping tablet: real 0.075s	user 0.017s	sys 0.036s
I20260710 11:09:53.251377 14413 ts_tablet_manager.cc:1434] T ba87e6f8bc594c5d8badf1460510f3b3 P 69f67bcfa0fb47fa9519158f90335447: Time spent starting tablet: real 0.009s	user 0.004s	sys 0.003s
I20260710 11:09:53.252538 14413 tablet_bootstrap.cc:492] T a23571bcf4ed48739c8a72356e12ea52 P 69f67bcfa0fb47fa9519158f90335447: Bootstrap starting.
I20260710 11:09:53.258764 14413 tablet_bootstrap.cc:654] T a23571bcf4ed48739c8a72356e12ea52 P 69f67bcfa0fb47fa9519158f90335447: Neither blocks nor log segments found. Creating new log.
I20260710 11:09:53.263636 14411 tablet_bootstrap.cc:492] T fa5cc19f48d247b9a931d2cff712e5fd P 68d0e2ddc5e642feb2726f91cccf73e0: No bootstrap required, opened a new log
I20260710 11:09:53.264309 14411 ts_tablet_manager.cc:1403] T fa5cc19f48d247b9a931d2cff712e5fd P 68d0e2ddc5e642feb2726f91cccf73e0: Time spent bootstrapping tablet: real 0.026s	user 0.016s	sys 0.009s
I20260710 11:09:53.269135 14412 raft_consensus.cc:359] T 93b23fc364074c05ac865aea8ce91a09 P 5652d28d1b564c7daf421c5b73995836 [term 0 FOLLOWER]: Replica starting. Triggering 0 pending ops. Active config: opid_index: -1 OBSOLETE_local: false peers { permanent_uuid: "69f67bcfa0fb47fa9519158f90335447" member_type: VOTER last_known_addr { host: "127.13.72.65" port: 34633 } } peers { permanent_uuid: "5652d28d1b564c7daf421c5b73995836" member_type: VOTER last_known_addr { host: "127.13.72.66" port: 34507 } } peers { permanent_uuid: "68d0e2ddc5e642feb2726f91cccf73e0" member_type: VOTER last_known_addr { host: "127.13.72.67" port: 38017 } }
I20260710 11:09:53.269855 14412 raft_consensus.cc:385] T 93b23fc364074c05ac865aea8ce91a09 P 5652d28d1b564c7daf421c5b73995836 [term 0 FOLLOWER]: Consensus starting up: Expiring failure detector timer to make a prompt election more likely
I20260710 11:09:53.270152 14412 raft_consensus.cc:740] T 93b23fc364074c05ac865aea8ce91a09 P 5652d28d1b564c7daf421c5b73995836 [term 0 FOLLOWER]: Becoming Follower/Learner. State: Replica: 5652d28d1b564c7daf421c5b73995836, State: Initialized, Role: FOLLOWER
I20260710 11:09:53.267840 14411 raft_consensus.cc:359] T fa5cc19f48d247b9a931d2cff712e5fd P 68d0e2ddc5e642feb2726f91cccf73e0 [term 0 FOLLOWER]: Replica starting. Triggering 0 pending ops. Active config: opid_index: -1 OBSOLETE_local: false peers { permanent_uuid: "5652d28d1b564c7daf421c5b73995836" member_type: VOTER last_known_addr { host: "127.13.72.66" port: 34507 } } peers { permanent_uuid: "68d0e2ddc5e642feb2726f91cccf73e0" member_type: VOTER last_known_addr { host: "127.13.72.67" port: 38017 } } peers { permanent_uuid: "69f67bcfa0fb47fa9519158f90335447" member_type: VOTER last_known_addr { host: "127.13.72.65" port: 34633 } }
I20260710 11:09:53.270859 14412 consensus_queue.cc:260] T 93b23fc364074c05ac865aea8ce91a09 P 5652d28d1b564c7daf421c5b73995836 [NON_LEADER]: Queue going to NON_LEADER mode. State: All replicated index: 0, Majority replicated index: 0, Committed index: 0, Last appended: 0.0, Last appended by leader: 0, Current term: 0, Majority size: -1, State: 0, Mode: NON_LEADER, active raft config: opid_index: -1 OBSOLETE_local: false peers { permanent_uuid: "69f67bcfa0fb47fa9519158f90335447" member_type: VOTER last_known_addr { host: "127.13.72.65" port: 34633 } } peers { permanent_uuid: "5652d28d1b564c7daf421c5b73995836" member_type: VOTER last_known_addr { host: "127.13.72.66" port: 34507 } } peers { permanent_uuid: "68d0e2ddc5e642feb2726f91cccf73e0" member_type: VOTER last_known_addr { host: "127.13.72.67" port: 38017 } }
I20260710 11:09:53.271277 14411 raft_consensus.cc:385] T fa5cc19f48d247b9a931d2cff712e5fd P 68d0e2ddc5e642feb2726f91cccf73e0 [term 0 FOLLOWER]: Consensus starting up: Expiring failure detector timer to make a prompt election more likely
I20260710 11:09:53.271795 14411 raft_consensus.cc:740] T fa5cc19f48d247b9a931d2cff712e5fd P 68d0e2ddc5e642feb2726f91cccf73e0 [term 0 FOLLOWER]: Becoming Follower/Learner. State: Replica: 68d0e2ddc5e642feb2726f91cccf73e0, State: Initialized, Role: FOLLOWER
I20260710 11:09:53.272714 14411 consensus_queue.cc:260] T fa5cc19f48d247b9a931d2cff712e5fd P 68d0e2ddc5e642feb2726f91cccf73e0 [NON_LEADER]: Queue going to NON_LEADER mode. State: All replicated index: 0, Majority replicated index: 0, Committed index: 0, Last appended: 0.0, Last appended by leader: 0, Current term: 0, Majority size: -1, State: 0, Mode: NON_LEADER, active raft config: opid_index: -1 OBSOLETE_local: false peers { permanent_uuid: "5652d28d1b564c7daf421c5b73995836" member_type: VOTER last_known_addr { host: "127.13.72.66" port: 34507 } } peers { permanent_uuid: "68d0e2ddc5e642feb2726f91cccf73e0" member_type: VOTER last_known_addr { host: "127.13.72.67" port: 38017 } } peers { permanent_uuid: "69f67bcfa0fb47fa9519158f90335447" member_type: VOTER last_known_addr { host: "127.13.72.65" port: 34633 } }
I20260710 11:09:53.274102 14413 tablet_bootstrap.cc:492] T a23571bcf4ed48739c8a72356e12ea52 P 69f67bcfa0fb47fa9519158f90335447: No bootstrap required, opened a new log
I20260710 11:09:53.274571 14413 ts_tablet_manager.cc:1403] T a23571bcf4ed48739c8a72356e12ea52 P 69f67bcfa0fb47fa9519158f90335447: Time spent bootstrapping tablet: real 0.022s	user 0.018s	sys 0.000s
I20260710 11:09:53.274832 14411 ts_tablet_manager.cc:1434] T fa5cc19f48d247b9a931d2cff712e5fd P 68d0e2ddc5e642feb2726f91cccf73e0: Time spent starting tablet: real 0.010s	user 0.005s	sys 0.000s
I20260710 11:09:53.274719 14222 tablet_service.cc:1917] Received RequestConsensusVote() RPC: tablet_id: "7f956422ab9145ef965f8d8cfc3811f6" candidate_uuid: "5652d28d1b564c7daf421c5b73995836" candidate_term: 1 candidate_status { last_received { term: 0 index: 0 } } ignore_live_leader: false dest_uuid: "69f67bcfa0fb47fa9519158f90335447" is_pre_election: true
I20260710 11:09:53.275856 14411 tablet_bootstrap.cc:492] T 93b23fc364074c05ac865aea8ce91a09 P 68d0e2ddc5e642feb2726f91cccf73e0: Bootstrap starting.
I20260710 11:09:53.277705 14412 ts_tablet_manager.cc:1434] T 93b23fc364074c05ac865aea8ce91a09 P 5652d28d1b564c7daf421c5b73995836: Time spent starting tablet: real 0.030s	user 0.005s	sys 0.000s
I20260710 11:09:53.277393 14413 raft_consensus.cc:359] T a23571bcf4ed48739c8a72356e12ea52 P 69f67bcfa0fb47fa9519158f90335447 [term 0 FOLLOWER]: Replica starting. Triggering 0 pending ops. Active config: opid_index: -1 OBSOLETE_local: false peers { permanent_uuid: "69f67bcfa0fb47fa9519158f90335447" member_type: VOTER last_known_addr { host: "127.13.72.65" port: 34633 } } peers { permanent_uuid: "5652d28d1b564c7daf421c5b73995836" member_type: VOTER last_known_addr { host: "127.13.72.66" port: 34507 } } peers { permanent_uuid: "68d0e2ddc5e642feb2726f91cccf73e0" member_type: VOTER last_known_addr { host: "127.13.72.67" port: 38017 } }
I20260710 11:09:53.278110 14413 raft_consensus.cc:385] T a23571bcf4ed48739c8a72356e12ea52 P 69f67bcfa0fb47fa9519158f90335447 [term 0 FOLLOWER]: Consensus starting up: Expiring failure detector timer to make a prompt election more likely
I20260710 11:09:53.278402 14413 raft_consensus.cc:740] T a23571bcf4ed48739c8a72356e12ea52 P 69f67bcfa0fb47fa9519158f90335447 [term 0 FOLLOWER]: Becoming Follower/Learner. State: Replica: 69f67bcfa0fb47fa9519158f90335447, State: Initialized, Role: FOLLOWER
I20260710 11:09:53.278599 14412 tablet_bootstrap.cc:492] T ece242259b6b467c92923d56565fb1df P 5652d28d1b564c7daf421c5b73995836: Bootstrap starting.
I20260710 11:09:53.279124 14413 consensus_queue.cc:260] T a23571bcf4ed48739c8a72356e12ea52 P 69f67bcfa0fb47fa9519158f90335447 [NON_LEADER]: Queue going to NON_LEADER mode. State: All replicated index: 0, Majority replicated index: 0, Committed index: 0, Last appended: 0.0, Last appended by leader: 0, Current term: 0, Majority size: -1, State: 0, Mode: NON_LEADER, active raft config: opid_index: -1 OBSOLETE_local: false peers { permanent_uuid: "69f67bcfa0fb47fa9519158f90335447" member_type: VOTER last_known_addr { host: "127.13.72.65" port: 34633 } } peers { permanent_uuid: "5652d28d1b564c7daf421c5b73995836" member_type: VOTER last_known_addr { host: "127.13.72.66" port: 34507 } } peers { permanent_uuid: "68d0e2ddc5e642feb2726f91cccf73e0" member_type: VOTER last_known_addr { host: "127.13.72.67" port: 38017 } }
I20260710 11:09:53.281352 14413 ts_tablet_manager.cc:1434] T a23571bcf4ed48739c8a72356e12ea52 P 69f67bcfa0fb47fa9519158f90335447: Time spent starting tablet: real 0.006s	user 0.008s	sys 0.000s
I20260710 11:09:53.282346 14413 tablet_bootstrap.cc:492] T 0af0c7131d044e22b301c52a33db6c37 P 69f67bcfa0fb47fa9519158f90335447: Bootstrap starting.
W20260710 11:09:53.282547 14263 leader_election.cc:343] T 7f956422ab9145ef965f8d8cfc3811f6 P 5652d28d1b564c7daf421c5b73995836 [CANDIDATE]: Term 1 pre-election: Tablet error from VoteRequest() call to peer 69f67bcfa0fb47fa9519158f90335447 (127.13.72.65:34633): Illegal state: must be running to vote when last-logged opid is not known
I20260710 11:09:53.290436 14371 tablet_service.cc:1917] Received RequestConsensusVote() RPC: tablet_id: "7f956422ab9145ef965f8d8cfc3811f6" candidate_uuid: "5652d28d1b564c7daf421c5b73995836" candidate_term: 1 candidate_status { last_received { term: 0 index: 0 } } ignore_live_leader: false dest_uuid: "68d0e2ddc5e642feb2726f91cccf73e0" is_pre_election: true
W20260710 11:09:53.291805 14263 leader_election.cc:343] T 7f956422ab9145ef965f8d8cfc3811f6 P 5652d28d1b564c7daf421c5b73995836 [CANDIDATE]: Term 1 pre-election: Tablet error from VoteRequest() call to peer 68d0e2ddc5e642feb2726f91cccf73e0 (127.13.72.67:38017): Illegal state: must be running to vote when last-logged opid is not known
I20260710 11:09:53.291950 14413 tablet_bootstrap.cc:654] T 0af0c7131d044e22b301c52a33db6c37 P 69f67bcfa0fb47fa9519158f90335447: Neither blocks nor log segments found. Creating new log.
I20260710 11:09:53.292280 14263 leader_election.cc:304] T 7f956422ab9145ef965f8d8cfc3811f6 P 5652d28d1b564c7daf421c5b73995836 [CANDIDATE]: Term 1 pre-election: Election decided. Result: candidate lost. Election summary: received 3 responses out of 3 voters: 1 yes votes; 2 no votes. yes voters: 5652d28d1b564c7daf421c5b73995836; no voters: 68d0e2ddc5e642feb2726f91cccf73e0, 69f67bcfa0fb47fa9519158f90335447
I20260710 11:09:53.293020 14419 raft_consensus.cc:2749] T 7f956422ab9145ef965f8d8cfc3811f6 P 5652d28d1b564c7daf421c5b73995836 [term 0 FOLLOWER]: Leader pre-election lost for term 1. Reason: could not achieve majority
I20260710 11:09:53.293255 14411 tablet_bootstrap.cc:654] T 93b23fc364074c05ac865aea8ce91a09 P 68d0e2ddc5e642feb2726f91cccf73e0: Neither blocks nor log segments found. Creating new log.
I20260710 11:09:53.292464 14412 tablet_bootstrap.cc:654] T ece242259b6b467c92923d56565fb1df P 5652d28d1b564c7daf421c5b73995836: Neither blocks nor log segments found. Creating new log.
I20260710 11:09:53.298447 14413 tablet_bootstrap.cc:492] T 0af0c7131d044e22b301c52a33db6c37 P 69f67bcfa0fb47fa9519158f90335447: No bootstrap required, opened a new log
I20260710 11:09:53.298815 14412 tablet_bootstrap.cc:492] T ece242259b6b467c92923d56565fb1df P 5652d28d1b564c7daf421c5b73995836: No bootstrap required, opened a new log
I20260710 11:09:53.299257 14412 ts_tablet_manager.cc:1403] T ece242259b6b467c92923d56565fb1df P 5652d28d1b564c7daf421c5b73995836: Time spent bootstrapping tablet: real 0.021s	user 0.005s	sys 0.006s
I20260710 11:09:53.299131 14413 ts_tablet_manager.cc:1403] T 0af0c7131d044e22b301c52a33db6c37 P 69f67bcfa0fb47fa9519158f90335447: Time spent bootstrapping tablet: real 0.017s	user 0.011s	sys 0.001s
I20260710 11:09:53.301949 14412 raft_consensus.cc:359] T ece242259b6b467c92923d56565fb1df P 5652d28d1b564c7daf421c5b73995836 [term 0 FOLLOWER]: Replica starting. Triggering 0 pending ops. Active config: opid_index: -1 OBSOLETE_local: false peers { permanent_uuid: "69f67bcfa0fb47fa9519158f90335447" member_type: VOTER last_known_addr { host: "127.13.72.65" port: 34633 } } peers { permanent_uuid: "5652d28d1b564c7daf421c5b73995836" member_type: VOTER last_known_addr { host: "127.13.72.66" port: 34507 } } peers { permanent_uuid: "68d0e2ddc5e642feb2726f91cccf73e0" member_type: VOTER last_known_addr { host: "127.13.72.67" port: 38017 } }
I20260710 11:09:53.302507 14412 raft_consensus.cc:385] T ece242259b6b467c92923d56565fb1df P 5652d28d1b564c7daf421c5b73995836 [term 0 FOLLOWER]: Consensus starting up: Expiring failure detector timer to make a prompt election more likely
I20260710 11:09:53.302740 14419 raft_consensus.cc:493] T 93b23fc364074c05ac865aea8ce91a09 P 5652d28d1b564c7daf421c5b73995836 [term 0 FOLLOWER]: Starting pre-election (no leader contacted us within the election timeout)
I20260710 11:09:53.302999 14411 tablet_bootstrap.cc:492] T 93b23fc364074c05ac865aea8ce91a09 P 68d0e2ddc5e642feb2726f91cccf73e0: No bootstrap required, opened a new log
I20260710 11:09:53.302820 14412 raft_consensus.cc:740] T ece242259b6b467c92923d56565fb1df P 5652d28d1b564c7daf421c5b73995836 [term 0 FOLLOWER]: Becoming Follower/Learner. State: Replica: 5652d28d1b564c7daf421c5b73995836, State: Initialized, Role: FOLLOWER
I20260710 11:09:53.302644 14413 raft_consensus.cc:359] T 0af0c7131d044e22b301c52a33db6c37 P 69f67bcfa0fb47fa9519158f90335447 [term 0 FOLLOWER]: Replica starting. Triggering 0 pending ops. Active config: opid_index: -1 OBSOLETE_local: false peers { permanent_uuid: "69f67bcfa0fb47fa9519158f90335447" member_type: VOTER last_known_addr { host: "127.13.72.65" port: 34633 } } peers { permanent_uuid: "5652d28d1b564c7daf421c5b73995836" member_type: VOTER last_known_addr { host: "127.13.72.66" port: 34507 } } peers { permanent_uuid: "68d0e2ddc5e642feb2726f91cccf73e0" member_type: VOTER last_known_addr { host: "127.13.72.67" port: 38017 } }
I20260710 11:09:53.303568 14411 ts_tablet_manager.cc:1403] T 93b23fc364074c05ac865aea8ce91a09 P 68d0e2ddc5e642feb2726f91cccf73e0: Time spent bootstrapping tablet: real 0.028s	user 0.011s	sys 0.003s
I20260710 11:09:53.303375 14419 raft_consensus.cc:515] T 93b23fc364074c05ac865aea8ce91a09 P 5652d28d1b564c7daf421c5b73995836 [term 0 FOLLOWER]: Starting pre-election with config: opid_index: -1 OBSOLETE_local: false peers { permanent_uuid: "69f67bcfa0fb47fa9519158f90335447" member_type: VOTER last_known_addr { host: "127.13.72.65" port: 34633 } } peers { permanent_uuid: "5652d28d1b564c7daf421c5b73995836" member_type: VOTER last_known_addr { host: "127.13.72.66" port: 34507 } } peers { permanent_uuid: "68d0e2ddc5e642feb2726f91cccf73e0" member_type: VOTER last_known_addr { host: "127.13.72.67" port: 38017 } }
I20260710 11:09:53.303588 14413 raft_consensus.cc:385] T 0af0c7131d044e22b301c52a33db6c37 P 69f67bcfa0fb47fa9519158f90335447 [term 0 FOLLOWER]: Consensus starting up: Expiring failure detector timer to make a prompt election more likely
I20260710 11:09:53.303860 14412 consensus_queue.cc:260] T ece242259b6b467c92923d56565fb1df P 5652d28d1b564c7daf421c5b73995836 [NON_LEADER]: Queue going to NON_LEADER mode. State: All replicated index: 0, Majority replicated index: 0, Committed index: 0, Last appended: 0.0, Last appended by leader: 0, Current term: 0, Majority size: -1, State: 0, Mode: NON_LEADER, active raft config: opid_index: -1 OBSOLETE_local: false peers { permanent_uuid: "69f67bcfa0fb47fa9519158f90335447" member_type: VOTER last_known_addr { host: "127.13.72.65" port: 34633 } } peers { permanent_uuid: "5652d28d1b564c7daf421c5b73995836" member_type: VOTER last_known_addr { host: "127.13.72.66" port: 34507 } } peers { permanent_uuid: "68d0e2ddc5e642feb2726f91cccf73e0" member_type: VOTER last_known_addr { host: "127.13.72.67" port: 38017 } }
I20260710 11:09:53.304570 14413 raft_consensus.cc:740] T 0af0c7131d044e22b301c52a33db6c37 P 69f67bcfa0fb47fa9519158f90335447 [term 0 FOLLOWER]: Becoming Follower/Learner. State: Replica: 69f67bcfa0fb47fa9519158f90335447, State: Initialized, Role: FOLLOWER
I20260710 11:09:53.305599 14413 consensus_queue.cc:260] T 0af0c7131d044e22b301c52a33db6c37 P 69f67bcfa0fb47fa9519158f90335447 [NON_LEADER]: Queue going to NON_LEADER mode. State: All replicated index: 0, Majority replicated index: 0, Committed index: 0, Last appended: 0.0, Last appended by leader: 0, Current term: 0, Majority size: -1, State: 0, Mode: NON_LEADER, active raft config: opid_index: -1 OBSOLETE_local: false peers { permanent_uuid: "69f67bcfa0fb47fa9519158f90335447" member_type: VOTER last_known_addr { host: "127.13.72.65" port: 34633 } } peers { permanent_uuid: "5652d28d1b564c7daf421c5b73995836" member_type: VOTER last_known_addr { host: "127.13.72.66" port: 34507 } } peers { permanent_uuid: "68d0e2ddc5e642feb2726f91cccf73e0" member_type: VOTER last_known_addr { host: "127.13.72.67" port: 38017 } }
I20260710 11:09:53.306051 14419 leader_election.cc:290] T 93b23fc364074c05ac865aea8ce91a09 P 5652d28d1b564c7daf421c5b73995836 [CANDIDATE]: Term 1 pre-election: Requested pre-vote from peers 69f67bcfa0fb47fa9519158f90335447 (127.13.72.65:34633), 68d0e2ddc5e642feb2726f91cccf73e0 (127.13.72.67:38017)
I20260710 11:09:53.306737 14411 raft_consensus.cc:359] T 93b23fc364074c05ac865aea8ce91a09 P 68d0e2ddc5e642feb2726f91cccf73e0 [term 0 FOLLOWER]: Replica starting. Triggering 0 pending ops. Active config: opid_index: -1 OBSOLETE_local: false peers { permanent_uuid: "69f67bcfa0fb47fa9519158f90335447" member_type: VOTER last_known_addr { host: "127.13.72.65" port: 34633 } } peers { permanent_uuid: "5652d28d1b564c7daf421c5b73995836" member_type: VOTER last_known_addr { host: "127.13.72.66" port: 34507 } } peers { permanent_uuid: "68d0e2ddc5e642feb2726f91cccf73e0" member_type: VOTER last_known_addr { host: "127.13.72.67" port: 38017 } }
I20260710 11:09:53.307500 14411 raft_consensus.cc:385] T 93b23fc364074c05ac865aea8ce91a09 P 68d0e2ddc5e642feb2726f91cccf73e0 [term 0 FOLLOWER]: Consensus starting up: Expiring failure detector timer to make a prompt election more likely
I20260710 11:09:53.307802 14411 raft_consensus.cc:740] T 93b23fc364074c05ac865aea8ce91a09 P 68d0e2ddc5e642feb2726f91cccf73e0 [term 0 FOLLOWER]: Becoming Follower/Learner. State: Replica: 68d0e2ddc5e642feb2726f91cccf73e0, State: Initialized, Role: FOLLOWER
I20260710 11:09:53.308296 14222 tablet_service.cc:1917] Received RequestConsensusVote() RPC: tablet_id: "93b23fc364074c05ac865aea8ce91a09" candidate_uuid: "5652d28d1b564c7daf421c5b73995836" candidate_term: 1 candidate_status { last_received { term: 0 index: 0 } } ignore_live_leader: false dest_uuid: "69f67bcfa0fb47fa9519158f90335447" is_pre_election: true
I20260710 11:09:53.308624 14411 consensus_queue.cc:260] T 93b23fc364074c05ac865aea8ce91a09 P 68d0e2ddc5e642feb2726f91cccf73e0 [NON_LEADER]: Queue going to NON_LEADER mode. State: All replicated index: 0, Majority replicated index: 0, Committed index: 0, Last appended: 0.0, Last appended by leader: 0, Current term: 0, Majority size: -1, State: 0, Mode: NON_LEADER, active raft config: opid_index: -1 OBSOLETE_local: false peers { permanent_uuid: "69f67bcfa0fb47fa9519158f90335447" member_type: VOTER last_known_addr { host: "127.13.72.65" port: 34633 } } peers { permanent_uuid: "5652d28d1b564c7daf421c5b73995836" member_type: VOTER last_known_addr { host: "127.13.72.66" port: 34507 } } peers { permanent_uuid: "68d0e2ddc5e642feb2726f91cccf73e0" member_type: VOTER last_known_addr { host: "127.13.72.67" port: 38017 } }
I20260710 11:09:53.309947 14413 ts_tablet_manager.cc:1434] T 0af0c7131d044e22b301c52a33db6c37 P 69f67bcfa0fb47fa9519158f90335447: Time spent starting tablet: real 0.010s	user 0.004s	sys 0.003s
I20260710 11:09:53.311048 14411 ts_tablet_manager.cc:1434] T 93b23fc364074c05ac865aea8ce91a09 P 68d0e2ddc5e642feb2726f91cccf73e0: Time spent starting tablet: real 0.007s	user 0.003s	sys 0.003s
I20260710 11:09:53.312132 14411 tablet_bootstrap.cc:492] T a594f45eb2cf4c89886bb724747df085 P 68d0e2ddc5e642feb2726f91cccf73e0: Bootstrap starting.
I20260710 11:09:53.314193 14371 tablet_service.cc:1917] Received RequestConsensusVote() RPC: tablet_id: "93b23fc364074c05ac865aea8ce91a09" candidate_uuid: "5652d28d1b564c7daf421c5b73995836" candidate_term: 1 candidate_status { last_received { term: 0 index: 0 } } ignore_live_leader: false dest_uuid: "68d0e2ddc5e642feb2726f91cccf73e0" is_pre_election: true
I20260710 11:09:53.314771 14371 raft_consensus.cc:2468] T 93b23fc364074c05ac865aea8ce91a09 P 68d0e2ddc5e642feb2726f91cccf73e0 [term 0 FOLLOWER]: Leader pre-election vote request: Granting yes vote for candidate 5652d28d1b564c7daf421c5b73995836 in term 0.
W20260710 11:09:53.315897 14263 leader_election.cc:343] T 93b23fc364074c05ac865aea8ce91a09 P 5652d28d1b564c7daf421c5b73995836 [CANDIDATE]: Term 1 pre-election: Tablet error from VoteRequest() call to peer 69f67bcfa0fb47fa9519158f90335447 (127.13.72.65:34633): Illegal state: must be running to vote when last-logged opid is not known
I20260710 11:09:53.317494 14263 leader_election.cc:304] T 93b23fc364074c05ac865aea8ce91a09 P 5652d28d1b564c7daf421c5b73995836 [CANDIDATE]: Term 1 pre-election: Election decided. Result: candidate won. Election summary: received 3 responses out of 3 voters: 2 yes votes; 1 no votes. yes voters: 5652d28d1b564c7daf421c5b73995836, 68d0e2ddc5e642feb2726f91cccf73e0; no voters: 69f67bcfa0fb47fa9519158f90335447
I20260710 11:09:53.319568 14411 tablet_bootstrap.cc:654] T a594f45eb2cf4c89886bb724747df085 P 68d0e2ddc5e642feb2726f91cccf73e0: Neither blocks nor log segments found. Creating new log.
I20260710 11:09:53.322175 14412 ts_tablet_manager.cc:1434] T ece242259b6b467c92923d56565fb1df P 5652d28d1b564c7daf421c5b73995836: Time spent starting tablet: real 0.023s	user 0.007s	sys 0.007s
I20260710 11:09:53.325546 14412 tablet_bootstrap.cc:492] T fa5cc19f48d247b9a931d2cff712e5fd P 5652d28d1b564c7daf421c5b73995836: Bootstrap starting.
I20260710 11:09:53.326783 14416 raft_consensus.cc:493] T 0af0c7131d044e22b301c52a33db6c37 P 69f67bcfa0fb47fa9519158f90335447 [term 0 FOLLOWER]: Starting pre-election (no leader contacted us within the election timeout)
I20260710 11:09:53.327242 14416 raft_consensus.cc:515] T 0af0c7131d044e22b301c52a33db6c37 P 69f67bcfa0fb47fa9519158f90335447 [term 0 FOLLOWER]: Starting pre-election with config: opid_index: -1 OBSOLETE_local: false peers { permanent_uuid: "69f67bcfa0fb47fa9519158f90335447" member_type: VOTER last_known_addr { host: "127.13.72.65" port: 34633 } } peers { permanent_uuid: "5652d28d1b564c7daf421c5b73995836" member_type: VOTER last_known_addr { host: "127.13.72.66" port: 34507 } } peers { permanent_uuid: "68d0e2ddc5e642feb2726f91cccf73e0" member_type: VOTER last_known_addr { host: "127.13.72.67" port: 38017 } }
I20260710 11:09:53.329975 14416 leader_election.cc:290] T 0af0c7131d044e22b301c52a33db6c37 P 69f67bcfa0fb47fa9519158f90335447 [CANDIDATE]: Term 1 pre-election: Requested pre-vote from peers 5652d28d1b564c7daf421c5b73995836 (127.13.72.66:34507), 68d0e2ddc5e642feb2726f91cccf73e0 (127.13.72.67:38017)
I20260710 11:09:53.331310 14413 tablet_bootstrap.cc:492] T 7f956422ab9145ef965f8d8cfc3811f6 P 69f67bcfa0fb47fa9519158f90335447: Bootstrap starting.
I20260710 11:09:53.332391 14412 tablet_bootstrap.cc:654] T fa5cc19f48d247b9a931d2cff712e5fd P 5652d28d1b564c7daf421c5b73995836: Neither blocks nor log segments found. Creating new log.
I20260710 11:09:53.332849 14432 raft_consensus.cc:2804] T 93b23fc364074c05ac865aea8ce91a09 P 5652d28d1b564c7daf421c5b73995836 [term 0 FOLLOWER]: Leader pre-election won for term 1
I20260710 11:09:53.334043 14432 raft_consensus.cc:493] T 93b23fc364074c05ac865aea8ce91a09 P 5652d28d1b564c7daf421c5b73995836 [term 0 FOLLOWER]: Starting leader election (no leader contacted us within the election timeout)
I20260710 11:09:53.334487 14432 raft_consensus.cc:3060] T 93b23fc364074c05ac865aea8ce91a09 P 5652d28d1b564c7daf421c5b73995836 [term 0 FOLLOWER]: Advancing to term 1
I20260710 11:09:53.341267 14413 tablet_bootstrap.cc:654] T 7f956422ab9145ef965f8d8cfc3811f6 P 69f67bcfa0fb47fa9519158f90335447: Neither blocks nor log segments found. Creating new log.
