I20260710 11:09:43.257292 29927 consensus_queue.cc:260] T d314f3e88b61464dbfc00242bc2bb513 P 33523e430ec94416b2d2811279bf739b [NON_LEADER]: Queue going to NON_LEADER mode. State: All replicated index: 0, Majority replicated index: 1, Committed index: 1, Last appended: 1.1, Last appended by leader: 1, Current term: 1, Majority size: -1, State: 0, Mode: NON_LEADER, active raft config: opid_index: -1 OBSOLETE_local: false peers { permanent_uuid: "c58ccb4ccebb4dc1b2930f9aeed3f584" member_type: VOTER last_known_addr { host: "127.28.242.193" port: 45519 } } peers { permanent_uuid: "a183eec708ce434fb054e507a6f59b13" member_type: VOTER last_known_addr { host: "127.28.242.194" port: 46871 } } peers { permanent_uuid: "33523e430ec94416b2d2811279bf739b" member_type: VOTER last_known_addr { host: "127.28.242.195" port: 41261 } }
I20260710 11:09:43.258244 29927 raft_consensus.cc:3060] T d314f3e88b61464dbfc00242bc2bb513 P 33523e430ec94416b2d2811279bf739b [term 1 FOLLOWER]: Advancing to term 2
I20260710 11:09:43.255285 29776 tablet_service.cc:1917] Received RequestConsensusVote() RPC: tablet_id: "d314f3e88b61464dbfc00242bc2bb513" candidate_uuid: "a183eec708ce434fb054e507a6f59b13" candidate_term: 2 candidate_status { last_received { term: 1 index: 1 } } ignore_live_leader: true dest_uuid: "c58ccb4ccebb4dc1b2930f9aeed3f584"
I20260710 11:09:43.269627 29975 consensus_queue.cc:1048] T 50fde460e0914e4f88eb92955cdd0bfc P a183eec708ce434fb054e507a6f59b13 [LEADER]: Connected to new peer: Peer: permanent_uuid: "c58ccb4ccebb4dc1b2930f9aeed3f584" member_type: VOTER last_known_addr { host: "127.28.242.193" port: 45519 }, Status: LMP_MISMATCH, Last received: 0.0, Next index: 1, Last known committed idx: 0, Time since last communication: 0.000s
I20260710 11:09:43.274804 29927 raft_consensus.cc:2468] T d314f3e88b61464dbfc00242bc2bb513 P 33523e430ec94416b2d2811279bf739b [term 2 FOLLOWER]: Leader election vote request: Granting yes vote for candidate a183eec708ce434fb054e507a6f59b13 in term 2.
I20260710 11:09:43.278419 29817 leader_election.cc:304] T d314f3e88b61464dbfc00242bc2bb513 P a183eec708ce434fb054e507a6f59b13 [CANDIDATE]: Term 2 election: Election decided. Result: candidate won. Election summary: received 3 responses out of 3 voters: 2 yes votes; 1 no votes. yes voters: 33523e430ec94416b2d2811279bf739b, a183eec708ce434fb054e507a6f59b13; no voters: c58ccb4ccebb4dc1b2930f9aeed3f584
I20260710 11:09:43.280503 29975 raft_consensus.cc:2804] T d314f3e88b61464dbfc00242bc2bb513 P a183eec708ce434fb054e507a6f59b13 [term 2 FOLLOWER]: Leader election won for term 2
I20260710 11:09:43.281078 29975 raft_consensus.cc:697] T d314f3e88b61464dbfc00242bc2bb513 P a183eec708ce434fb054e507a6f59b13 [term 2 LEADER]: Becoming Leader. State: Replica: a183eec708ce434fb054e507a6f59b13, State: Running, Role: LEADER
I20260710 11:09:43.281924 29975 consensus_queue.cc:237] T d314f3e88b61464dbfc00242bc2bb513 P a183eec708ce434fb054e507a6f59b13 [LEADER]: Queue going to LEADER mode. State: All replicated index: 0, Majority replicated index: 1, Committed index: 1, Last appended: 1.1, Last appended by leader: 1, Current term: 2, Majority size: 2, State: 0, Mode: LEADER, active raft config: opid_index: -1 OBSOLETE_local: false peers { permanent_uuid: "c58ccb4ccebb4dc1b2930f9aeed3f584" member_type: VOTER last_known_addr { host: "127.28.242.193" port: 45519 } } peers { permanent_uuid: "a183eec708ce434fb054e507a6f59b13" member_type: VOTER last_known_addr { host: "127.28.242.194" port: 46871 } } peers { permanent_uuid: "33523e430ec94416b2d2811279bf739b" member_type: VOTER last_known_addr { host: "127.28.242.195" port: 41261 } }
I20260710 11:09:43.286576 30017 raft_consensus.cc:993] T 50fde460e0914e4f88eb92955cdd0bfc P a183eec708ce434fb054e507a6f59b13: : Instructing follower c58ccb4ccebb4dc1b2930f9aeed3f584 to start an election
I20260710 11:09:43.287077 30008 raft_consensus.cc:1081] T 50fde460e0914e4f88eb92955cdd0bfc P a183eec708ce434fb054e507a6f59b13 [term 1 LEADER]: Signalling peer c58ccb4ccebb4dc1b2930f9aeed3f584 to start an election
I20260710 11:09:43.288968 29777 tablet_service.cc:2044] Received Run Leader Election RPC: tablet_id: "50fde460e0914e4f88eb92955cdd0bfc"
dest_uuid: "c58ccb4ccebb4dc1b2930f9aeed3f584"
 from {username='slave'} at 127.0.0.1:40604
I20260710 11:09:43.289543 29777 raft_consensus.cc:493] T 50fde460e0914e4f88eb92955cdd0bfc P c58ccb4ccebb4dc1b2930f9aeed3f584 [term 1 FOLLOWER]: Starting forced leader election (received explicit request)
I20260710 11:09:43.289920 29777 raft_consensus.cc:3060] T 50fde460e0914e4f88eb92955cdd0bfc P c58ccb4ccebb4dc1b2930f9aeed3f584 [term 1 FOLLOWER]: Advancing to term 2
I20260710 11:09:43.292850 29674 catalog_manager.cc:5697] T d314f3e88b61464dbfc00242bc2bb513 P a183eec708ce434fb054e507a6f59b13 reported cstate change: term changed from 1 to 2, leader changed from 33523e430ec94416b2d2811279bf739b (127.28.242.195) to a183eec708ce434fb054e507a6f59b13 (127.28.242.194). New cstate: current_term: 2 leader_uuid: "a183eec708ce434fb054e507a6f59b13" committed_config { opid_index: -1 OBSOLETE_local: false peers { permanent_uuid: "c58ccb4ccebb4dc1b2930f9aeed3f584" member_type: VOTER last_known_addr { host: "127.28.242.193" port: 45519 } health_report { overall_health: UNKNOWN } } peers { permanent_uuid: "a183eec708ce434fb054e507a6f59b13" member_type: VOTER last_known_addr { host: "127.28.242.194" port: 46871 } health_report { overall_health: HEALTHY } } peers { permanent_uuid: "33523e430ec94416b2d2811279bf739b" member_type: VOTER last_known_addr { host: "127.28.242.195" port: 41261 } health_report { overall_health: UNKNOWN } } }
I20260710 11:09:43.294694 29979 raft_consensus.cc:493] T d314f3e88b61464dbfc00242bc2bb513 P c58ccb4ccebb4dc1b2930f9aeed3f584 [term 1 FOLLOWER]: Starting pre-election (no leader contacted us within the election timeout)
I20260710 11:09:43.295187 29979 raft_consensus.cc:515] T d314f3e88b61464dbfc00242bc2bb513 P c58ccb4ccebb4dc1b2930f9aeed3f584 [term 1 FOLLOWER]: Starting pre-election with config: opid_index: -1 OBSOLETE_local: false peers { permanent_uuid: "c58ccb4ccebb4dc1b2930f9aeed3f584" member_type: VOTER last_known_addr { host: "127.28.242.193" port: 45519 } } peers { permanent_uuid: "a183eec708ce434fb054e507a6f59b13" member_type: VOTER last_known_addr { host: "127.28.242.194" port: 46871 } } peers { permanent_uuid: "33523e430ec94416b2d2811279bf739b" member_type: VOTER last_known_addr { host: "127.28.242.195" port: 41261 } }
I20260710 11:09:43.297344 29979 leader_election.cc:290] T d314f3e88b61464dbfc00242bc2bb513 P c58ccb4ccebb4dc1b2930f9aeed3f584 [CANDIDATE]: Term 2 pre-election: Requested pre-vote from peers a183eec708ce434fb054e507a6f59b13 (127.28.242.194:46871), 33523e430ec94416b2d2811279bf739b (127.28.242.195:41261)
I20260710 11:09:43.297837 29979 consensus_queue.cc:1048] T 41118fc687fd456eb47fe90a00a9af68 P c58ccb4ccebb4dc1b2930f9aeed3f584 [LEADER]: Connected to new peer: Peer: permanent_uuid: "a183eec708ce434fb054e507a6f59b13" member_type: VOTER last_known_addr { host: "127.28.242.194" port: 46871 }, Status: LMP_MISMATCH, Last received: 0.0, Next index: 1, Last known committed idx: 0, Time since last communication: 0.000s
I20260710 11:09:43.298333 29849 tablet_service.cc:1917] Received RequestConsensusVote() RPC: tablet_id: "d314f3e88b61464dbfc00242bc2bb513" candidate_uuid: "c58ccb4ccebb4dc1b2930f9aeed3f584" candidate_term: 2 candidate_status { last_received { term: 0 index: 0 } } ignore_live_leader: false dest_uuid: "a183eec708ce434fb054e507a6f59b13" is_pre_election: true
I20260710 11:09:43.301718 29927 tablet_service.cc:1917] Received RequestConsensusVote() RPC: tablet_id: "d314f3e88b61464dbfc00242bc2bb513" candidate_uuid: "c58ccb4ccebb4dc1b2930f9aeed3f584" candidate_term: 2 candidate_status { last_received { term: 0 index: 0 } } ignore_live_leader: false dest_uuid: "33523e430ec94416b2d2811279bf739b" is_pre_election: true
I20260710 11:09:43.302589 29927 raft_consensus.cc:2393] T d314f3e88b61464dbfc00242bc2bb513 P 33523e430ec94416b2d2811279bf739b [term 2 FOLLOWER]: Leader pre-election vote request: Denying vote to candidate c58ccb4ccebb4dc1b2930f9aeed3f584 in current term 2: Already voted for candidate a183eec708ce434fb054e507a6f59b13 in this term.
I20260710 11:09:43.306166 29777 raft_consensus.cc:515] T 50fde460e0914e4f88eb92955cdd0bfc P c58ccb4ccebb4dc1b2930f9aeed3f584 [term 2 FOLLOWER]: Starting forced leader election with config: opid_index: -1 OBSOLETE_local: false peers { permanent_uuid: "c58ccb4ccebb4dc1b2930f9aeed3f584" member_type: VOTER last_known_addr { host: "127.28.242.193" port: 45519 } } peers { permanent_uuid: "a183eec708ce434fb054e507a6f59b13" member_type: VOTER last_known_addr { host: "127.28.242.194" port: 46871 } } peers { permanent_uuid: "33523e430ec94416b2d2811279bf739b" member_type: VOTER last_known_addr { host: "127.28.242.195" port: 41261 } }
I20260710 11:09:43.306510 29742 leader_election.cc:304] T d314f3e88b61464dbfc00242bc2bb513 P c58ccb4ccebb4dc1b2930f9aeed3f584 [CANDIDATE]: Term 2 pre-election: Election decided. Result: candidate lost. Election summary: received 3 responses out of 3 voters: 1 yes votes; 2 no votes. yes voters: c58ccb4ccebb4dc1b2930f9aeed3f584; no voters: 33523e430ec94416b2d2811279bf739b, a183eec708ce434fb054e507a6f59b13
I20260710 11:09:43.307713 30015 raft_consensus.cc:3060] T d314f3e88b61464dbfc00242bc2bb513 P c58ccb4ccebb4dc1b2930f9aeed3f584 [term 1 FOLLOWER]: Advancing to term 2
I20260710 11:09:43.308928 29777 leader_election.cc:290] T 50fde460e0914e4f88eb92955cdd0bfc P c58ccb4ccebb4dc1b2930f9aeed3f584 [CANDIDATE]: Term 2 election: Requested vote from peers a183eec708ce434fb054e507a6f59b13 (127.28.242.194:46871), 33523e430ec94416b2d2811279bf739b (127.28.242.195:41261)
I20260710 11:09:43.318554 29849 tablet_service.cc:1917] Received RequestConsensusVote() RPC: tablet_id: "50fde460e0914e4f88eb92955cdd0bfc" candidate_uuid: "c58ccb4ccebb4dc1b2930f9aeed3f584" candidate_term: 2 candidate_status { last_received { term: 1 index: 1 } } ignore_live_leader: true dest_uuid: "a183eec708ce434fb054e507a6f59b13"
I20260710 11:09:43.319267 29849 raft_consensus.cc:3055] T 50fde460e0914e4f88eb92955cdd0bfc P a183eec708ce434fb054e507a6f59b13 [term 1 LEADER]: Stepping down as leader of term 1
I20260710 11:09:43.322351 29849 raft_consensus.cc:740] T 50fde460e0914e4f88eb92955cdd0bfc P a183eec708ce434fb054e507a6f59b13 [term 1 LEADER]: Becoming Follower/Learner. State: Replica: a183eec708ce434fb054e507a6f59b13, State: Running, Role: LEADER
I20260710 11:09:43.323346 29979 consensus_queue.cc:1048] T 41118fc687fd456eb47fe90a00a9af68 P c58ccb4ccebb4dc1b2930f9aeed3f584 [LEADER]: Connected to new peer: Peer: permanent_uuid: "33523e430ec94416b2d2811279bf739b" member_type: VOTER last_known_addr { host: "127.28.242.195" port: 41261 }, Status: LMP_MISMATCH, Last received: 0.0, Next index: 1, Last known committed idx: 0, Time since last communication: 0.000s
I20260710 11:09:43.323275 29849 consensus_queue.cc:260] T 50fde460e0914e4f88eb92955cdd0bfc P a183eec708ce434fb054e507a6f59b13 [NON_LEADER]: Queue going to NON_LEADER mode. State: All replicated index: 0, Majority replicated index: 1, Committed index: 1, Last appended: 1.1, Last appended by leader: 1, Current term: 1, Majority size: -1, State: 0, Mode: NON_LEADER, active raft config: opid_index: -1 OBSOLETE_local: false peers { permanent_uuid: "c58ccb4ccebb4dc1b2930f9aeed3f584" member_type: VOTER last_known_addr { host: "127.28.242.193" port: 45519 } } peers { permanent_uuid: "a183eec708ce434fb054e507a6f59b13" member_type: VOTER last_known_addr { host: "127.28.242.194" port: 46871 } } peers { permanent_uuid: "33523e430ec94416b2d2811279bf739b" member_type: VOTER last_known_addr { host: "127.28.242.195" port: 41261 } }
I20260710 11:09:43.324608 29849 raft_consensus.cc:3060] T 50fde460e0914e4f88eb92955cdd0bfc P a183eec708ce434fb054e507a6f59b13 [term 1 FOLLOWER]: Advancing to term 2
I20260710 11:09:43.327298 30008 consensus_queue.cc:1048] T 73c6e68561494cb7889690ad434fc99c P a183eec708ce434fb054e507a6f59b13 [LEADER]: Connected to new peer: Peer: permanent_uuid: "33523e430ec94416b2d2811279bf739b" member_type: VOTER last_known_addr { host: "127.28.242.195" port: 41261 }, Status: LMP_MISMATCH, Last received: 0.0, Next index: 1, Last known committed idx: 0, Time since last communication: 0.000s
I20260710 11:09:43.331693 29849 raft_consensus.cc:2468] T 50fde460e0914e4f88eb92955cdd0bfc P a183eec708ce434fb054e507a6f59b13 [term 2 FOLLOWER]: Leader election vote request: Granting yes vote for candidate c58ccb4ccebb4dc1b2930f9aeed3f584 in term 2.
I20260710 11:09:43.335638 29743 leader_election.cc:304] T 50fde460e0914e4f88eb92955cdd0bfc P c58ccb4ccebb4dc1b2930f9aeed3f584 [CANDIDATE]: Term 2 election: Election decided. Result: candidate won. Election summary: received 2 responses out of 3 voters: 2 yes votes; 0 no votes. yes voters: a183eec708ce434fb054e507a6f59b13, c58ccb4ccebb4dc1b2930f9aeed3f584; no voters: 
I20260710 11:09:43.336336 29979 raft_consensus.cc:2804] T 50fde460e0914e4f88eb92955cdd0bfc P c58ccb4ccebb4dc1b2930f9aeed3f584 [term 2 FOLLOWER]: Leader election won for term 2
I20260710 11:09:43.336795 29979 raft_consensus.cc:697] T 50fde460e0914e4f88eb92955cdd0bfc P c58ccb4ccebb4dc1b2930f9aeed3f584 [term 2 LEADER]: Becoming Leader. State: Replica: c58ccb4ccebb4dc1b2930f9aeed3f584, State: Running, Role: LEADER
I20260710 11:09:43.337839 29979 consensus_queue.cc:237] T 50fde460e0914e4f88eb92955cdd0bfc P c58ccb4ccebb4dc1b2930f9aeed3f584 [LEADER]: Queue going to LEADER mode. State: All replicated index: 0, Majority replicated index: 1, Committed index: 1, Last appended: 1.1, Last appended by leader: 1, Current term: 2, Majority size: 2, State: 0, Mode: LEADER, active raft config: opid_index: -1 OBSOLETE_local: false peers { permanent_uuid: "c58ccb4ccebb4dc1b2930f9aeed3f584" member_type: VOTER last_known_addr { host: "127.28.242.193" port: 45519 } } peers { permanent_uuid: "a183eec708ce434fb054e507a6f59b13" member_type: VOTER last_known_addr { host: "127.28.242.194" port: 46871 } } peers { permanent_uuid: "33523e430ec94416b2d2811279bf739b" member_type: VOTER last_known_addr { host: "127.28.242.195" port: 41261 } }
I20260710 11:09:43.346261 30008 consensus_queue.cc:1048] T 506361b141c5488ab7f1e5e5a797af99 P a183eec708ce434fb054e507a6f59b13 [LEADER]: Connected to new peer: Peer: permanent_uuid: "33523e430ec94416b2d2811279bf739b" member_type: VOTER last_known_addr { host: "127.28.242.195" port: 41261 }, Status: LMP_MISMATCH, Last received: 0.0, Next index: 1, Last known committed idx: 0, Time since last communication: 0.000s
I20260710 11:09:43.351744 30006 consensus_queue.cc:1048] T ada047d5c0d34f1bafb20ad2daa03999 P c58ccb4ccebb4dc1b2930f9aeed3f584 [LEADER]: Connected to new peer: Peer: permanent_uuid: "33523e430ec94416b2d2811279bf739b" member_type: VOTER last_known_addr { host: "127.28.242.195" port: 41261 }, Status: LMP_MISMATCH, Last received: 0.0, Next index: 1, Last known committed idx: 0, Time since last communication: 0.000s
I20260710 11:09:43.351459 29675 catalog_manager.cc:5697] T 50fde460e0914e4f88eb92955cdd0bfc P c58ccb4ccebb4dc1b2930f9aeed3f584 reported cstate change: term changed from 1 to 2, leader changed from a183eec708ce434fb054e507a6f59b13 (127.28.242.194) to c58ccb4ccebb4dc1b2930f9aeed3f584 (127.28.242.193). New cstate: current_term: 2 leader_uuid: "c58ccb4ccebb4dc1b2930f9aeed3f584" committed_config { opid_index: -1 OBSOLETE_local: false peers { permanent_uuid: "c58ccb4ccebb4dc1b2930f9aeed3f584" member_type: VOTER last_known_addr { host: "127.28.242.193" port: 45519 } health_report { overall_health: HEALTHY } } peers { permanent_uuid: "a183eec708ce434fb054e507a6f59b13" member_type: VOTER last_known_addr { host: "127.28.242.194" port: 46871 } health_report { overall_health: UNKNOWN } } peers { permanent_uuid: "33523e430ec94416b2d2811279bf739b" member_type: VOTER last_known_addr { host: "127.28.242.195" port: 41261 } health_report { overall_health: UNKNOWN } } }
I20260710 11:09:43.315779 30015 raft_consensus.cc:2749] T d314f3e88b61464dbfc00242bc2bb513 P c58ccb4ccebb4dc1b2930f9aeed3f584 [term 2 FOLLOWER]: Leader pre-election lost for term 2. Reason: could not achieve majority
I20260710 11:09:43.358632 29927 tablet_service.cc:1917] Received RequestConsensusVote() RPC: tablet_id: "50fde460e0914e4f88eb92955cdd0bfc" candidate_uuid: "c58ccb4ccebb4dc1b2930f9aeed3f584" candidate_term: 2 candidate_status { last_received { term: 1 index: 1 } } ignore_live_leader: true dest_uuid: "33523e430ec94416b2d2811279bf739b"
I20260710 11:09:43.359316 29927 raft_consensus.cc:3060] T 50fde460e0914e4f88eb92955cdd0bfc P 33523e430ec94416b2d2811279bf739b [term 1 FOLLOWER]: Advancing to term 2
I20260710 11:09:43.360030 30008 consensus_queue.cc:1048] T 73c6e68561494cb7889690ad434fc99c P a183eec708ce434fb054e507a6f59b13 [LEADER]: Connected to new peer: Peer: permanent_uuid: "c58ccb4ccebb4dc1b2930f9aeed3f584" member_type: VOTER last_known_addr { host: "127.28.242.193" port: 45519 }, Status: LMP_MISMATCH, Last received: 0.0, Next index: 1, Last known committed idx: 0, Time since last communication: 0.000s
I20260710 11:09:43.360742 30015 consensus_queue.cc:1048] T ada047d5c0d34f1bafb20ad2daa03999 P c58ccb4ccebb4dc1b2930f9aeed3f584 [LEADER]: Connected to new peer: Peer: permanent_uuid: "a183eec708ce434fb054e507a6f59b13" member_type: VOTER last_known_addr { host: "127.28.242.194" port: 46871 }, Status: LMP_MISMATCH, Last received: 0.0, Next index: 1, Last known committed idx: 0, Time since last communication: 0.001s
I20260710 11:09:43.412321 30008 consensus_queue.cc:1048] T 506361b141c5488ab7f1e5e5a797af99 P a183eec708ce434fb054e507a6f59b13 [LEADER]: Connected to new peer: Peer: permanent_uuid: "c58ccb4ccebb4dc1b2930f9aeed3f584" member_type: VOTER last_known_addr { host: "127.28.242.193" port: 45519 }, Status: LMP_MISMATCH, Last received: 0.0, Next index: 1, Last known committed idx: 0, Time since last communication: 0.001s
I20260710 11:09:43.432685 29927 raft_consensus.cc:2468] T 50fde460e0914e4f88eb92955cdd0bfc P 33523e430ec94416b2d2811279bf739b [term 2 FOLLOWER]: Leader election vote request: Granting yes vote for candidate c58ccb4ccebb4dc1b2930f9aeed3f584 in term 2.
I20260710 11:09:43.446671 30016 consensus_queue.cc:1048] T 084e0ea3745243ca9308f6f68ff0d1db P 33523e430ec94416b2d2811279bf739b [LEADER]: Connected to new peer: Peer: permanent_uuid: "c58ccb4ccebb4dc1b2930f9aeed3f584" member_type: VOTER last_known_addr { host: "127.28.242.193" port: 45519 }, Status: LMP_MISMATCH, Last received: 0.0, Next index: 1, Last known committed idx: 0, Time since last communication: 0.001s
I20260710 11:09:43.462481 30047 consensus_queue.cc:1048] T 084e0ea3745243ca9308f6f68ff0d1db P 33523e430ec94416b2d2811279bf739b [LEADER]: Connected to new peer: Peer: permanent_uuid: "a183eec708ce434fb054e507a6f59b13" member_type: VOTER last_known_addr { host: "127.28.242.194" port: 46871 }, Status: LMP_MISMATCH, Last received: 0.0, Next index: 1, Last known committed idx: 0, Time since last communication: 0.007s
I20260710 11:09:43.600210 29926 raft_consensus.cc:1275] T 50b07dfdc9ca40c7834d9a9ed1e40577 P 33523e430ec94416b2d2811279bf739b [term 2 FOLLOWER]: Refusing update from remote peer c58ccb4ccebb4dc1b2930f9aeed3f584: Log matching property violated. Preceding OpId in replica: term: 1 index: 1. Preceding OpId from leader: term: 2 index: 2. (index mismatch)
I20260710 11:09:43.601687 30013 consensus_queue.cc:1048] T 50b07dfdc9ca40c7834d9a9ed1e40577 P c58ccb4ccebb4dc1b2930f9aeed3f584 [LEADER]: Connected to new peer: Peer: permanent_uuid: "33523e430ec94416b2d2811279bf739b" member_type: VOTER last_known_addr { host: "127.28.242.195" port: 41261 }, Status: LMP_MISMATCH, Last received: 0.0, Next index: 2, Last known committed idx: 1, Time since last communication: 0.000s
I20260710 11:09:43.611521 29850 raft_consensus.cc:1275] T 50b07dfdc9ca40c7834d9a9ed1e40577 P a183eec708ce434fb054e507a6f59b13 [term 2 FOLLOWER]: Refusing update from remote peer c58ccb4ccebb4dc1b2930f9aeed3f584: Log matching property violated. Preceding OpId in replica: term: 1 index: 1. Preceding OpId from leader: term: 2 index: 2. (index mismatch)
I20260710 11:09:43.613955 30015 consensus_queue.cc:1048] T 50b07dfdc9ca40c7834d9a9ed1e40577 P c58ccb4ccebb4dc1b2930f9aeed3f584 [LEADER]: Connected to new peer: Peer: permanent_uuid: "a183eec708ce434fb054e507a6f59b13" member_type: VOTER last_known_addr { host: "127.28.242.194" port: 46871 }, Status: LMP_MISMATCH, Last received: 0.0, Next index: 2, Last known committed idx: 1, Time since last communication: 0.001s
I20260710 11:09:43.702316 29777 raft_consensus.cc:1275] T bd6d1c05be944e84a9f7431cf1cf965a P c58ccb4ccebb4dc1b2930f9aeed3f584 [term 2 FOLLOWER]: Refusing update from remote peer a183eec708ce434fb054e507a6f59b13: Log matching property violated. Preceding OpId in replica: term: 1 index: 1. Preceding OpId from leader: term: 2 index: 2. (index mismatch)
I20260710 11:09:43.703936 29975 consensus_queue.cc:1048] T bd6d1c05be944e84a9f7431cf1cf965a P a183eec708ce434fb054e507a6f59b13 [LEADER]: Connected to new peer: Peer: permanent_uuid: "c58ccb4ccebb4dc1b2930f9aeed3f584" member_type: VOTER last_known_addr { host: "127.28.242.193" port: 45519 }, Status: LMP_MISMATCH, Last received: 0.0, Next index: 2, Last known committed idx: 1, Time since last communication: 0.001s
I20260710 11:09:43.714316 29926 raft_consensus.cc:1275] T bd6d1c05be944e84a9f7431cf1cf965a P 33523e430ec94416b2d2811279bf739b [term 2 FOLLOWER]: Refusing update from remote peer a183eec708ce434fb054e507a6f59b13: Log matching property violated. Preceding OpId in replica: term: 1 index: 1. Preceding OpId from leader: term: 2 index: 2. (index mismatch)
I20260710 11:09:43.715641 29975 consensus_queue.cc:1048] T bd6d1c05be944e84a9f7431cf1cf965a P a183eec708ce434fb054e507a6f59b13 [LEADER]: Connected to new peer: Peer: permanent_uuid: "33523e430ec94416b2d2811279bf739b" member_type: VOTER last_known_addr { host: "127.28.242.195" port: 41261 }, Status: LMP_MISMATCH, Last received: 0.0, Next index: 2, Last known committed idx: 1, Time since last communication: 0.001s
I20260710 11:09:43.755450 29850 raft_consensus.cc:1275] T 50fde460e0914e4f88eb92955cdd0bfc P a183eec708ce434fb054e507a6f59b13 [term 2 FOLLOWER]: Refusing update from remote peer c58ccb4ccebb4dc1b2930f9aeed3f584: Log matching property violated. Preceding OpId in replica: term: 1 index: 1. Preceding OpId from leader: term: 2 index: 2. (index mismatch)
I20260710 11:09:43.756913 30015 consensus_queue.cc:1048] T 50fde460e0914e4f88eb92955cdd0bfc P c58ccb4ccebb4dc1b2930f9aeed3f584 [LEADER]: Connected to new peer: Peer: permanent_uuid: "a183eec708ce434fb054e507a6f59b13" member_type: VOTER last_known_addr { host: "127.28.242.194" port: 46871 }, Status: LMP_MISMATCH, Last received: 0.0, Next index: 2, Last known committed idx: 1, Time since last communication: 0.000s
I20260710 11:09:43.769457 29926 raft_consensus.cc:1275] T 50fde460e0914e4f88eb92955cdd0bfc P 33523e430ec94416b2d2811279bf739b [term 2 FOLLOWER]: Refusing update from remote peer c58ccb4ccebb4dc1b2930f9aeed3f584: Log matching property violated. Preceding OpId in replica: term: 1 index: 1. Preceding OpId from leader: term: 2 index: 2. (index mismatch)
I20260710 11:09:43.771270 30013 consensus_queue.cc:1048] T 50fde460e0914e4f88eb92955cdd0bfc P c58ccb4ccebb4dc1b2930f9aeed3f584 [LEADER]: Connected to new peer: Peer: permanent_uuid: "33523e430ec94416b2d2811279bf739b" member_type: VOTER last_known_addr { host: "127.28.242.195" port: 41261 }, Status: LMP_MISMATCH, Last received: 0.0, Next index: 2, Last known committed idx: 1, Time since last communication: 0.000s
I20260710 11:09:43.819624 29926 raft_consensus.cc:1275] T d314f3e88b61464dbfc00242bc2bb513 P 33523e430ec94416b2d2811279bf739b [term 2 FOLLOWER]: Refusing update from remote peer a183eec708ce434fb054e507a6f59b13: Log matching property violated. Preceding OpId in replica: term: 1 index: 1. Preceding OpId from leader: term: 2 index: 2. (index mismatch)
I20260710 11:09:43.821022 29975 consensus_queue.cc:1048] T d314f3e88b61464dbfc00242bc2bb513 P a183eec708ce434fb054e507a6f59b13 [LEADER]: Connected to new peer: Peer: permanent_uuid: "33523e430ec94416b2d2811279bf739b" member_type: VOTER last_known_addr { host: "127.28.242.195" port: 41261 }, Status: LMP_MISMATCH, Last received: 0.0, Next index: 2, Last known committed idx: 1, Time since last communication: 0.000s
I20260710 11:09:43.836714 29777 raft_consensus.cc:1275] T d314f3e88b61464dbfc00242bc2bb513 P c58ccb4ccebb4dc1b2930f9aeed3f584 [term 2 FOLLOWER]: Refusing update from remote peer a183eec708ce434fb054e507a6f59b13: Log matching property violated. Preceding OpId in replica: term: 0 index: 0. Preceding OpId from leader: term: 2 index: 2. (index mismatch)
I20260710 11:09:43.838604 30017 consensus_queue.cc:1048] T d314f3e88b61464dbfc00242bc2bb513 P a183eec708ce434fb054e507a6f59b13 [LEADER]: Connected to new peer: Peer: permanent_uuid: "c58ccb4ccebb4dc1b2930f9aeed3f584" member_type: VOTER last_known_addr { host: "127.28.242.193" port: 45519 }, Status: LMP_MISMATCH, Last received: 0.0, Next index: 2, Last known committed idx: 0, Time since last communication: 0.001s
I20260710 11:09:46.131798 29643 auto_leader_rebalancer-test.cc:316] The leader distribution is 
I20260710 11:09:46.132604 29643 auto_leader_rebalancer.cc:141] leader rebalance for table test-workload
I20260710 11:09:46.152849 29850 tablet_service.cc:2072] Received LeaderStepDown RPC: tablet_id: "506361b141c5488ab7f1e5e5a797af99"
dest_uuid: "a183eec708ce434fb054e507a6f59b13"
mode: GRACEFUL
new_leader_uuid: "33523e430ec94416b2d2811279bf739b"
 from {username='slave'} at 127.0.0.1:52368
I20260710 11:09:46.153524 29850 raft_consensus.cc:606] T 506361b141c5488ab7f1e5e5a797af99 P a183eec708ce434fb054e507a6f59b13 [term 1 LEADER]: Received request to transfer leadership to TS 33523e430ec94416b2d2811279bf739b
I20260710 11:09:46.163862 29777 tablet_service.cc:2072] Received LeaderStepDown RPC: tablet_id: "ada047d5c0d34f1bafb20ad2daa03999"
dest_uuid: "c58ccb4ccebb4dc1b2930f9aeed3f584"
mode: GRACEFUL
new_leader_uuid: "33523e430ec94416b2d2811279bf739b"
 from {username='slave'} at 127.0.0.1:46558
I20260710 11:09:46.164412 29777 raft_consensus.cc:606] T ada047d5c0d34f1bafb20ad2daa03999 P c58ccb4ccebb4dc1b2930f9aeed3f584 [term 1 LEADER]: Received request to transfer leadership to TS 33523e430ec94416b2d2811279bf739b
I20260710 11:09:46.165719 29643 auto_leader_rebalancer.cc:452] table: test-workload, leader rebalance finish, leader transfer count: 2
I20260710 11:09:46.166149 29643 auto_leader_rebalancer.cc:527] All tables' leader rebalancing finished this round
I20260710 11:09:46.289970 30063 raft_consensus.cc:993] T 506361b141c5488ab7f1e5e5a797af99 P a183eec708ce434fb054e507a6f59b13: : Instructing follower 33523e430ec94416b2d2811279bf739b to start an election
I20260710 11:09:46.290416 30063 raft_consensus.cc:1081] T 506361b141c5488ab7f1e5e5a797af99 P a183eec708ce434fb054e507a6f59b13 [term 1 LEADER]: Signalling peer 33523e430ec94416b2d2811279bf739b to start an election
I20260710 11:09:46.291851 29924 tablet_service.cc:2044] Received Run Leader Election RPC: tablet_id: "506361b141c5488ab7f1e5e5a797af99"
dest_uuid: "33523e430ec94416b2d2811279bf739b"
 from {username='slave'} at 127.0.0.1:44674
I20260710 11:09:46.292266 29924 raft_consensus.cc:493] T 506361b141c5488ab7f1e5e5a797af99 P 33523e430ec94416b2d2811279bf739b [term 1 FOLLOWER]: Starting forced leader election (received explicit request)
I20260710 11:09:46.292641 29924 raft_consensus.cc:3060] T 506361b141c5488ab7f1e5e5a797af99 P 33523e430ec94416b2d2811279bf739b [term 1 FOLLOWER]: Advancing to term 2
I20260710 11:09:46.297724 29924 raft_consensus.cc:515] T 506361b141c5488ab7f1e5e5a797af99 P 33523e430ec94416b2d2811279bf739b [term 2 FOLLOWER]: Starting forced leader election with config: opid_index: -1 OBSOLETE_local: false peers { permanent_uuid: "c58ccb4ccebb4dc1b2930f9aeed3f584" member_type: VOTER last_known_addr { host: "127.28.242.193" port: 45519 } } peers { permanent_uuid: "a183eec708ce434fb054e507a6f59b13" member_type: VOTER last_known_addr { host: "127.28.242.194" port: 46871 } } peers { permanent_uuid: "33523e430ec94416b2d2811279bf739b" member_type: VOTER last_known_addr { host: "127.28.242.195" port: 41261 } }
I20260710 11:09:46.299548 29924 leader_election.cc:290] T 506361b141c5488ab7f1e5e5a797af99 P 33523e430ec94416b2d2811279bf739b [CANDIDATE]: Term 2 election: Requested vote from peers c58ccb4ccebb4dc1b2930f9aeed3f584 (127.28.242.193:45519), a183eec708ce434fb054e507a6f59b13 (127.28.242.194:46871)
I20260710 11:09:46.300336 29777 tablet_service.cc:1917] Received RequestConsensusVote() RPC: tablet_id: "506361b141c5488ab7f1e5e5a797af99" candidate_uuid: "33523e430ec94416b2d2811279bf739b" candidate_term: 2 candidate_status { last_received { term: 1 index: 1 } } ignore_live_leader: true dest_uuid: "c58ccb4ccebb4dc1b2930f9aeed3f584"
I20260710 11:09:46.300658 29850 tablet_service.cc:1917] Received RequestConsensusVote() RPC: tablet_id: "506361b141c5488ab7f1e5e5a797af99" candidate_uuid: "33523e430ec94416b2d2811279bf739b" candidate_term: 2 candidate_status { last_received { term: 1 index: 1 } } ignore_live_leader: true dest_uuid: "a183eec708ce434fb054e507a6f59b13"
I20260710 11:09:46.300904 29777 raft_consensus.cc:3060] T 506361b141c5488ab7f1e5e5a797af99 P c58ccb4ccebb4dc1b2930f9aeed3f584 [term 1 FOLLOWER]: Advancing to term 2
I20260710 11:09:46.301311 29850 raft_consensus.cc:3055] T 506361b141c5488ab7f1e5e5a797af99 P a183eec708ce434fb054e507a6f59b13 [term 1 LEADER]: Stepping down as leader of term 1
I20260710 11:09:46.301641 29850 raft_consensus.cc:740] T 506361b141c5488ab7f1e5e5a797af99 P a183eec708ce434fb054e507a6f59b13 [term 1 LEADER]: Becoming Follower/Learner. State: Replica: a183eec708ce434fb054e507a6f59b13, State: Running, Role: LEADER
I20260710 11:09:46.302567 29850 consensus_queue.cc:260] T 506361b141c5488ab7f1e5e5a797af99 P a183eec708ce434fb054e507a6f59b13 [NON_LEADER]: Queue going to NON_LEADER mode. State: All replicated index: 0, Majority replicated index: 1, Committed index: 1, Last appended: 1.1, Last appended by leader: 1, Current term: 1, Majority size: -1, State: 0, Mode: NON_LEADER, active raft config: opid_index: -1 OBSOLETE_local: false peers { permanent_uuid: "c58ccb4ccebb4dc1b2930f9aeed3f584" member_type: VOTER last_known_addr { host: "127.28.242.193" port: 45519 } } peers { permanent_uuid: "a183eec708ce434fb054e507a6f59b13" member_type: VOTER last_known_addr { host: "127.28.242.194" port: 46871 } } peers { permanent_uuid: "33523e430ec94416b2d2811279bf739b" member_type: VOTER last_known_addr { host: "127.28.242.195" port: 41261 } }
I20260710 11:09:46.303570 29850 raft_consensus.cc:3060] T 506361b141c5488ab7f1e5e5a797af99 P a183eec708ce434fb054e507a6f59b13 [term 1 FOLLOWER]: Advancing to term 2
I20260710 11:09:46.305770 29777 raft_consensus.cc:2468] T 506361b141c5488ab7f1e5e5a797af99 P c58ccb4ccebb4dc1b2930f9aeed3f584 [term 2 FOLLOWER]: Leader election vote request: Granting yes vote for candidate 33523e430ec94416b2d2811279bf739b in term 2.
I20260710 11:09:46.306972 29892 leader_election.cc:304] T 506361b141c5488ab7f1e5e5a797af99 P 33523e430ec94416b2d2811279bf739b [CANDIDATE]: Term 2 election: Election decided. Result: candidate won. Election summary: received 2 responses out of 3 voters: 2 yes votes; 0 no votes. yes voters: 33523e430ec94416b2d2811279bf739b, c58ccb4ccebb4dc1b2930f9aeed3f584; no voters: 
I20260710 11:09:46.307688 30061 raft_consensus.cc:2804] T 506361b141c5488ab7f1e5e5a797af99 P 33523e430ec94416b2d2811279bf739b [term 2 FOLLOWER]: Leader election won for term 2
I20260710 11:09:46.308473 29850 raft_consensus.cc:2468] T 506361b141c5488ab7f1e5e5a797af99 P a183eec708ce434fb054e507a6f59b13 [term 2 FOLLOWER]: Leader election vote request: Granting yes vote for candidate 33523e430ec94416b2d2811279bf739b in term 2.
I20260710 11:09:46.308988 30061 raft_consensus.cc:697] T 506361b141c5488ab7f1e5e5a797af99 P 33523e430ec94416b2d2811279bf739b [term 2 LEADER]: Becoming Leader. State: Replica: 33523e430ec94416b2d2811279bf739b, State: Running, Role: LEADER
I20260710 11:09:46.309906 30061 consensus_queue.cc:237] T 506361b141c5488ab7f1e5e5a797af99 P 33523e430ec94416b2d2811279bf739b [LEADER]: Queue going to LEADER mode. State: All replicated index: 0, Majority replicated index: 1, Committed index: 1, Last appended: 1.1, Last appended by leader: 1, Current term: 2, Majority size: 2, State: 0, Mode: LEADER, active raft config: opid_index: -1 OBSOLETE_local: false peers { permanent_uuid: "c58ccb4ccebb4dc1b2930f9aeed3f584" member_type: VOTER last_known_addr { host: "127.28.242.193" port: 45519 } } peers { permanent_uuid: "a183eec708ce434fb054e507a6f59b13" member_type: VOTER last_known_addr { host: "127.28.242.194" port: 46871 } } peers { permanent_uuid: "33523e430ec94416b2d2811279bf739b" member_type: VOTER last_known_addr { host: "127.28.242.195" port: 41261 } }
I20260710 11:09:46.317507 29673 catalog_manager.cc:5697] T 506361b141c5488ab7f1e5e5a797af99 P 33523e430ec94416b2d2811279bf739b reported cstate change: term changed from 1 to 2, leader changed from a183eec708ce434fb054e507a6f59b13 (127.28.242.194) to 33523e430ec94416b2d2811279bf739b (127.28.242.195). New cstate: current_term: 2 leader_uuid: "33523e430ec94416b2d2811279bf739b" committed_config { opid_index: -1 OBSOLETE_local: false peers { permanent_uuid: "c58ccb4ccebb4dc1b2930f9aeed3f584" member_type: VOTER last_known_addr { host: "127.28.242.193" port: 45519 } health_report { overall_health: UNKNOWN } } peers { permanent_uuid: "a183eec708ce434fb054e507a6f59b13" member_type: VOTER last_known_addr { host: "127.28.242.194" port: 46871 } health_report { overall_health: UNKNOWN } } peers { permanent_uuid: "33523e430ec94416b2d2811279bf739b" member_type: VOTER last_known_addr { host: "127.28.242.195" port: 41261 } health_report { overall_health: HEALTHY } } }
I20260710 11:09:46.330555 30073 raft_consensus.cc:993] T ada047d5c0d34f1bafb20ad2daa03999 P c58ccb4ccebb4dc1b2930f9aeed3f584: : Instructing follower 33523e430ec94416b2d2811279bf739b to start an election
I20260710 11:09:46.330974 30062 raft_consensus.cc:1081] T ada047d5c0d34f1bafb20ad2daa03999 P c58ccb4ccebb4dc1b2930f9aeed3f584 [term 1 LEADER]: Signalling peer 33523e430ec94416b2d2811279bf739b to start an election
I20260710 11:09:46.332445 29924 tablet_service.cc:2044] Received Run Leader Election RPC: tablet_id: "ada047d5c0d34f1bafb20ad2daa03999"
dest_uuid: "33523e430ec94416b2d2811279bf739b"
 from {username='slave'} at 127.0.0.1:44686
I20260710 11:09:46.332865 29924 raft_consensus.cc:493] T ada047d5c0d34f1bafb20ad2daa03999 P 33523e430ec94416b2d2811279bf739b [term 1 FOLLOWER]: Starting forced leader election (received explicit request)
I20260710 11:09:46.333201 29924 raft_consensus.cc:3060] T ada047d5c0d34f1bafb20ad2daa03999 P 33523e430ec94416b2d2811279bf739b [term 1 FOLLOWER]: Advancing to term 2
I20260710 11:09:46.339021 29924 raft_consensus.cc:515] T ada047d5c0d34f1bafb20ad2daa03999 P 33523e430ec94416b2d2811279bf739b [term 2 FOLLOWER]: Starting forced leader election with config: opid_index: -1 OBSOLETE_local: false peers { permanent_uuid: "a183eec708ce434fb054e507a6f59b13" member_type: VOTER last_known_addr { host: "127.28.242.194" port: 46871 } } peers { permanent_uuid: "c58ccb4ccebb4dc1b2930f9aeed3f584" member_type: VOTER last_known_addr { host: "127.28.242.193" port: 45519 } } peers { permanent_uuid: "33523e430ec94416b2d2811279bf739b" member_type: VOTER last_known_addr { host: "127.28.242.195" port: 41261 } }
I20260710 11:09:46.340482 29924 leader_election.cc:290] T ada047d5c0d34f1bafb20ad2daa03999 P 33523e430ec94416b2d2811279bf739b [CANDIDATE]: Term 2 election: Requested vote from peers a183eec708ce434fb054e507a6f59b13 (127.28.242.194:46871), c58ccb4ccebb4dc1b2930f9aeed3f584 (127.28.242.193:45519)
I20260710 11:09:46.341315 29850 tablet_service.cc:1917] Received RequestConsensusVote() RPC: tablet_id: "ada047d5c0d34f1bafb20ad2daa03999" candidate_uuid: "33523e430ec94416b2d2811279bf739b" candidate_term: 2 candidate_status { last_received { term: 1 index: 1 } } ignore_live_leader: true dest_uuid: "a183eec708ce434fb054e507a6f59b13"
I20260710 11:09:46.341584 29777 tablet_service.cc:1917] Received RequestConsensusVote() RPC: tablet_id: "ada047d5c0d34f1bafb20ad2daa03999" candidate_uuid: "33523e430ec94416b2d2811279bf739b" candidate_term: 2 candidate_status { last_received { term: 1 index: 1 } } ignore_live_leader: true dest_uuid: "c58ccb4ccebb4dc1b2930f9aeed3f584"
I20260710 11:09:46.341876 29850 raft_consensus.cc:3060] T ada047d5c0d34f1bafb20ad2daa03999 P a183eec708ce434fb054e507a6f59b13 [term 1 FOLLOWER]: Advancing to term 2
I20260710 11:09:46.342108 29777 raft_consensus.cc:3055] T ada047d5c0d34f1bafb20ad2daa03999 P c58ccb4ccebb4dc1b2930f9aeed3f584 [term 1 LEADER]: Stepping down as leader of term 1
I20260710 11:09:46.342423 29777 raft_consensus.cc:740] T ada047d5c0d34f1bafb20ad2daa03999 P c58ccb4ccebb4dc1b2930f9aeed3f584 [term 1 LEADER]: Becoming Follower/Learner. State: Replica: c58ccb4ccebb4dc1b2930f9aeed3f584, State: Running, Role: LEADER
I20260710 11:09:46.343055 29777 consensus_queue.cc:260] T ada047d5c0d34f1bafb20ad2daa03999 P c58ccb4ccebb4dc1b2930f9aeed3f584 [NON_LEADER]: Queue going to NON_LEADER mode. State: All replicated index: 0, Majority replicated index: 1, Committed index: 1, Last appended: 1.1, Last appended by leader: 1, Current term: 1, Majority size: -1, State: 0, Mode: NON_LEADER, active raft config: opid_index: -1 OBSOLETE_local: false peers { permanent_uuid: "a183eec708ce434fb054e507a6f59b13" member_type: VOTER last_known_addr { host: "127.28.242.194" port: 46871 } } peers { permanent_uuid: "c58ccb4ccebb4dc1b2930f9aeed3f584" member_type: VOTER last_known_addr { host: "127.28.242.193" port: 45519 } } peers { permanent_uuid: "33523e430ec94416b2d2811279bf739b" member_type: VOTER last_known_addr { host: "127.28.242.195" port: 41261 } }
I20260710 11:09:46.343925 29777 raft_consensus.cc:3060] T ada047d5c0d34f1bafb20ad2daa03999 P c58ccb4ccebb4dc1b2930f9aeed3f584 [term 1 FOLLOWER]: Advancing to term 2
I20260710 11:09:46.346887 29850 raft_consensus.cc:2468] T ada047d5c0d34f1bafb20ad2daa03999 P a183eec708ce434fb054e507a6f59b13 [term 2 FOLLOWER]: Leader election vote request: Granting yes vote for candidate 33523e430ec94416b2d2811279bf739b in term 2.
I20260710 11:09:46.347975 29777 raft_consensus.cc:2468] T ada047d5c0d34f1bafb20ad2daa03999 P c58ccb4ccebb4dc1b2930f9aeed3f584 [term 2 FOLLOWER]: Leader election vote request: Granting yes vote for candidate 33523e430ec94416b2d2811279bf739b in term 2.
I20260710 11:09:46.347983 29892 leader_election.cc:304] T ada047d5c0d34f1bafb20ad2daa03999 P 33523e430ec94416b2d2811279bf739b [CANDIDATE]: Term 2 election: Election decided. Result: candidate won. Election summary: received 2 responses out of 3 voters: 2 yes votes; 0 no votes. yes voters: 33523e430ec94416b2d2811279bf739b, a183eec708ce434fb054e507a6f59b13; no voters: 
I20260710 11:09:46.348923 30061 raft_consensus.cc:2804] T ada047d5c0d34f1bafb20ad2daa03999 P 33523e430ec94416b2d2811279bf739b [term 2 FOLLOWER]: Leader election won for term 2
I20260710 11:09:46.349445 30061 raft_consensus.cc:697] T ada047d5c0d34f1bafb20ad2daa03999 P 33523e430ec94416b2d2811279bf739b [term 2 LEADER]: Becoming Leader. State: Replica: 33523e430ec94416b2d2811279bf739b, State: Running, Role: LEADER
I20260710 11:09:46.350234 30061 consensus_queue.cc:237] T ada047d5c0d34f1bafb20ad2daa03999 P 33523e430ec94416b2d2811279bf739b [LEADER]: Queue going to LEADER mode. State: All replicated index: 0, Majority replicated index: 1, Committed index: 1, Last appended: 1.1, Last appended by leader: 1, Current term: 2, Majority size: 2, State: 0, Mode: LEADER, active raft config: opid_index: -1 OBSOLETE_local: false peers { permanent_uuid: "a183eec708ce434fb054e507a6f59b13" member_type: VOTER last_known_addr { host: "127.28.242.194" port: 46871 } } peers { permanent_uuid: "c58ccb4ccebb4dc1b2930f9aeed3f584" member_type: VOTER last_known_addr { host: "127.28.242.193" port: 45519 } } peers { permanent_uuid: "33523e430ec94416b2d2811279bf739b" member_type: VOTER last_known_addr { host: "127.28.242.195" port: 41261 } }
I20260710 11:09:46.356827 29673 catalog_manager.cc:5697] T ada047d5c0d34f1bafb20ad2daa03999 P 33523e430ec94416b2d2811279bf739b reported cstate change: term changed from 1 to 2, leader changed from c58ccb4ccebb4dc1b2930f9aeed3f584 (127.28.242.193) to 33523e430ec94416b2d2811279bf739b (127.28.242.195). New cstate: current_term: 2 leader_uuid: "33523e430ec94416b2d2811279bf739b" committed_config { opid_index: -1 OBSOLETE_local: false peers { permanent_uuid: "a183eec708ce434fb054e507a6f59b13" member_type: VOTER last_known_addr { host: "127.28.242.194" port: 46871 } health_report { overall_health: UNKNOWN } } peers { permanent_uuid: "c58ccb4ccebb4dc1b2930f9aeed3f584" member_type: VOTER last_known_addr { host: "127.28.242.193" port: 45519 } health_report { overall_health: UNKNOWN } } peers { permanent_uuid: "33523e430ec94416b2d2811279bf739b" member_type: VOTER last_known_addr { host: "127.28.242.195" port: 41261 } health_report { overall_health: HEALTHY } } }
I20260710 11:09:46.705510 29777 raft_consensus.cc:1275] T 506361b141c5488ab7f1e5e5a797af99 P c58ccb4ccebb4dc1b2930f9aeed3f584 [term 2 FOLLOWER]: Refusing update from remote peer 33523e430ec94416b2d2811279bf739b: Log matching property violated. Preceding OpId in replica: term: 1 index: 1. Preceding OpId from leader: term: 2 index: 2. (index mismatch)
I20260710 11:09:46.706761 30061 consensus_queue.cc:1048] T 506361b141c5488ab7f1e5e5a797af99 P 33523e430ec94416b2d2811279bf739b [LEADER]: Connected to new peer: Peer: permanent_uuid: "c58ccb4ccebb4dc1b2930f9aeed3f584" member_type: VOTER last_known_addr { host: "127.28.242.193" port: 45519 }, Status: LMP_MISMATCH, Last received: 0.0, Next index: 2, Last known committed idx: 1, Time since last communication: 0.000s
I20260710 11:09:46.718334 29850 raft_consensus.cc:1275] T 506361b141c5488ab7f1e5e5a797af99 P a183eec708ce434fb054e507a6f59b13 [term 2 FOLLOWER]: Refusing update from remote peer 33523e430ec94416b2d2811279bf739b: Log matching property violated. Preceding OpId in replica: term: 1 index: 1. Preceding OpId from leader: term: 2 index: 2. (index mismatch)
I20260710 11:09:46.720381 30067 consensus_queue.cc:1048] T 506361b141c5488ab7f1e5e5a797af99 P 33523e430ec94416b2d2811279bf739b [LEADER]: Connected to new peer: Peer: permanent_uuid: "a183eec708ce434fb054e507a6f59b13" member_type: VOTER last_known_addr { host: "127.28.242.194" port: 46871 }, Status: LMP_MISMATCH, Last received: 0.0, Next index: 2, Last known committed idx: 1, Time since last communication: 0.000s
I20260710 11:09:46.944741 29850 raft_consensus.cc:1275] T ada047d5c0d34f1bafb20ad2daa03999 P a183eec708ce434fb054e507a6f59b13 [term 2 FOLLOWER]: Refusing update from remote peer 33523e430ec94416b2d2811279bf739b: Log matching property violated. Preceding OpId in replica: term: 1 index: 1. Preceding OpId from leader: term: 2 index: 2. (index mismatch)
I20260710 11:09:46.945994 30067 consensus_queue.cc:1048] T ada047d5c0d34f1bafb20ad2daa03999 P 33523e430ec94416b2d2811279bf739b [LEADER]: Connected to new peer: Peer: permanent_uuid: "a183eec708ce434fb054e507a6f59b13" member_type: VOTER last_known_addr { host: "127.28.242.194" port: 46871 }, Status: LMP_MISMATCH, Last received: 0.0, Next index: 2, Last known committed idx: 1, Time since last communication: 0.000s
I20260710 11:09:46.954672 29777 raft_consensus.cc:1275] T ada047d5c0d34f1bafb20ad2daa03999 P c58ccb4ccebb4dc1b2930f9aeed3f584 [term 2 FOLLOWER]: Refusing update from remote peer 33523e430ec94416b2d2811279bf739b: Log matching property violated. Preceding OpId in replica: term: 1 index: 1. Preceding OpId from leader: term: 2 index: 2. (index mismatch)
I20260710 11:09:46.956508 30067 consensus_queue.cc:1048] T ada047d5c0d34f1bafb20ad2daa03999 P 33523e430ec94416b2d2811279bf739b [LEADER]: Connected to new peer: Peer: permanent_uuid: "c58ccb4ccebb4dc1b2930f9aeed3f584" member_type: VOTER last_known_addr { host: "127.28.242.193" port: 45519 }, Status: LMP_MISMATCH, Last received: 0.0, Next index: 2, Last known committed idx: 1, Time since last communication: 0.001s
I20260710 11:09:47.166985 29643 auto_leader_rebalancer.cc:141] leader rebalance for table test-workload
I20260710 11:09:47.178272 29924 tablet_service.cc:2072] Received LeaderStepDown RPC: tablet_id: "ada047d5c0d34f1bafb20ad2daa03999"
dest_uuid: "33523e430ec94416b2d2811279bf739b"
mode: GRACEFUL
new_leader_uuid: "a183eec708ce434fb054e507a6f59b13"
 from {username='slave'} at 127.0.0.1:44696
I20260710 11:09:47.178838 29924 raft_consensus.cc:606] T ada047d5c0d34f1bafb20ad2daa03999 P 33523e430ec94416b2d2811279bf739b [term 2 LEADER]: Received request to transfer leadership to TS a183eec708ce434fb054e507a6f59b13
I20260710 11:09:47.184280 29777 tablet_service.cc:2072] Received LeaderStepDown RPC: tablet_id: "50fde460e0914e4f88eb92955cdd0bfc"
dest_uuid: "c58ccb4ccebb4dc1b2930f9aeed3f584"
mode: GRACEFUL
new_leader_uuid: "a183eec708ce434fb054e507a6f59b13"
 from {username='slave'} at 127.0.0.1:40624
I20260710 11:09:47.184715 29777 raft_consensus.cc:606] T 50fde460e0914e4f88eb92955cdd0bfc P c58ccb4ccebb4dc1b2930f9aeed3f584 [term 2 LEADER]: Received request to transfer leadership to TS a183eec708ce434fb054e507a6f59b13
I20260710 11:09:47.189574 29777 tablet_service.cc:2072] Received LeaderStepDown RPC: tablet_id: "41118fc687fd456eb47fe90a00a9af68"
dest_uuid: "c58ccb4ccebb4dc1b2930f9aeed3f584"
mode: GRACEFUL
new_leader_uuid: "a183eec708ce434fb054e507a6f59b13"
 from {username='slave'} at 127.0.0.1:40624
I20260710 11:09:47.189980 29777 raft_consensus.cc:606] T 41118fc687fd456eb47fe90a00a9af68 P c58ccb4ccebb4dc1b2930f9aeed3f584 [term 1 LEADER]: Received request to transfer leadership to TS a183eec708ce434fb054e507a6f59b13
I20260710 11:09:47.194597 29777 tablet_service.cc:2072] Received LeaderStepDown RPC: tablet_id: "50b07dfdc9ca40c7834d9a9ed1e40577"
dest_uuid: "c58ccb4ccebb4dc1b2930f9aeed3f584"
mode: GRACEFUL
new_leader_uuid: "a183eec708ce434fb054e507a6f59b13"
 from {username='slave'} at 127.0.0.1:40624
I20260710 11:09:47.195001 29777 raft_consensus.cc:606] T 50b07dfdc9ca40c7834d9a9ed1e40577 P c58ccb4ccebb4dc1b2930f9aeed3f584 [term 2 LEADER]: Received request to transfer leadership to TS a183eec708ce434fb054e507a6f59b13
I20260710 11:09:47.206771 29924 tablet_service.cc:2072] Received LeaderStepDown RPC: tablet_id: "506361b141c5488ab7f1e5e5a797af99"
dest_uuid: "33523e430ec94416b2d2811279bf739b"
mode: GRACEFUL
new_leader_uuid: "a183eec708ce434fb054e507a6f59b13"
 from {username='slave'} at 127.0.0.1:44696
I20260710 11:09:47.207319 29924 raft_consensus.cc:606] T 506361b141c5488ab7f1e5e5a797af99 P 33523e430ec94416b2d2811279bf739b [term 2 LEADER]: Received request to transfer leadership to TS a183eec708ce434fb054e507a6f59b13
I20260710 11:09:47.313474 30082 raft_consensus.cc:993] T 506361b141c5488ab7f1e5e5a797af99 P 33523e430ec94416b2d2811279bf739b: : Instructing follower a183eec708ce434fb054e507a6f59b13 to start an election
I20260710 11:09:47.313974 30067 raft_consensus.cc:1081] T 506361b141c5488ab7f1e5e5a797af99 P 33523e430ec94416b2d2811279bf739b [term 2 LEADER]: Signalling peer a183eec708ce434fb054e507a6f59b13 to start an election
I20260710 11:09:47.315721 29849 tablet_service.cc:2044] Received Run Leader Election RPC: tablet_id: "506361b141c5488ab7f1e5e5a797af99"
dest_uuid: "a183eec708ce434fb054e507a6f59b13"
 from {username='slave'} at 127.0.0.1:52620
I20260710 11:09:47.316449 29849 raft_consensus.cc:493] T 506361b141c5488ab7f1e5e5a797af99 P a183eec708ce434fb054e507a6f59b13 [term 2 FOLLOWER]: Starting forced leader election (received explicit request)
I20260710 11:09:47.316907 29849 raft_consensus.cc:3060] T 506361b141c5488ab7f1e5e5a797af99 P a183eec708ce434fb054e507a6f59b13 [term 2 FOLLOWER]: Advancing to term 3
I20260710 11:09:47.318185 30084 raft_consensus.cc:993] T 50fde460e0914e4f88eb92955cdd0bfc P c58ccb4ccebb4dc1b2930f9aeed3f584: : Instructing follower a183eec708ce434fb054e507a6f59b13 to start an election
I20260710 11:09:47.318656 30062 raft_consensus.cc:1081] T 50fde460e0914e4f88eb92955cdd0bfc P c58ccb4ccebb4dc1b2930f9aeed3f584 [term 2 LEADER]: Signalling peer a183eec708ce434fb054e507a6f59b13 to start an election
I20260710 11:09:47.320274 29850 tablet_service.cc:2044] Received Run Leader Election RPC: tablet_id: "50fde460e0914e4f88eb92955cdd0bfc"
dest_uuid: "a183eec708ce434fb054e507a6f59b13"
 from {username='slave'} at 127.0.0.1:52614
I20260710 11:09:47.320927 29850 raft_consensus.cc:493] T 50fde460e0914e4f88eb92955cdd0bfc P a183eec708ce434fb054e507a6f59b13 [term 2 FOLLOWER]: Starting forced leader election (received explicit request)
I20260710 11:09:47.321379 29850 raft_consensus.cc:3060] T 50fde460e0914e4f88eb92955cdd0bfc P a183eec708ce434fb054e507a6f59b13 [term 2 FOLLOWER]: Advancing to term 3
I20260710 11:09:47.324209 29849 raft_consensus.cc:515] T 506361b141c5488ab7f1e5e5a797af99 P a183eec708ce434fb054e507a6f59b13 [term 3 FOLLOWER]: Starting forced leader election with config: opid_index: -1 OBSOLETE_local: false peers { permanent_uuid: "c58ccb4ccebb4dc1b2930f9aeed3f584" member_type: VOTER last_known_addr { host: "127.28.242.193" port: 45519 } } peers { permanent_uuid: "a183eec708ce434fb054e507a6f59b13" member_type: VOTER last_known_addr { host: "127.28.242.194" port: 46871 } } peers { permanent_uuid: "33523e430ec94416b2d2811279bf739b" member_type: VOTER last_known_addr { host: "127.28.242.195" port: 41261 } }
I20260710 11:09:47.326591 29849 leader_election.cc:290] T 506361b141c5488ab7f1e5e5a797af99 P a183eec708ce434fb054e507a6f59b13 [CANDIDATE]: Term 3 election: Requested vote from peers c58ccb4ccebb4dc1b2930f9aeed3f584 (127.28.242.193:45519), 33523e430ec94416b2d2811279bf739b (127.28.242.195:41261)
