I20260710 11:10:00.741685  4562 leader_election.cc:304] T 6141c1cbf5744bffbc95decdfa4b1cb4 P ae652a49ec844528b1fb5b52b0e843db [CANDIDATE]: Term 3 election: Election decided. Result: candidate won. Election summary: received 2 responses out of 3 voters: 2 yes votes; 0 no votes. yes voters: ae652a49ec844528b1fb5b52b0e843db, bfea5556007947ddaac2073862d2b11a; no voters: 
I20260710 11:10:00.742589  4818 raft_consensus.cc:2804] T 6141c1cbf5744bffbc95decdfa4b1cb4 P ae652a49ec844528b1fb5b52b0e843db [term 3 FOLLOWER]: Leader election won for term 3
I20260710 11:10:00.743652  4818 raft_consensus.cc:697] T 6141c1cbf5744bffbc95decdfa4b1cb4 P ae652a49ec844528b1fb5b52b0e843db [term 3 LEADER]: Becoming Leader. State: Replica: ae652a49ec844528b1fb5b52b0e843db, State: Running, Role: LEADER
I20260710 11:10:00.743974  4521 raft_consensus.cc:2468] T 6141c1cbf5744bffbc95decdfa4b1cb4 P d07cdccb6db2413d8eb6d2c7eaba4b74 [term 3 FOLLOWER]: Leader election vote request: Granting yes vote for candidate ae652a49ec844528b1fb5b52b0e843db in term 3.
I20260710 11:10:00.744731  4818 consensus_queue.cc:237] T 6141c1cbf5744bffbc95decdfa4b1cb4 P ae652a49ec844528b1fb5b52b0e843db [LEADER]: Queue going to LEADER mode. State: All replicated index: 0, Majority replicated index: 2, Committed index: 2, Last appended: 2.2, Last appended by leader: 2, Current term: 3, Majority size: 2, State: 0, Mode: LEADER, active raft config: opid_index: -1 OBSOLETE_local: false peers { permanent_uuid: "d07cdccb6db2413d8eb6d2c7eaba4b74" member_type: VOTER last_known_addr { host: "127.3.206.1" port: 35233 } } peers { permanent_uuid: "ae652a49ec844528b1fb5b52b0e843db" member_type: VOTER last_known_addr { host: "127.3.206.2" port: 41327 } } peers { permanent_uuid: "bfea5556007947ddaac2073862d2b11a" member_type: VOTER last_known_addr { host: "127.3.206.3" port: 42685 } }
I20260710 11:10:00.752990  4419 catalog_manager.cc:5697] T 6141c1cbf5744bffbc95decdfa4b1cb4 P ae652a49ec844528b1fb5b52b0e843db reported cstate change: term changed from 2 to 3, leader changed from d07cdccb6db2413d8eb6d2c7eaba4b74 (127.3.206.1) to ae652a49ec844528b1fb5b52b0e843db (127.3.206.2). New cstate: current_term: 3 leader_uuid: "ae652a49ec844528b1fb5b52b0e843db" committed_config { opid_index: -1 OBSOLETE_local: false peers { permanent_uuid: "d07cdccb6db2413d8eb6d2c7eaba4b74" member_type: VOTER last_known_addr { host: "127.3.206.1" port: 35233 } health_report { overall_health: UNKNOWN } } peers { permanent_uuid: "ae652a49ec844528b1fb5b52b0e843db" member_type: VOTER last_known_addr { host: "127.3.206.2" port: 41327 } health_report { overall_health: HEALTHY } } peers { permanent_uuid: "bfea5556007947ddaac2073862d2b11a" member_type: VOTER last_known_addr { host: "127.3.206.3" port: 42685 } health_report { overall_health: UNKNOWN } } }
I20260710 11:10:00.941866  4856 raft_consensus.cc:993] T 4a6a212ff33949d3807be8494ed2a8f8 P d07cdccb6db2413d8eb6d2c7eaba4b74: : Instructing follower bfea5556007947ddaac2073862d2b11a to start an election
I20260710 11:10:00.942345  4856 raft_consensus.cc:1081] T 4a6a212ff33949d3807be8494ed2a8f8 P d07cdccb6db2413d8eb6d2c7eaba4b74 [term 2 LEADER]: Signalling peer bfea5556007947ddaac2073862d2b11a to start an election
I20260710 11:10:00.943863  4669 tablet_service.cc:2044] Received Run Leader Election RPC: tablet_id: "4a6a212ff33949d3807be8494ed2a8f8"
dest_uuid: "bfea5556007947ddaac2073862d2b11a"
 from {username='slave'} at 127.0.0.1:39970
I20260710 11:10:00.944351  4669 raft_consensus.cc:493] T 4a6a212ff33949d3807be8494ed2a8f8 P bfea5556007947ddaac2073862d2b11a [term 2 FOLLOWER]: Starting forced leader election (received explicit request)
I20260710 11:10:00.944662  4669 raft_consensus.cc:3060] T 4a6a212ff33949d3807be8494ed2a8f8 P bfea5556007947ddaac2073862d2b11a [term 2 FOLLOWER]: Advancing to term 3
I20260710 11:10:00.951079  4669 raft_consensus.cc:515] T 4a6a212ff33949d3807be8494ed2a8f8 P bfea5556007947ddaac2073862d2b11a [term 3 FOLLOWER]: Starting forced leader election with config: opid_index: -1 OBSOLETE_local: false peers { permanent_uuid: "d07cdccb6db2413d8eb6d2c7eaba4b74" member_type: VOTER last_known_addr { host: "127.3.206.1" port: 35233 } } peers { permanent_uuid: "ae652a49ec844528b1fb5b52b0e843db" member_type: VOTER last_known_addr { host: "127.3.206.2" port: 41327 } } peers { permanent_uuid: "bfea5556007947ddaac2073862d2b11a" member_type: VOTER last_known_addr { host: "127.3.206.3" port: 42685 } }
I20260710 11:10:00.953073  4669 leader_election.cc:290] T 4a6a212ff33949d3807be8494ed2a8f8 P bfea5556007947ddaac2073862d2b11a [CANDIDATE]: Term 3 election: Requested vote from peers d07cdccb6db2413d8eb6d2c7eaba4b74 (127.3.206.1:35233), ae652a49ec844528b1fb5b52b0e843db (127.3.206.2:41327)
I20260710 11:10:00.953974  4521 tablet_service.cc:1917] Received RequestConsensusVote() RPC: tablet_id: "4a6a212ff33949d3807be8494ed2a8f8" candidate_uuid: "bfea5556007947ddaac2073862d2b11a" candidate_term: 3 candidate_status { last_received { term: 2 index: 2 } } ignore_live_leader: true dest_uuid: "d07cdccb6db2413d8eb6d2c7eaba4b74"
I20260710 11:10:00.954109  4596 tablet_service.cc:1917] Received RequestConsensusVote() RPC: tablet_id: "4a6a212ff33949d3807be8494ed2a8f8" candidate_uuid: "bfea5556007947ddaac2073862d2b11a" candidate_term: 3 candidate_status { last_received { term: 2 index: 2 } } ignore_live_leader: true dest_uuid: "ae652a49ec844528b1fb5b52b0e843db"
I20260710 11:10:00.954594  4521 raft_consensus.cc:3055] T 4a6a212ff33949d3807be8494ed2a8f8 P d07cdccb6db2413d8eb6d2c7eaba4b74 [term 2 LEADER]: Stepping down as leader of term 2
I20260710 11:10:00.954607  4596 raft_consensus.cc:3060] T 4a6a212ff33949d3807be8494ed2a8f8 P ae652a49ec844528b1fb5b52b0e843db [term 2 FOLLOWER]: Advancing to term 3
I20260710 11:10:00.954928  4521 raft_consensus.cc:740] T 4a6a212ff33949d3807be8494ed2a8f8 P d07cdccb6db2413d8eb6d2c7eaba4b74 [term 2 LEADER]: Becoming Follower/Learner. State: Replica: d07cdccb6db2413d8eb6d2c7eaba4b74, State: Running, Role: LEADER
I20260710 11:10:00.955703  4521 consensus_queue.cc:260] T 4a6a212ff33949d3807be8494ed2a8f8 P d07cdccb6db2413d8eb6d2c7eaba4b74 [NON_LEADER]: Queue going to NON_LEADER mode. State: All replicated index: 0, Majority replicated index: 2, Committed index: 2, Last appended: 2.2, Last appended by leader: 2, Current term: 2, Majority size: -1, State: 0, Mode: NON_LEADER, active raft config: opid_index: -1 OBSOLETE_local: false peers { permanent_uuid: "d07cdccb6db2413d8eb6d2c7eaba4b74" member_type: VOTER last_known_addr { host: "127.3.206.1" port: 35233 } } peers { permanent_uuid: "ae652a49ec844528b1fb5b52b0e843db" member_type: VOTER last_known_addr { host: "127.3.206.2" port: 41327 } } peers { permanent_uuid: "bfea5556007947ddaac2073862d2b11a" member_type: VOTER last_known_addr { host: "127.3.206.3" port: 42685 } }
I20260710 11:10:00.956606  4521 raft_consensus.cc:3060] T 4a6a212ff33949d3807be8494ed2a8f8 P d07cdccb6db2413d8eb6d2c7eaba4b74 [term 2 FOLLOWER]: Advancing to term 3
I20260710 11:10:00.959322  4596 raft_consensus.cc:2468] T 4a6a212ff33949d3807be8494ed2a8f8 P ae652a49ec844528b1fb5b52b0e843db [term 3 FOLLOWER]: Leader election vote request: Granting yes vote for candidate bfea5556007947ddaac2073862d2b11a in term 3.
I20260710 11:10:00.960544  4636 leader_election.cc:304] T 4a6a212ff33949d3807be8494ed2a8f8 P bfea5556007947ddaac2073862d2b11a [CANDIDATE]: Term 3 election: Election decided. Result: candidate won. Election summary: received 2 responses out of 3 voters: 2 yes votes; 0 no votes. yes voters: ae652a49ec844528b1fb5b52b0e843db, bfea5556007947ddaac2073862d2b11a; no voters: 
I20260710 11:10:00.960796  4521 raft_consensus.cc:2468] T 4a6a212ff33949d3807be8494ed2a8f8 P d07cdccb6db2413d8eb6d2c7eaba4b74 [term 3 FOLLOWER]: Leader election vote request: Granting yes vote for candidate bfea5556007947ddaac2073862d2b11a in term 3.
I20260710 11:10:00.961422  4806 raft_consensus.cc:2804] T 4a6a212ff33949d3807be8494ed2a8f8 P bfea5556007947ddaac2073862d2b11a [term 3 FOLLOWER]: Leader election won for term 3
I20260710 11:10:00.962517  4806 raft_consensus.cc:697] T 4a6a212ff33949d3807be8494ed2a8f8 P bfea5556007947ddaac2073862d2b11a [term 3 LEADER]: Becoming Leader. State: Replica: bfea5556007947ddaac2073862d2b11a, State: Running, Role: LEADER
I20260710 11:10:00.963351  4806 consensus_queue.cc:237] T 4a6a212ff33949d3807be8494ed2a8f8 P bfea5556007947ddaac2073862d2b11a [LEADER]: Queue going to LEADER mode. State: All replicated index: 0, Majority replicated index: 2, Committed index: 2, Last appended: 2.2, Last appended by leader: 2, Current term: 3, Majority size: 2, State: 0, Mode: LEADER, active raft config: opid_index: -1 OBSOLETE_local: false peers { permanent_uuid: "d07cdccb6db2413d8eb6d2c7eaba4b74" member_type: VOTER last_known_addr { host: "127.3.206.1" port: 35233 } } peers { permanent_uuid: "ae652a49ec844528b1fb5b52b0e843db" member_type: VOTER last_known_addr { host: "127.3.206.2" port: 41327 } } peers { permanent_uuid: "bfea5556007947ddaac2073862d2b11a" member_type: VOTER last_known_addr { host: "127.3.206.3" port: 42685 } }
I20260710 11:10:00.970503  4419 catalog_manager.cc:5697] T 4a6a212ff33949d3807be8494ed2a8f8 P bfea5556007947ddaac2073862d2b11a reported cstate change: term changed from 2 to 3, leader changed from d07cdccb6db2413d8eb6d2c7eaba4b74 (127.3.206.1) to bfea5556007947ddaac2073862d2b11a (127.3.206.3). New cstate: current_term: 3 leader_uuid: "bfea5556007947ddaac2073862d2b11a" committed_config { opid_index: -1 OBSOLETE_local: false peers { permanent_uuid: "d07cdccb6db2413d8eb6d2c7eaba4b74" member_type: VOTER last_known_addr { host: "127.3.206.1" port: 35233 } health_report { overall_health: UNKNOWN } } peers { permanent_uuid: "ae652a49ec844528b1fb5b52b0e843db" member_type: VOTER last_known_addr { host: "127.3.206.2" port: 41327 } health_report { overall_health: UNKNOWN } } peers { permanent_uuid: "bfea5556007947ddaac2073862d2b11a" member_type: VOTER last_known_addr { host: "127.3.206.3" port: 42685 } health_report { overall_health: HEALTHY } } }
I20260710 11:10:01.168633  4853 raft_consensus.cc:993] T ba50d1965f4d4846bed073c7328e4504 P d07cdccb6db2413d8eb6d2c7eaba4b74: : Instructing follower ae652a49ec844528b1fb5b52b0e843db to start an election
I20260710 11:10:01.169150  4856 raft_consensus.cc:1081] T ba50d1965f4d4846bed073c7328e4504 P d07cdccb6db2413d8eb6d2c7eaba4b74 [term 4 LEADER]: Signalling peer ae652a49ec844528b1fb5b52b0e843db to start an election
I20260710 11:10:01.170552  4596 tablet_service.cc:2044] Received Run Leader Election RPC: tablet_id: "ba50d1965f4d4846bed073c7328e4504"
dest_uuid: "ae652a49ec844528b1fb5b52b0e843db"
 from {username='slave'} at 127.0.0.1:52750
I20260710 11:10:01.171017  4596 raft_consensus.cc:493] T ba50d1965f4d4846bed073c7328e4504 P ae652a49ec844528b1fb5b52b0e843db [term 4 FOLLOWER]: Starting forced leader election (received explicit request)
I20260710 11:10:01.171315  4596 raft_consensus.cc:3060] T ba50d1965f4d4846bed073c7328e4504 P ae652a49ec844528b1fb5b52b0e843db [term 4 FOLLOWER]: Advancing to term 5
I20260710 11:10:01.175348  4596 raft_consensus.cc:515] T ba50d1965f4d4846bed073c7328e4504 P ae652a49ec844528b1fb5b52b0e843db [term 5 FOLLOWER]: Starting forced leader election with config: opid_index: -1 OBSOLETE_local: false peers { permanent_uuid: "d07cdccb6db2413d8eb6d2c7eaba4b74" member_type: VOTER last_known_addr { host: "127.3.206.1" port: 35233 } } peers { permanent_uuid: "bfea5556007947ddaac2073862d2b11a" member_type: VOTER last_known_addr { host: "127.3.206.3" port: 42685 } } peers { permanent_uuid: "ae652a49ec844528b1fb5b52b0e843db" member_type: VOTER last_known_addr { host: "127.3.206.2" port: 41327 } }
I20260710 11:10:01.177109  4596 leader_election.cc:290] T ba50d1965f4d4846bed073c7328e4504 P ae652a49ec844528b1fb5b52b0e843db [CANDIDATE]: Term 5 election: Requested vote from peers d07cdccb6db2413d8eb6d2c7eaba4b74 (127.3.206.1:35233), bfea5556007947ddaac2073862d2b11a (127.3.206.3:42685)
I20260710 11:10:01.177680  4521 tablet_service.cc:1917] Received RequestConsensusVote() RPC: tablet_id: "ba50d1965f4d4846bed073c7328e4504" candidate_uuid: "ae652a49ec844528b1fb5b52b0e843db" candidate_term: 5 candidate_status { last_received { term: 4 index: 4 } } ignore_live_leader: true dest_uuid: "d07cdccb6db2413d8eb6d2c7eaba4b74"
I20260710 11:10:01.178094  4669 raft_consensus.cc:1275] T 6141c1cbf5744bffbc95decdfa4b1cb4 P bfea5556007947ddaac2073862d2b11a [term 3 FOLLOWER]: Refusing update from remote peer ae652a49ec844528b1fb5b52b0e843db: Log matching property violated. Preceding OpId in replica: term: 2 index: 2. Preceding OpId from leader: term: 3 index: 3. (index mismatch)
I20260710 11:10:01.178256  4521 raft_consensus.cc:3055] T ba50d1965f4d4846bed073c7328e4504 P d07cdccb6db2413d8eb6d2c7eaba4b74 [term 4 LEADER]: Stepping down as leader of term 4
I20260710 11:10:01.178653  4521 raft_consensus.cc:740] T ba50d1965f4d4846bed073c7328e4504 P d07cdccb6db2413d8eb6d2c7eaba4b74 [term 4 LEADER]: Becoming Follower/Learner. State: Replica: d07cdccb6db2413d8eb6d2c7eaba4b74, State: Running, Role: LEADER
I20260710 11:10:01.178678  4668 tablet_service.cc:1917] Received RequestConsensusVote() RPC: tablet_id: "ba50d1965f4d4846bed073c7328e4504" candidate_uuid: "ae652a49ec844528b1fb5b52b0e843db" candidate_term: 5 candidate_status { last_received { term: 4 index: 4 } } ignore_live_leader: true dest_uuid: "bfea5556007947ddaac2073862d2b11a"
I20260710 11:10:01.179386  4668 raft_consensus.cc:3060] T ba50d1965f4d4846bed073c7328e4504 P bfea5556007947ddaac2073862d2b11a [term 4 FOLLOWER]: Advancing to term 5
I20260710 11:10:01.179433  4818 consensus_queue.cc:1048] T 6141c1cbf5744bffbc95decdfa4b1cb4 P ae652a49ec844528b1fb5b52b0e843db [LEADER]: Connected to new peer: Peer: permanent_uuid: "bfea5556007947ddaac2073862d2b11a" member_type: VOTER last_known_addr { host: "127.3.206.3" port: 42685 }, Status: LMP_MISMATCH, Last received: 0.0, Next index: 3, Last known committed idx: 2, Time since last communication: 0.000s
I20260710 11:10:01.179616  4521 consensus_queue.cc:260] T ba50d1965f4d4846bed073c7328e4504 P d07cdccb6db2413d8eb6d2c7eaba4b74 [NON_LEADER]: Queue going to NON_LEADER mode. State: All replicated index: 0, Majority replicated index: 4, Committed index: 4, Last appended: 4.4, Last appended by leader: 4, Current term: 4, Majority size: -1, State: 0, Mode: NON_LEADER, active raft config: opid_index: -1 OBSOLETE_local: false peers { permanent_uuid: "d07cdccb6db2413d8eb6d2c7eaba4b74" member_type: VOTER last_known_addr { host: "127.3.206.1" port: 35233 } } peers { permanent_uuid: "bfea5556007947ddaac2073862d2b11a" member_type: VOTER last_known_addr { host: "127.3.206.3" port: 42685 } } peers { permanent_uuid: "ae652a49ec844528b1fb5b52b0e843db" member_type: VOTER last_known_addr { host: "127.3.206.2" port: 41327 } }
I20260710 11:10:01.180825  4521 raft_consensus.cc:3060] T ba50d1965f4d4846bed073c7328e4504 P d07cdccb6db2413d8eb6d2c7eaba4b74 [term 4 FOLLOWER]: Advancing to term 5
I20260710 11:10:01.183259  4853 raft_consensus.cc:993] T 4052cd489db44672ba94533a8ecaf772 P d07cdccb6db2413d8eb6d2c7eaba4b74: : Instructing follower bfea5556007947ddaac2073862d2b11a to start an election
I20260710 11:10:01.183800  4853 raft_consensus.cc:1081] T 4052cd489db44672ba94533a8ecaf772 P d07cdccb6db2413d8eb6d2c7eaba4b74 [term 3 LEADER]: Signalling peer bfea5556007947ddaac2073862d2b11a to start an election
I20260710 11:10:01.186533  4669 tablet_service.cc:2044] Received Run Leader Election RPC: tablet_id: "4052cd489db44672ba94533a8ecaf772"
dest_uuid: "bfea5556007947ddaac2073862d2b11a"
 from {username='slave'} at 127.0.0.1:39970
I20260710 11:10:01.187076  4669 raft_consensus.cc:493] T 4052cd489db44672ba94533a8ecaf772 P bfea5556007947ddaac2073862d2b11a [term 3 FOLLOWER]: Starting forced leader election (received explicit request)
I20260710 11:10:01.187422  4669 raft_consensus.cc:3060] T 4052cd489db44672ba94533a8ecaf772 P bfea5556007947ddaac2073862d2b11a [term 3 FOLLOWER]: Advancing to term 4
I20260710 11:10:01.190093  4668 raft_consensus.cc:2468] T ba50d1965f4d4846bed073c7328e4504 P bfea5556007947ddaac2073862d2b11a [term 5 FOLLOWER]: Leader election vote request: Granting yes vote for candidate ae652a49ec844528b1fb5b52b0e843db in term 5.
I20260710 11:10:01.191411  4562 leader_election.cc:304] T ba50d1965f4d4846bed073c7328e4504 P ae652a49ec844528b1fb5b52b0e843db [CANDIDATE]: Term 5 election: Election decided. Result: candidate won. Election summary: received 2 responses out of 3 voters: 2 yes votes; 0 no votes. yes voters: ae652a49ec844528b1fb5b52b0e843db, bfea5556007947ddaac2073862d2b11a; no voters: 
I20260710 11:10:01.192497  4818 raft_consensus.cc:2804] T ba50d1965f4d4846bed073c7328e4504 P ae652a49ec844528b1fb5b52b0e843db [term 5 FOLLOWER]: Leader election won for term 5
I20260710 11:10:01.194952  4521 raft_consensus.cc:2468] T ba50d1965f4d4846bed073c7328e4504 P d07cdccb6db2413d8eb6d2c7eaba4b74 [term 5 FOLLOWER]: Leader election vote request: Granting yes vote for candidate ae652a49ec844528b1fb5b52b0e843db in term 5.
I20260710 11:10:01.198418  4818 raft_consensus.cc:697] T ba50d1965f4d4846bed073c7328e4504 P ae652a49ec844528b1fb5b52b0e843db [term 5 LEADER]: Becoming Leader. State: Replica: ae652a49ec844528b1fb5b52b0e843db, State: Running, Role: LEADER
I20260710 11:10:01.199491  4818 consensus_queue.cc:237] T ba50d1965f4d4846bed073c7328e4504 P ae652a49ec844528b1fb5b52b0e843db [LEADER]: Queue going to LEADER mode. State: All replicated index: 0, Majority replicated index: 4, Committed index: 4, Last appended: 4.4, Last appended by leader: 4, Current term: 5, Majority size: 2, State: 0, Mode: LEADER, active raft config: opid_index: -1 OBSOLETE_local: false peers { permanent_uuid: "d07cdccb6db2413d8eb6d2c7eaba4b74" member_type: VOTER last_known_addr { host: "127.3.206.1" port: 35233 } } peers { permanent_uuid: "bfea5556007947ddaac2073862d2b11a" member_type: VOTER last_known_addr { host: "127.3.206.3" port: 42685 } } peers { permanent_uuid: "ae652a49ec844528b1fb5b52b0e843db" member_type: VOTER last_known_addr { host: "127.3.206.2" port: 41327 } }
I20260710 11:10:01.200700  4669 raft_consensus.cc:515] T 4052cd489db44672ba94533a8ecaf772 P bfea5556007947ddaac2073862d2b11a [term 4 FOLLOWER]: Starting forced leader election with config: opid_index: -1 OBSOLETE_local: false peers { permanent_uuid: "d07cdccb6db2413d8eb6d2c7eaba4b74" member_type: VOTER last_known_addr { host: "127.3.206.1" port: 35233 } } peers { permanent_uuid: "ae652a49ec844528b1fb5b52b0e843db" member_type: VOTER last_known_addr { host: "127.3.206.2" port: 41327 } } peers { permanent_uuid: "bfea5556007947ddaac2073862d2b11a" member_type: VOTER last_known_addr { host: "127.3.206.3" port: 42685 } }
I20260710 11:10:01.201138  4521 raft_consensus.cc:1275] T 6141c1cbf5744bffbc95decdfa4b1cb4 P d07cdccb6db2413d8eb6d2c7eaba4b74 [term 3 FOLLOWER]: Refusing update from remote peer ae652a49ec844528b1fb5b52b0e843db: Log matching property violated. Preceding OpId in replica: term: 2 index: 2. Preceding OpId from leader: term: 3 index: 3. (index mismatch)
I20260710 11:10:01.202757  4868 consensus_queue.cc:1048] T 6141c1cbf5744bffbc95decdfa4b1cb4 P ae652a49ec844528b1fb5b52b0e843db [LEADER]: Connected to new peer: Peer: permanent_uuid: "d07cdccb6db2413d8eb6d2c7eaba4b74" member_type: VOTER last_known_addr { host: "127.3.206.1" port: 35233 }, Status: LMP_MISMATCH, Last received: 0.0, Next index: 3, Last known committed idx: 2, Time since last communication: 0.001s
I20260710 11:10:01.203259  4521 tablet_service.cc:1917] Received RequestConsensusVote() RPC: tablet_id: "4052cd489db44672ba94533a8ecaf772" candidate_uuid: "bfea5556007947ddaac2073862d2b11a" candidate_term: 4 candidate_status { last_received { term: 3 index: 3 } } ignore_live_leader: true dest_uuid: "d07cdccb6db2413d8eb6d2c7eaba4b74"
I20260710 11:10:01.203824  4521 raft_consensus.cc:3055] T 4052cd489db44672ba94533a8ecaf772 P d07cdccb6db2413d8eb6d2c7eaba4b74 [term 3 LEADER]: Stepping down as leader of term 3
I20260710 11:10:01.204109  4521 raft_consensus.cc:740] T 4052cd489db44672ba94533a8ecaf772 P d07cdccb6db2413d8eb6d2c7eaba4b74 [term 3 LEADER]: Becoming Follower/Learner. State: Replica: d07cdccb6db2413d8eb6d2c7eaba4b74, State: Running, Role: LEADER
I20260710 11:10:01.204881  4521 consensus_queue.cc:260] T 4052cd489db44672ba94533a8ecaf772 P d07cdccb6db2413d8eb6d2c7eaba4b74 [NON_LEADER]: Queue going to NON_LEADER mode. State: All replicated index: 0, Majority replicated index: 3, Committed index: 3, Last appended: 3.3, Last appended by leader: 3, Current term: 3, Majority size: -1, State: 0, Mode: NON_LEADER, active raft config: opid_index: -1 OBSOLETE_local: false peers { permanent_uuid: "d07cdccb6db2413d8eb6d2c7eaba4b74" member_type: VOTER last_known_addr { host: "127.3.206.1" port: 35233 } } peers { permanent_uuid: "ae652a49ec844528b1fb5b52b0e843db" member_type: VOTER last_known_addr { host: "127.3.206.2" port: 41327 } } peers { permanent_uuid: "bfea5556007947ddaac2073862d2b11a" member_type: VOTER last_known_addr { host: "127.3.206.3" port: 42685 } }
I20260710 11:10:01.205878  4521 raft_consensus.cc:3060] T 4052cd489db44672ba94533a8ecaf772 P d07cdccb6db2413d8eb6d2c7eaba4b74 [term 3 FOLLOWER]: Advancing to term 4
I20260710 11:10:01.217911  4669 leader_election.cc:290] T 4052cd489db44672ba94533a8ecaf772 P bfea5556007947ddaac2073862d2b11a [CANDIDATE]: Term 4 election: Requested vote from peers d07cdccb6db2413d8eb6d2c7eaba4b74 (127.3.206.1:35233), ae652a49ec844528b1fb5b52b0e843db (127.3.206.2:41327)
I20260710 11:10:01.219012  4596 tablet_service.cc:1917] Received RequestConsensusVote() RPC: tablet_id: "4052cd489db44672ba94533a8ecaf772" candidate_uuid: "bfea5556007947ddaac2073862d2b11a" candidate_term: 4 candidate_status { last_received { term: 3 index: 3 } } ignore_live_leader: true dest_uuid: "ae652a49ec844528b1fb5b52b0e843db"
I20260710 11:10:01.219592  4596 raft_consensus.cc:3060] T 4052cd489db44672ba94533a8ecaf772 P ae652a49ec844528b1fb5b52b0e843db [term 3 FOLLOWER]: Advancing to term 4
I20260710 11:10:01.223918  4521 raft_consensus.cc:2468] T 4052cd489db44672ba94533a8ecaf772 P d07cdccb6db2413d8eb6d2c7eaba4b74 [term 4 FOLLOWER]: Leader election vote request: Granting yes vote for candidate bfea5556007947ddaac2073862d2b11a in term 4.
I20260710 11:10:01.225754  4633 leader_election.cc:304] T 4052cd489db44672ba94533a8ecaf772 P bfea5556007947ddaac2073862d2b11a [CANDIDATE]: Term 4 election: Election decided. Result: candidate won. Election summary: received 2 responses out of 3 voters: 2 yes votes; 0 no votes. yes voters: bfea5556007947ddaac2073862d2b11a, d07cdccb6db2413d8eb6d2c7eaba4b74; no voters: 
I20260710 11:10:01.226755  4806 raft_consensus.cc:2804] T 4052cd489db44672ba94533a8ecaf772 P bfea5556007947ddaac2073862d2b11a [term 4 FOLLOWER]: Leader election won for term 4
I20260710 11:10:01.227200  4806 raft_consensus.cc:697] T 4052cd489db44672ba94533a8ecaf772 P bfea5556007947ddaac2073862d2b11a [term 4 LEADER]: Becoming Leader. State: Replica: bfea5556007947ddaac2073862d2b11a, State: Running, Role: LEADER
I20260710 11:10:01.228135  4596 raft_consensus.cc:2468] T 4052cd489db44672ba94533a8ecaf772 P ae652a49ec844528b1fb5b52b0e843db [term 4 FOLLOWER]: Leader election vote request: Granting yes vote for candidate bfea5556007947ddaac2073862d2b11a in term 4.
I20260710 11:10:01.228130  4806 consensus_queue.cc:237] T 4052cd489db44672ba94533a8ecaf772 P bfea5556007947ddaac2073862d2b11a [LEADER]: Queue going to LEADER mode. State: All replicated index: 0, Majority replicated index: 3, Committed index: 3, Last appended: 3.3, Last appended by leader: 3, Current term: 4, Majority size: 2, State: 0, Mode: LEADER, active raft config: opid_index: -1 OBSOLETE_local: false peers { permanent_uuid: "d07cdccb6db2413d8eb6d2c7eaba4b74" member_type: VOTER last_known_addr { host: "127.3.206.1" port: 35233 } } peers { permanent_uuid: "ae652a49ec844528b1fb5b52b0e843db" member_type: VOTER last_known_addr { host: "127.3.206.2" port: 41327 } } peers { permanent_uuid: "bfea5556007947ddaac2073862d2b11a" member_type: VOTER last_known_addr { host: "127.3.206.3" port: 42685 } }
I20260710 11:10:01.227130  4419 catalog_manager.cc:5697] T ba50d1965f4d4846bed073c7328e4504 P ae652a49ec844528b1fb5b52b0e843db reported cstate change: term changed from 4 to 5, leader changed from d07cdccb6db2413d8eb6d2c7eaba4b74 (127.3.206.1) to ae652a49ec844528b1fb5b52b0e843db (127.3.206.2). New cstate: current_term: 5 leader_uuid: "ae652a49ec844528b1fb5b52b0e843db" committed_config { opid_index: -1 OBSOLETE_local: false peers { permanent_uuid: "d07cdccb6db2413d8eb6d2c7eaba4b74" member_type: VOTER last_known_addr { host: "127.3.206.1" port: 35233 } health_report { overall_health: UNKNOWN } } peers { permanent_uuid: "bfea5556007947ddaac2073862d2b11a" member_type: VOTER last_known_addr { host: "127.3.206.3" port: 42685 } health_report { overall_health: UNKNOWN } } peers { permanent_uuid: "ae652a49ec844528b1fb5b52b0e843db" member_type: VOTER last_known_addr { host: "127.3.206.2" port: 41327 } health_report { overall_health: HEALTHY } } }
I20260710 11:10:01.239104  4416 catalog_manager.cc:5697] T 4052cd489db44672ba94533a8ecaf772 P bfea5556007947ddaac2073862d2b11a reported cstate change: term changed from 3 to 4, leader changed from d07cdccb6db2413d8eb6d2c7eaba4b74 (127.3.206.1) to bfea5556007947ddaac2073862d2b11a (127.3.206.3). New cstate: current_term: 4 leader_uuid: "bfea5556007947ddaac2073862d2b11a" committed_config { opid_index: -1 OBSOLETE_local: false peers { permanent_uuid: "d07cdccb6db2413d8eb6d2c7eaba4b74" member_type: VOTER last_known_addr { host: "127.3.206.1" port: 35233 } health_report { overall_health: UNKNOWN } } peers { permanent_uuid: "ae652a49ec844528b1fb5b52b0e843db" member_type: VOTER last_known_addr { host: "127.3.206.2" port: 41327 } health_report { overall_health: UNKNOWN } } peers { permanent_uuid: "bfea5556007947ddaac2073862d2b11a" member_type: VOTER last_known_addr { host: "127.3.206.3" port: 42685 } health_report { overall_health: HEALTHY } } }
I20260710 11:10:01.453529  4519 raft_consensus.cc:1275] T 4a6a212ff33949d3807be8494ed2a8f8 P d07cdccb6db2413d8eb6d2c7eaba4b74 [term 3 FOLLOWER]: Refusing update from remote peer bfea5556007947ddaac2073862d2b11a: Log matching property violated. Preceding OpId in replica: term: 2 index: 2. Preceding OpId from leader: term: 3 index: 3. (index mismatch)
I20260710 11:10:01.454731  4806 consensus_queue.cc:1048] T 4a6a212ff33949d3807be8494ed2a8f8 P bfea5556007947ddaac2073862d2b11a [LEADER]: Connected to new peer: Peer: permanent_uuid: "d07cdccb6db2413d8eb6d2c7eaba4b74" member_type: VOTER last_known_addr { host: "127.3.206.1" port: 35233 }, Status: LMP_MISMATCH, Last received: 0.0, Next index: 3, Last known committed idx: 2, Time since last communication: 0.000s
I20260710 11:10:01.463630  4596 raft_consensus.cc:1275] T 4a6a212ff33949d3807be8494ed2a8f8 P ae652a49ec844528b1fb5b52b0e843db [term 3 FOLLOWER]: Refusing update from remote peer bfea5556007947ddaac2073862d2b11a: Log matching property violated. Preceding OpId in replica: term: 2 index: 2. Preceding OpId from leader: term: 3 index: 3. (index mismatch)
I20260710 11:10:01.465147  4875 consensus_queue.cc:1048] T 4a6a212ff33949d3807be8494ed2a8f8 P bfea5556007947ddaac2073862d2b11a [LEADER]: Connected to new peer: Peer: permanent_uuid: "ae652a49ec844528b1fb5b52b0e843db" member_type: VOTER last_known_addr { host: "127.3.206.2" port: 41327 }, Status: LMP_MISMATCH, Last received: 0.0, Next index: 3, Last known committed idx: 2, Time since last communication: 0.001s
I20260710 11:10:01.627795  4519 raft_consensus.cc:1275] T 4052cd489db44672ba94533a8ecaf772 P d07cdccb6db2413d8eb6d2c7eaba4b74 [term 4 FOLLOWER]: Refusing update from remote peer bfea5556007947ddaac2073862d2b11a: Log matching property violated. Preceding OpId in replica: term: 3 index: 3. Preceding OpId from leader: term: 4 index: 4. (index mismatch)
I20260710 11:10:01.628895  4875 consensus_queue.cc:1048] T 4052cd489db44672ba94533a8ecaf772 P bfea5556007947ddaac2073862d2b11a [LEADER]: Connected to new peer: Peer: permanent_uuid: "d07cdccb6db2413d8eb6d2c7eaba4b74" member_type: VOTER last_known_addr { host: "127.3.206.1" port: 35233 }, Status: LMP_MISMATCH, Last received: 0.0, Next index: 4, Last known committed idx: 3, Time since last communication: 0.000s
I20260710 11:10:01.638527  4519 raft_consensus.cc:1275] T ba50d1965f4d4846bed073c7328e4504 P d07cdccb6db2413d8eb6d2c7eaba4b74 [term 5 FOLLOWER]: Refusing update from remote peer ae652a49ec844528b1fb5b52b0e843db: Log matching property violated. Preceding OpId in replica: term: 4 index: 4. Preceding OpId from leader: term: 5 index: 5. (index mismatch)
I20260710 11:10:01.639922  4857 consensus_queue.cc:1048] T ba50d1965f4d4846bed073c7328e4504 P ae652a49ec844528b1fb5b52b0e843db [LEADER]: Connected to new peer: Peer: permanent_uuid: "d07cdccb6db2413d8eb6d2c7eaba4b74" member_type: VOTER last_known_addr { host: "127.3.206.1" port: 35233 }, Status: LMP_MISMATCH, Last received: 0.0, Next index: 5, Last known committed idx: 4, Time since last communication: 0.000s
I20260710 11:10:01.641371  4596 raft_consensus.cc:1275] T 4052cd489db44672ba94533a8ecaf772 P ae652a49ec844528b1fb5b52b0e843db [term 4 FOLLOWER]: Refusing update from remote peer bfea5556007947ddaac2073862d2b11a: Log matching property violated. Preceding OpId in replica: term: 3 index: 3. Preceding OpId from leader: term: 4 index: 4. (index mismatch)
I20260710 11:10:01.642781  4863 consensus_queue.cc:1048] T 4052cd489db44672ba94533a8ecaf772 P bfea5556007947ddaac2073862d2b11a [LEADER]: Connected to new peer: Peer: permanent_uuid: "ae652a49ec844528b1fb5b52b0e843db" member_type: VOTER last_known_addr { host: "127.3.206.2" port: 41327 }, Status: LMP_MISMATCH, Last received: 0.0, Next index: 4, Last known committed idx: 3, Time since last communication: 0.000s
I20260710 11:10:01.650695  4670 raft_consensus.cc:1275] T ba50d1965f4d4846bed073c7328e4504 P bfea5556007947ddaac2073862d2b11a [term 5 FOLLOWER]: Refusing update from remote peer ae652a49ec844528b1fb5b52b0e843db: Log matching property violated. Preceding OpId in replica: term: 4 index: 4. Preceding OpId from leader: term: 5 index: 5. (index mismatch)
I20260710 11:10:01.652190  4857 consensus_queue.cc:1048] T ba50d1965f4d4846bed073c7328e4504 P ae652a49ec844528b1fb5b52b0e843db [LEADER]: Connected to new peer: Peer: permanent_uuid: "bfea5556007947ddaac2073862d2b11a" member_type: VOTER last_known_addr { host: "127.3.206.3" port: 42685 }, Status: LMP_MISMATCH, Last received: 0.0, Next index: 5, Last known committed idx: 4, Time since last communication: 0.000s
I20260710 11:10:01.699801  3896 auto_leader_rebalancer.cc:141] leader rebalance for table test-workload
I20260710 11:10:01.705556  3896 tablet_server.cc:179] TabletServer@127.3.206.1:0 shutting down...
I20260710 11:10:01.738792  3896 ts_tablet_manager.cc:1507] Shutting down tablet manager...
I20260710 11:10:01.739693  3896 tablet_replica.cc:333] T ac1f28eb506f40199a15899b15c55c58 P d07cdccb6db2413d8eb6d2c7eaba4b74: stopping tablet replica
I20260710 11:10:01.740635  3896 raft_consensus.cc:2243] T ac1f28eb506f40199a15899b15c55c58 P d07cdccb6db2413d8eb6d2c7eaba4b74 [term 2 FOLLOWER]: Raft consensus shutting down.
I20260710 11:10:01.741256  3896 raft_consensus.cc:2272] T ac1f28eb506f40199a15899b15c55c58 P d07cdccb6db2413d8eb6d2c7eaba4b74 [term 2 FOLLOWER]: Raft consensus is shut down!
I20260710 11:10:01.743157  3896 tablet_replica.cc:333] T 0e0a2c31e0904b1298501aee4cc306a0 P d07cdccb6db2413d8eb6d2c7eaba4b74: stopping tablet replica
I20260710 11:10:01.743966  3896 raft_consensus.cc:2243] T 0e0a2c31e0904b1298501aee4cc306a0 P d07cdccb6db2413d8eb6d2c7eaba4b74 [term 2 FOLLOWER]: Raft consensus shutting down.
I20260710 11:10:01.744400  3896 raft_consensus.cc:2272] T 0e0a2c31e0904b1298501aee4cc306a0 P d07cdccb6db2413d8eb6d2c7eaba4b74 [term 2 FOLLOWER]: Raft consensus is shut down!
I20260710 11:10:01.746215  3896 tablet_replica.cc:333] T 6141c1cbf5744bffbc95decdfa4b1cb4 P d07cdccb6db2413d8eb6d2c7eaba4b74: stopping tablet replica
I20260710 11:10:01.746860  3896 raft_consensus.cc:2243] T 6141c1cbf5744bffbc95decdfa4b1cb4 P d07cdccb6db2413d8eb6d2c7eaba4b74 [term 3 FOLLOWER]: Raft consensus shutting down.
I20260710 11:10:01.747238  3896 raft_consensus.cc:2272] T 6141c1cbf5744bffbc95decdfa4b1cb4 P d07cdccb6db2413d8eb6d2c7eaba4b74 [term 3 FOLLOWER]: Raft consensus is shut down!
I20260710 11:10:01.749297  3896 tablet_replica.cc:333] T 087a198e53e34a88a11dbaa83d41bafb P d07cdccb6db2413d8eb6d2c7eaba4b74: stopping tablet replica
I20260710 11:10:01.749819  3896 raft_consensus.cc:2243] T 087a198e53e34a88a11dbaa83d41bafb P d07cdccb6db2413d8eb6d2c7eaba4b74 [term 3 LEADER]: Raft consensus shutting down.
I20260710 11:10:01.750523  3896 raft_consensus.cc:2272] T 087a198e53e34a88a11dbaa83d41bafb P d07cdccb6db2413d8eb6d2c7eaba4b74 [term 3 FOLLOWER]: Raft consensus is shut down!
I20260710 11:10:01.752840  3896 tablet_replica.cc:333] T 4052cd489db44672ba94533a8ecaf772 P d07cdccb6db2413d8eb6d2c7eaba4b74: stopping tablet replica
I20260710 11:10:01.753335  3896 raft_consensus.cc:2243] T 4052cd489db44672ba94533a8ecaf772 P d07cdccb6db2413d8eb6d2c7eaba4b74 [term 4 FOLLOWER]: Raft consensus shutting down.
I20260710 11:10:01.753836  3896 raft_consensus.cc:2272] T 4052cd489db44672ba94533a8ecaf772 P d07cdccb6db2413d8eb6d2c7eaba4b74 [term 4 FOLLOWER]: Raft consensus is shut down!
I20260710 11:10:01.756145  3896 tablet_replica.cc:333] T e94cf42123204440861e9f6de456cbbf P d07cdccb6db2413d8eb6d2c7eaba4b74: stopping tablet replica
I20260710 11:10:01.756613  3896 raft_consensus.cc:2243] T e94cf42123204440861e9f6de456cbbf P d07cdccb6db2413d8eb6d2c7eaba4b74 [term 1 LEADER]: Raft consensus shutting down.
I20260710 11:10:01.757280  3896 raft_consensus.cc:2272] T e94cf42123204440861e9f6de456cbbf P d07cdccb6db2413d8eb6d2c7eaba4b74 [term 1 FOLLOWER]: Raft consensus is shut down!
I20260710 11:10:01.758747  3896 tablet_replica.cc:333] T 77723591715d47b19e600b7942637916 P d07cdccb6db2413d8eb6d2c7eaba4b74: stopping tablet replica
I20260710 11:10:01.759184  3896 raft_consensus.cc:2243] T 77723591715d47b19e600b7942637916 P d07cdccb6db2413d8eb6d2c7eaba4b74 [term 4 LEADER]: Raft consensus shutting down.
I20260710 11:10:01.759862  3896 raft_consensus.cc:2272] T 77723591715d47b19e600b7942637916 P d07cdccb6db2413d8eb6d2c7eaba4b74 [term 4 FOLLOWER]: Raft consensus is shut down!
I20260710 11:10:01.761441  3896 tablet_replica.cc:333] T 4a6a212ff33949d3807be8494ed2a8f8 P d07cdccb6db2413d8eb6d2c7eaba4b74: stopping tablet replica
I20260710 11:10:01.761854  3896 raft_consensus.cc:2243] T 4a6a212ff33949d3807be8494ed2a8f8 P d07cdccb6db2413d8eb6d2c7eaba4b74 [term 3 FOLLOWER]: Raft consensus shutting down.
I20260710 11:10:01.762166  3896 raft_consensus.cc:2272] T 4a6a212ff33949d3807be8494ed2a8f8 P d07cdccb6db2413d8eb6d2c7eaba4b74 [term 3 FOLLOWER]: Raft consensus is shut down!
I20260710 11:10:01.764147  3896 tablet_replica.cc:333] T ab168132ae514bdbbabc6bce7343d025 P d07cdccb6db2413d8eb6d2c7eaba4b74: stopping tablet replica
I20260710 11:10:01.764734  3896 raft_consensus.cc:2243] T ab168132ae514bdbbabc6bce7343d025 P d07cdccb6db2413d8eb6d2c7eaba4b74 [term 1 LEADER]: Raft consensus shutting down.
I20260710 11:10:01.765370  3896 raft_consensus.cc:2272] T ab168132ae514bdbbabc6bce7343d025 P d07cdccb6db2413d8eb6d2c7eaba4b74 [term 1 FOLLOWER]: Raft consensus is shut down!
I20260710 11:10:01.766916  3896 tablet_replica.cc:333] T ba50d1965f4d4846bed073c7328e4504 P d07cdccb6db2413d8eb6d2c7eaba4b74: stopping tablet replica
I20260710 11:10:01.767316  3896 raft_consensus.cc:2243] T ba50d1965f4d4846bed073c7328e4504 P d07cdccb6db2413d8eb6d2c7eaba4b74 [term 5 FOLLOWER]: Raft consensus shutting down.
I20260710 11:10:01.767727  3896 raft_consensus.cc:2272] T ba50d1965f4d4846bed073c7328e4504 P d07cdccb6db2413d8eb6d2c7eaba4b74 [term 5 FOLLOWER]: Raft consensus is shut down!
I20260710 11:10:01.800401  3896 tablet_server.cc:196] TabletServer@127.3.206.1:0 shutdown complete.
I20260710 11:10:01.821435  3896 tablet_server.cc:179] TabletServer@127.3.206.2:0 shutting down...
I20260710 11:10:01.845794  3896 ts_tablet_manager.cc:1507] Shutting down tablet manager...
I20260710 11:10:01.846652  3896 tablet_replica.cc:333] T 4a6a212ff33949d3807be8494ed2a8f8 P ae652a49ec844528b1fb5b52b0e843db: stopping tablet replica
I20260710 11:10:01.847311  3896 raft_consensus.cc:2243] T 4a6a212ff33949d3807be8494ed2a8f8 P ae652a49ec844528b1fb5b52b0e843db [term 3 FOLLOWER]: Raft consensus shutting down.
I20260710 11:10:01.847972  3896 raft_consensus.cc:2272] T 4a6a212ff33949d3807be8494ed2a8f8 P ae652a49ec844528b1fb5b52b0e843db [term 3 FOLLOWER]: Raft consensus is shut down!
I20260710 11:10:01.850440  3896 tablet_replica.cc:333] T ab168132ae514bdbbabc6bce7343d025 P ae652a49ec844528b1fb5b52b0e843db: stopping tablet replica
I20260710 11:10:01.851065  3896 raft_consensus.cc:2243] T ab168132ae514bdbbabc6bce7343d025 P ae652a49ec844528b1fb5b52b0e843db [term 1 FOLLOWER]: Raft consensus shutting down.
I20260710 11:10:01.851586  3896 raft_consensus.cc:2272] T ab168132ae514bdbbabc6bce7343d025 P ae652a49ec844528b1fb5b52b0e843db [term 1 FOLLOWER]: Raft consensus is shut down!
I20260710 11:10:01.853489  3896 tablet_replica.cc:333] T e94cf42123204440861e9f6de456cbbf P ae652a49ec844528b1fb5b52b0e843db: stopping tablet replica
I20260710 11:10:01.854007  3896 raft_consensus.cc:2243] T e94cf42123204440861e9f6de456cbbf P ae652a49ec844528b1fb5b52b0e843db [term 1 FOLLOWER]: Raft consensus shutting down.
I20260710 11:10:01.854409  3896 raft_consensus.cc:2272] T e94cf42123204440861e9f6de456cbbf P ae652a49ec844528b1fb5b52b0e843db [term 1 FOLLOWER]: Raft consensus is shut down!
I20260710 11:10:01.856204  3896 tablet_replica.cc:333] T ac1f28eb506f40199a15899b15c55c58 P ae652a49ec844528b1fb5b52b0e843db: stopping tablet replica
I20260710 11:10:01.856700  3896 raft_consensus.cc:2243] T ac1f28eb506f40199a15899b15c55c58 P ae652a49ec844528b1fb5b52b0e843db [term 2 FOLLOWER]: Raft consensus shutting down.
I20260710 11:10:01.857123  3896 raft_consensus.cc:2272] T ac1f28eb506f40199a15899b15c55c58 P ae652a49ec844528b1fb5b52b0e843db [term 2 FOLLOWER]: Raft consensus is shut down!
I20260710 11:10:01.858774  3896 tablet_replica.cc:333] T 6141c1cbf5744bffbc95decdfa4b1cb4 P ae652a49ec844528b1fb5b52b0e843db: stopping tablet replica
I20260710 11:10:01.859251  3896 raft_consensus.cc:2243] T 6141c1cbf5744bffbc95decdfa4b1cb4 P ae652a49ec844528b1fb5b52b0e843db [term 3 LEADER]: Raft consensus shutting down.
I20260710 11:10:01.859965  3896 raft_consensus.cc:2272] T 6141c1cbf5744bffbc95decdfa4b1cb4 P ae652a49ec844528b1fb5b52b0e843db [term 3 FOLLOWER]: Raft consensus is shut down!
I20260710 11:10:01.861712  3896 tablet_replica.cc:333] T 087a198e53e34a88a11dbaa83d41bafb P ae652a49ec844528b1fb5b52b0e843db: stopping tablet replica
I20260710 11:10:01.862241  3896 raft_consensus.cc:2243] T 087a198e53e34a88a11dbaa83d41bafb P ae652a49ec844528b1fb5b52b0e843db [term 3 FOLLOWER]: Raft consensus shutting down.
I20260710 11:10:01.862680  3896 raft_consensus.cc:2272] T 087a198e53e34a88a11dbaa83d41bafb P ae652a49ec844528b1fb5b52b0e843db [term 3 FOLLOWER]: Raft consensus is shut down!
I20260710 11:10:01.864312  3896 tablet_replica.cc:333] T 4052cd489db44672ba94533a8ecaf772 P ae652a49ec844528b1fb5b52b0e843db: stopping tablet replica
I20260710 11:10:01.864799  3896 raft_consensus.cc:2243] T 4052cd489db44672ba94533a8ecaf772 P ae652a49ec844528b1fb5b52b0e843db [term 4 FOLLOWER]: Raft consensus shutting down.
I20260710 11:10:01.865182  3896 raft_consensus.cc:2272] T 4052cd489db44672ba94533a8ecaf772 P ae652a49ec844528b1fb5b52b0e843db [term 4 FOLLOWER]: Raft consensus is shut down!
I20260710 11:10:01.867141  3896 tablet_replica.cc:333] T ba50d1965f4d4846bed073c7328e4504 P ae652a49ec844528b1fb5b52b0e843db: stopping tablet replica
I20260710 11:10:01.867736  3896 raft_consensus.cc:2243] T ba50d1965f4d4846bed073c7328e4504 P ae652a49ec844528b1fb5b52b0e843db [term 5 LEADER]: Raft consensus shutting down.
I20260710 11:10:01.868458  3896 raft_consensus.cc:2272] T ba50d1965f4d4846bed073c7328e4504 P ae652a49ec844528b1fb5b52b0e843db [term 5 FOLLOWER]: Raft consensus is shut down!
I20260710 11:10:01.870973  3896 tablet_replica.cc:333] T 0e0a2c31e0904b1298501aee4cc306a0 P ae652a49ec844528b1fb5b52b0e843db: stopping tablet replica
I20260710 11:10:01.871555  3896 raft_consensus.cc:2243] T 0e0a2c31e0904b1298501aee4cc306a0 P ae652a49ec844528b1fb5b52b0e843db [term 2 LEADER]: Raft consensus shutting down.
W20260710 11:10:01.871811  4559 proxy.cc:239] Call had error, refreshing address and retrying: Network error: Client connection negotiation failed: client connection to 127.3.206.1:35233: connect: Connection refused (error 111) [suppressed 5 similar messages]
I20260710 11:10:01.872401  3896 raft_consensus.cc:2272] T 0e0a2c31e0904b1298501aee4cc306a0 P ae652a49ec844528b1fb5b52b0e843db [term 2 FOLLOWER]: Raft consensus is shut down!
I20260710 11:10:01.874697  3896 tablet_replica.cc:333] T 77723591715d47b19e600b7942637916 P ae652a49ec844528b1fb5b52b0e843db: stopping tablet replica
I20260710 11:10:01.875289  3896 raft_consensus.cc:2243] T 77723591715d47b19e600b7942637916 P ae652a49ec844528b1fb5b52b0e843db [term 4 FOLLOWER]: Raft consensus shutting down.
I20260710 11:10:01.875737  3896 raft_consensus.cc:2272] T 77723591715d47b19e600b7942637916 P ae652a49ec844528b1fb5b52b0e843db [term 4 FOLLOWER]: Raft consensus is shut down!
I20260710 11:10:01.895128  3896 tablet_server.cc:196] TabletServer@127.3.206.2:0 shutdown complete.
I20260710 11:10:01.913014  3896 tablet_server.cc:179] TabletServer@127.3.206.3:0 shutting down...
W20260710 11:10:01.925849  4633 consensus_peers.cc:597] T ac1f28eb506f40199a15899b15c55c58 P bfea5556007947ddaac2073862d2b11a -> Peer d07cdccb6db2413d8eb6d2c7eaba4b74 (127.3.206.1:35233): Couldn't send request to peer d07cdccb6db2413d8eb6d2c7eaba4b74. Status: Network error: Client connection negotiation failed: client connection to 127.3.206.1:35233: connect: Connection refused (error 111). This is attempt 1: this message will repeat every 5th retry.
W20260710 11:10:01.938586  4633 consensus_peers.cc:597] T 4a6a212ff33949d3807be8494ed2a8f8 P bfea5556007947ddaac2073862d2b11a -> Peer d07cdccb6db2413d8eb6d2c7eaba4b74 (127.3.206.1:35233): Couldn't send request to peer d07cdccb6db2413d8eb6d2c7eaba4b74. Status: Network error: Client connection negotiation failed: client connection to 127.3.206.1:35233: connect: Connection refused (error 111). This is attempt 1: this message will repeat every 5th retry.
I20260710 11:10:01.940858  3896 ts_tablet_manager.cc:1507] Shutting down tablet manager...
I20260710 11:10:01.941524  3896 tablet_replica.cc:333] T 087a198e53e34a88a11dbaa83d41bafb P bfea5556007947ddaac2073862d2b11a: stopping tablet replica
I20260710 11:10:01.942193  3896 raft_consensus.cc:2243] T 087a198e53e34a88a11dbaa83d41bafb P bfea5556007947ddaac2073862d2b11a [term 3 FOLLOWER]: Raft consensus shutting down.
I20260710 11:10:01.942667  3896 raft_consensus.cc:2272] T 087a198e53e34a88a11dbaa83d41bafb P bfea5556007947ddaac2073862d2b11a [term 3 FOLLOWER]: Raft consensus is shut down!
I20260710 11:10:01.944398  3896 tablet_replica.cc:333] T 6141c1cbf5744bffbc95decdfa4b1cb4 P bfea5556007947ddaac2073862d2b11a: stopping tablet replica
I20260710 11:10:01.944900  3896 raft_consensus.cc:2243] T 6141c1cbf5744bffbc95decdfa4b1cb4 P bfea5556007947ddaac2073862d2b11a [term 3 FOLLOWER]: Raft consensus shutting down.
I20260710 11:10:01.945326  3896 raft_consensus.cc:2272] T 6141c1cbf5744bffbc95decdfa4b1cb4 P bfea5556007947ddaac2073862d2b11a [term 3 FOLLOWER]: Raft consensus is shut down!
I20260710 11:10:01.947979  3896 tablet_replica.cc:333] T 4052cd489db44672ba94533a8ecaf772 P bfea5556007947ddaac2073862d2b11a: stopping tablet replica
I20260710 11:10:01.948484  3896 raft_consensus.cc:2243] T 4052cd489db44672ba94533a8ecaf772 P bfea5556007947ddaac2073862d2b11a [term 4 LEADER]: Raft consensus shutting down.
I20260710 11:10:01.949285  3896 raft_consensus.cc:2272] T 4052cd489db44672ba94533a8ecaf772 P bfea5556007947ddaac2073862d2b11a [term 4 FOLLOWER]: Raft consensus is shut down!
I20260710 11:10:01.951295  3896 tablet_replica.cc:333] T ac1f28eb506f40199a15899b15c55c58 P bfea5556007947ddaac2073862d2b11a: stopping tablet replica
I20260710 11:10:01.951853  3896 raft_consensus.cc:2243] T ac1f28eb506f40199a15899b15c55c58 P bfea5556007947ddaac2073862d2b11a [term 2 LEADER]: Raft consensus shutting down.
I20260710 11:10:01.952535  3896 raft_consensus.cc:2272] T ac1f28eb506f40199a15899b15c55c58 P bfea5556007947ddaac2073862d2b11a [term 2 FOLLOWER]: Raft consensus is shut down!
I20260710 11:10:01.954120  3896 tablet_replica.cc:333] T 77723591715d47b19e600b7942637916 P bfea5556007947ddaac2073862d2b11a: stopping tablet replica
I20260710 11:10:01.954741  3896 raft_consensus.cc:2243] T 77723591715d47b19e600b7942637916 P bfea5556007947ddaac2073862d2b11a [term 4 FOLLOWER]: Raft consensus shutting down.
I20260710 11:10:01.955317  3896 raft_consensus.cc:2272] T 77723591715d47b19e600b7942637916 P bfea5556007947ddaac2073862d2b11a [term 4 FOLLOWER]: Raft consensus is shut down!
I20260710 11:10:01.957458  3896 tablet_replica.cc:333] T 4a6a212ff33949d3807be8494ed2a8f8 P bfea5556007947ddaac2073862d2b11a: stopping tablet replica
I20260710 11:10:01.958076  3896 raft_consensus.cc:2243] T 4a6a212ff33949d3807be8494ed2a8f8 P bfea5556007947ddaac2073862d2b11a [term 3 LEADER]: Raft consensus shutting down.
I20260710 11:10:01.958953  3896 raft_consensus.cc:2272] T 4a6a212ff33949d3807be8494ed2a8f8 P bfea5556007947ddaac2073862d2b11a [term 3 FOLLOWER]: Raft consensus is shut down!
I20260710 11:10:01.961454  3896 tablet_replica.cc:333] T ab168132ae514bdbbabc6bce7343d025 P bfea5556007947ddaac2073862d2b11a: stopping tablet replica
I20260710 11:10:01.962071  3896 raft_consensus.cc:2243] T ab168132ae514bdbbabc6bce7343d025 P bfea5556007947ddaac2073862d2b11a [term 1 FOLLOWER]: Raft consensus shutting down.
I20260710 11:10:01.962508  3896 raft_consensus.cc:2272] T ab168132ae514bdbbabc6bce7343d025 P bfea5556007947ddaac2073862d2b11a [term 1 FOLLOWER]: Raft consensus is shut down!
I20260710 11:10:01.964707  3896 tablet_replica.cc:333] T 0e0a2c31e0904b1298501aee4cc306a0 P bfea5556007947ddaac2073862d2b11a: stopping tablet replica
I20260710 11:10:01.965324  3896 raft_consensus.cc:2243] T 0e0a2c31e0904b1298501aee4cc306a0 P bfea5556007947ddaac2073862d2b11a [term 2 FOLLOWER]: Raft consensus shutting down.
I20260710 11:10:01.965786  3896 raft_consensus.cc:2272] T 0e0a2c31e0904b1298501aee4cc306a0 P bfea5556007947ddaac2073862d2b11a [term 2 FOLLOWER]: Raft consensus is shut down!
I20260710 11:10:01.967952  3896 tablet_replica.cc:333] T ba50d1965f4d4846bed073c7328e4504 P bfea5556007947ddaac2073862d2b11a: stopping tablet replica
I20260710 11:10:01.968550  3896 raft_consensus.cc:2243] T ba50d1965f4d4846bed073c7328e4504 P bfea5556007947ddaac2073862d2b11a [term 5 FOLLOWER]: Raft consensus shutting down.
I20260710 11:10:01.969043  3896 raft_consensus.cc:2272] T ba50d1965f4d4846bed073c7328e4504 P bfea5556007947ddaac2073862d2b11a [term 5 FOLLOWER]: Raft consensus is shut down!
I20260710 11:10:01.971055  3896 tablet_replica.cc:333] T e94cf42123204440861e9f6de456cbbf P bfea5556007947ddaac2073862d2b11a: stopping tablet replica
I20260710 11:10:01.971503  3896 raft_consensus.cc:2243] T e94cf42123204440861e9f6de456cbbf P bfea5556007947ddaac2073862d2b11a [term 1 FOLLOWER]: Raft consensus shutting down.
I20260710 11:10:01.971850  3896 raft_consensus.cc:2272] T e94cf42123204440861e9f6de456cbbf P bfea5556007947ddaac2073862d2b11a [term 1 FOLLOWER]: Raft consensus is shut down!
I20260710 11:10:01.990712  3896 tablet_server.cc:196] TabletServer@127.3.206.3:0 shutdown complete.
I20260710 11:10:02.008476  3896 master.cc:562] Master@127.3.206.62:44653 shutting down...
I20260710 11:10:02.026865  3896 raft_consensus.cc:2243] T 00000000000000000000000000000000 P 563dedbc4fe24a5f92f88181e172eb5e [term 1 LEADER]: Raft consensus shutting down.
I20260710 11:10:02.027387  3896 raft_consensus.cc:2272] T 00000000000000000000000000000000 P 563dedbc4fe24a5f92f88181e172eb5e [term 1 FOLLOWER]: Raft consensus is shut down!
I20260710 11:10:02.027791  3896 tablet_replica.cc:333] T 00000000000000000000000000000000 P 563dedbc4fe24a5f92f88181e172eb5e: stopping tablet replica
I20260710 11:10:02.046636  3896 master.cc:584] Master@127.3.206.62:44653 shutdown complete.
ae652a49ec844528b1fb5b52b0e843db  4
bfea5556007947ddaac2073862d2b11a  1
d07cdccb6db2413d8eb6d2c7eaba4b74  5
[       OK ] LeaderRebalancerTest.FunctionalTestForNotDivided (10372 ms)
[ RUN      ] LeaderRebalancerTest.AddTserver
I20260710 11:10:02.086712  3896 internal_mini_cluster.cc:156] Creating distributed mini masters. Addrs: 127.3.206.62:46369
I20260710 11:10:02.087899  3896 file_cache.cc:504] Constructed file cache file cache with capacity 419430
W20260710 11:10:02.093710  4886 instance_detector.cc:116] could not retrieve AWS instance metadata: Network error: curl error: HTTP response code said error: The requested URL returned error: 404
W20260710 11:10:02.093724  4887 instance_detector.cc:116] could not retrieve Azure instance metadata: Network error: curl error: HTTP response code said error: The requested URL returned error: 404
W20260710 11:10:02.094130  4889 instance_detector.cc:116] could not retrieve OpenStack instance metadata: Network error: curl error: HTTP response code said error: The requested URL returned error: 404
I20260710 11:10:02.095748  3896 server_base.cc:1061] running on GCE node
I20260710 11:10:02.096571  3896 hybrid_clock.cc:584] initializing the hybrid clock with 'system_unsync' time source
W20260710 11:10:02.096756  3896 system_unsync_time.cc:38] NTP support is disabled. Clock error bounds will not be accurate. This configuration is not suitable for distributed clusters.
I20260710 11:10:02.096925  3896 hybrid_clock.cc:648] HybridClock initialized: now 1783681802096912 us; error 0 us; skew 500 ppm
