I20260710 11:09:53.547418  7439 tablet_service.cc:1917] Received RequestConsensusVote() RPC: tablet_id: "3ac7549587d04c95a43025c7265386fa" candidate_uuid: "fed61bbcd23f4e34b0c1fa92cc05a27d" candidate_term: 1 candidate_status { last_received { term: 0 index: 0 } } ignore_live_leader: false dest_uuid: "8e2d48c996d646f7b0fecc35a9455696"
I20260710 11:09:53.547820  7365 raft_consensus.cc:3060] T 3ac7549587d04c95a43025c7265386fa P d224a86bdba94e5ea996ebe867614aa4 [term 0 FOLLOWER]: Advancing to term 1
I20260710 11:09:53.547945  7439 raft_consensus.cc:3060] T 3ac7549587d04c95a43025c7265386fa P 8e2d48c996d646f7b0fecc35a9455696 [term 0 FOLLOWER]: Advancing to term 1
I20260710 11:09:53.554486  7439 raft_consensus.cc:2468] T 3ac7549587d04c95a43025c7265386fa P 8e2d48c996d646f7b0fecc35a9455696 [term 1 FOLLOWER]: Leader election vote request: Granting yes vote for candidate fed61bbcd23f4e34b0c1fa92cc05a27d in term 1.
I20260710 11:09:53.554487  7365 raft_consensus.cc:2468] T 3ac7549587d04c95a43025c7265386fa P d224a86bdba94e5ea996ebe867614aa4 [term 1 FOLLOWER]: Leader election vote request: Granting yes vote for candidate fed61bbcd23f4e34b0c1fa92cc05a27d in term 1.
I20260710 11:09:53.555826  7478 leader_election.cc:304] T 3ac7549587d04c95a43025c7265386fa P fed61bbcd23f4e34b0c1fa92cc05a27d [CANDIDATE]: Term 1 election: Election decided. Result: candidate won. Election summary: received 2 responses out of 3 voters: 2 yes votes; 0 no votes. yes voters: 8e2d48c996d646f7b0fecc35a9455696, fed61bbcd23f4e34b0c1fa92cc05a27d; no voters: 
I20260710 11:09:53.556617  7559 raft_consensus.cc:2804] T 3ac7549587d04c95a43025c7265386fa P fed61bbcd23f4e34b0c1fa92cc05a27d [term 1 FOLLOWER]: Leader election won for term 1
I20260710 11:09:53.557093  7559 raft_consensus.cc:697] T 3ac7549587d04c95a43025c7265386fa P fed61bbcd23f4e34b0c1fa92cc05a27d [term 1 LEADER]: Becoming Leader. State: Replica: fed61bbcd23f4e34b0c1fa92cc05a27d, State: Running, Role: LEADER
I20260710 11:09:53.557775  7559 consensus_queue.cc:237] T 3ac7549587d04c95a43025c7265386fa P fed61bbcd23f4e34b0c1fa92cc05a27d [LEADER]: Queue going to LEADER mode. State: All replicated index: 0, Majority replicated index: 0, Committed index: 0, Last appended: 0.0, Last appended by leader: 0, Current term: 1, Majority size: 2, State: 0, Mode: LEADER, active raft config: opid_index: -1 OBSOLETE_local: false peers { permanent_uuid: "d224a86bdba94e5ea996ebe867614aa4" member_type: VOTER last_known_addr { host: "127.6.149.193" port: 37699 } } peers { permanent_uuid: "8e2d48c996d646f7b0fecc35a9455696" member_type: VOTER last_known_addr { host: "127.6.149.194" port: 39565 } } peers { permanent_uuid: "fed61bbcd23f4e34b0c1fa92cc05a27d" member_type: VOTER last_known_addr { host: "127.6.149.195" port: 44783 } }
I20260710 11:09:53.564992  7262 catalog_manager.cc:5697] T 3ac7549587d04c95a43025c7265386fa P fed61bbcd23f4e34b0c1fa92cc05a27d reported cstate change: term changed from 0 to 1, leader changed from <none> to fed61bbcd23f4e34b0c1fa92cc05a27d (127.6.149.195). New cstate: current_term: 1 leader_uuid: "fed61bbcd23f4e34b0c1fa92cc05a27d" committed_config { opid_index: -1 OBSOLETE_local: false peers { permanent_uuid: "d224a86bdba94e5ea996ebe867614aa4" member_type: VOTER last_known_addr { host: "127.6.149.193" port: 37699 } health_report { overall_health: UNKNOWN } } peers { permanent_uuid: "8e2d48c996d646f7b0fecc35a9455696" member_type: VOTER last_known_addr { host: "127.6.149.194" port: 39565 } health_report { overall_health: UNKNOWN } } peers { permanent_uuid: "fed61bbcd23f4e34b0c1fa92cc05a27d" member_type: VOTER last_known_addr { host: "127.6.149.195" port: 44783 } health_report { overall_health: HEALTHY } } }
I20260710 11:09:53.569406  7588 consensus_queue.cc:1048] T 2606fc3c87294ac2be92cca60f24dc57 P 8e2d48c996d646f7b0fecc35a9455696 [LEADER]: Connected to new peer: Peer: permanent_uuid: "d224a86bdba94e5ea996ebe867614aa4" member_type: VOTER last_known_addr { host: "127.6.149.193" port: 37699 }, Status: LMP_MISMATCH, Last received: 0.0, Next index: 1, Last known committed idx: 0, Time since last communication: 0.000s
I20260710 11:09:53.580783  7567 consensus_queue.cc:1048] T 2606fc3c87294ac2be92cca60f24dc57 P 8e2d48c996d646f7b0fecc35a9455696 [LEADER]: Connected to new peer: Peer: permanent_uuid: "fed61bbcd23f4e34b0c1fa92cc05a27d" member_type: VOTER last_known_addr { host: "127.6.149.195" port: 44783 }, Status: LMP_MISMATCH, Last received: 0.0, Next index: 1, Last known committed idx: 0, Time since last communication: 0.000s
I20260710 11:09:53.585428  7588 consensus_queue.cc:1048] T 7686010993a648a184e814bfc3bef7aa P 8e2d48c996d646f7b0fecc35a9455696 [LEADER]: Connected to new peer: Peer: permanent_uuid: "fed61bbcd23f4e34b0c1fa92cc05a27d" member_type: VOTER last_known_addr { host: "127.6.149.195" port: 44783 }, Status: LMP_MISMATCH, Last received: 0.0, Next index: 1, Last known committed idx: 0, Time since last communication: 0.000s
I20260710 11:09:53.603440  7513 tablet_service.cc:2072] Received LeaderStepDown RPC: tablet_id: "7f87489a788d4de8a938f6250d513cc1"
dest_uuid: "fed61bbcd23f4e34b0c1fa92cc05a27d"
mode: GRACEFUL
new_leader_uuid: "d224a86bdba94e5ea996ebe867614aa4"
 from {username='slave'} at 127.0.0.1:57732
I20260710 11:09:53.604107  7513 raft_consensus.cc:606] T 7f87489a788d4de8a938f6250d513cc1 P fed61bbcd23f4e34b0c1fa92cc05a27d [term 1 LEADER]: Received request to transfer leadership to TS d224a86bdba94e5ea996ebe867614aa4
I20260710 11:09:53.606727  7628 consensus_queue.cc:1048] T 7686010993a648a184e814bfc3bef7aa P 8e2d48c996d646f7b0fecc35a9455696 [LEADER]: Connected to new peer: Peer: permanent_uuid: "d224a86bdba94e5ea996ebe867614aa4" member_type: VOTER last_known_addr { host: "127.6.149.193" port: 37699 }, Status: LMP_MISMATCH, Last received: 0.0, Next index: 1, Last known committed idx: 0, Time since last communication: 0.001s
I20260710 11:09:53.611780  7513 tablet_service.cc:2072] Received LeaderStepDown RPC: tablet_id: "6cdfe046cae04d888e7f644239f91f23"
dest_uuid: "fed61bbcd23f4e34b0c1fa92cc05a27d"
mode: GRACEFUL
new_leader_uuid: "d224a86bdba94e5ea996ebe867614aa4"
 from {username='slave'} at 127.0.0.1:57732
I20260710 11:09:53.612402  7513 raft_consensus.cc:606] T 6cdfe046cae04d888e7f644239f91f23 P fed61bbcd23f4e34b0c1fa92cc05a27d [term 1 LEADER]: Received request to transfer leadership to TS d224a86bdba94e5ea996ebe867614aa4
I20260710 11:09:53.626277  7439 tablet_service.cc:2072] Received LeaderStepDown RPC: tablet_id: "03046e24421044e39e3140e2731b26f0"
dest_uuid: "8e2d48c996d646f7b0fecc35a9455696"
mode: GRACEFUL
new_leader_uuid: "d224a86bdba94e5ea996ebe867614aa4"
 from {username='slave'} at 127.0.0.1:58140
I20260710 11:09:53.626812  7439 raft_consensus.cc:606] T 03046e24421044e39e3140e2731b26f0 P 8e2d48c996d646f7b0fecc35a9455696 [term 1 LEADER]: Received request to transfer leadership to TS d224a86bdba94e5ea996ebe867614aa4
I20260710 11:09:53.631273  7439 tablet_service.cc:2072] Received LeaderStepDown RPC: tablet_id: "2606fc3c87294ac2be92cca60f24dc57"
dest_uuid: "8e2d48c996d646f7b0fecc35a9455696"
mode: GRACEFUL
new_leader_uuid: "d224a86bdba94e5ea996ebe867614aa4"
 from {username='slave'} at 127.0.0.1:58140
I20260710 11:09:53.631840  7439 raft_consensus.cc:606] T 2606fc3c87294ac2be92cca60f24dc57 P 8e2d48c996d646f7b0fecc35a9455696 [term 1 LEADER]: Received request to transfer leadership to TS d224a86bdba94e5ea996ebe867614aa4
I20260710 11:09:53.636442  7513 tablet_service.cc:2072] Received LeaderStepDown RPC: tablet_id: "0fc380a0681949cd80651a3e7290df1d"
dest_uuid: "fed61bbcd23f4e34b0c1fa92cc05a27d"
mode: GRACEFUL
new_leader_uuid: "d224a86bdba94e5ea996ebe867614aa4"
 from {username='slave'} at 127.0.0.1:57732
I20260710 11:09:53.636967  7513 raft_consensus.cc:606] T 0fc380a0681949cd80651a3e7290df1d P fed61bbcd23f4e34b0c1fa92cc05a27d [term 1 LEADER]: Received request to transfer leadership to TS d224a86bdba94e5ea996ebe867614aa4
I20260710 11:09:53.643810  7513 tablet_service.cc:2072] Received LeaderStepDown RPC: tablet_id: "04f3502bd4cd43cab3493de9f140dcb3"
dest_uuid: "fed61bbcd23f4e34b0c1fa92cc05a27d"
mode: GRACEFUL
new_leader_uuid: "8e2d48c996d646f7b0fecc35a9455696"
 from {username='slave'} at 127.0.0.1:57732
I20260710 11:09:53.644331  7513 raft_consensus.cc:606] T 04f3502bd4cd43cab3493de9f140dcb3 P fed61bbcd23f4e34b0c1fa92cc05a27d [term 1 LEADER]: Received request to transfer leadership to TS 8e2d48c996d646f7b0fecc35a9455696
I20260710 11:09:53.649920  7513 tablet_service.cc:2072] Received LeaderStepDown RPC: tablet_id: "3ac7549587d04c95a43025c7265386fa"
dest_uuid: "fed61bbcd23f4e34b0c1fa92cc05a27d"
mode: GRACEFUL
new_leader_uuid: "8e2d48c996d646f7b0fecc35a9455696"
 from {username='slave'} at 127.0.0.1:57732
I20260710 11:09:53.650446  7513 raft_consensus.cc:606] T 3ac7549587d04c95a43025c7265386fa P fed61bbcd23f4e34b0c1fa92cc05a27d [term 1 LEADER]: Received request to transfer leadership to TS 8e2d48c996d646f7b0fecc35a9455696
I20260710 11:09:53.655144  7513 tablet_service.cc:2072] Received LeaderStepDown RPC: tablet_id: "d9e769f6cbae4b1aa4e86a7366763f27"
dest_uuid: "fed61bbcd23f4e34b0c1fa92cc05a27d"
mode: GRACEFUL
new_leader_uuid: "8e2d48c996d646f7b0fecc35a9455696"
 from {username='slave'} at 127.0.0.1:57732
I20260710 11:09:53.655704  7513 raft_consensus.cc:606] T d9e769f6cbae4b1aa4e86a7366763f27 P fed61bbcd23f4e34b0c1fa92cc05a27d [term 1 LEADER]: Received request to transfer leadership to TS 8e2d48c996d646f7b0fecc35a9455696
I20260710 11:09:53.675956  7559 consensus_queue.cc:1048] T 0fc380a0681949cd80651a3e7290df1d P fed61bbcd23f4e34b0c1fa92cc05a27d [LEADER]: Connected to new peer: Peer: permanent_uuid: "d224a86bdba94e5ea996ebe867614aa4" member_type: VOTER last_known_addr { host: "127.6.149.193" port: 37699 }, Status: LMP_MISMATCH, Last received: 0.0, Next index: 1, Last known committed idx: 0, Time since last communication: 0.000s
I20260710 11:09:53.682464  7591 raft_consensus.cc:993] T 0fc380a0681949cd80651a3e7290df1d P fed61bbcd23f4e34b0c1fa92cc05a27d: : Instructing follower d224a86bdba94e5ea996ebe867614aa4 to start an election
I20260710 11:09:53.682898  7595 raft_consensus.cc:1081] T 0fc380a0681949cd80651a3e7290df1d P fed61bbcd23f4e34b0c1fa92cc05a27d [term 1 LEADER]: Signalling peer d224a86bdba94e5ea996ebe867614aa4 to start an election
I20260710 11:09:53.684584  7364 tablet_service.cc:2044] Received Run Leader Election RPC: tablet_id: "0fc380a0681949cd80651a3e7290df1d"
dest_uuid: "d224a86bdba94e5ea996ebe867614aa4"
 from {username='slave'} at 127.0.0.1:37822
I20260710 11:09:53.686971  7364 raft_consensus.cc:493] T 0fc380a0681949cd80651a3e7290df1d P d224a86bdba94e5ea996ebe867614aa4 [term 1 FOLLOWER]: Starting forced leader election (received explicit request)
I20260710 11:09:53.687386  7364 raft_consensus.cc:3060] T 0fc380a0681949cd80651a3e7290df1d P d224a86bdba94e5ea996ebe867614aa4 [term 1 FOLLOWER]: Advancing to term 2
I20260710 11:09:53.688078  7559 consensus_queue.cc:1048] T 0fc380a0681949cd80651a3e7290df1d P fed61bbcd23f4e34b0c1fa92cc05a27d [LEADER]: Connected to new peer: Peer: permanent_uuid: "8e2d48c996d646f7b0fecc35a9455696" member_type: VOTER last_known_addr { host: "127.6.149.194" port: 39565 }, Status: LMP_MISMATCH, Last received: 0.0, Next index: 1, Last known committed idx: 0, Time since last communication: 0.000s
I20260710 11:09:53.694394  7364 raft_consensus.cc:515] T 0fc380a0681949cd80651a3e7290df1d P d224a86bdba94e5ea996ebe867614aa4 [term 2 FOLLOWER]: Starting forced leader election with config: opid_index: -1 OBSOLETE_local: false peers { permanent_uuid: "d224a86bdba94e5ea996ebe867614aa4" member_type: VOTER last_known_addr { host: "127.6.149.193" port: 37699 } } peers { permanent_uuid: "8e2d48c996d646f7b0fecc35a9455696" member_type: VOTER last_known_addr { host: "127.6.149.194" port: 39565 } } peers { permanent_uuid: "fed61bbcd23f4e34b0c1fa92cc05a27d" member_type: VOTER last_known_addr { host: "127.6.149.195" port: 44783 } }
I20260710 11:09:53.699031  7439 tablet_service.cc:1917] Received RequestConsensusVote() RPC: tablet_id: "0fc380a0681949cd80651a3e7290df1d" candidate_uuid: "d224a86bdba94e5ea996ebe867614aa4" candidate_term: 2 candidate_status { last_received { term: 1 index: 1 } } ignore_live_leader: true dest_uuid: "8e2d48c996d646f7b0fecc35a9455696"
I20260710 11:09:53.698648  7364 leader_election.cc:290] T 0fc380a0681949cd80651a3e7290df1d P d224a86bdba94e5ea996ebe867614aa4 [CANDIDATE]: Term 2 election: Requested vote from peers 8e2d48c996d646f7b0fecc35a9455696 (127.6.149.194:39565), fed61bbcd23f4e34b0c1fa92cc05a27d (127.6.149.195:44783)
I20260710 11:09:53.699211  7513 tablet_service.cc:1917] Received RequestConsensusVote() RPC: tablet_id: "0fc380a0681949cd80651a3e7290df1d" candidate_uuid: "d224a86bdba94e5ea996ebe867614aa4" candidate_term: 2 candidate_status { last_received { term: 1 index: 1 } } ignore_live_leader: true dest_uuid: "fed61bbcd23f4e34b0c1fa92cc05a27d"
I20260710 11:09:53.699812  7439 raft_consensus.cc:3060] T 0fc380a0681949cd80651a3e7290df1d P 8e2d48c996d646f7b0fecc35a9455696 [term 1 FOLLOWER]: Advancing to term 2
I20260710 11:09:53.699869  7513 raft_consensus.cc:3055] T 0fc380a0681949cd80651a3e7290df1d P fed61bbcd23f4e34b0c1fa92cc05a27d [term 1 LEADER]: Stepping down as leader of term 1
I20260710 11:09:53.700317  7513 raft_consensus.cc:740] T 0fc380a0681949cd80651a3e7290df1d P fed61bbcd23f4e34b0c1fa92cc05a27d [term 1 LEADER]: Becoming Follower/Learner. State: Replica: fed61bbcd23f4e34b0c1fa92cc05a27d, State: Running, Role: LEADER
I20260710 11:09:53.701177  7513 consensus_queue.cc:260] T 0fc380a0681949cd80651a3e7290df1d P fed61bbcd23f4e34b0c1fa92cc05a27d [NON_LEADER]: Queue going to NON_LEADER mode. State: All replicated index: 0, Majority replicated index: 1, Committed index: 1, Last appended: 1.1, Last appended by leader: 1, Current term: 1, Majority size: -1, State: 0, Mode: NON_LEADER, active raft config: opid_index: -1 OBSOLETE_local: false peers { permanent_uuid: "d224a86bdba94e5ea996ebe867614aa4" member_type: VOTER last_known_addr { host: "127.6.149.193" port: 37699 } } peers { permanent_uuid: "8e2d48c996d646f7b0fecc35a9455696" member_type: VOTER last_known_addr { host: "127.6.149.194" port: 39565 } } peers { permanent_uuid: "fed61bbcd23f4e34b0c1fa92cc05a27d" member_type: VOTER last_known_addr { host: "127.6.149.195" port: 44783 } }
I20260710 11:09:53.702297  7513 raft_consensus.cc:3060] T 0fc380a0681949cd80651a3e7290df1d P fed61bbcd23f4e34b0c1fa92cc05a27d [term 1 FOLLOWER]: Advancing to term 2
I20260710 11:09:53.707159  7439 raft_consensus.cc:2468] T 0fc380a0681949cd80651a3e7290df1d P 8e2d48c996d646f7b0fecc35a9455696 [term 2 FOLLOWER]: Leader election vote request: Granting yes vote for candidate d224a86bdba94e5ea996ebe867614aa4 in term 2.
I20260710 11:09:53.708442  7329 leader_election.cc:304] T 0fc380a0681949cd80651a3e7290df1d P d224a86bdba94e5ea996ebe867614aa4 [CANDIDATE]: Term 2 election: Election decided. Result: candidate won. Election summary: received 2 responses out of 3 voters: 2 yes votes; 0 no votes. yes voters: 8e2d48c996d646f7b0fecc35a9455696, d224a86bdba94e5ea996ebe867614aa4; no voters: 
I20260710 11:09:53.709352  7596 raft_consensus.cc:2804] T 0fc380a0681949cd80651a3e7290df1d P d224a86bdba94e5ea996ebe867614aa4 [term 2 FOLLOWER]: Leader election won for term 2
I20260710 11:09:53.709740  7513 raft_consensus.cc:2468] T 0fc380a0681949cd80651a3e7290df1d P fed61bbcd23f4e34b0c1fa92cc05a27d [term 2 FOLLOWER]: Leader election vote request: Granting yes vote for candidate d224a86bdba94e5ea996ebe867614aa4 in term 2.
I20260710 11:09:53.709851  7596 raft_consensus.cc:697] T 0fc380a0681949cd80651a3e7290df1d P d224a86bdba94e5ea996ebe867614aa4 [term 2 LEADER]: Becoming Leader. State: Replica: d224a86bdba94e5ea996ebe867614aa4, State: Running, Role: LEADER
I20260710 11:09:53.710700  7596 consensus_queue.cc:237] T 0fc380a0681949cd80651a3e7290df1d P d224a86bdba94e5ea996ebe867614aa4 [LEADER]: Queue going to LEADER mode. State: All replicated index: 0, Majority replicated index: 1, Committed index: 1, Last appended: 1.1, Last appended by leader: 1, Current term: 2, Majority size: 2, State: 0, Mode: LEADER, active raft config: opid_index: -1 OBSOLETE_local: false peers { permanent_uuid: "d224a86bdba94e5ea996ebe867614aa4" member_type: VOTER last_known_addr { host: "127.6.149.193" port: 37699 } } peers { permanent_uuid: "8e2d48c996d646f7b0fecc35a9455696" member_type: VOTER last_known_addr { host: "127.6.149.194" port: 39565 } } peers { permanent_uuid: "fed61bbcd23f4e34b0c1fa92cc05a27d" member_type: VOTER last_known_addr { host: "127.6.149.195" port: 44783 } }
I20260710 11:09:53.717298  7263 catalog_manager.cc:5697] T 0fc380a0681949cd80651a3e7290df1d P d224a86bdba94e5ea996ebe867614aa4 reported cstate change: term changed from 1 to 2, leader changed from fed61bbcd23f4e34b0c1fa92cc05a27d (127.6.149.195) to d224a86bdba94e5ea996ebe867614aa4 (127.6.149.193). New cstate: current_term: 2 leader_uuid: "d224a86bdba94e5ea996ebe867614aa4" committed_config { opid_index: -1 OBSOLETE_local: false peers { permanent_uuid: "d224a86bdba94e5ea996ebe867614aa4" member_type: VOTER last_known_addr { host: "127.6.149.193" port: 37699 } health_report { overall_health: HEALTHY } } peers { permanent_uuid: "8e2d48c996d646f7b0fecc35a9455696" member_type: VOTER last_known_addr { host: "127.6.149.194" port: 39565 } health_report { overall_health: UNKNOWN } } peers { permanent_uuid: "fed61bbcd23f4e34b0c1fa92cc05a27d" member_type: VOTER last_known_addr { host: "127.6.149.195" port: 44783 } health_report { overall_health: UNKNOWN } } }
I20260710 11:09:53.797421  7559 consensus_queue.cc:1048] T fbb9209a11aa403dbd4b7abf5eb98558 P fed61bbcd23f4e34b0c1fa92cc05a27d [LEADER]: Connected to new peer: Peer: permanent_uuid: "d224a86bdba94e5ea996ebe867614aa4" member_type: VOTER last_known_addr { host: "127.6.149.193" port: 37699 }, Status: LMP_MISMATCH, Last received: 0.0, Next index: 1, Last known committed idx: 0, Time since last communication: 0.000s
I20260710 11:09:53.800909  7559 consensus_queue.cc:1048] T 04f3502bd4cd43cab3493de9f140dcb3 P fed61bbcd23f4e34b0c1fa92cc05a27d [LEADER]: Connected to new peer: Peer: permanent_uuid: "d224a86bdba94e5ea996ebe867614aa4" member_type: VOTER last_known_addr { host: "127.6.149.193" port: 37699 }, Status: LMP_MISMATCH, Last received: 0.0, Next index: 1, Last known committed idx: 0, Time since last communication: 0.000s
I20260710 11:09:53.811123  7587 consensus_queue.cc:1048] T fbb9209a11aa403dbd4b7abf5eb98558 P fed61bbcd23f4e34b0c1fa92cc05a27d [LEADER]: Connected to new peer: Peer: permanent_uuid: "8e2d48c996d646f7b0fecc35a9455696" member_type: VOTER last_known_addr { host: "127.6.149.194" port: 39565 }, Status: LMP_MISMATCH, Last received: 0.0, Next index: 1, Last known committed idx: 0, Time since last communication: 0.000s
I20260710 11:09:53.818024  7591 consensus_queue.cc:1048] T 04f3502bd4cd43cab3493de9f140dcb3 P fed61bbcd23f4e34b0c1fa92cc05a27d [LEADER]: Connected to new peer: Peer: permanent_uuid: "8e2d48c996d646f7b0fecc35a9455696" member_type: VOTER last_known_addr { host: "127.6.149.194" port: 39565 }, Status: LMP_MISMATCH, Last received: 0.0, Next index: 1, Last known committed idx: 0, Time since last communication: 0.000s
I20260710 11:09:53.827962  7559 raft_consensus.cc:993] T 04f3502bd4cd43cab3493de9f140dcb3 P fed61bbcd23f4e34b0c1fa92cc05a27d: : Instructing follower 8e2d48c996d646f7b0fecc35a9455696 to start an election
I20260710 11:09:53.828419  7559 raft_consensus.cc:1081] T 04f3502bd4cd43cab3493de9f140dcb3 P fed61bbcd23f4e34b0c1fa92cc05a27d [term 1 LEADER]: Signalling peer 8e2d48c996d646f7b0fecc35a9455696 to start an election
I20260710 11:09:53.829421  7559 consensus_queue.cc:1048] T d9e769f6cbae4b1aa4e86a7366763f27 P fed61bbcd23f4e34b0c1fa92cc05a27d [LEADER]: Connected to new peer: Peer: permanent_uuid: "d224a86bdba94e5ea996ebe867614aa4" member_type: VOTER last_known_addr { host: "127.6.149.193" port: 37699 }, Status: LMP_MISMATCH, Last received: 0.0, Next index: 1, Last known committed idx: 0, Time since last communication: 0.000s
I20260710 11:09:53.830813  7439 tablet_service.cc:2044] Received Run Leader Election RPC: tablet_id: "04f3502bd4cd43cab3493de9f140dcb3"
dest_uuid: "8e2d48c996d646f7b0fecc35a9455696"
 from {username='slave'} at 127.0.0.1:60686
I20260710 11:09:53.831395  7439 raft_consensus.cc:493] T 04f3502bd4cd43cab3493de9f140dcb3 P 8e2d48c996d646f7b0fecc35a9455696 [term 1 FOLLOWER]: Starting forced leader election (received explicit request)
I20260710 11:09:53.831799  7439 raft_consensus.cc:3060] T 04f3502bd4cd43cab3493de9f140dcb3 P 8e2d48c996d646f7b0fecc35a9455696 [term 1 FOLLOWER]: Advancing to term 2
I20260710 11:09:53.841795  7591 consensus_queue.cc:1048] T d9e769f6cbae4b1aa4e86a7366763f27 P fed61bbcd23f4e34b0c1fa92cc05a27d [LEADER]: Connected to new peer: Peer: permanent_uuid: "8e2d48c996d646f7b0fecc35a9455696" member_type: VOTER last_known_addr { host: "127.6.149.194" port: 39565 }, Status: LMP_MISMATCH, Last received: 0.0, Next index: 1, Last known committed idx: 0, Time since last communication: 0.000s
I20260710 11:09:53.842226  7439 raft_consensus.cc:515] T 04f3502bd4cd43cab3493de9f140dcb3 P 8e2d48c996d646f7b0fecc35a9455696 [term 2 FOLLOWER]: Starting forced leader election with config: opid_index: -1 OBSOLETE_local: false peers { permanent_uuid: "d224a86bdba94e5ea996ebe867614aa4" member_type: VOTER last_known_addr { host: "127.6.149.193" port: 37699 } } peers { permanent_uuid: "8e2d48c996d646f7b0fecc35a9455696" member_type: VOTER last_known_addr { host: "127.6.149.194" port: 39565 } } peers { permanent_uuid: "fed61bbcd23f4e34b0c1fa92cc05a27d" member_type: VOTER last_known_addr { host: "127.6.149.195" port: 44783 } }
I20260710 11:09:53.844969  7365 tablet_service.cc:1917] Received RequestConsensusVote() RPC: tablet_id: "04f3502bd4cd43cab3493de9f140dcb3" candidate_uuid: "8e2d48c996d646f7b0fecc35a9455696" candidate_term: 2 candidate_status { last_received { term: 1 index: 1 } } ignore_live_leader: true dest_uuid: "d224a86bdba94e5ea996ebe867614aa4"
I20260710 11:09:53.845570  7365 raft_consensus.cc:3060] T 04f3502bd4cd43cab3493de9f140dcb3 P d224a86bdba94e5ea996ebe867614aa4 [term 1 FOLLOWER]: Advancing to term 2
I20260710 11:09:53.845991  7513 tablet_service.cc:1917] Received RequestConsensusVote() RPC: tablet_id: "04f3502bd4cd43cab3493de9f140dcb3" candidate_uuid: "8e2d48c996d646f7b0fecc35a9455696" candidate_term: 2 candidate_status { last_received { term: 1 index: 1 } } ignore_live_leader: true dest_uuid: "fed61bbcd23f4e34b0c1fa92cc05a27d"
I20260710 11:09:53.846794  7513 raft_consensus.cc:3055] T 04f3502bd4cd43cab3493de9f140dcb3 P fed61bbcd23f4e34b0c1fa92cc05a27d [term 1 LEADER]: Stepping down as leader of term 1
I20260710 11:09:53.847198  7513 raft_consensus.cc:740] T 04f3502bd4cd43cab3493de9f140dcb3 P fed61bbcd23f4e34b0c1fa92cc05a27d [term 1 LEADER]: Becoming Follower/Learner. State: Replica: fed61bbcd23f4e34b0c1fa92cc05a27d, State: Running, Role: LEADER
I20260710 11:09:53.848253  7513 consensus_queue.cc:260] T 04f3502bd4cd43cab3493de9f140dcb3 P fed61bbcd23f4e34b0c1fa92cc05a27d [NON_LEADER]: Queue going to NON_LEADER mode. State: All replicated index: 0, Majority replicated index: 1, Committed index: 1, Last appended: 1.1, Last appended by leader: 1, Current term: 1, Majority size: -1, State: 0, Mode: NON_LEADER, active raft config: opid_index: -1 OBSOLETE_local: false peers { permanent_uuid: "d224a86bdba94e5ea996ebe867614aa4" member_type: VOTER last_known_addr { host: "127.6.149.193" port: 37699 } } peers { permanent_uuid: "8e2d48c996d646f7b0fecc35a9455696" member_type: VOTER last_known_addr { host: "127.6.149.194" port: 39565 } } peers { permanent_uuid: "fed61bbcd23f4e34b0c1fa92cc05a27d" member_type: VOTER last_known_addr { host: "127.6.149.195" port: 44783 } }
I20260710 11:09:53.849720  7513 raft_consensus.cc:3060] T 04f3502bd4cd43cab3493de9f140dcb3 P fed61bbcd23f4e34b0c1fa92cc05a27d [term 1 FOLLOWER]: Advancing to term 2
I20260710 11:09:53.845564  7439 leader_election.cc:290] T 04f3502bd4cd43cab3493de9f140dcb3 P 8e2d48c996d646f7b0fecc35a9455696 [CANDIDATE]: Term 2 election: Requested vote from peers d224a86bdba94e5ea996ebe867614aa4 (127.6.149.193:37699), fed61bbcd23f4e34b0c1fa92cc05a27d (127.6.149.195:44783)
I20260710 11:09:53.855500  7365 raft_consensus.cc:2468] T 04f3502bd4cd43cab3493de9f140dcb3 P d224a86bdba94e5ea996ebe867614aa4 [term 2 FOLLOWER]: Leader election vote request: Granting yes vote for candidate 8e2d48c996d646f7b0fecc35a9455696 in term 2.
I20260710 11:09:53.858211  7405 leader_election.cc:304] T 04f3502bd4cd43cab3493de9f140dcb3 P 8e2d48c996d646f7b0fecc35a9455696 [CANDIDATE]: Term 2 election: Election decided. Result: candidate won. Election summary: received 2 responses out of 3 voters: 2 yes votes; 0 no votes. yes voters: 8e2d48c996d646f7b0fecc35a9455696, d224a86bdba94e5ea996ebe867614aa4; no voters: 
I20260710 11:09:53.859127  7628 raft_consensus.cc:2804] T 04f3502bd4cd43cab3493de9f140dcb3 P 8e2d48c996d646f7b0fecc35a9455696 [term 2 FOLLOWER]: Leader election won for term 2
I20260710 11:09:53.859733  7628 raft_consensus.cc:697] T 04f3502bd4cd43cab3493de9f140dcb3 P 8e2d48c996d646f7b0fecc35a9455696 [term 2 LEADER]: Becoming Leader. State: Replica: 8e2d48c996d646f7b0fecc35a9455696, State: Running, Role: LEADER
I20260710 11:09:53.860646  7628 consensus_queue.cc:237] T 04f3502bd4cd43cab3493de9f140dcb3 P 8e2d48c996d646f7b0fecc35a9455696 [LEADER]: Queue going to LEADER mode. State: All replicated index: 0, Majority replicated index: 1, Committed index: 1, Last appended: 1.1, Last appended by leader: 1, Current term: 2, Majority size: 2, State: 0, Mode: LEADER, active raft config: opid_index: -1 OBSOLETE_local: false peers { permanent_uuid: "d224a86bdba94e5ea996ebe867614aa4" member_type: VOTER last_known_addr { host: "127.6.149.193" port: 37699 } } peers { permanent_uuid: "8e2d48c996d646f7b0fecc35a9455696" member_type: VOTER last_known_addr { host: "127.6.149.194" port: 39565 } } peers { permanent_uuid: "fed61bbcd23f4e34b0c1fa92cc05a27d" member_type: VOTER last_known_addr { host: "127.6.149.195" port: 44783 } }
I20260710 11:09:53.864025  7587 raft_consensus.cc:993] T d9e769f6cbae4b1aa4e86a7366763f27 P fed61bbcd23f4e34b0c1fa92cc05a27d: : Instructing follower 8e2d48c996d646f7b0fecc35a9455696 to start an election
I20260710 11:09:53.864439  7559 raft_consensus.cc:1081] T d9e769f6cbae4b1aa4e86a7366763f27 P fed61bbcd23f4e34b0c1fa92cc05a27d [term 1 LEADER]: Signalling peer 8e2d48c996d646f7b0fecc35a9455696 to start an election
I20260710 11:09:53.866154  7441 tablet_service.cc:2044] Received Run Leader Election RPC: tablet_id: "d9e769f6cbae4b1aa4e86a7366763f27"
dest_uuid: "8e2d48c996d646f7b0fecc35a9455696"
 from {username='slave'} at 127.0.0.1:60686
I20260710 11:09:53.866833  7441 raft_consensus.cc:493] T d9e769f6cbae4b1aa4e86a7366763f27 P 8e2d48c996d646f7b0fecc35a9455696 [term 1 FOLLOWER]: Starting forced leader election (received explicit request)
I20260710 11:09:53.867341  7441 raft_consensus.cc:3060] T d9e769f6cbae4b1aa4e86a7366763f27 P 8e2d48c996d646f7b0fecc35a9455696 [term 1 FOLLOWER]: Advancing to term 2
I20260710 11:09:53.868857  7513 raft_consensus.cc:2468] T 04f3502bd4cd43cab3493de9f140dcb3 P fed61bbcd23f4e34b0c1fa92cc05a27d [term 2 FOLLOWER]: Leader election vote request: Granting yes vote for candidate 8e2d48c996d646f7b0fecc35a9455696 in term 2.
I20260710 11:09:53.870360  7588 raft_consensus.cc:993] T 03046e24421044e39e3140e2731b26f0 P 8e2d48c996d646f7b0fecc35a9455696: : Instructing follower d224a86bdba94e5ea996ebe867614aa4 to start an election
I20260710 11:09:53.870766  7628 raft_consensus.cc:1081] T 03046e24421044e39e3140e2731b26f0 P 8e2d48c996d646f7b0fecc35a9455696 [term 1 LEADER]: Signalling peer d224a86bdba94e5ea996ebe867614aa4 to start an election
I20260710 11:09:53.872319  7365 tablet_service.cc:2044] Received Run Leader Election RPC: tablet_id: "03046e24421044e39e3140e2731b26f0"
dest_uuid: "d224a86bdba94e5ea996ebe867614aa4"
 from {username='slave'} at 127.0.0.1:37808
I20260710 11:09:53.872997  7365 raft_consensus.cc:493] T 03046e24421044e39e3140e2731b26f0 P d224a86bdba94e5ea996ebe867614aa4 [term 1 FOLLOWER]: Starting forced leader election (received explicit request)
I20260710 11:09:53.873304  7365 raft_consensus.cc:3060] T 03046e24421044e39e3140e2731b26f0 P d224a86bdba94e5ea996ebe867614aa4 [term 1 FOLLOWER]: Advancing to term 2
I20260710 11:09:53.874147  7441 raft_consensus.cc:515] T d9e769f6cbae4b1aa4e86a7366763f27 P 8e2d48c996d646f7b0fecc35a9455696 [term 2 FOLLOWER]: Starting forced leader election with config: opid_index: -1 OBSOLETE_local: false peers { permanent_uuid: "d224a86bdba94e5ea996ebe867614aa4" member_type: VOTER last_known_addr { host: "127.6.149.193" port: 37699 } } peers { permanent_uuid: "8e2d48c996d646f7b0fecc35a9455696" member_type: VOTER last_known_addr { host: "127.6.149.194" port: 39565 } } peers { permanent_uuid: "fed61bbcd23f4e34b0c1fa92cc05a27d" member_type: VOTER last_known_addr { host: "127.6.149.195" port: 44783 } }
I20260710 11:09:53.875931  7441 leader_election.cc:290] T d9e769f6cbae4b1aa4e86a7366763f27 P 8e2d48c996d646f7b0fecc35a9455696 [CANDIDATE]: Term 2 election: Requested vote from peers d224a86bdba94e5ea996ebe867614aa4 (127.6.149.193:37699), fed61bbcd23f4e34b0c1fa92cc05a27d (127.6.149.195:44783)
I20260710 11:09:53.877002  7364 tablet_service.cc:1917] Received RequestConsensusVote() RPC: tablet_id: "d9e769f6cbae4b1aa4e86a7366763f27" candidate_uuid: "8e2d48c996d646f7b0fecc35a9455696" candidate_term: 2 candidate_status { last_received { term: 1 index: 1 } } ignore_live_leader: true dest_uuid: "d224a86bdba94e5ea996ebe867614aa4"
I20260710 11:09:53.877576  7364 raft_consensus.cc:3060] T d9e769f6cbae4b1aa4e86a7366763f27 P d224a86bdba94e5ea996ebe867614aa4 [term 1 FOLLOWER]: Advancing to term 2
I20260710 11:09:53.879040  7365 raft_consensus.cc:515] T 03046e24421044e39e3140e2731b26f0 P d224a86bdba94e5ea996ebe867614aa4 [term 2 FOLLOWER]: Starting forced leader election with config: opid_index: -1 OBSOLETE_local: false peers { permanent_uuid: "d224a86bdba94e5ea996ebe867614aa4" member_type: VOTER last_known_addr { host: "127.6.149.193" port: 37699 } } peers { permanent_uuid: "8e2d48c996d646f7b0fecc35a9455696" member_type: VOTER last_known_addr { host: "127.6.149.194" port: 39565 } } peers { permanent_uuid: "fed61bbcd23f4e34b0c1fa92cc05a27d" member_type: VOTER last_known_addr { host: "127.6.149.195" port: 44783 } }
I20260710 11:09:53.881587  7441 tablet_service.cc:1917] Received RequestConsensusVote() RPC: tablet_id: "03046e24421044e39e3140e2731b26f0" candidate_uuid: "d224a86bdba94e5ea996ebe867614aa4" candidate_term: 2 candidate_status { last_received { term: 1 index: 1 } } ignore_live_leader: true dest_uuid: "8e2d48c996d646f7b0fecc35a9455696"
I20260710 11:09:53.881866  7513 tablet_service.cc:1917] Received RequestConsensusVote() RPC: tablet_id: "03046e24421044e39e3140e2731b26f0" candidate_uuid: "d224a86bdba94e5ea996ebe867614aa4" candidate_term: 2 candidate_status { last_received { term: 1 index: 1 } } ignore_live_leader: true dest_uuid: "fed61bbcd23f4e34b0c1fa92cc05a27d"
I20260710 11:09:53.881186  7263 catalog_manager.cc:5697] T 04f3502bd4cd43cab3493de9f140dcb3 P 8e2d48c996d646f7b0fecc35a9455696 reported cstate change: term changed from 1 to 2, leader changed from fed61bbcd23f4e34b0c1fa92cc05a27d (127.6.149.195) to 8e2d48c996d646f7b0fecc35a9455696 (127.6.149.194). New cstate: current_term: 2 leader_uuid: "8e2d48c996d646f7b0fecc35a9455696" committed_config { opid_index: -1 OBSOLETE_local: false peers { permanent_uuid: "d224a86bdba94e5ea996ebe867614aa4" member_type: VOTER last_known_addr { host: "127.6.149.193" port: 37699 } health_report { overall_health: UNKNOWN } } peers { permanent_uuid: "8e2d48c996d646f7b0fecc35a9455696" member_type: VOTER last_known_addr { host: "127.6.149.194" port: 39565 } health_report { overall_health: HEALTHY } } peers { permanent_uuid: "fed61bbcd23f4e34b0c1fa92cc05a27d" member_type: VOTER last_known_addr { host: "127.6.149.195" port: 44783 } health_report { overall_health: UNKNOWN } } }
I20260710 11:09:53.882203  7441 raft_consensus.cc:3055] T 03046e24421044e39e3140e2731b26f0 P 8e2d48c996d646f7b0fecc35a9455696 [term 1 LEADER]: Stepping down as leader of term 1
I20260710 11:09:53.882393  7513 raft_consensus.cc:3060] T 03046e24421044e39e3140e2731b26f0 P fed61bbcd23f4e34b0c1fa92cc05a27d [term 1 FOLLOWER]: Advancing to term 2
I20260710 11:09:53.882577  7441 raft_consensus.cc:740] T 03046e24421044e39e3140e2731b26f0 P 8e2d48c996d646f7b0fecc35a9455696 [term 1 LEADER]: Becoming Follower/Learner. State: Replica: 8e2d48c996d646f7b0fecc35a9455696, State: Running, Role: LEADER
I20260710 11:09:53.883322  7365 leader_election.cc:290] T 03046e24421044e39e3140e2731b26f0 P d224a86bdba94e5ea996ebe867614aa4 [CANDIDATE]: Term 2 election: Requested vote from peers 8e2d48c996d646f7b0fecc35a9455696 (127.6.149.194:39565), fed61bbcd23f4e34b0c1fa92cc05a27d (127.6.149.195:44783)
I20260710 11:09:53.883440  7441 consensus_queue.cc:260] T 03046e24421044e39e3140e2731b26f0 P 8e2d48c996d646f7b0fecc35a9455696 [NON_LEADER]: Queue going to NON_LEADER mode. State: All replicated index: 0, Majority replicated index: 1, Committed index: 1, Last appended: 1.1, Last appended by leader: 1, Current term: 1, Majority size: -1, State: 0, Mode: NON_LEADER, active raft config: opid_index: -1 OBSOLETE_local: false peers { permanent_uuid: "d224a86bdba94e5ea996ebe867614aa4" member_type: VOTER last_known_addr { host: "127.6.149.193" port: 37699 } } peers { permanent_uuid: "8e2d48c996d646f7b0fecc35a9455696" member_type: VOTER last_known_addr { host: "127.6.149.194" port: 39565 } } peers { permanent_uuid: "fed61bbcd23f4e34b0c1fa92cc05a27d" member_type: VOTER last_known_addr { host: "127.6.149.195" port: 44783 } }
I20260710 11:09:53.884778  7441 raft_consensus.cc:3060] T 03046e24421044e39e3140e2731b26f0 P 8e2d48c996d646f7b0fecc35a9455696 [term 1 FOLLOWER]: Advancing to term 2
I20260710 11:09:53.885589  7514 tablet_service.cc:1917] Received RequestConsensusVote() RPC: tablet_id: "d9e769f6cbae4b1aa4e86a7366763f27" candidate_uuid: "8e2d48c996d646f7b0fecc35a9455696" candidate_term: 2 candidate_status { last_received { term: 1 index: 1 } } ignore_live_leader: true dest_uuid: "fed61bbcd23f4e34b0c1fa92cc05a27d"
I20260710 11:09:53.886150  7514 raft_consensus.cc:3055] T d9e769f6cbae4b1aa4e86a7366763f27 P fed61bbcd23f4e34b0c1fa92cc05a27d [term 1 LEADER]: Stepping down as leader of term 1
I20260710 11:09:53.886459  7514 raft_consensus.cc:740] T d9e769f6cbae4b1aa4e86a7366763f27 P fed61bbcd23f4e34b0c1fa92cc05a27d [term 1 LEADER]: Becoming Follower/Learner. State: Replica: fed61bbcd23f4e34b0c1fa92cc05a27d, State: Running, Role: LEADER
I20260710 11:09:53.887233  7514 consensus_queue.cc:260] T d9e769f6cbae4b1aa4e86a7366763f27 P fed61bbcd23f4e34b0c1fa92cc05a27d [NON_LEADER]: Queue going to NON_LEADER mode. State: All replicated index: 0, Majority replicated index: 1, Committed index: 1, Last appended: 1.1, Last appended by leader: 1, Current term: 1, Majority size: -1, State: 0, Mode: NON_LEADER, active raft config: opid_index: -1 OBSOLETE_local: false peers { permanent_uuid: "d224a86bdba94e5ea996ebe867614aa4" member_type: VOTER last_known_addr { host: "127.6.149.193" port: 37699 } } peers { permanent_uuid: "8e2d48c996d646f7b0fecc35a9455696" member_type: VOTER last_known_addr { host: "127.6.149.194" port: 39565 } } peers { permanent_uuid: "fed61bbcd23f4e34b0c1fa92cc05a27d" member_type: VOTER last_known_addr { host: "127.6.149.195" port: 44783 } }
I20260710 11:09:53.888468  7514 raft_consensus.cc:3060] T d9e769f6cbae4b1aa4e86a7366763f27 P fed61bbcd23f4e34b0c1fa92cc05a27d [term 1 FOLLOWER]: Advancing to term 2
I20260710 11:09:53.890190  7513 raft_consensus.cc:2468] T 03046e24421044e39e3140e2731b26f0 P fed61bbcd23f4e34b0c1fa92cc05a27d [term 2 FOLLOWER]: Leader election vote request: Granting yes vote for candidate d224a86bdba94e5ea996ebe867614aa4 in term 2.
I20260710 11:09:53.891567  7330 leader_election.cc:304] T 03046e24421044e39e3140e2731b26f0 P d224a86bdba94e5ea996ebe867614aa4 [CANDIDATE]: Term 2 election: Election decided. Result: candidate won. Election summary: received 2 responses out of 3 voters: 2 yes votes; 0 no votes. yes voters: d224a86bdba94e5ea996ebe867614aa4, fed61bbcd23f4e34b0c1fa92cc05a27d; no voters: 
I20260710 11:09:53.891661  7441 raft_consensus.cc:2468] T 03046e24421044e39e3140e2731b26f0 P 8e2d48c996d646f7b0fecc35a9455696 [term 2 FOLLOWER]: Leader election vote request: Granting yes vote for candidate d224a86bdba94e5ea996ebe867614aa4 in term 2.
I20260710 11:09:53.892534  7596 raft_consensus.cc:2804] T 03046e24421044e39e3140e2731b26f0 P d224a86bdba94e5ea996ebe867614aa4 [term 2 FOLLOWER]: Leader election won for term 2
I20260710 11:09:53.893011  7596 raft_consensus.cc:697] T 03046e24421044e39e3140e2731b26f0 P d224a86bdba94e5ea996ebe867614aa4 [term 2 LEADER]: Becoming Leader. State: Replica: d224a86bdba94e5ea996ebe867614aa4, State: Running, Role: LEADER
I20260710 11:09:53.893839  7596 consensus_queue.cc:237] T 03046e24421044e39e3140e2731b26f0 P d224a86bdba94e5ea996ebe867614aa4 [LEADER]: Queue going to LEADER mode. State: All replicated index: 0, Majority replicated index: 1, Committed index: 1, Last appended: 1.1, Last appended by leader: 1, Current term: 2, Majority size: 2, State: 0, Mode: LEADER, active raft config: opid_index: -1 OBSOLETE_local: false peers { permanent_uuid: "d224a86bdba94e5ea996ebe867614aa4" member_type: VOTER last_known_addr { host: "127.6.149.193" port: 37699 } } peers { permanent_uuid: "8e2d48c996d646f7b0fecc35a9455696" member_type: VOTER last_known_addr { host: "127.6.149.194" port: 39565 } } peers { permanent_uuid: "fed61bbcd23f4e34b0c1fa92cc05a27d" member_type: VOTER last_known_addr { host: "127.6.149.195" port: 44783 } }
I20260710 11:09:53.894295  7364 raft_consensus.cc:2468] T d9e769f6cbae4b1aa4e86a7366763f27 P d224a86bdba94e5ea996ebe867614aa4 [term 2 FOLLOWER]: Leader election vote request: Granting yes vote for candidate 8e2d48c996d646f7b0fecc35a9455696 in term 2.
I20260710 11:09:53.895349  7405 leader_election.cc:304] T d9e769f6cbae4b1aa4e86a7366763f27 P 8e2d48c996d646f7b0fecc35a9455696 [CANDIDATE]: Term 2 election: Election decided. Result: candidate won. Election summary: received 2 responses out of 3 voters: 2 yes votes; 0 no votes. yes voters: 8e2d48c996d646f7b0fecc35a9455696, d224a86bdba94e5ea996ebe867614aa4; no voters: 
I20260710 11:09:53.896188  7628 raft_consensus.cc:2804] T d9e769f6cbae4b1aa4e86a7366763f27 P 8e2d48c996d646f7b0fecc35a9455696 [term 2 FOLLOWER]: Leader election won for term 2
I20260710 11:09:53.896672  7628 raft_consensus.cc:697] T d9e769f6cbae4b1aa4e86a7366763f27 P 8e2d48c996d646f7b0fecc35a9455696 [term 2 LEADER]: Becoming Leader. State: Replica: 8e2d48c996d646f7b0fecc35a9455696, State: Running, Role: LEADER
I20260710 11:09:53.897464  7628 consensus_queue.cc:237] T d9e769f6cbae4b1aa4e86a7366763f27 P 8e2d48c996d646f7b0fecc35a9455696 [LEADER]: Queue going to LEADER mode. State: All replicated index: 0, Majority replicated index: 1, Committed index: 1, Last appended: 1.1, Last appended by leader: 1, Current term: 2, Majority size: 2, State: 0, Mode: LEADER, active raft config: opid_index: -1 OBSOLETE_local: false peers { permanent_uuid: "d224a86bdba94e5ea996ebe867614aa4" member_type: VOTER last_known_addr { host: "127.6.149.193" port: 37699 } } peers { permanent_uuid: "8e2d48c996d646f7b0fecc35a9455696" member_type: VOTER last_known_addr { host: "127.6.149.194" port: 39565 } } peers { permanent_uuid: "fed61bbcd23f4e34b0c1fa92cc05a27d" member_type: VOTER last_known_addr { host: "127.6.149.195" port: 44783 } }
I20260710 11:09:53.898612  7514 raft_consensus.cc:2468] T d9e769f6cbae4b1aa4e86a7366763f27 P fed61bbcd23f4e34b0c1fa92cc05a27d [term 2 FOLLOWER]: Leader election vote request: Granting yes vote for candidate 8e2d48c996d646f7b0fecc35a9455696 in term 2.
I20260710 11:09:53.901360  7263 catalog_manager.cc:5697] T 03046e24421044e39e3140e2731b26f0 P d224a86bdba94e5ea996ebe867614aa4 reported cstate change: term changed from 1 to 2, leader changed from 8e2d48c996d646f7b0fecc35a9455696 (127.6.149.194) to d224a86bdba94e5ea996ebe867614aa4 (127.6.149.193). New cstate: current_term: 2 leader_uuid: "d224a86bdba94e5ea996ebe867614aa4" committed_config { opid_index: -1 OBSOLETE_local: false peers { permanent_uuid: "d224a86bdba94e5ea996ebe867614aa4" member_type: VOTER last_known_addr { host: "127.6.149.193" port: 37699 } health_report { overall_health: HEALTHY } } peers { permanent_uuid: "8e2d48c996d646f7b0fecc35a9455696" member_type: VOTER last_known_addr { host: "127.6.149.194" port: 39565 } health_report { overall_health: UNKNOWN } } peers { permanent_uuid: "fed61bbcd23f4e34b0c1fa92cc05a27d" member_type: VOTER last_known_addr { host: "127.6.149.195" port: 44783 } health_report { overall_health: UNKNOWN } } }
I20260710 11:09:53.904630  7262 catalog_manager.cc:5697] T d9e769f6cbae4b1aa4e86a7366763f27 P 8e2d48c996d646f7b0fecc35a9455696 reported cstate change: term changed from 1 to 2, leader changed from fed61bbcd23f4e34b0c1fa92cc05a27d (127.6.149.195) to 8e2d48c996d646f7b0fecc35a9455696 (127.6.149.194). New cstate: current_term: 2 leader_uuid: "8e2d48c996d646f7b0fecc35a9455696" committed_config { opid_index: -1 OBSOLETE_local: false peers { permanent_uuid: "d224a86bdba94e5ea996ebe867614aa4" member_type: VOTER last_known_addr { host: "127.6.149.193" port: 37699 } health_report { overall_health: UNKNOWN } } peers { permanent_uuid: "8e2d48c996d646f7b0fecc35a9455696" member_type: VOTER last_known_addr { host: "127.6.149.194" port: 39565 } health_report { overall_health: HEALTHY } } peers { permanent_uuid: "fed61bbcd23f4e34b0c1fa92cc05a27d" member_type: VOTER last_known_addr { host: "127.6.149.195" port: 44783 } health_report { overall_health: UNKNOWN } } }
I20260710 11:09:53.941488  7591 raft_consensus.cc:993] T 6cdfe046cae04d888e7f644239f91f23 P fed61bbcd23f4e34b0c1fa92cc05a27d: : Instructing follower d224a86bdba94e5ea996ebe867614aa4 to start an election
I20260710 11:09:53.941907  7559 raft_consensus.cc:1081] T 6cdfe046cae04d888e7f644239f91f23 P fed61bbcd23f4e34b0c1fa92cc05a27d [term 1 LEADER]: Signalling peer d224a86bdba94e5ea996ebe867614aa4 to start an election
I20260710 11:09:53.943620  7364 tablet_service.cc:2044] Received Run Leader Election RPC: tablet_id: "6cdfe046cae04d888e7f644239f91f23"
dest_uuid: "d224a86bdba94e5ea996ebe867614aa4"
 from {username='slave'} at 127.0.0.1:37822
I20260710 11:09:53.944199  7364 raft_consensus.cc:493] T 6cdfe046cae04d888e7f644239f91f23 P d224a86bdba94e5ea996ebe867614aa4 [term 1 FOLLOWER]: Starting forced leader election (received explicit request)
I20260710 11:09:53.944571  7364 raft_consensus.cc:3060] T 6cdfe046cae04d888e7f644239f91f23 P d224a86bdba94e5ea996ebe867614aa4 [term 1 FOLLOWER]: Advancing to term 2
I20260710 11:09:53.945703  7559 consensus_queue.cc:1048] T 3ac7549587d04c95a43025c7265386fa P fed61bbcd23f4e34b0c1fa92cc05a27d [LEADER]: Connected to new peer: Peer: permanent_uuid: "d224a86bdba94e5ea996ebe867614aa4" member_type: VOTER last_known_addr { host: "127.6.149.193" port: 37699 }, Status: LMP_MISMATCH, Last received: 0.0, Next index: 1, Last known committed idx: 0, Time since last communication: 0.000s
I20260710 11:09:53.949746  7364 raft_consensus.cc:515] T 6cdfe046cae04d888e7f644239f91f23 P d224a86bdba94e5ea996ebe867614aa4 [term 2 FOLLOWER]: Starting forced leader election with config: opid_index: -1 OBSOLETE_local: false peers { permanent_uuid: "d224a86bdba94e5ea996ebe867614aa4" member_type: VOTER last_known_addr { host: "127.6.149.193" port: 37699 } } peers { permanent_uuid: "8e2d48c996d646f7b0fecc35a9455696" member_type: VOTER last_known_addr { host: "127.6.149.194" port: 39565 } } peers { permanent_uuid: "fed61bbcd23f4e34b0c1fa92cc05a27d" member_type: VOTER last_known_addr { host: "127.6.149.195" port: 44783 } }
I20260710 11:09:53.953171  7514 tablet_service.cc:1917] Received RequestConsensusVote() RPC: tablet_id: "6cdfe046cae04d888e7f644239f91f23" candidate_uuid: "d224a86bdba94e5ea996ebe867614aa4" candidate_term: 2 candidate_status { last_received { term: 1 index: 1 } } ignore_live_leader: true dest_uuid: "fed61bbcd23f4e34b0c1fa92cc05a27d"
I20260710 11:09:53.953756  7514 raft_consensus.cc:3055] T 6cdfe046cae04d888e7f644239f91f23 P fed61bbcd23f4e34b0c1fa92cc05a27d [term 1 LEADER]: Stepping down as leader of term 1
I20260710 11:09:53.954088  7514 raft_consensus.cc:740] T 6cdfe046cae04d888e7f644239f91f23 P fed61bbcd23f4e34b0c1fa92cc05a27d [term 1 LEADER]: Becoming Follower/Learner. State: Replica: fed61bbcd23f4e34b0c1fa92cc05a27d, State: Running, Role: LEADER
I20260710 11:09:53.954886  7514 consensus_queue.cc:260] T 6cdfe046cae04d888e7f644239f91f23 P fed61bbcd23f4e34b0c1fa92cc05a27d [NON_LEADER]: Queue going to NON_LEADER mode. State: All replicated index: 0, Majority replicated index: 1, Committed index: 1, Last appended: 1.1, Last appended by leader: 1, Current term: 1, Majority size: -1, State: 0, Mode: NON_LEADER, active raft config: opid_index: -1 OBSOLETE_local: false peers { permanent_uuid: "d224a86bdba94e5ea996ebe867614aa4" member_type: VOTER last_known_addr { host: "127.6.149.193" port: 37699 } } peers { permanent_uuid: "8e2d48c996d646f7b0fecc35a9455696" member_type: VOTER last_known_addr { host: "127.6.149.194" port: 39565 } } peers { permanent_uuid: "fed61bbcd23f4e34b0c1fa92cc05a27d" member_type: VOTER last_known_addr { host: "127.6.149.195" port: 44783 } }
I20260710 11:09:53.956014  7514 raft_consensus.cc:3060] T 6cdfe046cae04d888e7f644239f91f23 P fed61bbcd23f4e34b0c1fa92cc05a27d [term 1 FOLLOWER]: Advancing to term 2
I20260710 11:09:53.957939  7587 consensus_queue.cc:1048] T 3ac7549587d04c95a43025c7265386fa P fed61bbcd23f4e34b0c1fa92cc05a27d [LEADER]: Connected to new peer: Peer: permanent_uuid: "8e2d48c996d646f7b0fecc35a9455696" member_type: VOTER last_known_addr { host: "127.6.149.194" port: 39565 }, Status: LMP_MISMATCH, Last received: 0.0, Next index: 1, Last known committed idx: 0, Time since last communication: 0.000s
I20260710 11:09:53.963379  7364 leader_election.cc:290] T 6cdfe046cae04d888e7f644239f91f23 P d224a86bdba94e5ea996ebe867614aa4 [CANDIDATE]: Term 2 election: Requested vote from peers 8e2d48c996d646f7b0fecc35a9455696 (127.6.149.194:39565), fed61bbcd23f4e34b0c1fa92cc05a27d (127.6.149.195:44783)
I20260710 11:09:53.964203  7441 tablet_service.cc:1917] Received RequestConsensusVote() RPC: tablet_id: "6cdfe046cae04d888e7f644239f91f23" candidate_uuid: "d224a86bdba94e5ea996ebe867614aa4" candidate_term: 2 candidate_status { last_received { term: 1 index: 1 } } ignore_live_leader: true dest_uuid: "8e2d48c996d646f7b0fecc35a9455696"
I20260710 11:09:53.963099  7514 raft_consensus.cc:2468] T 6cdfe046cae04d888e7f644239f91f23 P fed61bbcd23f4e34b0c1fa92cc05a27d [term 2 FOLLOWER]: Leader election vote request: Granting yes vote for candidate d224a86bdba94e5ea996ebe867614aa4 in term 2.
I20260710 11:09:53.966120  7330 leader_election.cc:304] T 6cdfe046cae04d888e7f644239f91f23 P d224a86bdba94e5ea996ebe867614aa4 [CANDIDATE]: Term 2 election: Election decided. Result: candidate won. Election summary: received 2 responses out of 3 voters: 2 yes votes; 0 no votes. yes voters: d224a86bdba94e5ea996ebe867614aa4, fed61bbcd23f4e34b0c1fa92cc05a27d; no voters: 
I20260710 11:09:53.967133  7596 raft_consensus.cc:2804] T 6cdfe046cae04d888e7f644239f91f23 P d224a86bdba94e5ea996ebe867614aa4 [term 2 FOLLOWER]: Leader election won for term 2
I20260710 11:09:53.967622  7596 raft_consensus.cc:697] T 6cdfe046cae04d888e7f644239f91f23 P d224a86bdba94e5ea996ebe867614aa4 [term 2 LEADER]: Becoming Leader. State: Replica: d224a86bdba94e5ea996ebe867614aa4, State: Running, Role: LEADER
I20260710 11:09:53.964821  7441 raft_consensus.cc:3060] T 6cdfe046cae04d888e7f644239f91f23 P 8e2d48c996d646f7b0fecc35a9455696 [term 1 FOLLOWER]: Advancing to term 2
I20260710 11:09:53.968442  7596 consensus_queue.cc:237] T 6cdfe046cae04d888e7f644239f91f23 P d224a86bdba94e5ea996ebe867614aa4 [LEADER]: Queue going to LEADER mode. State: All replicated index: 0, Majority replicated index: 1, Committed index: 1, Last appended: 1.1, Last appended by leader: 1, Current term: 2, Majority size: 2, State: 0, Mode: LEADER, active raft config: opid_index: -1 OBSOLETE_local: false peers { permanent_uuid: "d224a86bdba94e5ea996ebe867614aa4" member_type: VOTER last_known_addr { host: "127.6.149.193" port: 37699 } } peers { permanent_uuid: "8e2d48c996d646f7b0fecc35a9455696" member_type: VOTER last_known_addr { host: "127.6.149.194" port: 39565 } } peers { permanent_uuid: "fed61bbcd23f4e34b0c1fa92cc05a27d" member_type: VOTER last_known_addr { host: "127.6.149.195" port: 44783 } }
I20260710 11:09:53.974331  7587 raft_consensus.cc:993] T 3ac7549587d04c95a43025c7265386fa P fed61bbcd23f4e34b0c1fa92cc05a27d: : Instructing follower 8e2d48c996d646f7b0fecc35a9455696 to start an election
I20260710 11:09:53.974810  7587 raft_consensus.cc:1081] T 3ac7549587d04c95a43025c7265386fa P fed61bbcd23f4e34b0c1fa92cc05a27d [term 1 LEADER]: Signalling peer 8e2d48c996d646f7b0fecc35a9455696 to start an election
I20260710 11:09:53.975733  7441 raft_consensus.cc:2468] T 6cdfe046cae04d888e7f644239f91f23 P 8e2d48c996d646f7b0fecc35a9455696 [term 2 FOLLOWER]: Leader election vote request: Granting yes vote for candidate d224a86bdba94e5ea996ebe867614aa4 in term 2.
I20260710 11:09:53.978024  7441 tablet_service.cc:2044] Received Run Leader Election RPC: tablet_id: "3ac7549587d04c95a43025c7265386fa"
dest_uuid: "8e2d48c996d646f7b0fecc35a9455696"
 from {username='slave'} at 127.0.0.1:60686
I20260710 11:09:53.978703  7441 raft_consensus.cc:493] T 3ac7549587d04c95a43025c7265386fa P 8e2d48c996d646f7b0fecc35a9455696 [term 1 FOLLOWER]: Starting forced leader election (received explicit request)
I20260710 11:09:53.979144  7441 raft_consensus.cc:3060] T 3ac7549587d04c95a43025c7265386fa P 8e2d48c996d646f7b0fecc35a9455696 [term 1 FOLLOWER]: Advancing to term 2
