I20260710 11:10:18.010900  7734 catalog_manager.cc:5210] ChangeConfig:REMOVE_PEER RPC for tablet a5e03b158bce43bb816efd951f410aa4 with cas_config_opid_index 3: ChangeConfig:REMOVE_PEER succeeded (attempt 1)
I20260710 11:10:18.019519  7741 catalog_manager.cc:5697] T a5e03b158bce43bb816efd951f410aa4 P 07afe45db4984556856522c4687bd99d reported cstate change: config changed from index 3 to 4, VOTER e9c5534511bd4303a0b6d3da9f091a53 (127.6.149.194) evicted. New cstate: current_term: 1 leader_uuid: "07afe45db4984556856522c4687bd99d" committed_config { opid_index: 4 OBSOLETE_local: false peers { permanent_uuid: "8b1fda119b7d4cd3a3663c1164741ee4" member_type: VOTER last_known_addr { host: "127.6.149.193" port: 34867 } health_report { overall_health: HEALTHY } } peers { permanent_uuid: "07afe45db4984556856522c4687bd99d" member_type: VOTER last_known_addr { host: "127.6.149.195" port: 45491 } health_report { overall_health: HEALTHY } } peers { permanent_uuid: "3227a254c7dc4753918ee4cf15506d33" member_type: VOTER last_known_addr { host: "127.6.149.196" port: 38717 } attrs { promote: false } health_report { overall_health: HEALTHY } } }
I20260710 11:10:18.033473  7911 tablet_service.cc:1558] Processing DeleteTablet for tablet a5e03b158bce43bb816efd951f410aa4 with delete_type TABLET_DATA_TOMBSTONED (TS e9c5534511bd4303a0b6d3da9f091a53 not found in new config with opid_index 4) from {username='slave'} at 127.0.0.1:59156
I20260710 11:10:18.035681  8501 tablet_replica.cc:333] T a5e03b158bce43bb816efd951f410aa4 P e9c5534511bd4303a0b6d3da9f091a53: stopping tablet replica
I20260710 11:10:18.036681  8501 raft_consensus.cc:2243] T a5e03b158bce43bb816efd951f410aa4 P e9c5534511bd4303a0b6d3da9f091a53 [term 1 FOLLOWER]: Raft consensus shutting down.
I20260710 11:10:18.037287  8501 raft_consensus.cc:2272] T a5e03b158bce43bb816efd951f410aa4 P e9c5534511bd4303a0b6d3da9f091a53 [term 1 FOLLOWER]: Raft consensus is shut down!
I20260710 11:10:18.040007  8501 ts_tablet_manager.cc:1916] T a5e03b158bce43bb816efd951f410aa4 P e9c5534511bd4303a0b6d3da9f091a53: Deleting tablet data with delete state TABLET_DATA_TOMBSTONED
I20260710 11:10:18.054733  8501 ts_tablet_manager.cc:1929] T a5e03b158bce43bb816efd951f410aa4 P e9c5534511bd4303a0b6d3da9f091a53: tablet deleted with delete type TABLET_DATA_TOMBSTONED: last-logged OpId 1.3
I20260710 11:10:18.055198  8501 log.cc:1199] T a5e03b158bce43bb816efd951f410aa4 P e9c5534511bd4303a0b6d3da9f091a53: Deleting WAL directory at /tmp/dist-test-taskuzv3f9/test-tmp/auto_leader_rebalancer-test.0.LeaderRebalancerTest.AddTserver.1783681778941050-6743-0/minicluster-data/ts-1-root/wals/a5e03b158bce43bb816efd951f410aa4
I20260710 11:10:18.056967  7734 catalog_manager.cc:5028] TS e9c5534511bd4303a0b6d3da9f091a53 (127.6.149.194:33313): tablet a5e03b158bce43bb816efd951f410aa4 (table test-workload [id=95d3a0d142ab4877ac4be5f460541818]) successfully deleted
I20260710 11:10:18.097754  8488 raft_consensus.cc:1064] T 6d5f919c197d41ccb465c7e26d6a8dad P 07afe45db4984556856522c4687bd99d: attempting to promote NON_VOTER 3227a254c7dc4753918ee4cf15506d33 to VOTER
I20260710 11:10:18.100430  8488 consensus_queue.cc:237] T 6d5f919c197d41ccb465c7e26d6a8dad P 07afe45db4984556856522c4687bd99d [LEADER]: Queue going to LEADER mode. State: All replicated index: 0, Majority replicated index: 2, Committed index: 2, Last appended: 1.2, Last appended by leader: 0, Current term: 1, Majority size: 3, State: 0, Mode: LEADER, active raft config: opid_index: 3 OBSOLETE_local: false peers { permanent_uuid: "8b1fda119b7d4cd3a3663c1164741ee4" member_type: VOTER last_known_addr { host: "127.6.149.193" port: 34867 } } peers { permanent_uuid: "e9c5534511bd4303a0b6d3da9f091a53" member_type: VOTER last_known_addr { host: "127.6.149.194" port: 33313 } attrs { replace: true } } peers { permanent_uuid: "07afe45db4984556856522c4687bd99d" member_type: VOTER last_known_addr { host: "127.6.149.195" port: 45491 } } peers { permanent_uuid: "3227a254c7dc4753918ee4cf15506d33" member_type: VOTER last_known_addr { host: "127.6.149.196" port: 38717 } attrs { promote: false } }
I20260710 11:10:18.107244  8276 raft_consensus.cc:1275] T 6d5f919c197d41ccb465c7e26d6a8dad P 3227a254c7dc4753918ee4cf15506d33 [term 1 LEARNER]: Refusing update from remote peer 07afe45db4984556856522c4687bd99d: Log matching property violated. Preceding OpId in replica: term: 1 index: 2. Preceding OpId from leader: term: 1 index: 3. (index mismatch)
I20260710 11:10:18.107946  7849 raft_consensus.cc:1275] T 6d5f919c197d41ccb465c7e26d6a8dad P 8b1fda119b7d4cd3a3663c1164741ee4 [term 1 FOLLOWER]: Refusing update from remote peer 07afe45db4984556856522c4687bd99d: Log matching property violated. Preceding OpId in replica: term: 1 index: 2. Preceding OpId from leader: term: 1 index: 3. (index mismatch)
I20260710 11:10:18.107946  7921 raft_consensus.cc:1275] T 6d5f919c197d41ccb465c7e26d6a8dad P e9c5534511bd4303a0b6d3da9f091a53 [term 1 FOLLOWER]: Refusing update from remote peer 07afe45db4984556856522c4687bd99d: Log matching property violated. Preceding OpId in replica: term: 1 index: 2. Preceding OpId from leader: term: 1 index: 3. (index mismatch)
I20260710 11:10:18.108758  8488 consensus_queue.cc:1048] T 6d5f919c197d41ccb465c7e26d6a8dad P 07afe45db4984556856522c4687bd99d [LEADER]: Connected to new peer: Peer: permanent_uuid: "3227a254c7dc4753918ee4cf15506d33" member_type: VOTER last_known_addr { host: "127.6.149.196" port: 38717 } attrs { promote: false }, Status: LMP_MISMATCH, Last received: 0.0, Next index: 3, Last known committed idx: 2, Time since last communication: 0.000s
I20260710 11:10:18.109897  8424 consensus_queue.cc:1048] T 6d5f919c197d41ccb465c7e26d6a8dad P 07afe45db4984556856522c4687bd99d [LEADER]: Connected to new peer: Peer: permanent_uuid: "e9c5534511bd4303a0b6d3da9f091a53" member_type: VOTER last_known_addr { host: "127.6.149.194" port: 33313 } attrs { replace: true }, Status: LMP_MISMATCH, Last received: 0.0, Next index: 3, Last known committed idx: 2, Time since last communication: 0.000s
I20260710 11:10:18.110792  8454 consensus_queue.cc:1048] T 6d5f919c197d41ccb465c7e26d6a8dad P 07afe45db4984556856522c4687bd99d [LEADER]: Connected to new peer: Peer: permanent_uuid: "8b1fda119b7d4cd3a3663c1164741ee4" member_type: VOTER last_known_addr { host: "127.6.149.193" port: 34867 }, Status: LMP_MISMATCH, Last received: 0.0, Next index: 3, Last known committed idx: 2, Time since last communication: 0.000s
I20260710 11:10:18.130609  8424 raft_consensus.cc:2955] T 6d5f919c197d41ccb465c7e26d6a8dad P 07afe45db4984556856522c4687bd99d [term 1 LEADER]: Committing config change with OpId 1.3: config changed from index 2 to 3, 3227a254c7dc4753918ee4cf15506d33 (127.6.149.196) changed from NON_VOTER to VOTER. New config: { opid_index: 3 OBSOLETE_local: false peers { permanent_uuid: "8b1fda119b7d4cd3a3663c1164741ee4" member_type: VOTER last_known_addr { host: "127.6.149.193" port: 34867 } } peers { permanent_uuid: "e9c5534511bd4303a0b6d3da9f091a53" member_type: VOTER last_known_addr { host: "127.6.149.194" port: 33313 } attrs { replace: true } } peers { permanent_uuid: "07afe45db4984556856522c4687bd99d" member_type: VOTER last_known_addr { host: "127.6.149.195" port: 45491 } } peers { permanent_uuid: "3227a254c7dc4753918ee4cf15506d33" member_type: VOTER last_known_addr { host: "127.6.149.196" port: 38717 } attrs { promote: false } } }
I20260710 11:10:18.134593  7849 raft_consensus.cc:2955] T 6d5f919c197d41ccb465c7e26d6a8dad P 8b1fda119b7d4cd3a3663c1164741ee4 [term 1 FOLLOWER]: Committing config change with OpId 1.3: config changed from index 2 to 3, 3227a254c7dc4753918ee4cf15506d33 (127.6.149.196) changed from NON_VOTER to VOTER. New config: { opid_index: 3 OBSOLETE_local: false peers { permanent_uuid: "8b1fda119b7d4cd3a3663c1164741ee4" member_type: VOTER last_known_addr { host: "127.6.149.193" port: 34867 } } peers { permanent_uuid: "e9c5534511bd4303a0b6d3da9f091a53" member_type: VOTER last_known_addr { host: "127.6.149.194" port: 33313 } attrs { replace: true } } peers { permanent_uuid: "07afe45db4984556856522c4687bd99d" member_type: VOTER last_known_addr { host: "127.6.149.195" port: 45491 } } peers { permanent_uuid: "3227a254c7dc4753918ee4cf15506d33" member_type: VOTER last_known_addr { host: "127.6.149.196" port: 38717 } attrs { promote: false } } }
I20260710 11:10:18.141770  8277 raft_consensus.cc:2955] T 6d5f919c197d41ccb465c7e26d6a8dad P 3227a254c7dc4753918ee4cf15506d33 [term 1 FOLLOWER]: Committing config change with OpId 1.3: config changed from index 2 to 3, 3227a254c7dc4753918ee4cf15506d33 (127.6.149.196) changed from NON_VOTER to VOTER. New config: { opid_index: 3 OBSOLETE_local: false peers { permanent_uuid: "8b1fda119b7d4cd3a3663c1164741ee4" member_type: VOTER last_known_addr { host: "127.6.149.193" port: 34867 } } peers { permanent_uuid: "e9c5534511bd4303a0b6d3da9f091a53" member_type: VOTER last_known_addr { host: "127.6.149.194" port: 33313 } attrs { replace: true } } peers { permanent_uuid: "07afe45db4984556856522c4687bd99d" member_type: VOTER last_known_addr { host: "127.6.149.195" port: 45491 } } peers { permanent_uuid: "3227a254c7dc4753918ee4cf15506d33" member_type: VOTER last_known_addr { host: "127.6.149.196" port: 38717 } attrs { promote: false } } }
I20260710 11:10:18.144341  7921 raft_consensus.cc:2955] T 6d5f919c197d41ccb465c7e26d6a8dad P e9c5534511bd4303a0b6d3da9f091a53 [term 1 FOLLOWER]: Committing config change with OpId 1.3: config changed from index 2 to 3, 3227a254c7dc4753918ee4cf15506d33 (127.6.149.196) changed from NON_VOTER to VOTER. New config: { opid_index: 3 OBSOLETE_local: false peers { permanent_uuid: "8b1fda119b7d4cd3a3663c1164741ee4" member_type: VOTER last_known_addr { host: "127.6.149.193" port: 34867 } } peers { permanent_uuid: "e9c5534511bd4303a0b6d3da9f091a53" member_type: VOTER last_known_addr { host: "127.6.149.194" port: 33313 } attrs { replace: true } } peers { permanent_uuid: "07afe45db4984556856522c4687bd99d" member_type: VOTER last_known_addr { host: "127.6.149.195" port: 45491 } } peers { permanent_uuid: "3227a254c7dc4753918ee4cf15506d33" member_type: VOTER last_known_addr { host: "127.6.149.196" port: 38717 } attrs { promote: false } } }
I20260710 11:10:18.149860  7745 catalog_manager.cc:5697] T 6d5f919c197d41ccb465c7e26d6a8dad P 07afe45db4984556856522c4687bd99d reported cstate change: config changed from index 2 to 3, 3227a254c7dc4753918ee4cf15506d33 (127.6.149.196) changed from NON_VOTER to VOTER. New cstate: current_term: 1 leader_uuid: "07afe45db4984556856522c4687bd99d" committed_config { opid_index: 3 OBSOLETE_local: false peers { permanent_uuid: "8b1fda119b7d4cd3a3663c1164741ee4" member_type: VOTER last_known_addr { host: "127.6.149.193" port: 34867 } health_report { overall_health: HEALTHY } } peers { permanent_uuid: "e9c5534511bd4303a0b6d3da9f091a53" member_type: VOTER last_known_addr { host: "127.6.149.194" port: 33313 } attrs { replace: true } health_report { overall_health: HEALTHY } } peers { permanent_uuid: "07afe45db4984556856522c4687bd99d" member_type: VOTER last_known_addr { host: "127.6.149.195" port: 45491 } health_report { overall_health: HEALTHY } } peers { permanent_uuid: "3227a254c7dc4753918ee4cf15506d33" member_type: VOTER last_known_addr { host: "127.6.149.196" port: 38717 } attrs { promote: false } health_report { overall_health: HEALTHY } } }
I20260710 11:10:18.171229  7998 consensus_queue.cc:237] T 6d5f919c197d41ccb465c7e26d6a8dad P 07afe45db4984556856522c4687bd99d [LEADER]: Queue going to LEADER mode. State: All replicated index: 0, Majority replicated index: 3, Committed index: 3, Last appended: 1.3, Last appended by leader: 0, Current term: 1, Majority size: 2, State: 0, Mode: LEADER, active raft config: opid_index: 4 OBSOLETE_local: false peers { permanent_uuid: "8b1fda119b7d4cd3a3663c1164741ee4" member_type: VOTER last_known_addr { host: "127.6.149.193" port: 34867 } } peers { permanent_uuid: "07afe45db4984556856522c4687bd99d" member_type: VOTER last_known_addr { host: "127.6.149.195" port: 45491 } } peers { permanent_uuid: "3227a254c7dc4753918ee4cf15506d33" member_type: VOTER last_known_addr { host: "127.6.149.196" port: 38717 } attrs { promote: false } }
W20260710 11:10:18.175601  8454 consensus_queue.cc:1175] T 6d5f919c197d41ccb465c7e26d6a8dad P 07afe45db4984556856522c4687bd99d [LEADER]: Queue is closed or peer was untracked, disregarding peer response. Response: responder_uuid: "e9c5534511bd4303a0b6d3da9f091a53" responder_term: 1 status { last_received { term: 1 index: 3 } last_committed_idx: 3 last_received_current_leader { term: 1 index: 3 } }
I20260710 11:10:18.179777  7849 raft_consensus.cc:1275] T 6d5f919c197d41ccb465c7e26d6a8dad P 8b1fda119b7d4cd3a3663c1164741ee4 [term 1 FOLLOWER]: Refusing update from remote peer 07afe45db4984556856522c4687bd99d: Log matching property violated. Preceding OpId in replica: term: 1 index: 3. Preceding OpId from leader: term: 1 index: 4. (index mismatch)
I20260710 11:10:18.179777  8277 raft_consensus.cc:1275] T 6d5f919c197d41ccb465c7e26d6a8dad P 3227a254c7dc4753918ee4cf15506d33 [term 1 FOLLOWER]: Refusing update from remote peer 07afe45db4984556856522c4687bd99d: Log matching property violated. Preceding OpId in replica: term: 1 index: 3. Preceding OpId from leader: term: 1 index: 4. (index mismatch)
I20260710 11:10:18.181874  8488 consensus_queue.cc:1048] T 6d5f919c197d41ccb465c7e26d6a8dad P 07afe45db4984556856522c4687bd99d [LEADER]: Connected to new peer: Peer: permanent_uuid: "3227a254c7dc4753918ee4cf15506d33" member_type: VOTER last_known_addr { host: "127.6.149.196" port: 38717 } attrs { promote: false }, Status: LMP_MISMATCH, Last received: 0.0, Next index: 4, Last known committed idx: 3, Time since last communication: 0.000s
I20260710 11:10:18.183615  8424 consensus_queue.cc:1048] T 6d5f919c197d41ccb465c7e26d6a8dad P 07afe45db4984556856522c4687bd99d [LEADER]: Connected to new peer: Peer: permanent_uuid: "8b1fda119b7d4cd3a3663c1164741ee4" member_type: VOTER last_known_addr { host: "127.6.149.193" port: 34867 }, Status: LMP_MISMATCH, Last received: 0.0, Next index: 4, Last known committed idx: 3, Time since last communication: 0.001s
I20260710 11:10:18.189663  8454 raft_consensus.cc:2955] T 6d5f919c197d41ccb465c7e26d6a8dad P 07afe45db4984556856522c4687bd99d [term 1 LEADER]: Committing config change with OpId 1.4: config changed from index 3 to 4, VOTER e9c5534511bd4303a0b6d3da9f091a53 (127.6.149.194) evicted. New config: { opid_index: 4 OBSOLETE_local: false peers { permanent_uuid: "8b1fda119b7d4cd3a3663c1164741ee4" member_type: VOTER last_known_addr { host: "127.6.149.193" port: 34867 } } peers { permanent_uuid: "07afe45db4984556856522c4687bd99d" member_type: VOTER last_known_addr { host: "127.6.149.195" port: 45491 } } peers { permanent_uuid: "3227a254c7dc4753918ee4cf15506d33" member_type: VOTER last_known_addr { host: "127.6.149.196" port: 38717 } attrs { promote: false } } }
I20260710 11:10:18.191926  8277 raft_consensus.cc:2955] T 6d5f919c197d41ccb465c7e26d6a8dad P 3227a254c7dc4753918ee4cf15506d33 [term 1 FOLLOWER]: Committing config change with OpId 1.4: config changed from index 3 to 4, VOTER e9c5534511bd4303a0b6d3da9f091a53 (127.6.149.194) evicted. New config: { opid_index: 4 OBSOLETE_local: false peers { permanent_uuid: "8b1fda119b7d4cd3a3663c1164741ee4" member_type: VOTER last_known_addr { host: "127.6.149.193" port: 34867 } } peers { permanent_uuid: "07afe45db4984556856522c4687bd99d" member_type: VOTER last_known_addr { host: "127.6.149.195" port: 45491 } } peers { permanent_uuid: "3227a254c7dc4753918ee4cf15506d33" member_type: VOTER last_known_addr { host: "127.6.149.196" port: 38717 } attrs { promote: false } } }
I20260710 11:10:18.193038  7849 raft_consensus.cc:2955] T 6d5f919c197d41ccb465c7e26d6a8dad P 8b1fda119b7d4cd3a3663c1164741ee4 [term 1 FOLLOWER]: Committing config change with OpId 1.4: config changed from index 3 to 4, VOTER e9c5534511bd4303a0b6d3da9f091a53 (127.6.149.194) evicted. New config: { opid_index: 4 OBSOLETE_local: false peers { permanent_uuid: "8b1fda119b7d4cd3a3663c1164741ee4" member_type: VOTER last_known_addr { host: "127.6.149.193" port: 34867 } } peers { permanent_uuid: "07afe45db4984556856522c4687bd99d" member_type: VOTER last_known_addr { host: "127.6.149.195" port: 45491 } } peers { permanent_uuid: "3227a254c7dc4753918ee4cf15506d33" member_type: VOTER last_known_addr { host: "127.6.149.196" port: 38717 } attrs { promote: false } } }
I20260710 11:10:18.206023  7744 catalog_manager.cc:5697] T 6d5f919c197d41ccb465c7e26d6a8dad P 3227a254c7dc4753918ee4cf15506d33 reported cstate change: config changed from index 3 to 4, VOTER e9c5534511bd4303a0b6d3da9f091a53 (127.6.149.194) evicted. New cstate: current_term: 1 leader_uuid: "07afe45db4984556856522c4687bd99d" committed_config { opid_index: 4 OBSOLETE_local: false peers { permanent_uuid: "8b1fda119b7d4cd3a3663c1164741ee4" member_type: VOTER last_known_addr { host: "127.6.149.193" port: 34867 } } peers { permanent_uuid: "07afe45db4984556856522c4687bd99d" member_type: VOTER last_known_addr { host: "127.6.149.195" port: 45491 } } peers { permanent_uuid: "3227a254c7dc4753918ee4cf15506d33" member_type: VOTER last_known_addr { host: "127.6.149.196" port: 38717 } attrs { promote: false } } }
I20260710 11:10:18.212988  7734 catalog_manager.cc:5210] ChangeConfig:REMOVE_PEER RPC for tablet 6d5f919c197d41ccb465c7e26d6a8dad with cas_config_opid_index 3: ChangeConfig:REMOVE_PEER succeeded (attempt 1)
I20260710 11:10:18.218116  7911 tablet_service.cc:1558] Processing DeleteTablet for tablet 6d5f919c197d41ccb465c7e26d6a8dad with delete_type TABLET_DATA_TOMBSTONED (TS e9c5534511bd4303a0b6d3da9f091a53 not found in new config with opid_index 4) from {username='slave'} at 127.0.0.1:59156
I20260710 11:10:18.219956  8501 tablet_replica.cc:333] T 6d5f919c197d41ccb465c7e26d6a8dad P e9c5534511bd4303a0b6d3da9f091a53: stopping tablet replica
I20260710 11:10:18.220898  8501 raft_consensus.cc:2243] T 6d5f919c197d41ccb465c7e26d6a8dad P e9c5534511bd4303a0b6d3da9f091a53 [term 1 FOLLOWER]: Raft consensus shutting down.
I20260710 11:10:18.221544  8501 raft_consensus.cc:2272] T 6d5f919c197d41ccb465c7e26d6a8dad P e9c5534511bd4303a0b6d3da9f091a53 [term 1 FOLLOWER]: Raft consensus is shut down!
I20260710 11:10:18.226034  8481 raft_consensus.cc:1064] T 645b8a8a5e8e4ea88b91cbbe15a371a5 P e9c5534511bd4303a0b6d3da9f091a53: attempting to promote NON_VOTER 3227a254c7dc4753918ee4cf15506d33 to VOTER
I20260710 11:10:18.228569  8481 consensus_queue.cc:237] T 645b8a8a5e8e4ea88b91cbbe15a371a5 P e9c5534511bd4303a0b6d3da9f091a53 [LEADER]: Queue going to LEADER mode. State: All replicated index: 0, Majority replicated index: 2, Committed index: 2, Last appended: 1.2, Last appended by leader: 0, Current term: 1, Majority size: 3, State: 0, Mode: LEADER, active raft config: opid_index: 3 OBSOLETE_local: false peers { permanent_uuid: "8b1fda119b7d4cd3a3663c1164741ee4" member_type: VOTER last_known_addr { host: "127.6.149.193" port: 34867 } attrs { replace: true } } peers { permanent_uuid: "e9c5534511bd4303a0b6d3da9f091a53" member_type: VOTER last_known_addr { host: "127.6.149.194" port: 33313 } } peers { permanent_uuid: "07afe45db4984556856522c4687bd99d" member_type: VOTER last_known_addr { host: "127.6.149.195" port: 45491 } } peers { permanent_uuid: "3227a254c7dc4753918ee4cf15506d33" member_type: VOTER last_known_addr { host: "127.6.149.196" port: 38717 } attrs { promote: false } }
I20260710 11:10:18.233625  8501 ts_tablet_manager.cc:1916] T 6d5f919c197d41ccb465c7e26d6a8dad P e9c5534511bd4303a0b6d3da9f091a53: Deleting tablet data with delete state TABLET_DATA_TOMBSTONED
I20260710 11:10:18.238277  7849 raft_consensus.cc:1275] T 645b8a8a5e8e4ea88b91cbbe15a371a5 P 8b1fda119b7d4cd3a3663c1164741ee4 [term 1 FOLLOWER]: Refusing update from remote peer e9c5534511bd4303a0b6d3da9f091a53: Log matching property violated. Preceding OpId in replica: term: 1 index: 2. Preceding OpId from leader: term: 1 index: 3. (index mismatch)
I20260710 11:10:18.238276  7998 raft_consensus.cc:1275] T 645b8a8a5e8e4ea88b91cbbe15a371a5 P 07afe45db4984556856522c4687bd99d [term 1 FOLLOWER]: Refusing update from remote peer e9c5534511bd4303a0b6d3da9f091a53: Log matching property violated. Preceding OpId in replica: term: 1 index: 2. Preceding OpId from leader: term: 1 index: 3. (index mismatch)
I20260710 11:10:18.235494  8277 raft_consensus.cc:1275] T 645b8a8a5e8e4ea88b91cbbe15a371a5 P 3227a254c7dc4753918ee4cf15506d33 [term 1 LEARNER]: Refusing update from remote peer e9c5534511bd4303a0b6d3da9f091a53: Log matching property violated. Preceding OpId in replica: term: 1 index: 2. Preceding OpId from leader: term: 1 index: 3. (index mismatch)
I20260710 11:10:18.241494  8482 consensus_queue.cc:1048] T 645b8a8a5e8e4ea88b91cbbe15a371a5 P e9c5534511bd4303a0b6d3da9f091a53 [LEADER]: Connected to new peer: Peer: permanent_uuid: "3227a254c7dc4753918ee4cf15506d33" member_type: VOTER last_known_addr { host: "127.6.149.196" port: 38717 } attrs { promote: false }, Status: LMP_MISMATCH, Last received: 0.0, Next index: 3, Last known committed idx: 2, Time since last communication: 0.000s
I20260710 11:10:18.243692  8481 consensus_queue.cc:1048] T 645b8a8a5e8e4ea88b91cbbe15a371a5 P e9c5534511bd4303a0b6d3da9f091a53 [LEADER]: Connected to new peer: Peer: permanent_uuid: "07afe45db4984556856522c4687bd99d" member_type: VOTER last_known_addr { host: "127.6.149.195" port: 45491 }, Status: LMP_MISMATCH, Last received: 0.0, Next index: 3, Last known committed idx: 2, Time since last communication: 0.000s
I20260710 11:10:18.251844  8481 consensus_queue.cc:1048] T 645b8a8a5e8e4ea88b91cbbe15a371a5 P e9c5534511bd4303a0b6d3da9f091a53 [LEADER]: Connected to new peer: Peer: permanent_uuid: "8b1fda119b7d4cd3a3663c1164741ee4" member_type: VOTER last_known_addr { host: "127.6.149.193" port: 34867 } attrs { replace: true }, Status: LMP_MISMATCH, Last received: 0.0, Next index: 3, Last known committed idx: 2, Time since last communication: 0.000s
I20260710 11:10:18.256474  8501 ts_tablet_manager.cc:1929] T 6d5f919c197d41ccb465c7e26d6a8dad P e9c5534511bd4303a0b6d3da9f091a53: tablet deleted with delete type TABLET_DATA_TOMBSTONED: last-logged OpId 1.3
I20260710 11:10:18.257053  8501 log.cc:1199] T 6d5f919c197d41ccb465c7e26d6a8dad P e9c5534511bd4303a0b6d3da9f091a53: Deleting WAL directory at /tmp/dist-test-taskuzv3f9/test-tmp/auto_leader_rebalancer-test.0.LeaderRebalancerTest.AddTserver.1783681778941050-6743-0/minicluster-data/ts-1-root/wals/6d5f919c197d41ccb465c7e26d6a8dad
I20260710 11:10:18.256762  8481 raft_consensus.cc:2955] T 645b8a8a5e8e4ea88b91cbbe15a371a5 P e9c5534511bd4303a0b6d3da9f091a53 [term 1 LEADER]: Committing config change with OpId 1.3: config changed from index 2 to 3, 3227a254c7dc4753918ee4cf15506d33 (127.6.149.196) changed from NON_VOTER to VOTER. New config: { opid_index: 3 OBSOLETE_local: false peers { permanent_uuid: "8b1fda119b7d4cd3a3663c1164741ee4" member_type: VOTER last_known_addr { host: "127.6.149.193" port: 34867 } attrs { replace: true } } peers { permanent_uuid: "e9c5534511bd4303a0b6d3da9f091a53" member_type: VOTER last_known_addr { host: "127.6.149.194" port: 33313 } } peers { permanent_uuid: "07afe45db4984556856522c4687bd99d" member_type: VOTER last_known_addr { host: "127.6.149.195" port: 45491 } } peers { permanent_uuid: "3227a254c7dc4753918ee4cf15506d33" member_type: VOTER last_known_addr { host: "127.6.149.196" port: 38717 } attrs { promote: false } } }
I20260710 11:10:18.261266  7734 catalog_manager.cc:5028] TS e9c5534511bd4303a0b6d3da9f091a53 (127.6.149.194:33313): tablet 6d5f919c197d41ccb465c7e26d6a8dad (table test-workload [id=95d3a0d142ab4877ac4be5f460541818]) successfully deleted
I20260710 11:10:18.264629  7998 raft_consensus.cc:2955] T 645b8a8a5e8e4ea88b91cbbe15a371a5 P 07afe45db4984556856522c4687bd99d [term 1 FOLLOWER]: Committing config change with OpId 1.3: config changed from index 2 to 3, 3227a254c7dc4753918ee4cf15506d33 (127.6.149.196) changed from NON_VOTER to VOTER. New config: { opid_index: 3 OBSOLETE_local: false peers { permanent_uuid: "8b1fda119b7d4cd3a3663c1164741ee4" member_type: VOTER last_known_addr { host: "127.6.149.193" port: 34867 } attrs { replace: true } } peers { permanent_uuid: "e9c5534511bd4303a0b6d3da9f091a53" member_type: VOTER last_known_addr { host: "127.6.149.194" port: 33313 } } peers { permanent_uuid: "07afe45db4984556856522c4687bd99d" member_type: VOTER last_known_addr { host: "127.6.149.195" port: 45491 } } peers { permanent_uuid: "3227a254c7dc4753918ee4cf15506d33" member_type: VOTER last_known_addr { host: "127.6.149.196" port: 38717 } attrs { promote: false } } }
I20260710 11:10:18.265327  7849 raft_consensus.cc:2955] T 645b8a8a5e8e4ea88b91cbbe15a371a5 P 8b1fda119b7d4cd3a3663c1164741ee4 [term 1 FOLLOWER]: Committing config change with OpId 1.3: config changed from index 2 to 3, 3227a254c7dc4753918ee4cf15506d33 (127.6.149.196) changed from NON_VOTER to VOTER. New config: { opid_index: 3 OBSOLETE_local: false peers { permanent_uuid: "8b1fda119b7d4cd3a3663c1164741ee4" member_type: VOTER last_known_addr { host: "127.6.149.193" port: 34867 } attrs { replace: true } } peers { permanent_uuid: "e9c5534511bd4303a0b6d3da9f091a53" member_type: VOTER last_known_addr { host: "127.6.149.194" port: 33313 } } peers { permanent_uuid: "07afe45db4984556856522c4687bd99d" member_type: VOTER last_known_addr { host: "127.6.149.195" port: 45491 } } peers { permanent_uuid: "3227a254c7dc4753918ee4cf15506d33" member_type: VOTER last_known_addr { host: "127.6.149.196" port: 38717 } attrs { promote: false } } }
I20260710 11:10:18.277091  7744 catalog_manager.cc:5697] T 645b8a8a5e8e4ea88b91cbbe15a371a5 P 8b1fda119b7d4cd3a3663c1164741ee4 reported cstate change: config changed from index 2 to 3, 3227a254c7dc4753918ee4cf15506d33 (127.6.149.196) changed from NON_VOTER to VOTER. New cstate: current_term: 1 leader_uuid: "e9c5534511bd4303a0b6d3da9f091a53" committed_config { opid_index: 3 OBSOLETE_local: false peers { permanent_uuid: "8b1fda119b7d4cd3a3663c1164741ee4" member_type: VOTER last_known_addr { host: "127.6.149.193" port: 34867 } attrs { replace: true } } peers { permanent_uuid: "e9c5534511bd4303a0b6d3da9f091a53" member_type: VOTER last_known_addr { host: "127.6.149.194" port: 33313 } } peers { permanent_uuid: "07afe45db4984556856522c4687bd99d" member_type: VOTER last_known_addr { host: "127.6.149.195" port: 45491 } } peers { permanent_uuid: "3227a254c7dc4753918ee4cf15506d33" member_type: VOTER last_known_addr { host: "127.6.149.196" port: 38717 } attrs { promote: false } } }
I20260710 11:10:18.282933  8277 raft_consensus.cc:2955] T 645b8a8a5e8e4ea88b91cbbe15a371a5 P 3227a254c7dc4753918ee4cf15506d33 [term 1 FOLLOWER]: Committing config change with OpId 1.3: config changed from index 2 to 3, 3227a254c7dc4753918ee4cf15506d33 (127.6.149.196) changed from NON_VOTER to VOTER. New config: { opid_index: 3 OBSOLETE_local: false peers { permanent_uuid: "8b1fda119b7d4cd3a3663c1164741ee4" member_type: VOTER last_known_addr { host: "127.6.149.193" port: 34867 } attrs { replace: true } } peers { permanent_uuid: "e9c5534511bd4303a0b6d3da9f091a53" member_type: VOTER last_known_addr { host: "127.6.149.194" port: 33313 } } peers { permanent_uuid: "07afe45db4984556856522c4687bd99d" member_type: VOTER last_known_addr { host: "127.6.149.195" port: 45491 } } peers { permanent_uuid: "3227a254c7dc4753918ee4cf15506d33" member_type: VOTER last_known_addr { host: "127.6.149.196" port: 38717 } attrs { promote: false } } }
I20260710 11:10:18.293851  7921 consensus_queue.cc:237] T 645b8a8a5e8e4ea88b91cbbe15a371a5 P e9c5534511bd4303a0b6d3da9f091a53 [LEADER]: Queue going to LEADER mode. State: All replicated index: 0, Majority replicated index: 3, Committed index: 3, Last appended: 1.3, Last appended by leader: 0, Current term: 1, Majority size: 2, State: 0, Mode: LEADER, active raft config: opid_index: 4 OBSOLETE_local: false peers { permanent_uuid: "e9c5534511bd4303a0b6d3da9f091a53" member_type: VOTER last_known_addr { host: "127.6.149.194" port: 33313 } } peers { permanent_uuid: "07afe45db4984556856522c4687bd99d" member_type: VOTER last_known_addr { host: "127.6.149.195" port: 45491 } } peers { permanent_uuid: "3227a254c7dc4753918ee4cf15506d33" member_type: VOTER last_known_addr { host: "127.6.149.196" port: 38717 } attrs { promote: false } }
I20260710 11:10:18.299556  7998 raft_consensus.cc:1275] T 645b8a8a5e8e4ea88b91cbbe15a371a5 P 07afe45db4984556856522c4687bd99d [term 1 FOLLOWER]: Refusing update from remote peer e9c5534511bd4303a0b6d3da9f091a53: Log matching property violated. Preceding OpId in replica: term: 1 index: 3. Preceding OpId from leader: term: 1 index: 4. (index mismatch)
I20260710 11:10:18.299197  8277 raft_consensus.cc:1275] T 645b8a8a5e8e4ea88b91cbbe15a371a5 P 3227a254c7dc4753918ee4cf15506d33 [term 1 FOLLOWER]: Refusing update from remote peer e9c5534511bd4303a0b6d3da9f091a53: Log matching property violated. Preceding OpId in replica: term: 1 index: 3. Preceding OpId from leader: term: 1 index: 4. (index mismatch)
I20260710 11:10:18.301049  8481 consensus_queue.cc:1048] T 645b8a8a5e8e4ea88b91cbbe15a371a5 P e9c5534511bd4303a0b6d3da9f091a53 [LEADER]: Connected to new peer: Peer: permanent_uuid: "07afe45db4984556856522c4687bd99d" member_type: VOTER last_known_addr { host: "127.6.149.195" port: 45491 }, Status: LMP_MISMATCH, Last received: 0.0, Next index: 4, Last known committed idx: 3, Time since last communication: 0.000s
I20260710 11:10:18.301759  8482 consensus_queue.cc:1048] T 645b8a8a5e8e4ea88b91cbbe15a371a5 P e9c5534511bd4303a0b6d3da9f091a53 [LEADER]: Connected to new peer: Peer: permanent_uuid: "3227a254c7dc4753918ee4cf15506d33" member_type: VOTER last_known_addr { host: "127.6.149.196" port: 38717 } attrs { promote: false }, Status: LMP_MISMATCH, Last received: 0.0, Next index: 4, Last known committed idx: 3, Time since last communication: 0.000s
I20260710 11:10:18.308368  8481 raft_consensus.cc:2955] T 645b8a8a5e8e4ea88b91cbbe15a371a5 P e9c5534511bd4303a0b6d3da9f091a53 [term 1 LEADER]: Committing config change with OpId 1.4: config changed from index 3 to 4, VOTER 8b1fda119b7d4cd3a3663c1164741ee4 (127.6.149.193) evicted. New config: { opid_index: 4 OBSOLETE_local: false peers { permanent_uuid: "e9c5534511bd4303a0b6d3da9f091a53" member_type: VOTER last_known_addr { host: "127.6.149.194" port: 33313 } } peers { permanent_uuid: "07afe45db4984556856522c4687bd99d" member_type: VOTER last_known_addr { host: "127.6.149.195" port: 45491 } } peers { permanent_uuid: "3227a254c7dc4753918ee4cf15506d33" member_type: VOTER last_known_addr { host: "127.6.149.196" port: 38717 } attrs { promote: false } } }
I20260710 11:10:18.310535  7998 raft_consensus.cc:2955] T 645b8a8a5e8e4ea88b91cbbe15a371a5 P 07afe45db4984556856522c4687bd99d [term 1 FOLLOWER]: Committing config change with OpId 1.4: config changed from index 3 to 4, VOTER 8b1fda119b7d4cd3a3663c1164741ee4 (127.6.149.193) evicted. New config: { opid_index: 4 OBSOLETE_local: false peers { permanent_uuid: "e9c5534511bd4303a0b6d3da9f091a53" member_type: VOTER last_known_addr { host: "127.6.149.194" port: 33313 } } peers { permanent_uuid: "07afe45db4984556856522c4687bd99d" member_type: VOTER last_known_addr { host: "127.6.149.195" port: 45491 } } peers { permanent_uuid: "3227a254c7dc4753918ee4cf15506d33" member_type: VOTER last_known_addr { host: "127.6.149.196" port: 38717 } attrs { promote: false } } }
I20260710 11:10:18.314831  8277 raft_consensus.cc:2955] T 645b8a8a5e8e4ea88b91cbbe15a371a5 P 3227a254c7dc4753918ee4cf15506d33 [term 1 FOLLOWER]: Committing config change with OpId 1.4: config changed from index 3 to 4, VOTER 8b1fda119b7d4cd3a3663c1164741ee4 (127.6.149.193) evicted. New config: { opid_index: 4 OBSOLETE_local: false peers { permanent_uuid: "e9c5534511bd4303a0b6d3da9f091a53" member_type: VOTER last_known_addr { host: "127.6.149.194" port: 33313 } } peers { permanent_uuid: "07afe45db4984556856522c4687bd99d" member_type: VOTER last_known_addr { host: "127.6.149.195" port: 45491 } } peers { permanent_uuid: "3227a254c7dc4753918ee4cf15506d33" member_type: VOTER last_known_addr { host: "127.6.149.196" port: 38717 } attrs { promote: false } } }
I20260710 11:10:18.319676  7734 catalog_manager.cc:5210] ChangeConfig:REMOVE_PEER RPC for tablet 645b8a8a5e8e4ea88b91cbbe15a371a5 with cas_config_opid_index 3: ChangeConfig:REMOVE_PEER succeeded (attempt 1)
I20260710 11:10:18.324685  7745 catalog_manager.cc:5697] T 645b8a8a5e8e4ea88b91cbbe15a371a5 P 07afe45db4984556856522c4687bd99d reported cstate change: config changed from index 3 to 4, VOTER 8b1fda119b7d4cd3a3663c1164741ee4 (127.6.149.193) evicted. New cstate: current_term: 1 leader_uuid: "e9c5534511bd4303a0b6d3da9f091a53" committed_config { opid_index: 4 OBSOLETE_local: false peers { permanent_uuid: "e9c5534511bd4303a0b6d3da9f091a53" member_type: VOTER last_known_addr { host: "127.6.149.194" port: 33313 } } peers { permanent_uuid: "07afe45db4984556856522c4687bd99d" member_type: VOTER last_known_addr { host: "127.6.149.195" port: 45491 } } peers { permanent_uuid: "3227a254c7dc4753918ee4cf15506d33" member_type: VOTER last_known_addr { host: "127.6.149.196" port: 38717 } attrs { promote: false } } }
I20260710 11:10:18.334133  8491 raft_consensus.cc:1064] T b97b42f15b3c4cf6a7b5a205945e971f P 8b1fda119b7d4cd3a3663c1164741ee4: attempting to promote NON_VOTER 3227a254c7dc4753918ee4cf15506d33 to VOTER
I20260710 11:10:18.336280  8491 consensus_queue.cc:237] T b97b42f15b3c4cf6a7b5a205945e971f P 8b1fda119b7d4cd3a3663c1164741ee4 [LEADER]: Queue going to LEADER mode. State: All replicated index: 0, Majority replicated index: 2, Committed index: 2, Last appended: 1.2, Last appended by leader: 0, Current term: 1, Majority size: 3, State: 0, Mode: LEADER, active raft config: opid_index: 3 OBSOLETE_local: false peers { permanent_uuid: "8b1fda119b7d4cd3a3663c1164741ee4" member_type: VOTER last_known_addr { host: "127.6.149.193" port: 34867 } } peers { permanent_uuid: "e9c5534511bd4303a0b6d3da9f091a53" member_type: VOTER last_known_addr { host: "127.6.149.194" port: 33313 } } peers { permanent_uuid: "07afe45db4984556856522c4687bd99d" member_type: VOTER last_known_addr { host: "127.6.149.195" port: 45491 } attrs { replace: true } } peers { permanent_uuid: "3227a254c7dc4753918ee4cf15506d33" member_type: VOTER last_known_addr { host: "127.6.149.196" port: 38717 } attrs { promote: false } }
I20260710 11:10:18.345633  8276 raft_consensus.cc:1275] T b97b42f15b3c4cf6a7b5a205945e971f P 3227a254c7dc4753918ee4cf15506d33 [term 1 LEARNER]: Refusing update from remote peer 8b1fda119b7d4cd3a3663c1164741ee4: Log matching property violated. Preceding OpId in replica: term: 1 index: 2. Preceding OpId from leader: term: 1 index: 3. (index mismatch)
I20260710 11:10:18.346374  7921 raft_consensus.cc:1275] T b97b42f15b3c4cf6a7b5a205945e971f P e9c5534511bd4303a0b6d3da9f091a53 [term 1 FOLLOWER]: Refusing update from remote peer 8b1fda119b7d4cd3a3663c1164741ee4: Log matching property violated. Preceding OpId in replica: term: 1 index: 2. Preceding OpId from leader: term: 1 index: 3. (index mismatch)
I20260710 11:10:18.344118  7998 raft_consensus.cc:1275] T b97b42f15b3c4cf6a7b5a205945e971f P 07afe45db4984556856522c4687bd99d [term 1 FOLLOWER]: Refusing update from remote peer 8b1fda119b7d4cd3a3663c1164741ee4: Log matching property violated. Preceding OpId in replica: term: 1 index: 2. Preceding OpId from leader: term: 1 index: 3. (index mismatch)
I20260710 11:10:18.347952  8489 consensus_queue.cc:1048] T b97b42f15b3c4cf6a7b5a205945e971f P 8b1fda119b7d4cd3a3663c1164741ee4 [LEADER]: Connected to new peer: Peer: permanent_uuid: "3227a254c7dc4753918ee4cf15506d33" member_type: VOTER last_known_addr { host: "127.6.149.196" port: 38717 } attrs { promote: false }, Status: LMP_MISMATCH, Last received: 0.0, Next index: 3, Last known committed idx: 2, Time since last communication: 0.000s
I20260710 11:10:18.348452  7837 tablet_service.cc:1558] Processing DeleteTablet for tablet 645b8a8a5e8e4ea88b91cbbe15a371a5 with delete_type TABLET_DATA_TOMBSTONED (TS 8b1fda119b7d4cd3a3663c1164741ee4 not found in new config with opid_index 4) from {username='slave'} at 127.0.0.1:59274
I20260710 11:10:18.349802  8489 consensus_queue.cc:1048] T b97b42f15b3c4cf6a7b5a205945e971f P 8b1fda119b7d4cd3a3663c1164741ee4 [LEADER]: Connected to new peer: Peer: permanent_uuid: "e9c5534511bd4303a0b6d3da9f091a53" member_type: VOTER last_known_addr { host: "127.6.149.194" port: 33313 }, Status: LMP_MISMATCH, Last received: 0.0, Next index: 3, Last known committed idx: 2, Time since last communication: 0.000s
I20260710 11:10:18.351907  8490 consensus_queue.cc:1048] T b97b42f15b3c4cf6a7b5a205945e971f P 8b1fda119b7d4cd3a3663c1164741ee4 [LEADER]: Connected to new peer: Peer: permanent_uuid: "07afe45db4984556856522c4687bd99d" member_type: VOTER last_known_addr { host: "127.6.149.195" port: 45491 } attrs { replace: true }, Status: LMP_MISMATCH, Last received: 0.0, Next index: 3, Last known committed idx: 2, Time since last communication: 0.001s
I20260710 11:10:18.371162  8511 tablet_replica.cc:333] T 645b8a8a5e8e4ea88b91cbbe15a371a5 P 8b1fda119b7d4cd3a3663c1164741ee4: stopping tablet replica
I20260710 11:10:18.372190  8511 raft_consensus.cc:2243] T 645b8a8a5e8e4ea88b91cbbe15a371a5 P 8b1fda119b7d4cd3a3663c1164741ee4 [term 1 FOLLOWER]: Raft consensus shutting down.
I20260710 11:10:18.375602  8511 raft_consensus.cc:2272] T 645b8a8a5e8e4ea88b91cbbe15a371a5 P 8b1fda119b7d4cd3a3663c1164741ee4 [term 1 FOLLOWER]: Raft consensus is shut down!
I20260710 11:10:18.376665  8490 raft_consensus.cc:2955] T b97b42f15b3c4cf6a7b5a205945e971f P 8b1fda119b7d4cd3a3663c1164741ee4 [term 1 LEADER]: Committing config change with OpId 1.3: config changed from index 2 to 3, 3227a254c7dc4753918ee4cf15506d33 (127.6.149.196) changed from NON_VOTER to VOTER. New config: { opid_index: 3 OBSOLETE_local: false peers { permanent_uuid: "8b1fda119b7d4cd3a3663c1164741ee4" member_type: VOTER last_known_addr { host: "127.6.149.193" port: 34867 } } peers { permanent_uuid: "e9c5534511bd4303a0b6d3da9f091a53" member_type: VOTER last_known_addr { host: "127.6.149.194" port: 33313 } } peers { permanent_uuid: "07afe45db4984556856522c4687bd99d" member_type: VOTER last_known_addr { host: "127.6.149.195" port: 45491 } attrs { replace: true } } peers { permanent_uuid: "3227a254c7dc4753918ee4cf15506d33" member_type: VOTER last_known_addr { host: "127.6.149.196" port: 38717 } attrs { promote: false } } }
I20260710 11:10:18.380249  8511 ts_tablet_manager.cc:1916] T 645b8a8a5e8e4ea88b91cbbe15a371a5 P 8b1fda119b7d4cd3a3663c1164741ee4: Deleting tablet data with delete state TABLET_DATA_TOMBSTONED
I20260710 11:10:18.380287  7921 raft_consensus.cc:2955] T b97b42f15b3c4cf6a7b5a205945e971f P e9c5534511bd4303a0b6d3da9f091a53 [term 1 FOLLOWER]: Committing config change with OpId 1.3: config changed from index 2 to 3, 3227a254c7dc4753918ee4cf15506d33 (127.6.149.196) changed from NON_VOTER to VOTER. New config: { opid_index: 3 OBSOLETE_local: false peers { permanent_uuid: "8b1fda119b7d4cd3a3663c1164741ee4" member_type: VOTER last_known_addr { host: "127.6.149.193" port: 34867 } } peers { permanent_uuid: "e9c5534511bd4303a0b6d3da9f091a53" member_type: VOTER last_known_addr { host: "127.6.149.194" port: 33313 } } peers { permanent_uuid: "07afe45db4984556856522c4687bd99d" member_type: VOTER last_known_addr { host: "127.6.149.195" port: 45491 } attrs { replace: true } } peers { permanent_uuid: "3227a254c7dc4753918ee4cf15506d33" member_type: VOTER last_known_addr { host: "127.6.149.196" port: 38717 } attrs { promote: false } } }
I20260710 11:10:18.392158  8277 raft_consensus.cc:2955] T b97b42f15b3c4cf6a7b5a205945e971f P 3227a254c7dc4753918ee4cf15506d33 [term 1 FOLLOWER]: Committing config change with OpId 1.3: config changed from index 2 to 3, 3227a254c7dc4753918ee4cf15506d33 (127.6.149.196) changed from NON_VOTER to VOTER. New config: { opid_index: 3 OBSOLETE_local: false peers { permanent_uuid: "8b1fda119b7d4cd3a3663c1164741ee4" member_type: VOTER last_known_addr { host: "127.6.149.193" port: 34867 } } peers { permanent_uuid: "e9c5534511bd4303a0b6d3da9f091a53" member_type: VOTER last_known_addr { host: "127.6.149.194" port: 33313 } } peers { permanent_uuid: "07afe45db4984556856522c4687bd99d" member_type: VOTER last_known_addr { host: "127.6.149.195" port: 45491 } attrs { replace: true } } peers { permanent_uuid: "3227a254c7dc4753918ee4cf15506d33" member_type: VOTER last_known_addr { host: "127.6.149.196" port: 38717 } attrs { promote: false } } }
I20260710 11:10:18.397707  7744 catalog_manager.cc:5697] T b97b42f15b3c4cf6a7b5a205945e971f P 8b1fda119b7d4cd3a3663c1164741ee4 reported cstate change: config changed from index 2 to 3, 3227a254c7dc4753918ee4cf15506d33 (127.6.149.196) changed from NON_VOTER to VOTER. New cstate: current_term: 1 leader_uuid: "8b1fda119b7d4cd3a3663c1164741ee4" committed_config { opid_index: 3 OBSOLETE_local: false peers { permanent_uuid: "8b1fda119b7d4cd3a3663c1164741ee4" member_type: VOTER last_known_addr { host: "127.6.149.193" port: 34867 } health_report { overall_health: HEALTHY } } peers { permanent_uuid: "e9c5534511bd4303a0b6d3da9f091a53" member_type: VOTER last_known_addr { host: "127.6.149.194" port: 33313 } health_report { overall_health: HEALTHY } } peers { permanent_uuid: "07afe45db4984556856522c4687bd99d" member_type: VOTER last_known_addr { host: "127.6.149.195" port: 45491 } attrs { replace: true } health_report { overall_health: HEALTHY } } peers { permanent_uuid: "3227a254c7dc4753918ee4cf15506d33" member_type: VOTER last_known_addr { host: "127.6.149.196" port: 38717 } attrs { promote: false } health_report { overall_health: HEALTHY } } }
I20260710 11:10:18.399585  8511 ts_tablet_manager.cc:1929] T 645b8a8a5e8e4ea88b91cbbe15a371a5 P 8b1fda119b7d4cd3a3663c1164741ee4: tablet deleted with delete type TABLET_DATA_TOMBSTONED: last-logged OpId 1.3
I20260710 11:10:18.400003  8511 log.cc:1199] T 645b8a8a5e8e4ea88b91cbbe15a371a5 P 8b1fda119b7d4cd3a3663c1164741ee4: Deleting WAL directory at /tmp/dist-test-taskuzv3f9/test-tmp/auto_leader_rebalancer-test.0.LeaderRebalancerTest.AddTserver.1783681778941050-6743-0/minicluster-data/ts-0-root/wals/645b8a8a5e8e4ea88b91cbbe15a371a5
I20260710 11:10:18.401389  7734 catalog_manager.cc:5028] TS 8b1fda119b7d4cd3a3663c1164741ee4 (127.6.149.193:34867): tablet 645b8a8a5e8e4ea88b91cbbe15a371a5 (table test-workload [id=95d3a0d142ab4877ac4be5f460541818]) successfully deleted
I20260710 11:10:18.405036  7998 raft_consensus.cc:2955] T b97b42f15b3c4cf6a7b5a205945e971f P 07afe45db4984556856522c4687bd99d [term 1 FOLLOWER]: Committing config change with OpId 1.3: config changed from index 2 to 3, 3227a254c7dc4753918ee4cf15506d33 (127.6.149.196) changed from NON_VOTER to VOTER. New config: { opid_index: 3 OBSOLETE_local: false peers { permanent_uuid: "8b1fda119b7d4cd3a3663c1164741ee4" member_type: VOTER last_known_addr { host: "127.6.149.193" port: 34867 } } peers { permanent_uuid: "e9c5534511bd4303a0b6d3da9f091a53" member_type: VOTER last_known_addr { host: "127.6.149.194" port: 33313 } } peers { permanent_uuid: "07afe45db4984556856522c4687bd99d" member_type: VOTER last_known_addr { host: "127.6.149.195" port: 45491 } attrs { replace: true } } peers { permanent_uuid: "3227a254c7dc4753918ee4cf15506d33" member_type: VOTER last_known_addr { host: "127.6.149.196" port: 38717 } attrs { promote: false } } }
I20260710 11:10:18.414239  7849 consensus_queue.cc:237] T b97b42f15b3c4cf6a7b5a205945e971f P 8b1fda119b7d4cd3a3663c1164741ee4 [LEADER]: Queue going to LEADER mode. State: All replicated index: 0, Majority replicated index: 3, Committed index: 3, Last appended: 1.3, Last appended by leader: 0, Current term: 1, Majority size: 2, State: 0, Mode: LEADER, active raft config: opid_index: 4 OBSOLETE_local: false peers { permanent_uuid: "8b1fda119b7d4cd3a3663c1164741ee4" member_type: VOTER last_known_addr { host: "127.6.149.193" port: 34867 } } peers { permanent_uuid: "e9c5534511bd4303a0b6d3da9f091a53" member_type: VOTER last_known_addr { host: "127.6.149.194" port: 33313 } } peers { permanent_uuid: "3227a254c7dc4753918ee4cf15506d33" member_type: VOTER last_known_addr { host: "127.6.149.196" port: 38717 } attrs { promote: false } }
I20260710 11:10:18.421506  7921 raft_consensus.cc:1275] T b97b42f15b3c4cf6a7b5a205945e971f P e9c5534511bd4303a0b6d3da9f091a53 [term 1 FOLLOWER]: Refusing update from remote peer 8b1fda119b7d4cd3a3663c1164741ee4: Log matching property violated. Preceding OpId in replica: term: 1 index: 3. Preceding OpId from leader: term: 1 index: 4. (index mismatch)
I20260710 11:10:18.422989  8277 raft_consensus.cc:1275] T b97b42f15b3c4cf6a7b5a205945e971f P 3227a254c7dc4753918ee4cf15506d33 [term 1 FOLLOWER]: Refusing update from remote peer 8b1fda119b7d4cd3a3663c1164741ee4: Log matching property violated. Preceding OpId in replica: term: 1 index: 3. Preceding OpId from leader: term: 1 index: 4. (index mismatch)
I20260710 11:10:18.423436  8489 consensus_queue.cc:1048] T b97b42f15b3c4cf6a7b5a205945e971f P 8b1fda119b7d4cd3a3663c1164741ee4 [LEADER]: Connected to new peer: Peer: permanent_uuid: "e9c5534511bd4303a0b6d3da9f091a53" member_type: VOTER last_known_addr { host: "127.6.149.194" port: 33313 }, Status: LMP_MISMATCH, Last received: 0.0, Next index: 4, Last known committed idx: 3, Time since last communication: 0.000s
I20260710 11:10:18.424387  8490 consensus_queue.cc:1048] T b97b42f15b3c4cf6a7b5a205945e971f P 8b1fda119b7d4cd3a3663c1164741ee4 [LEADER]: Connected to new peer: Peer: permanent_uuid: "3227a254c7dc4753918ee4cf15506d33" member_type: VOTER last_known_addr { host: "127.6.149.196" port: 38717 } attrs { promote: false }, Status: LMP_MISMATCH, Last received: 0.0, Next index: 4, Last known committed idx: 3, Time since last communication: 0.000s
I20260710 11:10:18.430547  8489 raft_consensus.cc:2955] T b97b42f15b3c4cf6a7b5a205945e971f P 8b1fda119b7d4cd3a3663c1164741ee4 [term 1 LEADER]: Committing config change with OpId 1.4: config changed from index 3 to 4, VOTER 07afe45db4984556856522c4687bd99d (127.6.149.195) evicted. New config: { opid_index: 4 OBSOLETE_local: false peers { permanent_uuid: "8b1fda119b7d4cd3a3663c1164741ee4" member_type: VOTER last_known_addr { host: "127.6.149.193" port: 34867 } } peers { permanent_uuid: "e9c5534511bd4303a0b6d3da9f091a53" member_type: VOTER last_known_addr { host: "127.6.149.194" port: 33313 } } peers { permanent_uuid: "3227a254c7dc4753918ee4cf15506d33" member_type: VOTER last_known_addr { host: "127.6.149.196" port: 38717 } attrs { promote: false } } }
I20260710 11:10:18.435899  8277 raft_consensus.cc:2955] T b97b42f15b3c4cf6a7b5a205945e971f P 3227a254c7dc4753918ee4cf15506d33 [term 1 FOLLOWER]: Committing config change with OpId 1.4: config changed from index 3 to 4, VOTER 07afe45db4984556856522c4687bd99d (127.6.149.195) evicted. New config: { opid_index: 4 OBSOLETE_local: false peers { permanent_uuid: "8b1fda119b7d4cd3a3663c1164741ee4" member_type: VOTER last_known_addr { host: "127.6.149.193" port: 34867 } } peers { permanent_uuid: "e9c5534511bd4303a0b6d3da9f091a53" member_type: VOTER last_known_addr { host: "127.6.149.194" port: 33313 } } peers { permanent_uuid: "3227a254c7dc4753918ee4cf15506d33" member_type: VOTER last_known_addr { host: "127.6.149.196" port: 38717 } attrs { promote: false } } }
I20260710 11:10:18.439706  7734 catalog_manager.cc:5210] ChangeConfig:REMOVE_PEER RPC for tablet b97b42f15b3c4cf6a7b5a205945e971f with cas_config_opid_index 3: ChangeConfig:REMOVE_PEER succeeded (attempt 1)
I20260710 11:10:18.440164  7921 raft_consensus.cc:2955] T b97b42f15b3c4cf6a7b5a205945e971f P e9c5534511bd4303a0b6d3da9f091a53 [term 1 FOLLOWER]: Committing config change with OpId 1.4: config changed from index 3 to 4, VOTER 07afe45db4984556856522c4687bd99d (127.6.149.195) evicted. New config: { opid_index: 4 OBSOLETE_local: false peers { permanent_uuid: "8b1fda119b7d4cd3a3663c1164741ee4" member_type: VOTER last_known_addr { host: "127.6.149.193" port: 34867 } } peers { permanent_uuid: "e9c5534511bd4303a0b6d3da9f091a53" member_type: VOTER last_known_addr { host: "127.6.149.194" port: 33313 } } peers { permanent_uuid: "3227a254c7dc4753918ee4cf15506d33" member_type: VOTER last_known_addr { host: "127.6.149.196" port: 38717 } attrs { promote: false } } }
I20260710 11:10:18.451269  7741 catalog_manager.cc:5697] T b97b42f15b3c4cf6a7b5a205945e971f P 3227a254c7dc4753918ee4cf15506d33 reported cstate change: config changed from index 3 to 4, VOTER 07afe45db4984556856522c4687bd99d (127.6.149.195) evicted. New cstate: current_term: 1 leader_uuid: "8b1fda119b7d4cd3a3663c1164741ee4" committed_config { opid_index: 4 OBSOLETE_local: false peers { permanent_uuid: "8b1fda119b7d4cd3a3663c1164741ee4" member_type: VOTER last_known_addr { host: "127.6.149.193" port: 34867 } } peers { permanent_uuid: "e9c5534511bd4303a0b6d3da9f091a53" member_type: VOTER last_known_addr { host: "127.6.149.194" port: 33313 } } peers { permanent_uuid: "3227a254c7dc4753918ee4cf15506d33" member_type: VOTER last_known_addr { host: "127.6.149.196" port: 38717 } attrs { promote: false } } }
I20260710 11:10:18.461997  7987 tablet_service.cc:1558] Processing DeleteTablet for tablet b97b42f15b3c4cf6a7b5a205945e971f with delete_type TABLET_DATA_TOMBSTONED (TS 07afe45db4984556856522c4687bd99d not found in new config with opid_index 4) from {username='slave'} at 127.0.0.1:37668
I20260710 11:10:18.464097  8516 tablet_replica.cc:333] T b97b42f15b3c4cf6a7b5a205945e971f P 07afe45db4984556856522c4687bd99d: stopping tablet replica
I20260710 11:10:18.465055  8516 raft_consensus.cc:2243] T b97b42f15b3c4cf6a7b5a205945e971f P 07afe45db4984556856522c4687bd99d [term 1 FOLLOWER]: Raft consensus shutting down.
I20260710 11:10:18.465680  8516 raft_consensus.cc:2272] T b97b42f15b3c4cf6a7b5a205945e971f P 07afe45db4984556856522c4687bd99d [term 1 FOLLOWER]: Raft consensus is shut down!
