I20260710 11:10:07.177445 22736 tablet_service.cc:1511] Processing CreateTablet for tablet 722b048bec4847a08d453515444e8162 (DEFAULT_TABLE table=test-workload [id=6f56f7407e9b4f4fb0863e52c731388d]), partition=RANGE (key) PARTITION 1879048185 <= VALUES < 1968526670
I20260710 11:10:07.192338 22736 data_dirs.cc:400] Could only allocate 1 dirs of requested 3 for tablet 722b048bec4847a08d453515444e8162. 1 dirs total, 0 dirs full, 0 dirs failed
I20260710 11:10:07.198760 22790 ts_tablet_manager.cc:1434] T c41b66f8b9b842b4afec43a42ae9bed2 P 99ee7942ae634609859518899678e5b6: Time spent starting tablet: real 0.082s	user 0.009s	sys 0.013s
I20260710 11:10:07.200022 22790 tablet_bootstrap.cc:492] T 3140fdce5753460facb58adf41fccd5c P 99ee7942ae634609859518899678e5b6: Bootstrap starting.
I20260710 11:10:07.200263 22795 tablet_bootstrap.cc:654] T 8b0824131a4548f8a7427a6f8056247e P e3523b89e4db46b6903319cd0972d2ad: Neither blocks nor log segments found. Creating new log.
I20260710 11:10:07.208473 22749 tablet_service.cc:1917] Received RequestConsensusVote() RPC: tablet_id: "07282d90f3e741c290976cd40bca42b2" candidate_uuid: "e3523b89e4db46b6903319cd0972d2ad" candidate_term: 1 candidate_status { last_received { term: 0 index: 0 } } ignore_live_leader: false dest_uuid: "99ee7942ae634609859518899678e5b6" is_pre_election: true
I20260710 11:10:07.209981 22600 tablet_service.cc:1917] Received RequestConsensusVote() RPC: tablet_id: "642c73cd50dc4af38114d4b783df3458" candidate_uuid: "99ee7942ae634609859518899678e5b6" candidate_term: 1 candidate_status { last_received { term: 0 index: 0 } } ignore_live_leader: false dest_uuid: "e3523b89e4db46b6903319cd0972d2ad" is_pre_election: true
I20260710 11:10:07.210647 22600 raft_consensus.cc:2468] T 642c73cd50dc4af38114d4b783df3458 P e3523b89e4db46b6903319cd0972d2ad [term 0 FOLLOWER]: Leader pre-election vote request: Granting yes vote for candidate 99ee7942ae634609859518899678e5b6 in term 0.
I20260710 11:10:07.212009 22599 tablet_service.cc:1917] Received RequestConsensusVote() RPC: tablet_id: "07282d90f3e741c290976cd40bca42b2" candidate_uuid: "99ee7942ae634609859518899678e5b6" candidate_term: 1 candidate_status { last_received { term: 0 index: 0 } } ignore_live_leader: false dest_uuid: "e3523b89e4db46b6903319cd0972d2ad" is_pre_election: true
I20260710 11:10:07.212657 22599 raft_consensus.cc:2468] T 07282d90f3e741c290976cd40bca42b2 P e3523b89e4db46b6903319cd0972d2ad [term 0 FOLLOWER]: Leader pre-election vote request: Granting yes vote for candidate 99ee7942ae634609859518899678e5b6 in term 0.
I20260710 11:10:07.214793 22599 tablet_service.cc:1917] Received RequestConsensusVote() RPC: tablet_id: "642c73cd50dc4af38114d4b783df3458" candidate_uuid: "99ee7942ae634609859518899678e5b6" candidate_term: 1 candidate_status { last_received { term: 0 index: 0 } } ignore_live_leader: false dest_uuid: "e3523b89e4db46b6903319cd0972d2ad"
I20260710 11:10:07.215387 22599 raft_consensus.cc:3060] T 642c73cd50dc4af38114d4b783df3458 P e3523b89e4db46b6903319cd0972d2ad [term 0 FOLLOWER]: Advancing to term 1
I20260710 11:10:07.190822 22674 raft_consensus.cc:2468] T 642c73cd50dc4af38114d4b783df3458 P 2bfb742492b9415f907209986958ed32 [term 1 FOLLOWER]: Leader election vote request: Granting yes vote for candidate 99ee7942ae634609859518899678e5b6 in term 1.
I20260710 11:10:07.228631 22793 raft_consensus.cc:2749] T 642c73cd50dc4af38114d4b783df3458 P 2bfb742492b9415f907209986958ed32 [term 1 FOLLOWER]: Leader pre-election lost for term 1. Reason: could not achieve majority
I20260710 11:10:07.229043 22715 leader_election.cc:304] T 642c73cd50dc4af38114d4b783df3458 P 99ee7942ae634609859518899678e5b6 [CANDIDATE]: Term 1 election: Election decided. Result: candidate won. Election summary: received 2 responses out of 3 voters: 2 yes votes; 0 no votes. yes voters: 2bfb742492b9415f907209986958ed32, 99ee7942ae634609859518899678e5b6; no voters: 
I20260710 11:10:07.230238 22815 raft_consensus.cc:2804] T 642c73cd50dc4af38114d4b783df3458 P 99ee7942ae634609859518899678e5b6 [term 1 FOLLOWER]: Leader election won for term 1
I20260710 11:10:07.230871 22815 raft_consensus.cc:697] T 642c73cd50dc4af38114d4b783df3458 P 99ee7942ae634609859518899678e5b6 [term 1 LEADER]: Becoming Leader. State: Replica: 99ee7942ae634609859518899678e5b6, State: Running, Role: LEADER
I20260710 11:10:07.231786 22815 consensus_queue.cc:237] T 642c73cd50dc4af38114d4b783df3458 P 99ee7942ae634609859518899678e5b6 [LEADER]: Queue going to LEADER mode. State: All replicated index: 0, Majority replicated index: 0, Committed index: 0, Last appended: 0.0, Last appended by leader: 0, Current term: 1, Majority size: 2, State: 0, Mode: LEADER, active raft config: opid_index: -1 OBSOLETE_local: false peers { permanent_uuid: "e3523b89e4db46b6903319cd0972d2ad" member_type: VOTER last_known_addr { host: "127.20.243.193" port: 38387 } } peers { permanent_uuid: "2bfb742492b9415f907209986958ed32" member_type: VOTER last_known_addr { host: "127.20.243.194" port: 34077 } } peers { permanent_uuid: "99ee7942ae634609859518899678e5b6" member_type: VOTER last_known_addr { host: "127.20.243.195" port: 41919 } }
W20260710 11:10:07.195684 22639 outbound_call.cc:321] RPC callback for RPC call kudu.consensus.ConsensusService.RequestConsensusVote -> {remote=127.20.243.195:41919, user_credentials={real_user=slave}} blocked reactor thread for 84219.3us
I20260710 11:10:07.235178 22748 tablet_service.cc:1917] Received RequestConsensusVote() RPC: tablet_id: "8b0824131a4548f8a7427a6f8056247e" candidate_uuid: "2bfb742492b9415f907209986958ed32" candidate_term: 1 candidate_status { last_received { term: 0 index: 0 } } ignore_live_leader: false dest_uuid: "99ee7942ae634609859518899678e5b6"
I20260710 11:10:07.235846 22748 raft_consensus.cc:3060] T 8b0824131a4548f8a7427a6f8056247e P 99ee7942ae634609859518899678e5b6 [term 0 FOLLOWER]: Advancing to term 1
I20260710 11:10:07.237861 22662 tablet_service.cc:1511] Processing CreateTablet for tablet bdb50013f1b04a2ab3cbafc61a8c98c8 (DEFAULT_TABLE table=test-workload [id=6f56f7407e9b4f4fb0863e52c731388d]), partition=RANGE (key) PARTITION 2058005155 <= VALUES
I20260710 11:10:07.239300 22662 data_dirs.cc:400] Could only allocate 1 dirs of requested 3 for tablet bdb50013f1b04a2ab3cbafc61a8c98c8. 1 dirs total, 0 dirs full, 0 dirs failed
I20260710 11:10:07.241291 22810 raft_consensus.cc:515] T 07282d90f3e741c290976cd40bca42b2 P 99ee7942ae634609859518899678e5b6 [term 1 FOLLOWER]: Starting leader election with config: opid_index: -1 OBSOLETE_local: false peers { permanent_uuid: "2bfb742492b9415f907209986958ed32" member_type: VOTER last_known_addr { host: "127.20.243.194" port: 34077 } } peers { permanent_uuid: "99ee7942ae634609859518899678e5b6" member_type: VOTER last_known_addr { host: "127.20.243.195" port: 41919 } } peers { permanent_uuid: "e3523b89e4db46b6903319cd0972d2ad" member_type: VOTER last_known_addr { host: "127.20.243.193" port: 38387 } }
I20260710 11:10:07.242607 22749 raft_consensus.cc:2393] T 07282d90f3e741c290976cd40bca42b2 P 99ee7942ae634609859518899678e5b6 [term 1 FOLLOWER]: Leader pre-election vote request: Denying vote to candidate e3523b89e4db46b6903319cd0972d2ad in current term 1: Already voted for candidate 99ee7942ae634609859518899678e5b6 in this term.
I20260710 11:10:07.246503 22674 tablet_service.cc:1917] Received RequestConsensusVote() RPC: tablet_id: "07282d90f3e741c290976cd40bca42b2" candidate_uuid: "99ee7942ae634609859518899678e5b6" candidate_term: 1 candidate_status { last_received { term: 0 index: 0 } } ignore_live_leader: false dest_uuid: "2bfb742492b9415f907209986958ed32"
I20260710 11:10:07.247169 22674 raft_consensus.cc:3060] T 07282d90f3e741c290976cd40bca42b2 P 2bfb742492b9415f907209986958ed32 [term 0 FOLLOWER]: Advancing to term 1
I20260710 11:10:07.248863 22663 tablet_service.cc:1511] Processing CreateTablet for tablet 722b048bec4847a08d453515444e8162 (DEFAULT_TABLE table=test-workload [id=6f56f7407e9b4f4fb0863e52c731388d]), partition=RANGE (key) PARTITION 1879048185 <= VALUES < 1968526670
I20260710 11:10:07.250308 22663 data_dirs.cc:400] Could only allocate 1 dirs of requested 3 for tablet 722b048bec4847a08d453515444e8162. 1 dirs total, 0 dirs full, 0 dirs failed
I20260710 11:10:07.258193 22599 raft_consensus.cc:2468] T 642c73cd50dc4af38114d4b783df3458 P e3523b89e4db46b6903319cd0972d2ad [term 1 FOLLOWER]: Leader election vote request: Granting yes vote for candidate 99ee7942ae634609859518899678e5b6 in term 1.
I20260710 11:10:07.262279 22748 raft_consensus.cc:2468] T 8b0824131a4548f8a7427a6f8056247e P 99ee7942ae634609859518899678e5b6 [term 1 FOLLOWER]: Leader election vote request: Granting yes vote for candidate 2bfb742492b9415f907209986958ed32 in term 1.
I20260710 11:10:07.266742 22790 tablet_bootstrap.cc:654] T 3140fdce5753460facb58adf41fccd5c P 99ee7942ae634609859518899678e5b6: Neither blocks nor log segments found. Creating new log.
I20260710 11:10:07.279884 22498 catalog_manager.cc:5697] T 642c73cd50dc4af38114d4b783df3458 P 99ee7942ae634609859518899678e5b6 reported cstate change: term changed from 0 to 1, leader changed from <none> to 99ee7942ae634609859518899678e5b6 (127.20.243.195). New cstate: current_term: 1 leader_uuid: "99ee7942ae634609859518899678e5b6" committed_config { opid_index: -1 OBSOLETE_local: false peers { permanent_uuid: "e3523b89e4db46b6903319cd0972d2ad" member_type: VOTER last_known_addr { host: "127.20.243.193" port: 38387 } health_report { overall_health: UNKNOWN } } peers { permanent_uuid: "2bfb742492b9415f907209986958ed32" member_type: VOTER last_known_addr { host: "127.20.243.194" port: 34077 } health_report { overall_health: UNKNOWN } } peers { permanent_uuid: "99ee7942ae634609859518899678e5b6" member_type: VOTER last_known_addr { host: "127.20.243.195" port: 41919 } health_report { overall_health: HEALTHY } } }
I20260710 11:10:07.281370 22795 tablet_bootstrap.cc:492] T 8b0824131a4548f8a7427a6f8056247e P e3523b89e4db46b6903319cd0972d2ad: No bootstrap required, opened a new log
I20260710 11:10:07.282034 22795 ts_tablet_manager.cc:1403] T 8b0824131a4548f8a7427a6f8056247e P e3523b89e4db46b6903319cd0972d2ad: Time spent bootstrapping tablet: real 0.098s	user 0.023s	sys 0.006s
I20260710 11:10:07.282300 22660 tablet_service.cc:1511] Processing CreateTablet for tablet facca477ec7e4dcc87b7f10befea13b9 (DEFAULT_TABLE table=test-workload [id=6f56f7407e9b4f4fb0863e52c731388d]), partition=RANGE (key) PARTITION 1968526670 <= VALUES < 2058005155
I20260710 11:10:07.285019 22675 tablet_service.cc:1917] Received RequestConsensusVote() RPC: tablet_id: "07282d90f3e741c290976cd40bca42b2" candidate_uuid: "e3523b89e4db46b6903319cd0972d2ad" candidate_term: 1 candidate_status { last_received { term: 0 index: 0 } } ignore_live_leader: false dest_uuid: "2bfb742492b9415f907209986958ed32" is_pre_election: true
I20260710 11:10:07.287880 22795 raft_consensus.cc:359] T 8b0824131a4548f8a7427a6f8056247e P e3523b89e4db46b6903319cd0972d2ad [term 0 FOLLOWER]: Replica starting. Triggering 0 pending ops. Active config: opid_index: -1 OBSOLETE_local: false peers { permanent_uuid: "e3523b89e4db46b6903319cd0972d2ad" member_type: VOTER last_known_addr { host: "127.20.243.193" port: 38387 } } peers { permanent_uuid: "2bfb742492b9415f907209986958ed32" member_type: VOTER last_known_addr { host: "127.20.243.194" port: 34077 } } peers { permanent_uuid: "99ee7942ae634609859518899678e5b6" member_type: VOTER last_known_addr { host: "127.20.243.195" port: 41919 } }
I20260710 11:10:07.288643 22795 raft_consensus.cc:385] T 8b0824131a4548f8a7427a6f8056247e P e3523b89e4db46b6903319cd0972d2ad [term 0 FOLLOWER]: Consensus starting up: Expiring failure detector timer to make a prompt election more likely
I20260710 11:10:07.288537 22599 tablet_service.cc:1917] Received RequestConsensusVote() RPC: tablet_id: "07282d90f3e741c290976cd40bca42b2" candidate_uuid: "99ee7942ae634609859518899678e5b6" candidate_term: 1 candidate_status { last_received { term: 0 index: 0 } } ignore_live_leader: false dest_uuid: "e3523b89e4db46b6903319cd0972d2ad"
I20260710 11:10:07.289255 22599 raft_consensus.cc:3060] T 07282d90f3e741c290976cd40bca42b2 P e3523b89e4db46b6903319cd0972d2ad [term 0 FOLLOWER]: Advancing to term 1
I20260710 11:10:07.286679 22810 leader_election.cc:290] T 07282d90f3e741c290976cd40bca42b2 P 99ee7942ae634609859518899678e5b6 [CANDIDATE]: Term 1 election: Requested vote from peers 2bfb742492b9415f907209986958ed32 (127.20.243.194:34077), e3523b89e4db46b6903319cd0972d2ad (127.20.243.193:38387)
I20260710 11:10:07.289611 22795 raft_consensus.cc:740] T 8b0824131a4548f8a7427a6f8056247e P e3523b89e4db46b6903319cd0972d2ad [term 0 FOLLOWER]: Becoming Follower/Learner. State: Replica: e3523b89e4db46b6903319cd0972d2ad, State: Initialized, Role: FOLLOWER
I20260710 11:10:07.298717 22789 tablet_bootstrap.cc:492] T 3140fdce5753460facb58adf41fccd5c P 2bfb742492b9415f907209986958ed32: No bootstrap required, opened a new log
I20260710 11:10:07.299511 22789 ts_tablet_manager.cc:1403] T 3140fdce5753460facb58adf41fccd5c P 2bfb742492b9415f907209986958ed32: Time spent bootstrapping tablet: real 0.120s	user 0.020s	sys 0.013s
I20260710 11:10:07.304239 22789 raft_consensus.cc:359] T 3140fdce5753460facb58adf41fccd5c P 2bfb742492b9415f907209986958ed32 [term 0 FOLLOWER]: Replica starting. Triggering 0 pending ops. Active config: opid_index: -1 OBSOLETE_local: false peers { permanent_uuid: "e3523b89e4db46b6903319cd0972d2ad" member_type: VOTER last_known_addr { host: "127.20.243.193" port: 38387 } } peers { permanent_uuid: "2bfb742492b9415f907209986958ed32" member_type: VOTER last_known_addr { host: "127.20.243.194" port: 34077 } } peers { permanent_uuid: "99ee7942ae634609859518899678e5b6" member_type: VOTER last_known_addr { host: "127.20.243.195" port: 41919 } }
I20260710 11:10:07.299158 22795 consensus_queue.cc:260] T 8b0824131a4548f8a7427a6f8056247e P e3523b89e4db46b6903319cd0972d2ad [NON_LEADER]: Queue going to NON_LEADER mode. State: All replicated index: 0, Majority replicated index: 0, Committed index: 0, Last appended: 0.0, Last appended by leader: 0, Current term: 0, Majority size: -1, State: 0, Mode: NON_LEADER, active raft config: opid_index: -1 OBSOLETE_local: false peers { permanent_uuid: "e3523b89e4db46b6903319cd0972d2ad" member_type: VOTER last_known_addr { host: "127.20.243.193" port: 38387 } } peers { permanent_uuid: "2bfb742492b9415f907209986958ed32" member_type: VOTER last_known_addr { host: "127.20.243.194" port: 34077 } } peers { permanent_uuid: "99ee7942ae634609859518899678e5b6" member_type: VOTER last_known_addr { host: "127.20.243.195" port: 41919 } }
I20260710 11:10:07.309067 22795 ts_tablet_manager.cc:1434] T 8b0824131a4548f8a7427a6f8056247e P e3523b89e4db46b6903319cd0972d2ad: Time spent starting tablet: real 0.027s	user 0.009s	sys 0.000s
I20260710 11:10:07.309079 22566 leader_election.cc:304] T 07282d90f3e741c290976cd40bca42b2 P e3523b89e4db46b6903319cd0972d2ad [CANDIDATE]: Term 1 pre-election: Election decided. Result: candidate lost. Election summary: received 3 responses out of 3 voters: 1 yes votes; 2 no votes. yes voters: e3523b89e4db46b6903319cd0972d2ad; no voters: 2bfb742492b9415f907209986958ed32, 99ee7942ae634609859518899678e5b6
I20260710 11:10:07.310408 22795 tablet_bootstrap.cc:492] T c41b66f8b9b842b4afec43a42ae9bed2 P e3523b89e4db46b6903319cd0972d2ad: Bootstrap starting.
I20260710 11:10:07.311210 22660 data_dirs.cc:400] Could only allocate 1 dirs of requested 3 for tablet facca477ec7e4dcc87b7f10befea13b9. 1 dirs total, 0 dirs full, 0 dirs failed
I20260710 11:10:07.306483 22674 raft_consensus.cc:2468] T 07282d90f3e741c290976cd40bca42b2 P 2bfb742492b9415f907209986958ed32 [term 1 FOLLOWER]: Leader election vote request: Granting yes vote for candidate 99ee7942ae634609859518899678e5b6 in term 1.
I20260710 11:10:07.312547 22715 leader_election.cc:304] T 07282d90f3e741c290976cd40bca42b2 P 99ee7942ae634609859518899678e5b6 [CANDIDATE]: Term 1 election: Election decided. Result: candidate won. Election summary: received 2 responses out of 3 voters: 2 yes votes; 0 no votes. yes voters: 2bfb742492b9415f907209986958ed32, 99ee7942ae634609859518899678e5b6; no voters: 
I20260710 11:10:07.313387 22810 raft_consensus.cc:2804] T 07282d90f3e741c290976cd40bca42b2 P 99ee7942ae634609859518899678e5b6 [term 1 FOLLOWER]: Leader election won for term 1
I20260710 11:10:07.313910 22810 raft_consensus.cc:697] T 07282d90f3e741c290976cd40bca42b2 P 99ee7942ae634609859518899678e5b6 [term 1 LEADER]: Becoming Leader. State: Replica: 99ee7942ae634609859518899678e5b6, State: Running, Role: LEADER
I20260710 11:10:07.314824 22810 consensus_queue.cc:237] T 07282d90f3e741c290976cd40bca42b2 P 99ee7942ae634609859518899678e5b6 [LEADER]: Queue going to LEADER mode. State: All replicated index: 0, Majority replicated index: 0, Committed index: 0, Last appended: 0.0, Last appended by leader: 0, Current term: 1, Majority size: 2, State: 0, Mode: LEADER, active raft config: opid_index: -1 OBSOLETE_local: false peers { permanent_uuid: "2bfb742492b9415f907209986958ed32" member_type: VOTER last_known_addr { host: "127.20.243.194" port: 34077 } } peers { permanent_uuid: "99ee7942ae634609859518899678e5b6" member_type: VOTER last_known_addr { host: "127.20.243.195" port: 41919 } } peers { permanent_uuid: "e3523b89e4db46b6903319cd0972d2ad" member_type: VOTER last_known_addr { host: "127.20.243.193" port: 38387 } }
I20260710 11:10:07.315742 22789 raft_consensus.cc:385] T 3140fdce5753460facb58adf41fccd5c P 2bfb742492b9415f907209986958ed32 [term 0 FOLLOWER]: Consensus starting up: Expiring failure detector timer to make a prompt election more likely
I20260710 11:10:07.321341 22789 raft_consensus.cc:740] T 3140fdce5753460facb58adf41fccd5c P 2bfb742492b9415f907209986958ed32 [term 0 FOLLOWER]: Becoming Follower/Learner. State: Replica: 2bfb742492b9415f907209986958ed32, State: Initialized, Role: FOLLOWER
I20260710 11:10:07.322665 22789 consensus_queue.cc:260] T 3140fdce5753460facb58adf41fccd5c P 2bfb742492b9415f907209986958ed32 [NON_LEADER]: Queue going to NON_LEADER mode. State: All replicated index: 0, Majority replicated index: 0, Committed index: 0, Last appended: 0.0, Last appended by leader: 0, Current term: 0, Majority size: -1, State: 0, Mode: NON_LEADER, active raft config: opid_index: -1 OBSOLETE_local: false peers { permanent_uuid: "e3523b89e4db46b6903319cd0972d2ad" member_type: VOTER last_known_addr { host: "127.20.243.193" port: 38387 } } peers { permanent_uuid: "2bfb742492b9415f907209986958ed32" member_type: VOTER last_known_addr { host: "127.20.243.194" port: 34077 } } peers { permanent_uuid: "99ee7942ae634609859518899678e5b6" member_type: VOTER last_known_addr { host: "127.20.243.195" port: 41919 } }
I20260710 11:10:07.316126 22639 leader_election.cc:304] T 8b0824131a4548f8a7427a6f8056247e P 2bfb742492b9415f907209986958ed32 [CANDIDATE]: Term 1 election: Election decided. Result: candidate won. Election summary: received 3 responses out of 3 voters: 2 yes votes; 1 no votes. yes voters: 2bfb742492b9415f907209986958ed32, 99ee7942ae634609859518899678e5b6; no voters: e3523b89e4db46b6903319cd0972d2ad
I20260710 11:10:07.325732 22793 raft_consensus.cc:2804] T 8b0824131a4548f8a7427a6f8056247e P 2bfb742492b9415f907209986958ed32 [term 1 FOLLOWER]: Leader election won for term 1
I20260710 11:10:07.326407 22793 raft_consensus.cc:697] T 8b0824131a4548f8a7427a6f8056247e P 2bfb742492b9415f907209986958ed32 [term 1 LEADER]: Becoming Leader. State: Replica: 2bfb742492b9415f907209986958ed32, State: Running, Role: LEADER
I20260710 11:10:07.327508 22793 consensus_queue.cc:237] T 8b0824131a4548f8a7427a6f8056247e P 2bfb742492b9415f907209986958ed32 [LEADER]: Queue going to LEADER mode. State: All replicated index: 0, Majority replicated index: 0, Committed index: 0, Last appended: 0.0, Last appended by leader: 0, Current term: 1, Majority size: 2, State: 0, Mode: LEADER, active raft config: opid_index: -1 OBSOLETE_local: false peers { permanent_uuid: "e3523b89e4db46b6903319cd0972d2ad" member_type: VOTER last_known_addr { host: "127.20.243.193" port: 38387 } } peers { permanent_uuid: "2bfb742492b9415f907209986958ed32" member_type: VOTER last_known_addr { host: "127.20.243.194" port: 34077 } } peers { permanent_uuid: "99ee7942ae634609859518899678e5b6" member_type: VOTER last_known_addr { host: "127.20.243.195" port: 41919 } }
I20260710 11:10:07.320914 22795 tablet_bootstrap.cc:654] T c41b66f8b9b842b4afec43a42ae9bed2 P e3523b89e4db46b6903319cd0972d2ad: Neither blocks nor log segments found. Creating new log.
I20260710 11:10:07.347375 22790 tablet_bootstrap.cc:492] T 3140fdce5753460facb58adf41fccd5c P 99ee7942ae634609859518899678e5b6: No bootstrap required, opened a new log
I20260710 11:10:07.347909 22790 ts_tablet_manager.cc:1403] T 3140fdce5753460facb58adf41fccd5c P 99ee7942ae634609859518899678e5b6: Time spent bootstrapping tablet: real 0.148s	user 0.030s	sys 0.022s
I20260710 11:10:07.349551 22599 raft_consensus.cc:2468] T 07282d90f3e741c290976cd40bca42b2 P e3523b89e4db46b6903319cd0972d2ad [term 1 FOLLOWER]: Leader election vote request: Granting yes vote for candidate 99ee7942ae634609859518899678e5b6 in term 1.
I20260710 11:10:07.350068 22800 raft_consensus.cc:2749] T 07282d90f3e741c290976cd40bca42b2 P e3523b89e4db46b6903319cd0972d2ad [term 1 FOLLOWER]: Leader pre-election lost for term 1. Reason: could not achieve majority
I20260710 11:10:07.350961 22790 raft_consensus.cc:359] T 3140fdce5753460facb58adf41fccd5c P 99ee7942ae634609859518899678e5b6 [term 0 FOLLOWER]: Replica starting. Triggering 0 pending ops. Active config: opid_index: -1 OBSOLETE_local: false peers { permanent_uuid: "e3523b89e4db46b6903319cd0972d2ad" member_type: VOTER last_known_addr { host: "127.20.243.193" port: 38387 } } peers { permanent_uuid: "2bfb742492b9415f907209986958ed32" member_type: VOTER last_known_addr { host: "127.20.243.194" port: 34077 } } peers { permanent_uuid: "99ee7942ae634609859518899678e5b6" member_type: VOTER last_known_addr { host: "127.20.243.195" port: 41919 } }
I20260710 11:10:07.352422 22790 raft_consensus.cc:385] T 3140fdce5753460facb58adf41fccd5c P 99ee7942ae634609859518899678e5b6 [term 0 FOLLOWER]: Consensus starting up: Expiring failure detector timer to make a prompt election more likely
I20260710 11:10:07.352730 22790 raft_consensus.cc:740] T 3140fdce5753460facb58adf41fccd5c P 99ee7942ae634609859518899678e5b6 [term 0 FOLLOWER]: Becoming Follower/Learner. State: Replica: 99ee7942ae634609859518899678e5b6, State: Initialized, Role: FOLLOWER
I20260710 11:10:07.353516 22790 consensus_queue.cc:260] T 3140fdce5753460facb58adf41fccd5c P 99ee7942ae634609859518899678e5b6 [NON_LEADER]: Queue going to NON_LEADER mode. State: All replicated index: 0, Majority replicated index: 0, Committed index: 0, Last appended: 0.0, Last appended by leader: 0, Current term: 0, Majority size: -1, State: 0, Mode: NON_LEADER, active raft config: opid_index: -1 OBSOLETE_local: false peers { permanent_uuid: "e3523b89e4db46b6903319cd0972d2ad" member_type: VOTER last_known_addr { host: "127.20.243.193" port: 38387 } } peers { permanent_uuid: "2bfb742492b9415f907209986958ed32" member_type: VOTER last_known_addr { host: "127.20.243.194" port: 34077 } } peers { permanent_uuid: "99ee7942ae634609859518899678e5b6" member_type: VOTER last_known_addr { host: "127.20.243.195" port: 41919 } }
I20260710 11:10:07.356479 22790 ts_tablet_manager.cc:1434] T 3140fdce5753460facb58adf41fccd5c P 99ee7942ae634609859518899678e5b6: Time spent starting tablet: real 0.008s	user 0.005s	sys 0.002s
I20260710 11:10:07.357515 22790 tablet_bootstrap.cc:492] T 0a49df84c84e43b588bf2cbcc07b9ff0 P 99ee7942ae634609859518899678e5b6: Bootstrap starting.
I20260710 11:10:07.361373 22795 tablet_bootstrap.cc:492] T c41b66f8b9b842b4afec43a42ae9bed2 P e3523b89e4db46b6903319cd0972d2ad: No bootstrap required, opened a new log
I20260710 11:10:07.364018 22795 ts_tablet_manager.cc:1403] T c41b66f8b9b842b4afec43a42ae9bed2 P e3523b89e4db46b6903319cd0972d2ad: Time spent bootstrapping tablet: real 0.054s	user 0.015s	sys 0.008s
I20260710 11:10:07.364105 22790 tablet_bootstrap.cc:654] T 0a49df84c84e43b588bf2cbcc07b9ff0 P 99ee7942ae634609859518899678e5b6: Neither blocks nor log segments found. Creating new log.
I20260710 11:10:07.368273 22497 catalog_manager.cc:5697] T 8b0824131a4548f8a7427a6f8056247e P 2bfb742492b9415f907209986958ed32 reported cstate change: term changed from 0 to 1, leader changed from <none> to 2bfb742492b9415f907209986958ed32 (127.20.243.194). New cstate: current_term: 1 leader_uuid: "2bfb742492b9415f907209986958ed32" committed_config { opid_index: -1 OBSOLETE_local: false peers { permanent_uuid: "e3523b89e4db46b6903319cd0972d2ad" member_type: VOTER last_known_addr { host: "127.20.243.193" port: 38387 } health_report { overall_health: UNKNOWN } } peers { permanent_uuid: "2bfb742492b9415f907209986958ed32" member_type: VOTER last_known_addr { host: "127.20.243.194" port: 34077 } health_report { overall_health: HEALTHY } } peers { permanent_uuid: "99ee7942ae634609859518899678e5b6" member_type: VOTER last_known_addr { host: "127.20.243.195" port: 41919 } health_report { overall_health: UNKNOWN } } }
I20260710 11:10:07.362015 22789 ts_tablet_manager.cc:1434] T 3140fdce5753460facb58adf41fccd5c P 2bfb742492b9415f907209986958ed32: Time spent starting tablet: real 0.062s	user 0.007s	sys 0.003s
I20260710 11:10:07.371671 22789 tablet_bootstrap.cc:492] T 61cf8acf04764cfda6bfdec8ee795343 P 2bfb742492b9415f907209986958ed32: Bootstrap starting.
I20260710 11:10:07.371483 22795 raft_consensus.cc:359] T c41b66f8b9b842b4afec43a42ae9bed2 P e3523b89e4db46b6903319cd0972d2ad [term 0 FOLLOWER]: Replica starting. Triggering 0 pending ops. Active config: opid_index: -1 OBSOLETE_local: false peers { permanent_uuid: "e3523b89e4db46b6903319cd0972d2ad" member_type: VOTER last_known_addr { host: "127.20.243.193" port: 38387 } } peers { permanent_uuid: "2bfb742492b9415f907209986958ed32" member_type: VOTER last_known_addr { host: "127.20.243.194" port: 34077 } } peers { permanent_uuid: "99ee7942ae634609859518899678e5b6" member_type: VOTER last_known_addr { host: "127.20.243.195" port: 41919 } }
I20260710 11:10:07.372265 22795 raft_consensus.cc:385] T c41b66f8b9b842b4afec43a42ae9bed2 P e3523b89e4db46b6903319cd0972d2ad [term 0 FOLLOWER]: Consensus starting up: Expiring failure detector timer to make a prompt election more likely
I20260710 11:10:07.372547 22795 raft_consensus.cc:740] T c41b66f8b9b842b4afec43a42ae9bed2 P e3523b89e4db46b6903319cd0972d2ad [term 0 FOLLOWER]: Becoming Follower/Learner. State: Replica: e3523b89e4db46b6903319cd0972d2ad, State: Initialized, Role: FOLLOWER
I20260710 11:10:07.373267 22795 consensus_queue.cc:260] T c41b66f8b9b842b4afec43a42ae9bed2 P e3523b89e4db46b6903319cd0972d2ad [NON_LEADER]: Queue going to NON_LEADER mode. State: All replicated index: 0, Majority replicated index: 0, Committed index: 0, Last appended: 0.0, Last appended by leader: 0, Current term: 0, Majority size: -1, State: 0, Mode: NON_LEADER, active raft config: opid_index: -1 OBSOLETE_local: false peers { permanent_uuid: "e3523b89e4db46b6903319cd0972d2ad" member_type: VOTER last_known_addr { host: "127.20.243.193" port: 38387 } } peers { permanent_uuid: "2bfb742492b9415f907209986958ed32" member_type: VOTER last_known_addr { host: "127.20.243.194" port: 34077 } } peers { permanent_uuid: "99ee7942ae634609859518899678e5b6" member_type: VOTER last_known_addr { host: "127.20.243.195" port: 41919 } }
I20260710 11:10:07.375489 22795 ts_tablet_manager.cc:1434] T c41b66f8b9b842b4afec43a42ae9bed2 P e3523b89e4db46b6903319cd0972d2ad: Time spent starting tablet: real 0.007s	user 0.003s	sys 0.000s
I20260710 11:10:07.376516 22795 tablet_bootstrap.cc:492] T 3140fdce5753460facb58adf41fccd5c P e3523b89e4db46b6903319cd0972d2ad: Bootstrap starting.
I20260710 11:10:07.376425 22810 raft_consensus.cc:493] T c41b66f8b9b842b4afec43a42ae9bed2 P 99ee7942ae634609859518899678e5b6 [term 0 FOLLOWER]: Starting pre-election (no leader contacted us within the election timeout)
I20260710 11:10:07.377036 22810 raft_consensus.cc:515] T c41b66f8b9b842b4afec43a42ae9bed2 P 99ee7942ae634609859518899678e5b6 [term 0 FOLLOWER]: Starting pre-election with config: opid_index: -1 OBSOLETE_local: false peers { permanent_uuid: "e3523b89e4db46b6903319cd0972d2ad" member_type: VOTER last_known_addr { host: "127.20.243.193" port: 38387 } } peers { permanent_uuid: "2bfb742492b9415f907209986958ed32" member_type: VOTER last_known_addr { host: "127.20.243.194" port: 34077 } } peers { permanent_uuid: "99ee7942ae634609859518899678e5b6" member_type: VOTER last_known_addr { host: "127.20.243.195" port: 41919 } }
I20260710 11:10:07.379200 22810 leader_election.cc:290] T c41b66f8b9b842b4afec43a42ae9bed2 P 99ee7942ae634609859518899678e5b6 [CANDIDATE]: Term 1 pre-election: Requested pre-vote from peers e3523b89e4db46b6903319cd0972d2ad (127.20.243.193:38387), 2bfb742492b9415f907209986958ed32 (127.20.243.194:34077)
I20260710 11:10:07.380760 22674 tablet_service.cc:1917] Received RequestConsensusVote() RPC: tablet_id: "c41b66f8b9b842b4afec43a42ae9bed2" candidate_uuid: "99ee7942ae634609859518899678e5b6" candidate_term: 1 candidate_status { last_received { term: 0 index: 0 } } ignore_live_leader: false dest_uuid: "2bfb742492b9415f907209986958ed32" is_pre_election: true
I20260710 11:10:07.381616 22789 tablet_bootstrap.cc:654] T 61cf8acf04764cfda6bfdec8ee795343 P 2bfb742492b9415f907209986958ed32: Neither blocks nor log segments found. Creating new log.
I20260710 11:10:07.381515 22674 raft_consensus.cc:2468] T c41b66f8b9b842b4afec43a42ae9bed2 P 2bfb742492b9415f907209986958ed32 [term 0 FOLLOWER]: Leader pre-election vote request: Granting yes vote for candidate 99ee7942ae634609859518899678e5b6 in term 0.
I20260710 11:10:07.382982 22715 leader_election.cc:304] T c41b66f8b9b842b4afec43a42ae9bed2 P 99ee7942ae634609859518899678e5b6 [CANDIDATE]: Term 1 pre-election: Election decided. Result: candidate won. Election summary: received 2 responses out of 3 voters: 2 yes votes; 0 no votes. yes voters: 2bfb742492b9415f907209986958ed32, 99ee7942ae634609859518899678e5b6; no voters: 
I20260710 11:10:07.380760 22599 tablet_service.cc:1917] Received RequestConsensusVote() RPC: tablet_id: "c41b66f8b9b842b4afec43a42ae9bed2" candidate_uuid: "99ee7942ae634609859518899678e5b6" candidate_term: 1 candidate_status { last_received { term: 0 index: 0 } } ignore_live_leader: false dest_uuid: "e3523b89e4db46b6903319cd0972d2ad" is_pre_election: true
I20260710 11:10:07.383733 22599 raft_consensus.cc:2468] T c41b66f8b9b842b4afec43a42ae9bed2 P e3523b89e4db46b6903319cd0972d2ad [term 0 FOLLOWER]: Leader pre-election vote request: Granting yes vote for candidate 99ee7942ae634609859518899678e5b6 in term 0.
I20260710 11:10:07.383989 22795 tablet_bootstrap.cc:654] T 3140fdce5753460facb58adf41fccd5c P e3523b89e4db46b6903319cd0972d2ad: Neither blocks nor log segments found. Creating new log.
I20260710 11:10:07.383955 22810 raft_consensus.cc:2804] T c41b66f8b9b842b4afec43a42ae9bed2 P 99ee7942ae634609859518899678e5b6 [term 0 FOLLOWER]: Leader pre-election won for term 1
I20260710 11:10:07.384616 22810 raft_consensus.cc:493] T c41b66f8b9b842b4afec43a42ae9bed2 P 99ee7942ae634609859518899678e5b6 [term 0 FOLLOWER]: Starting leader election (no leader contacted us within the election timeout)
I20260710 11:10:07.385010 22810 raft_consensus.cc:3060] T c41b66f8b9b842b4afec43a42ae9bed2 P 99ee7942ae634609859518899678e5b6 [term 0 FOLLOWER]: Advancing to term 1
I20260710 11:10:07.392719 22810 raft_consensus.cc:515] T c41b66f8b9b842b4afec43a42ae9bed2 P 99ee7942ae634609859518899678e5b6 [term 1 FOLLOWER]: Starting leader election with config: opid_index: -1 OBSOLETE_local: false peers { permanent_uuid: "e3523b89e4db46b6903319cd0972d2ad" member_type: VOTER last_known_addr { host: "127.20.243.193" port: 38387 } } peers { permanent_uuid: "2bfb742492b9415f907209986958ed32" member_type: VOTER last_known_addr { host: "127.20.243.194" port: 34077 } } peers { permanent_uuid: "99ee7942ae634609859518899678e5b6" member_type: VOTER last_known_addr { host: "127.20.243.195" port: 41919 } }
I20260710 11:10:07.395778 22599 tablet_service.cc:1917] Received RequestConsensusVote() RPC: tablet_id: "c41b66f8b9b842b4afec43a42ae9bed2" candidate_uuid: "99ee7942ae634609859518899678e5b6" candidate_term: 1 candidate_status { last_received { term: 0 index: 0 } } ignore_live_leader: false dest_uuid: "e3523b89e4db46b6903319cd0972d2ad"
I20260710 11:10:07.396519 22599 raft_consensus.cc:3060] T c41b66f8b9b842b4afec43a42ae9bed2 P e3523b89e4db46b6903319cd0972d2ad [term 0 FOLLOWER]: Advancing to term 1
I20260710 11:10:07.401166 22496 catalog_manager.cc:5697] T 07282d90f3e741c290976cd40bca42b2 P 99ee7942ae634609859518899678e5b6 reported cstate change: term changed from 0 to 1, leader changed from <none> to 99ee7942ae634609859518899678e5b6 (127.20.243.195). New cstate: current_term: 1 leader_uuid: "99ee7942ae634609859518899678e5b6" committed_config { opid_index: -1 OBSOLETE_local: false peers { permanent_uuid: "2bfb742492b9415f907209986958ed32" member_type: VOTER last_known_addr { host: "127.20.243.194" port: 34077 } health_report { overall_health: UNKNOWN } } peers { permanent_uuid: "99ee7942ae634609859518899678e5b6" member_type: VOTER last_known_addr { host: "127.20.243.195" port: 41919 } health_report { overall_health: HEALTHY } } peers { permanent_uuid: "e3523b89e4db46b6903319cd0972d2ad" member_type: VOTER last_known_addr { host: "127.20.243.193" port: 38387 } health_report { overall_health: UNKNOWN } } }
I20260710 11:10:07.404652 22599 raft_consensus.cc:2468] T c41b66f8b9b842b4afec43a42ae9bed2 P e3523b89e4db46b6903319cd0972d2ad [term 1 FOLLOWER]: Leader election vote request: Granting yes vote for candidate 99ee7942ae634609859518899678e5b6 in term 1.
I20260710 11:10:07.406749 22674 tablet_service.cc:1917] Received RequestConsensusVote() RPC: tablet_id: "c41b66f8b9b842b4afec43a42ae9bed2" candidate_uuid: "99ee7942ae634609859518899678e5b6" candidate_term: 1 candidate_status { last_received { term: 0 index: 0 } } ignore_live_leader: false dest_uuid: "2bfb742492b9415f907209986958ed32"
I20260710 11:10:07.407884 22674 raft_consensus.cc:3060] T c41b66f8b9b842b4afec43a42ae9bed2 P 2bfb742492b9415f907209986958ed32 [term 0 FOLLOWER]: Advancing to term 1
I20260710 11:10:07.407224 22810 leader_election.cc:290] T c41b66f8b9b842b4afec43a42ae9bed2 P 99ee7942ae634609859518899678e5b6 [CANDIDATE]: Term 1 election: Requested vote from peers e3523b89e4db46b6903319cd0972d2ad (127.20.243.193:38387), 2bfb742492b9415f907209986958ed32 (127.20.243.194:34077)
I20260710 11:10:07.415395 22674 raft_consensus.cc:2468] T c41b66f8b9b842b4afec43a42ae9bed2 P 2bfb742492b9415f907209986958ed32 [term 1 FOLLOWER]: Leader election vote request: Granting yes vote for candidate 99ee7942ae634609859518899678e5b6 in term 1.
I20260710 11:10:07.417162 22715 leader_election.cc:304] T c41b66f8b9b842b4afec43a42ae9bed2 P 99ee7942ae634609859518899678e5b6 [CANDIDATE]: Term 1 election: Election decided. Result: candidate won. Election summary: received 2 responses out of 3 voters: 2 yes votes; 0 no votes. yes voters: 2bfb742492b9415f907209986958ed32, 99ee7942ae634609859518899678e5b6; no voters: 
I20260710 11:10:07.418066 22810 raft_consensus.cc:2804] T c41b66f8b9b842b4afec43a42ae9bed2 P 99ee7942ae634609859518899678e5b6 [term 1 FOLLOWER]: Leader election won for term 1
I20260710 11:10:07.418943 22810 raft_consensus.cc:697] T c41b66f8b9b842b4afec43a42ae9bed2 P 99ee7942ae634609859518899678e5b6 [term 1 LEADER]: Becoming Leader. State: Replica: 99ee7942ae634609859518899678e5b6, State: Running, Role: LEADER
I20260710 11:10:07.421567 22810 consensus_queue.cc:237] T c41b66f8b9b842b4afec43a42ae9bed2 P 99ee7942ae634609859518899678e5b6 [LEADER]: Queue going to LEADER mode. State: All replicated index: 0, Majority replicated index: 0, Committed index: 0, Last appended: 0.0, Last appended by leader: 0, Current term: 1, Majority size: 2, State: 0, Mode: LEADER, active raft config: opid_index: -1 OBSOLETE_local: false peers { permanent_uuid: "e3523b89e4db46b6903319cd0972d2ad" member_type: VOTER last_known_addr { host: "127.20.243.193" port: 38387 } } peers { permanent_uuid: "2bfb742492b9415f907209986958ed32" member_type: VOTER last_known_addr { host: "127.20.243.194" port: 34077 } } peers { permanent_uuid: "99ee7942ae634609859518899678e5b6" member_type: VOTER last_known_addr { host: "127.20.243.195" port: 41919 } }
I20260710 11:10:07.436220 22790 tablet_bootstrap.cc:492] T 0a49df84c84e43b588bf2cbcc07b9ff0 P 99ee7942ae634609859518899678e5b6: No bootstrap required, opened a new log
I20260710 11:10:07.436803 22790 ts_tablet_manager.cc:1403] T 0a49df84c84e43b588bf2cbcc07b9ff0 P 99ee7942ae634609859518899678e5b6: Time spent bootstrapping tablet: real 0.080s	user 0.021s	sys 0.013s
I20260710 11:10:07.437865 22789 tablet_bootstrap.cc:492] T 61cf8acf04764cfda6bfdec8ee795343 P 2bfb742492b9415f907209986958ed32: No bootstrap required, opened a new log
I20260710 11:10:07.438336 22789 ts_tablet_manager.cc:1403] T 61cf8acf04764cfda6bfdec8ee795343 P 2bfb742492b9415f907209986958ed32: Time spent bootstrapping tablet: real 0.067s	user 0.027s	sys 0.034s
I20260710 11:10:07.438953 22795 tablet_bootstrap.cc:492] T 3140fdce5753460facb58adf41fccd5c P e3523b89e4db46b6903319cd0972d2ad: No bootstrap required, opened a new log
I20260710 11:10:07.439888 22790 raft_consensus.cc:359] T 0a49df84c84e43b588bf2cbcc07b9ff0 P 99ee7942ae634609859518899678e5b6 [term 0 FOLLOWER]: Replica starting. Triggering 0 pending ops. Active config: opid_index: -1 OBSOLETE_local: false peers { permanent_uuid: "e3523b89e4db46b6903319cd0972d2ad" member_type: VOTER last_known_addr { host: "127.20.243.193" port: 38387 } } peers { permanent_uuid: "2bfb742492b9415f907209986958ed32" member_type: VOTER last_known_addr { host: "127.20.243.194" port: 34077 } } peers { permanent_uuid: "99ee7942ae634609859518899678e5b6" member_type: VOTER last_known_addr { host: "127.20.243.195" port: 41919 } }
I20260710 11:10:07.440366 22795 ts_tablet_manager.cc:1403] T 3140fdce5753460facb58adf41fccd5c P e3523b89e4db46b6903319cd0972d2ad: Time spent bootstrapping tablet: real 0.064s	user 0.022s	sys 0.008s
I20260710 11:10:07.440676 22790 raft_consensus.cc:385] T 0a49df84c84e43b588bf2cbcc07b9ff0 P 99ee7942ae634609859518899678e5b6 [term 0 FOLLOWER]: Consensus starting up: Expiring failure detector timer to make a prompt election more likely
I20260710 11:10:07.441011 22790 raft_consensus.cc:740] T 0a49df84c84e43b588bf2cbcc07b9ff0 P 99ee7942ae634609859518899678e5b6 [term 0 FOLLOWER]: Becoming Follower/Learner. State: Replica: 99ee7942ae634609859518899678e5b6, State: Initialized, Role: FOLLOWER
I20260710 11:10:07.441957 22790 consensus_queue.cc:260] T 0a49df84c84e43b588bf2cbcc07b9ff0 P 99ee7942ae634609859518899678e5b6 [NON_LEADER]: Queue going to NON_LEADER mode. State: All replicated index: 0, Majority replicated index: 0, Committed index: 0, Last appended: 0.0, Last appended by leader: 0, Current term: 0, Majority size: -1, State: 0, Mode: NON_LEADER, active raft config: opid_index: -1 OBSOLETE_local: false peers { permanent_uuid: "e3523b89e4db46b6903319cd0972d2ad" member_type: VOTER last_known_addr { host: "127.20.243.193" port: 38387 } } peers { permanent_uuid: "2bfb742492b9415f907209986958ed32" member_type: VOTER last_known_addr { host: "127.20.243.194" port: 34077 } } peers { permanent_uuid: "99ee7942ae634609859518899678e5b6" member_type: VOTER last_known_addr { host: "127.20.243.195" port: 41919 } }
I20260710 11:10:07.444633 22790 ts_tablet_manager.cc:1434] T 0a49df84c84e43b588bf2cbcc07b9ff0 P 99ee7942ae634609859518899678e5b6: Time spent starting tablet: real 0.008s	user 0.008s	sys 0.000s
I20260710 11:10:07.444882 22789 raft_consensus.cc:359] T 61cf8acf04764cfda6bfdec8ee795343 P 2bfb742492b9415f907209986958ed32 [term 0 FOLLOWER]: Replica starting. Triggering 0 pending ops. Active config: opid_index: -1 OBSOLETE_local: false peers { permanent_uuid: "e3523b89e4db46b6903319cd0972d2ad" member_type: VOTER last_known_addr { host: "127.20.243.193" port: 38387 } } peers { permanent_uuid: "2bfb742492b9415f907209986958ed32" member_type: VOTER last_known_addr { host: "127.20.243.194" port: 34077 } } peers { permanent_uuid: "99ee7942ae634609859518899678e5b6" member_type: VOTER last_known_addr { host: "127.20.243.195" port: 41919 } }
I20260710 11:10:07.445567 22789 raft_consensus.cc:385] T 61cf8acf04764cfda6bfdec8ee795343 P 2bfb742492b9415f907209986958ed32 [term 0 FOLLOWER]: Consensus starting up: Expiring failure detector timer to make a prompt election more likely
I20260710 11:10:07.445860 22790 tablet_bootstrap.cc:492] T 787fac09e08d403b82a9a769f97d7aef P 99ee7942ae634609859518899678e5b6: Bootstrap starting.
I20260710 11:10:07.445868 22789 raft_consensus.cc:740] T 61cf8acf04764cfda6bfdec8ee795343 P 2bfb742492b9415f907209986958ed32 [term 0 FOLLOWER]: Becoming Follower/Learner. State: Replica: 2bfb742492b9415f907209986958ed32, State: Initialized, Role: FOLLOWER
I20260710 11:10:07.446913 22789 consensus_queue.cc:260] T 61cf8acf04764cfda6bfdec8ee795343 P 2bfb742492b9415f907209986958ed32 [NON_LEADER]: Queue going to NON_LEADER mode. State: All replicated index: 0, Majority replicated index: 0, Committed index: 0, Last appended: 0.0, Last appended by leader: 0, Current term: 0, Majority size: -1, State: 0, Mode: NON_LEADER, active raft config: opid_index: -1 OBSOLETE_local: false peers { permanent_uuid: "e3523b89e4db46b6903319cd0972d2ad" member_type: VOTER last_known_addr { host: "127.20.243.193" port: 38387 } } peers { permanent_uuid: "2bfb742492b9415f907209986958ed32" member_type: VOTER last_known_addr { host: "127.20.243.194" port: 34077 } } peers { permanent_uuid: "99ee7942ae634609859518899678e5b6" member_type: VOTER last_known_addr { host: "127.20.243.195" port: 41919 } }
I20260710 11:10:07.447077 22795 raft_consensus.cc:359] T 3140fdce5753460facb58adf41fccd5c P e3523b89e4db46b6903319cd0972d2ad [term 0 FOLLOWER]: Replica starting. Triggering 0 pending ops. Active config: opid_index: -1 OBSOLETE_local: false peers { permanent_uuid: "e3523b89e4db46b6903319cd0972d2ad" member_type: VOTER last_known_addr { host: "127.20.243.193" port: 38387 } } peers { permanent_uuid: "2bfb742492b9415f907209986958ed32" member_type: VOTER last_known_addr { host: "127.20.243.194" port: 34077 } } peers { permanent_uuid: "99ee7942ae634609859518899678e5b6" member_type: VOTER last_known_addr { host: "127.20.243.195" port: 41919 } }
I20260710 11:10:07.447870 22795 raft_consensus.cc:385] T 3140fdce5753460facb58adf41fccd5c P e3523b89e4db46b6903319cd0972d2ad [term 0 FOLLOWER]: Consensus starting up: Expiring failure detector timer to make a prompt election more likely
I20260710 11:10:07.448202 22795 raft_consensus.cc:740] T 3140fdce5753460facb58adf41fccd5c P e3523b89e4db46b6903319cd0972d2ad [term 0 FOLLOWER]: Becoming Follower/Learner. State: Replica: e3523b89e4db46b6903319cd0972d2ad, State: Initialized, Role: FOLLOWER
I20260710 11:10:07.449080 22795 consensus_queue.cc:260] T 3140fdce5753460facb58adf41fccd5c P e3523b89e4db46b6903319cd0972d2ad [NON_LEADER]: Queue going to NON_LEADER mode. State: All replicated index: 0, Majority replicated index: 0, Committed index: 0, Last appended: 0.0, Last appended by leader: 0, Current term: 0, Majority size: -1, State: 0, Mode: NON_LEADER, active raft config: opid_index: -1 OBSOLETE_local: false peers { permanent_uuid: "e3523b89e4db46b6903319cd0972d2ad" member_type: VOTER last_known_addr { host: "127.20.243.193" port: 38387 } } peers { permanent_uuid: "2bfb742492b9415f907209986958ed32" member_type: VOTER last_known_addr { host: "127.20.243.194" port: 34077 } } peers { permanent_uuid: "99ee7942ae634609859518899678e5b6" member_type: VOTER last_known_addr { host: "127.20.243.195" port: 41919 } }
I20260710 11:10:07.451424 22795 ts_tablet_manager.cc:1434] T 3140fdce5753460facb58adf41fccd5c P e3523b89e4db46b6903319cd0972d2ad: Time spent starting tablet: real 0.010s	user 0.005s	sys 0.000s
I20260710 11:10:07.452414 22795 tablet_bootstrap.cc:492] T 787fac09e08d403b82a9a769f97d7aef P e3523b89e4db46b6903319cd0972d2ad: Bootstrap starting.
I20260710 11:10:07.453094 22790 tablet_bootstrap.cc:654] T 787fac09e08d403b82a9a769f97d7aef P 99ee7942ae634609859518899678e5b6: Neither blocks nor log segments found. Creating new log.
I20260710 11:10:07.457341 22789 ts_tablet_manager.cc:1434] T 61cf8acf04764cfda6bfdec8ee795343 P 2bfb742492b9415f907209986958ed32: Time spent starting tablet: real 0.019s	user 0.006s	sys 0.002s
I20260710 11:10:07.449110 22496 catalog_manager.cc:5697] T c41b66f8b9b842b4afec43a42ae9bed2 P 99ee7942ae634609859518899678e5b6 reported cstate change: term changed from 0 to 1, leader changed from <none> to 99ee7942ae634609859518899678e5b6 (127.20.243.195). New cstate: current_term: 1 leader_uuid: "99ee7942ae634609859518899678e5b6" committed_config { opid_index: -1 OBSOLETE_local: false peers { permanent_uuid: "e3523b89e4db46b6903319cd0972d2ad" member_type: VOTER last_known_addr { host: "127.20.243.193" port: 38387 } health_report { overall_health: UNKNOWN } } peers { permanent_uuid: "2bfb742492b9415f907209986958ed32" member_type: VOTER last_known_addr { host: "127.20.243.194" port: 34077 } health_report { overall_health: UNKNOWN } } peers { permanent_uuid: "99ee7942ae634609859518899678e5b6" member_type: VOTER last_known_addr { host: "127.20.243.195" port: 41919 } health_report { overall_health: HEALTHY } } }
I20260710 11:10:07.458770 22795 tablet_bootstrap.cc:654] T 787fac09e08d403b82a9a769f97d7aef P e3523b89e4db46b6903319cd0972d2ad: Neither blocks nor log segments found. Creating new log.
I20260710 11:10:07.464993 22790 tablet_bootstrap.cc:492] T 787fac09e08d403b82a9a769f97d7aef P 99ee7942ae634609859518899678e5b6: No bootstrap required, opened a new log
I20260710 11:10:07.465478 22790 ts_tablet_manager.cc:1403] T 787fac09e08d403b82a9a769f97d7aef P 99ee7942ae634609859518899678e5b6: Time spent bootstrapping tablet: real 0.020s	user 0.013s	sys 0.003s
I20260710 11:10:07.468596 22789 tablet_bootstrap.cc:492] T 0a49df84c84e43b588bf2cbcc07b9ff0 P 2bfb742492b9415f907209986958ed32: Bootstrap starting.
I20260710 11:10:07.469808 22795 tablet_bootstrap.cc:492] T 787fac09e08d403b82a9a769f97d7aef P e3523b89e4db46b6903319cd0972d2ad: No bootstrap required, opened a new log
I20260710 11:10:07.470247 22795 ts_tablet_manager.cc:1403] T 787fac09e08d403b82a9a769f97d7aef P e3523b89e4db46b6903319cd0972d2ad: Time spent bootstrapping tablet: real 0.018s	user 0.004s	sys 0.012s
I20260710 11:10:07.473033 22795 raft_consensus.cc:359] T 787fac09e08d403b82a9a769f97d7aef P e3523b89e4db46b6903319cd0972d2ad [term 0 FOLLOWER]: Replica starting. Triggering 0 pending ops. Active config: opid_index: -1 OBSOLETE_local: false peers { permanent_uuid: "e3523b89e4db46b6903319cd0972d2ad" member_type: VOTER last_known_addr { host: "127.20.243.193" port: 38387 } } peers { permanent_uuid: "2bfb742492b9415f907209986958ed32" member_type: VOTER last_known_addr { host: "127.20.243.194" port: 34077 } } peers { permanent_uuid: "99ee7942ae634609859518899678e5b6" member_type: VOTER last_known_addr { host: "127.20.243.195" port: 41919 } }
I20260710 11:10:07.473804 22795 raft_consensus.cc:385] T 787fac09e08d403b82a9a769f97d7aef P e3523b89e4db46b6903319cd0972d2ad [term 0 FOLLOWER]: Consensus starting up: Expiring failure detector timer to make a prompt election more likely
I20260710 11:10:07.474081 22795 raft_consensus.cc:740] T 787fac09e08d403b82a9a769f97d7aef P e3523b89e4db46b6903319cd0972d2ad [term 0 FOLLOWER]: Becoming Follower/Learner. State: Replica: e3523b89e4db46b6903319cd0972d2ad, State: Initialized, Role: FOLLOWER
I20260710 11:10:07.474905 22795 consensus_queue.cc:260] T 787fac09e08d403b82a9a769f97d7aef P e3523b89e4db46b6903319cd0972d2ad [NON_LEADER]: Queue going to NON_LEADER mode. State: All replicated index: 0, Majority replicated index: 0, Committed index: 0, Last appended: 0.0, Last appended by leader: 0, Current term: 0, Majority size: -1, State: 0, Mode: NON_LEADER, active raft config: opid_index: -1 OBSOLETE_local: false peers { permanent_uuid: "e3523b89e4db46b6903319cd0972d2ad" member_type: VOTER last_known_addr { host: "127.20.243.193" port: 38387 } } peers { permanent_uuid: "2bfb742492b9415f907209986958ed32" member_type: VOTER last_known_addr { host: "127.20.243.194" port: 34077 } } peers { permanent_uuid: "99ee7942ae634609859518899678e5b6" member_type: VOTER last_known_addr { host: "127.20.243.195" port: 41919 } }
I20260710 11:10:07.476419 22790 raft_consensus.cc:359] T 787fac09e08d403b82a9a769f97d7aef P 99ee7942ae634609859518899678e5b6 [term 0 FOLLOWER]: Replica starting. Triggering 0 pending ops. Active config: opid_index: -1 OBSOLETE_local: false peers { permanent_uuid: "e3523b89e4db46b6903319cd0972d2ad" member_type: VOTER last_known_addr { host: "127.20.243.193" port: 38387 } } peers { permanent_uuid: "2bfb742492b9415f907209986958ed32" member_type: VOTER last_known_addr { host: "127.20.243.194" port: 34077 } } peers { permanent_uuid: "99ee7942ae634609859518899678e5b6" member_type: VOTER last_known_addr { host: "127.20.243.195" port: 41919 } }
I20260710 11:10:07.476965 22795 ts_tablet_manager.cc:1434] T 787fac09e08d403b82a9a769f97d7aef P e3523b89e4db46b6903319cd0972d2ad: Time spent starting tablet: real 0.006s	user 0.007s	sys 0.000s
I20260710 11:10:07.477161 22790 raft_consensus.cc:385] T 787fac09e08d403b82a9a769f97d7aef P 99ee7942ae634609859518899678e5b6 [term 0 FOLLOWER]: Consensus starting up: Expiring failure detector timer to make a prompt election more likely
I20260710 11:10:07.477519 22790 raft_consensus.cc:740] T 787fac09e08d403b82a9a769f97d7aef P 99ee7942ae634609859518899678e5b6 [term 0 FOLLOWER]: Becoming Follower/Learner. State: Replica: 99ee7942ae634609859518899678e5b6, State: Initialized, Role: FOLLOWER
I20260710 11:10:07.478188 22795 tablet_bootstrap.cc:492] T 0a49df84c84e43b588bf2cbcc07b9ff0 P e3523b89e4db46b6903319cd0972d2ad: Bootstrap starting.
