I20260710 11:10:08.228396 22875 consensus_queue.cc:1048] T 12a9b6cc9b2540339384d36cc4d7d162 P 99ee7942ae634609859518899678e5b6 [LEADER]: Connected to new peer: Peer: permanent_uuid: "e3523b89e4db46b6903319cd0972d2ad" member_type: VOTER last_known_addr { host: "127.20.243.193" port: 38387 }, Status: LMP_MISMATCH, Last received: 0.0, Next index: 1, Last known committed idx: 0, Time since last communication: 0.004s
I20260710 11:10:08.233311 22747 raft_consensus.cc:2468] T 5708749fedc14f8cad1f8697dbab40b7 P 99ee7942ae634609859518899678e5b6 [term 1 FOLLOWER]: Leader election vote request: Granting yes vote for candidate 2bfb742492b9415f907209986958ed32 in term 1.
I20260710 11:10:08.235088 22639 leader_election.cc:304] T 5708749fedc14f8cad1f8697dbab40b7 P 2bfb742492b9415f907209986958ed32 [CANDIDATE]: Term 1 election: Election decided. Result: candidate won. Election summary: received 2 responses out of 3 voters: 2 yes votes; 0 no votes. yes voters: 2bfb742492b9415f907209986958ed32, 99ee7942ae634609859518899678e5b6; no voters: 
I20260710 11:10:08.237496 22599 raft_consensus.cc:2468] T 5708749fedc14f8cad1f8697dbab40b7 P e3523b89e4db46b6903319cd0972d2ad [term 1 FOLLOWER]: Leader election vote request: Granting yes vote for candidate 2bfb742492b9415f907209986958ed32 in term 1.
I20260710 11:10:08.238188 22879 raft_consensus.cc:2804] T 5708749fedc14f8cad1f8697dbab40b7 P 2bfb742492b9415f907209986958ed32 [term 1 FOLLOWER]: Leader election won for term 1
I20260710 11:10:08.238706 22879 raft_consensus.cc:697] T 5708749fedc14f8cad1f8697dbab40b7 P 2bfb742492b9415f907209986958ed32 [term 1 LEADER]: Becoming Leader. State: Replica: 2bfb742492b9415f907209986958ed32, State: Running, Role: LEADER
I20260710 11:10:08.239528 22879 consensus_queue.cc:237] T 5708749fedc14f8cad1f8697dbab40b7 P 2bfb742492b9415f907209986958ed32 [LEADER]: Queue going to LEADER mode. State: All replicated index: 0, Majority replicated index: 0, Committed index: 0, Last appended: 0.0, Last appended by leader: 0, Current term: 1, Majority size: 2, State: 0, Mode: LEADER, active raft config: opid_index: -1 OBSOLETE_local: false peers { permanent_uuid: "e3523b89e4db46b6903319cd0972d2ad" member_type: VOTER last_known_addr { host: "127.20.243.193" port: 38387 } } peers { permanent_uuid: "2bfb742492b9415f907209986958ed32" member_type: VOTER last_known_addr { host: "127.20.243.194" port: 34077 } } peers { permanent_uuid: "99ee7942ae634609859518899678e5b6" member_type: VOTER last_known_addr { host: "127.20.243.195" port: 41919 } }
I20260710 11:10:08.239310 22495 catalog_manager.cc:5697] T 6c6ab6ec852f43d0a78c0f599d5d2bf1 P 2bfb742492b9415f907209986958ed32 reported cstate change: term changed from 0 to 1, leader changed from <none> to 2bfb742492b9415f907209986958ed32 (127.20.243.194). New cstate: current_term: 1 leader_uuid: "2bfb742492b9415f907209986958ed32" committed_config { opid_index: -1 OBSOLETE_local: false peers { permanent_uuid: "e3523b89e4db46b6903319cd0972d2ad" member_type: VOTER last_known_addr { host: "127.20.243.193" port: 38387 } health_report { overall_health: UNKNOWN } } peers { permanent_uuid: "2bfb742492b9415f907209986958ed32" member_type: VOTER last_known_addr { host: "127.20.243.194" port: 34077 } health_report { overall_health: HEALTHY } } peers { permanent_uuid: "99ee7942ae634609859518899678e5b6" member_type: VOTER last_known_addr { host: "127.20.243.195" port: 41919 } health_report { overall_health: UNKNOWN } } }
I20260710 11:10:08.255162 22815 raft_consensus.cc:493] T 2b368eb17c7149bcb38ed80fd95a0447 P 99ee7942ae634609859518899678e5b6 [term 0 FOLLOWER]: Starting pre-election (no leader contacted us within the election timeout)
I20260710 11:10:08.255748 22815 raft_consensus.cc:515] T 2b368eb17c7149bcb38ed80fd95a0447 P 99ee7942ae634609859518899678e5b6 [term 0 FOLLOWER]: Starting pre-election with config: opid_index: -1 OBSOLETE_local: false peers { permanent_uuid: "e3523b89e4db46b6903319cd0972d2ad" member_type: VOTER last_known_addr { host: "127.20.243.193" port: 38387 } } peers { permanent_uuid: "2bfb742492b9415f907209986958ed32" member_type: VOTER last_known_addr { host: "127.20.243.194" port: 34077 } } peers { permanent_uuid: "99ee7942ae634609859518899678e5b6" member_type: VOTER last_known_addr { host: "127.20.243.195" port: 41919 } }
I20260710 11:10:08.258265 22815 leader_election.cc:290] T 2b368eb17c7149bcb38ed80fd95a0447 P 99ee7942ae634609859518899678e5b6 [CANDIDATE]: Term 1 pre-election: Requested pre-vote from peers e3523b89e4db46b6903319cd0972d2ad (127.20.243.193:38387), 2bfb742492b9415f907209986958ed32 (127.20.243.194:34077)
I20260710 11:10:08.261070 22673 tablet_service.cc:1917] Received RequestConsensusVote() RPC: tablet_id: "2b368eb17c7149bcb38ed80fd95a0447" candidate_uuid: "99ee7942ae634609859518899678e5b6" candidate_term: 1 candidate_status { last_received { term: 0 index: 0 } } ignore_live_leader: false dest_uuid: "2bfb742492b9415f907209986958ed32" is_pre_election: true
W20260710 11:10:08.263206 22715 leader_election.cc:343] T 2b368eb17c7149bcb38ed80fd95a0447 P 99ee7942ae634609859518899678e5b6 [CANDIDATE]: Term 1 pre-election: Tablet error from VoteRequest() call to peer 2bfb742492b9415f907209986958ed32 (127.20.243.194:34077): Illegal state: must be running to vote when last-logged opid is not known
I20260710 11:10:08.271384 22814 consensus_queue.cc:1048] T 0a49df84c84e43b588bf2cbcc07b9ff0 P 2bfb742492b9415f907209986958ed32 [LEADER]: Connected to new peer: Peer: permanent_uuid: "e3523b89e4db46b6903319cd0972d2ad" member_type: VOTER last_known_addr { host: "127.20.243.193" port: 38387 }, Status: LMP_MISMATCH, Last received: 0.0, Next index: 1, Last known committed idx: 0, Time since last communication: 0.001s
I20260710 11:10:08.276373 22843 consensus_queue.cc:1048] T 787fac09e08d403b82a9a769f97d7aef P e3523b89e4db46b6903319cd0972d2ad [LEADER]: Connected to new peer: Peer: permanent_uuid: "2bfb742492b9415f907209986958ed32" member_type: VOTER last_known_addr { host: "127.20.243.194" port: 34077 }, Status: LMP_MISMATCH, Last received: 0.0, Next index: 1, Last known committed idx: 0, Time since last communication: 0.000s
I20260710 11:10:08.277594 22793 raft_consensus.cc:515] T afc505ad605546daabf339a3d3d9320f P 2bfb742492b9415f907209986958ed32 [term 1 FOLLOWER]: Starting leader election with config: opid_index: -1 OBSOLETE_local: false peers { permanent_uuid: "e3523b89e4db46b6903319cd0972d2ad" member_type: VOTER last_known_addr { host: "127.20.243.193" port: 38387 } } peers { permanent_uuid: "2bfb742492b9415f907209986958ed32" member_type: VOTER last_known_addr { host: "127.20.243.194" port: 34077 } } peers { permanent_uuid: "99ee7942ae634609859518899678e5b6" member_type: VOTER last_known_addr { host: "127.20.243.195" port: 41919 } }
I20260710 11:10:08.286793 22600 tablet_service.cc:1917] Received RequestConsensusVote() RPC: tablet_id: "2b368eb17c7149bcb38ed80fd95a0447" candidate_uuid: "99ee7942ae634609859518899678e5b6" candidate_term: 1 candidate_status { last_received { term: 0 index: 0 } } ignore_live_leader: false dest_uuid: "e3523b89e4db46b6903319cd0972d2ad" is_pre_election: true
I20260710 11:10:08.293370 22879 consensus_queue.cc:1048] T 0a49df84c84e43b588bf2cbcc07b9ff0 P 2bfb742492b9415f907209986958ed32 [LEADER]: Connected to new peer: Peer: permanent_uuid: "99ee7942ae634609859518899678e5b6" member_type: VOTER last_known_addr { host: "127.20.243.195" port: 41919 }, Status: LMP_MISMATCH, Last received: 0.0, Next index: 1, Last known committed idx: 0, Time since last communication: 0.000s
I20260710 11:10:08.296276 22495 catalog_manager.cc:5697] T 733db37088bd44029d05c3f76c1c6ddc P 99ee7942ae634609859518899678e5b6 reported cstate change: term changed from 0 to 1, leader changed from <none> to 99ee7942ae634609859518899678e5b6 (127.20.243.195). New cstate: current_term: 1 leader_uuid: "99ee7942ae634609859518899678e5b6" committed_config { opid_index: -1 OBSOLETE_local: false peers { permanent_uuid: "e3523b89e4db46b6903319cd0972d2ad" member_type: VOTER last_known_addr { host: "127.20.243.193" port: 38387 } health_report { overall_health: UNKNOWN } } peers { permanent_uuid: "2bfb742492b9415f907209986958ed32" member_type: VOTER last_known_addr { host: "127.20.243.194" port: 34077 } health_report { overall_health: UNKNOWN } } peers { permanent_uuid: "99ee7942ae634609859518899678e5b6" member_type: VOTER last_known_addr { host: "127.20.243.195" port: 41919 } health_report { overall_health: HEALTHY } } }
I20260710 11:10:08.297399 22789 tablet_bootstrap.cc:492] T 07e852fa29ff41758a09d34130d32a55 P 2bfb742492b9415f907209986958ed32: No bootstrap required, opened a new log
I20260710 11:10:08.297876 22789 ts_tablet_manager.cc:1403] T 07e852fa29ff41758a09d34130d32a55 P 2bfb742492b9415f907209986958ed32: Time spent bootstrapping tablet: real 0.152s	user 0.002s	sys 0.010s
I20260710 11:10:08.296964 22498 catalog_manager.cc:5697] T 5708749fedc14f8cad1f8697dbab40b7 P 2bfb742492b9415f907209986958ed32 reported cstate change: term changed from 0 to 1, leader changed from <none> to 2bfb742492b9415f907209986958ed32 (127.20.243.194). New cstate: current_term: 1 leader_uuid: "2bfb742492b9415f907209986958ed32" committed_config { opid_index: -1 OBSOLETE_local: false peers { permanent_uuid: "e3523b89e4db46b6903319cd0972d2ad" member_type: VOTER last_known_addr { host: "127.20.243.193" port: 38387 } health_report { overall_health: UNKNOWN } } peers { permanent_uuid: "2bfb742492b9415f907209986958ed32" member_type: VOTER last_known_addr { host: "127.20.243.194" port: 34077 } health_report { overall_health: HEALTHY } } peers { permanent_uuid: "99ee7942ae634609859518899678e5b6" member_type: VOTER last_known_addr { host: "127.20.243.195" port: 41919 } health_report { overall_health: UNKNOWN } } }
I20260710 11:10:08.300421 22793 leader_election.cc:290] T afc505ad605546daabf339a3d3d9320f P 2bfb742492b9415f907209986958ed32 [CANDIDATE]: Term 1 election: Requested vote from peers e3523b89e4db46b6903319cd0972d2ad (127.20.243.193:38387), 99ee7942ae634609859518899678e5b6 (127.20.243.195:41919)
I20260710 11:10:08.301520 22598 tablet_service.cc:1917] Received RequestConsensusVote() RPC: tablet_id: "afc505ad605546daabf339a3d3d9320f" candidate_uuid: "2bfb742492b9415f907209986958ed32" candidate_term: 1 candidate_status { last_received { term: 0 index: 0 } } ignore_live_leader: false dest_uuid: "e3523b89e4db46b6903319cd0972d2ad"
I20260710 11:10:08.302359 22598 raft_consensus.cc:3060] T afc505ad605546daabf339a3d3d9320f P e3523b89e4db46b6903319cd0972d2ad [term 0 FOLLOWER]: Advancing to term 1
I20260710 11:10:08.302565 22789 raft_consensus.cc:359] T 07e852fa29ff41758a09d34130d32a55 P 2bfb742492b9415f907209986958ed32 [term 0 FOLLOWER]: Replica starting. Triggering 0 pending ops. Active config: opid_index: -1 OBSOLETE_local: false peers { permanent_uuid: "e3523b89e4db46b6903319cd0972d2ad" member_type: VOTER last_known_addr { host: "127.20.243.193" port: 38387 } } peers { permanent_uuid: "2bfb742492b9415f907209986958ed32" member_type: VOTER last_known_addr { host: "127.20.243.194" port: 34077 } } peers { permanent_uuid: "99ee7942ae634609859518899678e5b6" member_type: VOTER last_known_addr { host: "127.20.243.195" port: 41919 } }
I20260710 11:10:08.303262 22789 raft_consensus.cc:385] T 07e852fa29ff41758a09d34130d32a55 P 2bfb742492b9415f907209986958ed32 [term 0 FOLLOWER]: Consensus starting up: Expiring failure detector timer to make a prompt election more likely
I20260710 11:10:08.303514 22789 raft_consensus.cc:740] T 07e852fa29ff41758a09d34130d32a55 P 2bfb742492b9415f907209986958ed32 [term 0 FOLLOWER]: Becoming Follower/Learner. State: Replica: 2bfb742492b9415f907209986958ed32, State: Initialized, Role: FOLLOWER
I20260710 11:10:08.307041 22790 tablet_bootstrap.cc:492] T 8fbec005ce2649c694c1bee9f4f01afa P 99ee7942ae634609859518899678e5b6: No bootstrap required, opened a new log
I20260710 11:10:08.307592 22790 ts_tablet_manager.cc:1403] T 8fbec005ce2649c694c1bee9f4f01afa P 99ee7942ae634609859518899678e5b6: Time spent bootstrapping tablet: real 0.286s	user 0.047s	sys 0.033s
I20260710 11:10:08.310380 22790 raft_consensus.cc:359] T 8fbec005ce2649c694c1bee9f4f01afa P 99ee7942ae634609859518899678e5b6 [term 0 FOLLOWER]: Replica starting. Triggering 0 pending ops. Active config: opid_index: -1 OBSOLETE_local: false peers { permanent_uuid: "e3523b89e4db46b6903319cd0972d2ad" member_type: VOTER last_known_addr { host: "127.20.243.193" port: 38387 } } peers { permanent_uuid: "2bfb742492b9415f907209986958ed32" member_type: VOTER last_known_addr { host: "127.20.243.194" port: 34077 } } peers { permanent_uuid: "99ee7942ae634609859518899678e5b6" member_type: VOTER last_known_addr { host: "127.20.243.195" port: 41919 } }
I20260710 11:10:08.311072 22790 raft_consensus.cc:385] T 8fbec005ce2649c694c1bee9f4f01afa P 99ee7942ae634609859518899678e5b6 [term 0 FOLLOWER]: Consensus starting up: Expiring failure detector timer to make a prompt election more likely
W20260710 11:10:08.314886 22714 leader_election.cc:343] T 2b368eb17c7149bcb38ed80fd95a0447 P 99ee7942ae634609859518899678e5b6 [CANDIDATE]: Term 1 pre-election: Tablet error from VoteRequest() call to peer e3523b89e4db46b6903319cd0972d2ad (127.20.243.193:38387): Illegal state: must be running to vote when last-logged opid is not known
I20260710 11:10:08.315364 22714 leader_election.cc:304] T 2b368eb17c7149bcb38ed80fd95a0447 P 99ee7942ae634609859518899678e5b6 [CANDIDATE]: Term 1 pre-election: Election decided. Result: candidate lost. Election summary: received 3 responses out of 3 voters: 1 yes votes; 2 no votes. yes voters: 99ee7942ae634609859518899678e5b6; no voters: 2bfb742492b9415f907209986958ed32, e3523b89e4db46b6903319cd0972d2ad
I20260710 11:10:08.306646 22789 consensus_queue.cc:260] T 07e852fa29ff41758a09d34130d32a55 P 2bfb742492b9415f907209986958ed32 [NON_LEADER]: Queue going to NON_LEADER mode. State: All replicated index: 0, Majority replicated index: 0, Committed index: 0, Last appended: 0.0, Last appended by leader: 0, Current term: 0, Majority size: -1, State: 0, Mode: NON_LEADER, active raft config: opid_index: -1 OBSOLETE_local: false peers { permanent_uuid: "e3523b89e4db46b6903319cd0972d2ad" member_type: VOTER last_known_addr { host: "127.20.243.193" port: 38387 } } peers { permanent_uuid: "2bfb742492b9415f907209986958ed32" member_type: VOTER last_known_addr { host: "127.20.243.194" port: 34077 } } peers { permanent_uuid: "99ee7942ae634609859518899678e5b6" member_type: VOTER last_known_addr { host: "127.20.243.195" port: 41919 } }
I20260710 11:10:08.316422 22815 raft_consensus.cc:2749] T 2b368eb17c7149bcb38ed80fd95a0447 P 99ee7942ae634609859518899678e5b6 [term 0 FOLLOWER]: Leader pre-election lost for term 1. Reason: could not achieve majority
I20260710 11:10:08.317363 22789 ts_tablet_manager.cc:1434] T 07e852fa29ff41758a09d34130d32a55 P 2bfb742492b9415f907209986958ed32: Time spent starting tablet: real 0.019s	user 0.005s	sys 0.001s
I20260710 11:10:08.318267 22789 tablet_bootstrap.cc:492] T 8fbec005ce2649c694c1bee9f4f01afa P 2bfb742492b9415f907209986958ed32: Bootstrap starting.
I20260710 11:10:08.327847 22810 consensus_queue.cc:1048] T 12a9b6cc9b2540339384d36cc4d7d162 P 99ee7942ae634609859518899678e5b6 [LEADER]: Connected to new peer: Peer: permanent_uuid: "2bfb742492b9415f907209986958ed32" member_type: VOTER last_known_addr { host: "127.20.243.194" port: 34077 }, Status: LMP_MISMATCH, Last received: 0.0, Next index: 1, Last known committed idx: 0, Time since last communication: 0.000s
I20260710 11:10:08.328815 22598 raft_consensus.cc:2468] T afc505ad605546daabf339a3d3d9320f P e3523b89e4db46b6903319cd0972d2ad [term 1 FOLLOWER]: Leader election vote request: Granting yes vote for candidate 2bfb742492b9415f907209986958ed32 in term 1.
I20260710 11:10:08.329629 22747 tablet_service.cc:1917] Received RequestConsensusVote() RPC: tablet_id: "afc505ad605546daabf339a3d3d9320f" candidate_uuid: "2bfb742492b9415f907209986958ed32" candidate_term: 1 candidate_status { last_received { term: 0 index: 0 } } ignore_live_leader: false dest_uuid: "99ee7942ae634609859518899678e5b6"
I20260710 11:10:08.330904 22640 leader_election.cc:304] T afc505ad605546daabf339a3d3d9320f P 2bfb742492b9415f907209986958ed32 [CANDIDATE]: Term 1 election: Election decided. Result: candidate won. Election summary: received 2 responses out of 3 voters: 2 yes votes; 0 no votes. yes voters: 2bfb742492b9415f907209986958ed32, e3523b89e4db46b6903319cd0972d2ad; no voters: 
I20260710 11:10:08.331708 22814 raft_consensus.cc:2804] T afc505ad605546daabf339a3d3d9320f P 2bfb742492b9415f907209986958ed32 [term 1 FOLLOWER]: Leader election won for term 1
I20260710 11:10:08.332854 22814 raft_consensus.cc:697] T afc505ad605546daabf339a3d3d9320f P 2bfb742492b9415f907209986958ed32 [term 1 LEADER]: Becoming Leader. State: Replica: 2bfb742492b9415f907209986958ed32, State: Running, Role: LEADER
I20260710 11:10:08.333820 22814 consensus_queue.cc:237] T afc505ad605546daabf339a3d3d9320f P 2bfb742492b9415f907209986958ed32 [LEADER]: Queue going to LEADER mode. State: All replicated index: 0, Majority replicated index: 0, Committed index: 0, Last appended: 0.0, Last appended by leader: 0, Current term: 1, Majority size: 2, State: 0, Mode: LEADER, active raft config: opid_index: -1 OBSOLETE_local: false peers { permanent_uuid: "e3523b89e4db46b6903319cd0972d2ad" member_type: VOTER last_known_addr { host: "127.20.243.193" port: 38387 } } peers { permanent_uuid: "2bfb742492b9415f907209986958ed32" member_type: VOTER last_known_addr { host: "127.20.243.194" port: 34077 } } peers { permanent_uuid: "99ee7942ae634609859518899678e5b6" member_type: VOTER last_known_addr { host: "127.20.243.195" port: 41919 } }
W20260710 11:10:08.332479 22639 leader_election.cc:343] T afc505ad605546daabf339a3d3d9320f P 2bfb742492b9415f907209986958ed32 [CANDIDATE]: Term 1 election: Tablet error from VoteRequest() call to peer 99ee7942ae634609859518899678e5b6 (127.20.243.195:41919): Illegal state: must be running to vote when last-logged opid is not known
I20260710 11:10:08.311367 22790 raft_consensus.cc:740] T 8fbec005ce2649c694c1bee9f4f01afa P 99ee7942ae634609859518899678e5b6 [term 0 FOLLOWER]: Becoming Follower/Learner. State: Replica: 99ee7942ae634609859518899678e5b6, State: Initialized, Role: FOLLOWER
I20260710 11:10:08.339720 22795 tablet_bootstrap.cc:492] T 911a63f0dbbc45e3a9d563309a7ee520 P e3523b89e4db46b6903319cd0972d2ad: No bootstrap required, opened a new log
I20260710 11:10:08.350857 22795 ts_tablet_manager.cc:1403] T 911a63f0dbbc45e3a9d563309a7ee520 P e3523b89e4db46b6903319cd0972d2ad: Time spent bootstrapping tablet: real 0.156s	user 0.039s	sys 0.029s
I20260710 11:10:08.351061 22790 consensus_queue.cc:260] T 8fbec005ce2649c694c1bee9f4f01afa P 99ee7942ae634609859518899678e5b6 [NON_LEADER]: Queue going to NON_LEADER mode. State: All replicated index: 0, Majority replicated index: 0, Committed index: 0, Last appended: 0.0, Last appended by leader: 0, Current term: 0, Majority size: -1, State: 0, Mode: NON_LEADER, active raft config: opid_index: -1 OBSOLETE_local: false peers { permanent_uuid: "e3523b89e4db46b6903319cd0972d2ad" member_type: VOTER last_known_addr { host: "127.20.243.193" port: 38387 } } peers { permanent_uuid: "2bfb742492b9415f907209986958ed32" member_type: VOTER last_known_addr { host: "127.20.243.194" port: 34077 } } peers { permanent_uuid: "99ee7942ae634609859518899678e5b6" member_type: VOTER last_known_addr { host: "127.20.243.195" port: 41919 } }
I20260710 11:10:08.353600 22795 raft_consensus.cc:359] T 911a63f0dbbc45e3a9d563309a7ee520 P e3523b89e4db46b6903319cd0972d2ad [term 0 FOLLOWER]: Replica starting. Triggering 0 pending ops. Active config: opid_index: -1 OBSOLETE_local: false peers { permanent_uuid: "e3523b89e4db46b6903319cd0972d2ad" member_type: VOTER last_known_addr { host: "127.20.243.193" port: 38387 } } peers { permanent_uuid: "2bfb742492b9415f907209986958ed32" member_type: VOTER last_known_addr { host: "127.20.243.194" port: 34077 } } peers { permanent_uuid: "99ee7942ae634609859518899678e5b6" member_type: VOTER last_known_addr { host: "127.20.243.195" port: 41919 } }
I20260710 11:10:08.354291 22795 raft_consensus.cc:385] T 911a63f0dbbc45e3a9d563309a7ee520 P e3523b89e4db46b6903319cd0972d2ad [term 0 FOLLOWER]: Consensus starting up: Expiring failure detector timer to make a prompt election more likely
I20260710 11:10:08.354516 22790 ts_tablet_manager.cc:1434] T 8fbec005ce2649c694c1bee9f4f01afa P 99ee7942ae634609859518899678e5b6: Time spent starting tablet: real 0.047s	user 0.006s	sys 0.000s
I20260710 11:10:08.354578 22795 raft_consensus.cc:740] T 911a63f0dbbc45e3a9d563309a7ee520 P e3523b89e4db46b6903319cd0972d2ad [term 0 FOLLOWER]: Becoming Follower/Learner. State: Replica: e3523b89e4db46b6903319cd0972d2ad, State: Initialized, Role: FOLLOWER
I20260710 11:10:08.341045 22789 tablet_bootstrap.cc:654] T 8fbec005ce2649c694c1bee9f4f01afa P 2bfb742492b9415f907209986958ed32: Neither blocks nor log segments found. Creating new log.
I20260710 11:10:08.355516 22790 tablet_bootstrap.cc:492] T afc505ad605546daabf339a3d3d9320f P 99ee7942ae634609859518899678e5b6: Bootstrap starting.
I20260710 11:10:08.358863 22795 consensus_queue.cc:260] T 911a63f0dbbc45e3a9d563309a7ee520 P e3523b89e4db46b6903319cd0972d2ad [NON_LEADER]: Queue going to NON_LEADER mode. State: All replicated index: 0, Majority replicated index: 0, Committed index: 0, Last appended: 0.0, Last appended by leader: 0, Current term: 0, Majority size: -1, State: 0, Mode: NON_LEADER, active raft config: opid_index: -1 OBSOLETE_local: false peers { permanent_uuid: "e3523b89e4db46b6903319cd0972d2ad" member_type: VOTER last_known_addr { host: "127.20.243.193" port: 38387 } } peers { permanent_uuid: "2bfb742492b9415f907209986958ed32" member_type: VOTER last_known_addr { host: "127.20.243.194" port: 34077 } } peers { permanent_uuid: "99ee7942ae634609859518899678e5b6" member_type: VOTER last_known_addr { host: "127.20.243.195" port: 41919 } }
I20260710 11:10:08.361125 22795 ts_tablet_manager.cc:1434] T 911a63f0dbbc45e3a9d563309a7ee520 P e3523b89e4db46b6903319cd0972d2ad: Time spent starting tablet: real 0.010s	user 0.003s	sys 0.002s
I20260710 11:10:08.362164 22795 tablet_bootstrap.cc:492] T 733db37088bd44029d05c3f76c1c6ddc P e3523b89e4db46b6903319cd0972d2ad: Bootstrap starting.
I20260710 11:10:08.364058 22790 tablet_bootstrap.cc:654] T afc505ad605546daabf339a3d3d9320f P 99ee7942ae634609859518899678e5b6: Neither blocks nor log segments found. Creating new log.
I20260710 11:10:08.369232 22842 consensus_queue.cc:1048] T 61cf8acf04764cfda6bfdec8ee795343 P e3523b89e4db46b6903319cd0972d2ad [LEADER]: Connected to new peer: Peer: permanent_uuid: "99ee7942ae634609859518899678e5b6" member_type: VOTER last_known_addr { host: "127.20.243.195" port: 41919 }, Status: LMP_MISMATCH, Last received: 0.0, Next index: 1, Last known committed idx: 0, Time since last communication: 0.000s
I20260710 11:10:08.373088 22795 tablet_bootstrap.cc:654] T 733db37088bd44029d05c3f76c1c6ddc P e3523b89e4db46b6903319cd0972d2ad: Neither blocks nor log segments found. Creating new log.
I20260710 11:10:08.377398 22790 tablet_bootstrap.cc:492] T afc505ad605546daabf339a3d3d9320f P 99ee7942ae634609859518899678e5b6: No bootstrap required, opened a new log
I20260710 11:10:08.377887 22790 ts_tablet_manager.cc:1403] T afc505ad605546daabf339a3d3d9320f P 99ee7942ae634609859518899678e5b6: Time spent bootstrapping tablet: real 0.023s	user 0.011s	sys 0.002s
I20260710 11:10:08.381207 22790 raft_consensus.cc:359] T afc505ad605546daabf339a3d3d9320f P 99ee7942ae634609859518899678e5b6 [term 0 FOLLOWER]: Replica starting. Triggering 0 pending ops. Active config: opid_index: -1 OBSOLETE_local: false peers { permanent_uuid: "e3523b89e4db46b6903319cd0972d2ad" member_type: VOTER last_known_addr { host: "127.20.243.193" port: 38387 } } peers { permanent_uuid: "2bfb742492b9415f907209986958ed32" member_type: VOTER last_known_addr { host: "127.20.243.194" port: 34077 } } peers { permanent_uuid: "99ee7942ae634609859518899678e5b6" member_type: VOTER last_known_addr { host: "127.20.243.195" port: 41919 } }
I20260710 11:10:08.382102 22790 raft_consensus.cc:385] T afc505ad605546daabf339a3d3d9320f P 99ee7942ae634609859518899678e5b6 [term 0 FOLLOWER]: Consensus starting up: Expiring failure detector timer to make a prompt election more likely
I20260710 11:10:08.382447 22790 raft_consensus.cc:740] T afc505ad605546daabf339a3d3d9320f P 99ee7942ae634609859518899678e5b6 [term 0 FOLLOWER]: Becoming Follower/Learner. State: Replica: 99ee7942ae634609859518899678e5b6, State: Initialized, Role: FOLLOWER
I20260710 11:10:08.385365 22790 consensus_queue.cc:260] T afc505ad605546daabf339a3d3d9320f P 99ee7942ae634609859518899678e5b6 [NON_LEADER]: Queue going to NON_LEADER mode. State: All replicated index: 0, Majority replicated index: 0, Committed index: 0, Last appended: 0.0, Last appended by leader: 0, Current term: 0, Majority size: -1, State: 0, Mode: NON_LEADER, active raft config: opid_index: -1 OBSOLETE_local: false peers { permanent_uuid: "e3523b89e4db46b6903319cd0972d2ad" member_type: VOTER last_known_addr { host: "127.20.243.193" port: 38387 } } peers { permanent_uuid: "2bfb742492b9415f907209986958ed32" member_type: VOTER last_known_addr { host: "127.20.243.194" port: 34077 } } peers { permanent_uuid: "99ee7942ae634609859518899678e5b6" member_type: VOTER last_known_addr { host: "127.20.243.195" port: 41919 } }
I20260710 11:10:08.387758 22790 ts_tablet_manager.cc:1434] T afc505ad605546daabf339a3d3d9320f P 99ee7942ae634609859518899678e5b6: Time spent starting tablet: real 0.010s	user 0.008s	sys 0.001s
I20260710 11:10:08.387863 22843 consensus_queue.cc:1048] T 61cf8acf04764cfda6bfdec8ee795343 P e3523b89e4db46b6903319cd0972d2ad [LEADER]: Connected to new peer: Peer: permanent_uuid: "2bfb742492b9415f907209986958ed32" member_type: VOTER last_known_addr { host: "127.20.243.194" port: 34077 }, Status: LMP_MISMATCH, Last received: 0.0, Next index: 1, Last known committed idx: 0, Time since last communication: 0.000s
I20260710 11:10:08.388787 22790 tablet_bootstrap.cc:492] T 911a63f0dbbc45e3a9d563309a7ee520 P 99ee7942ae634609859518899678e5b6: Bootstrap starting.
I20260710 11:10:08.396534 22790 tablet_bootstrap.cc:654] T 911a63f0dbbc45e3a9d563309a7ee520 P 99ee7942ae634609859518899678e5b6: Neither blocks nor log segments found. Creating new log.
I20260710 11:10:08.399602 22789 tablet_bootstrap.cc:492] T 8fbec005ce2649c694c1bee9f4f01afa P 2bfb742492b9415f907209986958ed32: No bootstrap required, opened a new log
I20260710 11:10:08.400775 22789 ts_tablet_manager.cc:1403] T 8fbec005ce2649c694c1bee9f4f01afa P 2bfb742492b9415f907209986958ed32: Time spent bootstrapping tablet: real 0.083s	user 0.018s	sys 0.016s
I20260710 11:10:08.402593 22795 tablet_bootstrap.cc:492] T 733db37088bd44029d05c3f76c1c6ddc P e3523b89e4db46b6903319cd0972d2ad: No bootstrap required, opened a new log
I20260710 11:10:08.403071 22795 ts_tablet_manager.cc:1403] T 733db37088bd44029d05c3f76c1c6ddc P e3523b89e4db46b6903319cd0972d2ad: Time spent bootstrapping tablet: real 0.041s	user 0.011s	sys 0.002s
I20260710 11:10:08.448678 22789 raft_consensus.cc:359] T 8fbec005ce2649c694c1bee9f4f01afa P 2bfb742492b9415f907209986958ed32 [term 0 FOLLOWER]: Replica starting. Triggering 0 pending ops. Active config: opid_index: -1 OBSOLETE_local: false peers { permanent_uuid: "e3523b89e4db46b6903319cd0972d2ad" member_type: VOTER last_known_addr { host: "127.20.243.193" port: 38387 } } peers { permanent_uuid: "2bfb742492b9415f907209986958ed32" member_type: VOTER last_known_addr { host: "127.20.243.194" port: 34077 } } peers { permanent_uuid: "99ee7942ae634609859518899678e5b6" member_type: VOTER last_known_addr { host: "127.20.243.195" port: 41919 } }
I20260710 11:10:08.450757 22789 raft_consensus.cc:385] T 8fbec005ce2649c694c1bee9f4f01afa P 2bfb742492b9415f907209986958ed32 [term 0 FOLLOWER]: Consensus starting up: Expiring failure detector timer to make a prompt election more likely
I20260710 11:10:08.451225 22789 raft_consensus.cc:740] T 8fbec005ce2649c694c1bee9f4f01afa P 2bfb742492b9415f907209986958ed32 [term 0 FOLLOWER]: Becoming Follower/Learner. State: Replica: 2bfb742492b9415f907209986958ed32, State: Initialized, Role: FOLLOWER
I20260710 11:10:08.452433 22789 consensus_queue.cc:260] T 8fbec005ce2649c694c1bee9f4f01afa P 2bfb742492b9415f907209986958ed32 [NON_LEADER]: Queue going to NON_LEADER mode. State: All replicated index: 0, Majority replicated index: 0, Committed index: 0, Last appended: 0.0, Last appended by leader: 0, Current term: 0, Majority size: -1, State: 0, Mode: NON_LEADER, active raft config: opid_index: -1 OBSOLETE_local: false peers { permanent_uuid: "e3523b89e4db46b6903319cd0972d2ad" member_type: VOTER last_known_addr { host: "127.20.243.193" port: 38387 } } peers { permanent_uuid: "2bfb742492b9415f907209986958ed32" member_type: VOTER last_known_addr { host: "127.20.243.194" port: 34077 } } peers { permanent_uuid: "99ee7942ae634609859518899678e5b6" member_type: VOTER last_known_addr { host: "127.20.243.195" port: 41919 } }
I20260710 11:10:08.456374 22789 ts_tablet_manager.cc:1434] T 8fbec005ce2649c694c1bee9f4f01afa P 2bfb742492b9415f907209986958ed32: Time spent starting tablet: real 0.055s	user 0.005s	sys 0.007s
I20260710 11:10:08.456564 22879 raft_consensus.cc:493] T 07e852fa29ff41758a09d34130d32a55 P 2bfb742492b9415f907209986958ed32 [term 0 FOLLOWER]: Starting pre-election (no leader contacted us within the election timeout)
I20260710 11:10:08.457477 22879 raft_consensus.cc:515] T 07e852fa29ff41758a09d34130d32a55 P 2bfb742492b9415f907209986958ed32 [term 0 FOLLOWER]: Starting pre-election with config: opid_index: -1 OBSOLETE_local: false peers { permanent_uuid: "e3523b89e4db46b6903319cd0972d2ad" member_type: VOTER last_known_addr { host: "127.20.243.193" port: 38387 } } peers { permanent_uuid: "2bfb742492b9415f907209986958ed32" member_type: VOTER last_known_addr { host: "127.20.243.194" port: 34077 } } peers { permanent_uuid: "99ee7942ae634609859518899678e5b6" member_type: VOTER last_known_addr { host: "127.20.243.195" port: 41919 } }
I20260710 11:10:08.462186 22598 tablet_service.cc:1917] Received RequestConsensusVote() RPC: tablet_id: "07e852fa29ff41758a09d34130d32a55" candidate_uuid: "2bfb742492b9415f907209986958ed32" candidate_term: 1 candidate_status { last_received { term: 0 index: 0 } } ignore_live_leader: false dest_uuid: "e3523b89e4db46b6903319cd0972d2ad" is_pre_election: true
W20260710 11:10:08.464461 22640 leader_election.cc:343] T 07e852fa29ff41758a09d34130d32a55 P 2bfb742492b9415f907209986958ed32 [CANDIDATE]: Term 1 pre-election: Tablet error from VoteRequest() call to peer e3523b89e4db46b6903319cd0972d2ad (127.20.243.193:38387): Illegal state: must be running to vote when last-logged opid is not known
I20260710 11:10:08.465930 22879 leader_election.cc:290] T 07e852fa29ff41758a09d34130d32a55 P 2bfb742492b9415f907209986958ed32 [CANDIDATE]: Term 1 pre-election: Requested pre-vote from peers e3523b89e4db46b6903319cd0972d2ad (127.20.243.193:38387), 99ee7942ae634609859518899678e5b6 (127.20.243.195:41919)
I20260710 11:10:08.470257 22747 tablet_service.cc:1917] Received RequestConsensusVote() RPC: tablet_id: "07e852fa29ff41758a09d34130d32a55" candidate_uuid: "2bfb742492b9415f907209986958ed32" candidate_term: 1 candidate_status { last_received { term: 0 index: 0 } } ignore_live_leader: false dest_uuid: "99ee7942ae634609859518899678e5b6" is_pre_election: true
W20260710 11:10:08.473286 22639 leader_election.cc:343] T 07e852fa29ff41758a09d34130d32a55 P 2bfb742492b9415f907209986958ed32 [CANDIDATE]: Term 1 pre-election: Tablet error from VoteRequest() call to peer 99ee7942ae634609859518899678e5b6 (127.20.243.195:41919): Illegal state: must be running to vote when last-logged opid is not known
I20260710 11:10:08.473817 22639 leader_election.cc:304] T 07e852fa29ff41758a09d34130d32a55 P 2bfb742492b9415f907209986958ed32 [CANDIDATE]: Term 1 pre-election: Election decided. Result: candidate lost. Election summary: received 3 responses out of 3 voters: 1 yes votes; 2 no votes. yes voters: 2bfb742492b9415f907209986958ed32; no voters: 99ee7942ae634609859518899678e5b6, e3523b89e4db46b6903319cd0972d2ad
I20260710 11:10:08.474495 22879 raft_consensus.cc:493] T 8fbec005ce2649c694c1bee9f4f01afa P 2bfb742492b9415f907209986958ed32 [term 0 FOLLOWER]: Starting pre-election (no leader contacted us within the election timeout)
I20260710 11:10:08.477375 22879 raft_consensus.cc:515] T 8fbec005ce2649c694c1bee9f4f01afa P 2bfb742492b9415f907209986958ed32 [term 0 FOLLOWER]: Starting pre-election with config: opid_index: -1 OBSOLETE_local: false peers { permanent_uuid: "e3523b89e4db46b6903319cd0972d2ad" member_type: VOTER last_known_addr { host: "127.20.243.193" port: 38387 } } peers { permanent_uuid: "2bfb742492b9415f907209986958ed32" member_type: VOTER last_known_addr { host: "127.20.243.194" port: 34077 } } peers { permanent_uuid: "99ee7942ae634609859518899678e5b6" member_type: VOTER last_known_addr { host: "127.20.243.195" port: 41919 } }
I20260710 11:10:08.478832 22878 raft_consensus.cc:493] T afc505ad605546daabf339a3d3d9320f P 99ee7942ae634609859518899678e5b6 [term 0 FOLLOWER]: Starting pre-election (no leader contacted us within the election timeout)
I20260710 11:10:08.479508 22878 raft_consensus.cc:515] T afc505ad605546daabf339a3d3d9320f P 99ee7942ae634609859518899678e5b6 [term 0 FOLLOWER]: Starting pre-election with config: opid_index: -1 OBSOLETE_local: false peers { permanent_uuid: "e3523b89e4db46b6903319cd0972d2ad" member_type: VOTER last_known_addr { host: "127.20.243.193" port: 38387 } } peers { permanent_uuid: "2bfb742492b9415f907209986958ed32" member_type: VOTER last_known_addr { host: "127.20.243.194" port: 34077 } } peers { permanent_uuid: "99ee7942ae634609859518899678e5b6" member_type: VOTER last_known_addr { host: "127.20.243.195" port: 41919 } }
I20260710 11:10:08.480762 22814 raft_consensus.cc:2749] T 07e852fa29ff41758a09d34130d32a55 P 2bfb742492b9415f907209986958ed32 [term 0 FOLLOWER]: Leader pre-election lost for term 1. Reason: could not achieve majority
I20260710 11:10:08.482751 22795 raft_consensus.cc:359] T 733db37088bd44029d05c3f76c1c6ddc P e3523b89e4db46b6903319cd0972d2ad [term 0 FOLLOWER]: Replica starting. Triggering 0 pending ops. Active config: opid_index: -1 OBSOLETE_local: false peers { permanent_uuid: "e3523b89e4db46b6903319cd0972d2ad" member_type: VOTER last_known_addr { host: "127.20.243.193" port: 38387 } } peers { permanent_uuid: "2bfb742492b9415f907209986958ed32" member_type: VOTER last_known_addr { host: "127.20.243.194" port: 34077 } } peers { permanent_uuid: "99ee7942ae634609859518899678e5b6" member_type: VOTER last_known_addr { host: "127.20.243.195" port: 41919 } }
I20260710 11:10:08.489323 22795 raft_consensus.cc:385] T 733db37088bd44029d05c3f76c1c6ddc P e3523b89e4db46b6903319cd0972d2ad [term 0 FOLLOWER]: Consensus starting up: Expiring failure detector timer to make a prompt election more likely
I20260710 11:10:08.489714 22795 raft_consensus.cc:740] T 733db37088bd44029d05c3f76c1c6ddc P e3523b89e4db46b6903319cd0972d2ad [term 0 FOLLOWER]: Becoming Follower/Learner. State: Replica: e3523b89e4db46b6903319cd0972d2ad, State: Initialized, Role: FOLLOWER
I20260710 11:10:08.483397 22598 tablet_service.cc:1917] Received RequestConsensusVote() RPC: tablet_id: "afc505ad605546daabf339a3d3d9320f" candidate_uuid: "99ee7942ae634609859518899678e5b6" candidate_term: 1 candidate_status { last_received { term: 0 index: 0 } } ignore_live_leader: false dest_uuid: "e3523b89e4db46b6903319cd0972d2ad" is_pre_election: true
I20260710 11:10:08.490837 22598 raft_consensus.cc:2393] T afc505ad605546daabf339a3d3d9320f P e3523b89e4db46b6903319cd0972d2ad [term 1 FOLLOWER]: Leader pre-election vote request: Denying vote to candidate 99ee7942ae634609859518899678e5b6 in current term 1: Already voted for candidate 2bfb742492b9415f907209986958ed32 in this term.
I20260710 11:10:08.490686 22795 consensus_queue.cc:260] T 733db37088bd44029d05c3f76c1c6ddc P e3523b89e4db46b6903319cd0972d2ad [NON_LEADER]: Queue going to NON_LEADER mode. State: All replicated index: 0, Majority replicated index: 0, Committed index: 0, Last appended: 0.0, Last appended by leader: 0, Current term: 0, Majority size: -1, State: 0, Mode: NON_LEADER, active raft config: opid_index: -1 OBSOLETE_local: false peers { permanent_uuid: "e3523b89e4db46b6903319cd0972d2ad" member_type: VOTER last_known_addr { host: "127.20.243.193" port: 38387 } } peers { permanent_uuid: "2bfb742492b9415f907209986958ed32" member_type: VOTER last_known_addr { host: "127.20.243.194" port: 34077 } } peers { permanent_uuid: "99ee7942ae634609859518899678e5b6" member_type: VOTER last_known_addr { host: "127.20.243.195" port: 41919 } }
I20260710 11:10:08.485888 22673 tablet_service.cc:1917] Received RequestConsensusVote() RPC: tablet_id: "afc505ad605546daabf339a3d3d9320f" candidate_uuid: "99ee7942ae634609859518899678e5b6" candidate_term: 1 candidate_status { last_received { term: 0 index: 0 } } ignore_live_leader: false dest_uuid: "2bfb742492b9415f907209986958ed32" is_pre_election: true
I20260710 11:10:08.488253 22790 tablet_bootstrap.cc:492] T 911a63f0dbbc45e3a9d563309a7ee520 P 99ee7942ae634609859518899678e5b6: No bootstrap required, opened a new log
I20260710 11:10:08.489755 22599 tablet_service.cc:1917] Received RequestConsensusVote() RPC: tablet_id: "8fbec005ce2649c694c1bee9f4f01afa" candidate_uuid: "2bfb742492b9415f907209986958ed32" candidate_term: 1 candidate_status { last_received { term: 0 index: 0 } } ignore_live_leader: false dest_uuid: "e3523b89e4db46b6903319cd0972d2ad" is_pre_election: true
I20260710 11:10:08.495213 22879 leader_election.cc:290] T 8fbec005ce2649c694c1bee9f4f01afa P 2bfb742492b9415f907209986958ed32 [CANDIDATE]: Term 1 pre-election: Requested pre-vote from peers e3523b89e4db46b6903319cd0972d2ad (127.20.243.193:38387), 99ee7942ae634609859518899678e5b6 (127.20.243.195:41919)
W20260710 11:10:08.496426 22640 leader_election.cc:343] T 8fbec005ce2649c694c1bee9f4f01afa P 2bfb742492b9415f907209986958ed32 [CANDIDATE]: Term 1 pre-election: Tablet error from VoteRequest() call to peer e3523b89e4db46b6903319cd0972d2ad (127.20.243.193:38387): Illegal state: must be running to vote when last-logged opid is not known
I20260710 11:10:08.496654 22905 raft_consensus.cc:493] T 0834097777be4a7c9646a3aec499e8c7 P 2bfb742492b9415f907209986958ed32 [term 0 FOLLOWER]: Starting pre-election (no leader contacted us within the election timeout)
I20260710 11:10:08.496464 22714 leader_election.cc:304] T afc505ad605546daabf339a3d3d9320f P 99ee7942ae634609859518899678e5b6 [CANDIDATE]: Term 1 pre-election: Election decided. Result: candidate lost. Election summary: received 3 responses out of 3 voters: 1 yes votes; 2 no votes. yes voters: 99ee7942ae634609859518899678e5b6; no voters: 2bfb742492b9415f907209986958ed32, e3523b89e4db46b6903319cd0972d2ad
I20260710 11:10:08.497503 22905 raft_consensus.cc:515] T 0834097777be4a7c9646a3aec499e8c7 P 2bfb742492b9415f907209986958ed32 [term 0 FOLLOWER]: Starting pre-election with config: opid_index: -1 OBSOLETE_local: false peers { permanent_uuid: "e3523b89e4db46b6903319cd0972d2ad" member_type: VOTER last_known_addr { host: "127.20.243.193" port: 38387 } } peers { permanent_uuid: "2bfb742492b9415f907209986958ed32" member_type: VOTER last_known_addr { host: "127.20.243.194" port: 34077 } } peers { permanent_uuid: "99ee7942ae634609859518899678e5b6" member_type: VOTER last_known_addr { host: "127.20.243.195" port: 41919 } }
I20260710 11:10:08.485137 22878 leader_election.cc:290] T afc505ad605546daabf339a3d3d9320f P 99ee7942ae634609859518899678e5b6 [CANDIDATE]: Term 1 pre-election: Requested pre-vote from peers e3523b89e4db46b6903319cd0972d2ad (127.20.243.193:38387), 2bfb742492b9415f907209986958ed32 (127.20.243.194:34077)
I20260710 11:10:08.501072 22498 catalog_manager.cc:5697] T afc505ad605546daabf339a3d3d9320f P 2bfb742492b9415f907209986958ed32 reported cstate change: term changed from 0 to 1, leader changed from <none> to 2bfb742492b9415f907209986958ed32 (127.20.243.194). New cstate: current_term: 1 leader_uuid: "2bfb742492b9415f907209986958ed32" committed_config { opid_index: -1 OBSOLETE_local: false peers { permanent_uuid: "e3523b89e4db46b6903319cd0972d2ad" member_type: VOTER last_known_addr { host: "127.20.243.193" port: 38387 } health_report { overall_health: UNKNOWN } } peers { permanent_uuid: "2bfb742492b9415f907209986958ed32" member_type: VOTER last_known_addr { host: "127.20.243.194" port: 34077 } health_report { overall_health: HEALTHY } } peers { permanent_uuid: "99ee7942ae634609859518899678e5b6" member_type: VOTER last_known_addr { host: "127.20.243.195" port: 41919 } health_report { overall_health: UNKNOWN } } }
I20260710 11:10:08.504441 22795 ts_tablet_manager.cc:1434] T 733db37088bd44029d05c3f76c1c6ddc P e3523b89e4db46b6903319cd0972d2ad: Time spent starting tablet: real 0.101s	user 0.007s	sys 0.005s
I20260710 11:10:08.492995 22790 ts_tablet_manager.cc:1403] T 911a63f0dbbc45e3a9d563309a7ee520 P 99ee7942ae634609859518899678e5b6: Time spent bootstrapping tablet: real 0.104s	user 0.014s	sys 0.002s
I20260710 11:10:08.498526 22876 raft_consensus.cc:3060] T afc505ad605546daabf339a3d3d9320f P 99ee7942ae634609859518899678e5b6 [term 0 FOLLOWER]: Advancing to term 1
I20260710 11:10:08.508185 22790 raft_consensus.cc:359] T 911a63f0dbbc45e3a9d563309a7ee520 P 99ee7942ae634609859518899678e5b6 [term 0 FOLLOWER]: Replica starting. Triggering 0 pending ops. Active config: opid_index: -1 OBSOLETE_local: false peers { permanent_uuid: "e3523b89e4db46b6903319cd0972d2ad" member_type: VOTER last_known_addr { host: "127.20.243.193" port: 38387 } } peers { permanent_uuid: "2bfb742492b9415f907209986958ed32" member_type: VOTER last_known_addr { host: "127.20.243.194" port: 34077 } } peers { permanent_uuid: "99ee7942ae634609859518899678e5b6" member_type: VOTER last_known_addr { host: "127.20.243.195" port: 41919 } }
I20260710 11:10:08.511600 22790 raft_consensus.cc:385] T 911a63f0dbbc45e3a9d563309a7ee520 P 99ee7942ae634609859518899678e5b6 [term 0 FOLLOWER]: Consensus starting up: Expiring failure detector timer to make a prompt election more likely
I20260710 11:10:08.511860 22749 tablet_service.cc:1917] Received RequestConsensusVote() RPC: tablet_id: "0834097777be4a7c9646a3aec499e8c7" candidate_uuid: "2bfb742492b9415f907209986958ed32" candidate_term: 1 candidate_status { last_received { term: 0 index: 0 } } ignore_live_leader: false dest_uuid: "99ee7942ae634609859518899678e5b6" is_pre_election: true
I20260710 11:10:08.508700 22599 tablet_service.cc:1917] Received RequestConsensusVote() RPC: tablet_id: "0834097777be4a7c9646a3aec499e8c7" candidate_uuid: "2bfb742492b9415f907209986958ed32" candidate_term: 1 candidate_status { last_received { term: 0 index: 0 } } ignore_live_leader: false dest_uuid: "e3523b89e4db46b6903319cd0972d2ad" is_pre_election: true
I20260710 11:10:08.509704 22747 tablet_service.cc:1917] Received RequestConsensusVote() RPC: tablet_id: "8fbec005ce2649c694c1bee9f4f01afa" candidate_uuid: "2bfb742492b9415f907209986958ed32" candidate_term: 1 candidate_status { last_received { term: 0 index: 0 } } ignore_live_leader: false dest_uuid: "99ee7942ae634609859518899678e5b6" is_pre_election: true
I20260710 11:10:08.513651 22747 raft_consensus.cc:2468] T 8fbec005ce2649c694c1bee9f4f01afa P 99ee7942ae634609859518899678e5b6 [term 0 FOLLOWER]: Leader pre-election vote request: Granting yes vote for candidate 2bfb742492b9415f907209986958ed32 in term 0.
I20260710 11:10:08.513763 22876 raft_consensus.cc:2749] T afc505ad605546daabf339a3d3d9320f P 99ee7942ae634609859518899678e5b6 [term 1 FOLLOWER]: Leader pre-election lost for term 1. Reason: could not achieve majority
I20260710 11:10:08.509958 22795 tablet_bootstrap.cc:492] T 8fbec005ce2649c694c1bee9f4f01afa P e3523b89e4db46b6903319cd0972d2ad: Bootstrap starting.
I20260710 11:10:08.500986 22905 leader_election.cc:290] T 0834097777be4a7c9646a3aec499e8c7 P 2bfb742492b9415f907209986958ed32 [CANDIDATE]: Term 1 pre-election: Requested pre-vote from peers e3523b89e4db46b6903319cd0972d2ad (127.20.243.193:38387), 99ee7942ae634609859518899678e5b6 (127.20.243.195:41919)
W20260710 11:10:08.514123 22640 leader_election.cc:343] T 0834097777be4a7c9646a3aec499e8c7 P 2bfb742492b9415f907209986958ed32 [CANDIDATE]: Term 1 pre-election: Tablet error from VoteRequest() call to peer e3523b89e4db46b6903319cd0972d2ad (127.20.243.193:38387): Illegal state: must be running to vote when last-logged opid is not known
I20260710 11:10:08.512032 22790 raft_consensus.cc:740] T 911a63f0dbbc45e3a9d563309a7ee520 P 99ee7942ae634609859518899678e5b6 [term 0 FOLLOWER]: Becoming Follower/Learner. State: Replica: 99ee7942ae634609859518899678e5b6, State: Initialized, Role: FOLLOWER
I20260710 11:10:08.515393 22790 consensus_queue.cc:260] T 911a63f0dbbc45e3a9d563309a7ee520 P 99ee7942ae634609859518899678e5b6 [NON_LEADER]: Queue going to NON_LEADER mode. State: All replicated index: 0, Majority replicated index: 0, Committed index: 0, Last appended: 0.0, Last appended by leader: 0, Current term: 0, Majority size: -1, State: 0, Mode: NON_LEADER, active raft config: opid_index: -1 OBSOLETE_local: false peers { permanent_uuid: "e3523b89e4db46b6903319cd0972d2ad" member_type: VOTER last_known_addr { host: "127.20.243.193" port: 38387 } } peers { permanent_uuid: "2bfb742492b9415f907209986958ed32" member_type: VOTER last_known_addr { host: "127.20.243.194" port: 34077 } } peers { permanent_uuid: "99ee7942ae634609859518899678e5b6" member_type: VOTER last_known_addr { host: "127.20.243.195" port: 41919 } }
I20260710 11:10:08.518003 22790 ts_tablet_manager.cc:1434] T 911a63f0dbbc45e3a9d563309a7ee520 P 99ee7942ae634609859518899678e5b6: Time spent starting tablet: real 0.013s	user 0.004s	sys 0.002s
I20260710 11:10:08.518953 22790 tablet_bootstrap.cc:492] T 0834097777be4a7c9646a3aec499e8c7 P 99ee7942ae634609859518899678e5b6: Bootstrap starting.
I20260710 11:10:08.522400 22795 tablet_bootstrap.cc:654] T 8fbec005ce2649c694c1bee9f4f01afa P e3523b89e4db46b6903319cd0972d2ad: Neither blocks nor log segments found. Creating new log.
I20260710 11:10:08.525056 22790 tablet_bootstrap.cc:654] T 0834097777be4a7c9646a3aec499e8c7 P 99ee7942ae634609859518899678e5b6: Neither blocks nor log segments found. Creating new log.
I20260710 11:10:08.528142 22789 tablet_bootstrap.cc:492] T f0b8965efeee46358c2bde99d34aac44 P 2bfb742492b9415f907209986958ed32: Bootstrap starting.
W20260710 11:10:08.532099 22639 leader_election.cc:343] T 0834097777be4a7c9646a3aec499e8c7 P 2bfb742492b9415f907209986958ed32 [CANDIDATE]: Term 1 pre-election: Tablet error from VoteRequest() call to peer 99ee7942ae634609859518899678e5b6 (127.20.243.195:41919): Illegal state: must be running to vote when last-logged opid is not known
I20260710 11:10:08.532652 22639 leader_election.cc:304] T 0834097777be4a7c9646a3aec499e8c7 P 2bfb742492b9415f907209986958ed32 [CANDIDATE]: Term 1 pre-election: Election decided. Result: candidate lost. Election summary: received 3 responses out of 3 voters: 1 yes votes; 2 no votes. yes voters: 2bfb742492b9415f907209986958ed32; no voters: 99ee7942ae634609859518899678e5b6, e3523b89e4db46b6903319cd0972d2ad
I20260710 11:10:08.533492 22905 raft_consensus.cc:2749] T 0834097777be4a7c9646a3aec499e8c7 P 2bfb742492b9415f907209986958ed32 [term 0 FOLLOWER]: Leader pre-election lost for term 1. Reason: could not achieve majority
I20260710 11:10:08.534843 22639 leader_election.cc:304] T 8fbec005ce2649c694c1bee9f4f01afa P 2bfb742492b9415f907209986958ed32 [CANDIDATE]: Term 1 pre-election: Election decided. Result: candidate won. Election summary: received 3 responses out of 3 voters: 2 yes votes; 1 no votes. yes voters: 2bfb742492b9415f907209986958ed32, 99ee7942ae634609859518899678e5b6; no voters: e3523b89e4db46b6903319cd0972d2ad
I20260710 11:10:08.535413 22795 tablet_bootstrap.cc:492] T 8fbec005ce2649c694c1bee9f4f01afa P e3523b89e4db46b6903319cd0972d2ad: No bootstrap required, opened a new log
I20260710 11:10:08.535831 22905 raft_consensus.cc:2804] T 8fbec005ce2649c694c1bee9f4f01afa P 2bfb742492b9415f907209986958ed32 [term 0 FOLLOWER]: Leader pre-election won for term 1
I20260710 11:10:08.536043 22795 ts_tablet_manager.cc:1403] T 8fbec005ce2649c694c1bee9f4f01afa P e3523b89e4db46b6903319cd0972d2ad: Time spent bootstrapping tablet: real 0.027s	user 0.014s	sys 0.000s
I20260710 11:10:08.536288 22905 raft_consensus.cc:493] T 8fbec005ce2649c694c1bee9f4f01afa P 2bfb742492b9415f907209986958ed32 [term 0 FOLLOWER]: Starting leader election (no leader contacted us within the election timeout)
I20260710 11:10:08.536679 22905 raft_consensus.cc:3060] T 8fbec005ce2649c694c1bee9f4f01afa P 2bfb742492b9415f907209986958ed32 [term 0 FOLLOWER]: Advancing to term 1
I20260710 11:10:08.538307 22790 tablet_bootstrap.cc:492] T 0834097777be4a7c9646a3aec499e8c7 P 99ee7942ae634609859518899678e5b6: No bootstrap required, opened a new log
I20260710 11:10:08.538779 22790 ts_tablet_manager.cc:1403] T 0834097777be4a7c9646a3aec499e8c7 P 99ee7942ae634609859518899678e5b6: Time spent bootstrapping tablet: real 0.020s	user 0.007s	sys 0.008s
I20260710 11:10:08.539268 22795 raft_consensus.cc:359] T 8fbec005ce2649c694c1bee9f4f01afa P e3523b89e4db46b6903319cd0972d2ad [term 0 FOLLOWER]: Replica starting. Triggering 0 pending ops. Active config: opid_index: -1 OBSOLETE_local: false peers { permanent_uuid: "e3523b89e4db46b6903319cd0972d2ad" member_type: VOTER last_known_addr { host: "127.20.243.193" port: 38387 } } peers { permanent_uuid: "2bfb742492b9415f907209986958ed32" member_type: VOTER last_known_addr { host: "127.20.243.194" port: 34077 } } peers { permanent_uuid: "99ee7942ae634609859518899678e5b6" member_type: VOTER last_known_addr { host: "127.20.243.195" port: 41919 } }
I20260710 11:10:08.540051 22795 raft_consensus.cc:385] T 8fbec005ce2649c694c1bee9f4f01afa P e3523b89e4db46b6903319cd0972d2ad [term 0 FOLLOWER]: Consensus starting up: Expiring failure detector timer to make a prompt election more likely
