I20260710 11:10:02.384135  9625 raft_consensus.cc:359] T 6121caac66384f87bbdd238ed40a167e P e4dd0c2d76a349238d67832b1c63879b [term 0 FOLLOWER]: Replica starting. Triggering 0 pending ops. Active config: opid_index: -1 OBSOLETE_local: false peers { permanent_uuid: "98028aae9af448618b2d3c1090f7ee44" member_type: VOTER last_known_addr { host: "127.8.35.194" port: 42769 } } peers { permanent_uuid: "e4dd0c2d76a349238d67832b1c63879b" member_type: VOTER last_known_addr { host: "127.8.35.193" port: 41089 } } peers { permanent_uuid: "c440e6b2e8744a9e95046c9493dffbb6" member_type: VOTER last_known_addr { host: "127.8.35.195" port: 33467 } }
I20260710 11:10:02.385278  9627 raft_consensus.cc:385] T d88578e8a29a458dafff9c2d24e3d131 P c440e6b2e8744a9e95046c9493dffbb6 [term 0 FOLLOWER]: Consensus starting up: Expiring failure detector timer to make a prompt election more likely
I20260710 11:10:02.385422  9625 raft_consensus.cc:385] T 6121caac66384f87bbdd238ed40a167e P e4dd0c2d76a349238d67832b1c63879b [term 0 FOLLOWER]: Consensus starting up: Expiring failure detector timer to make a prompt election more likely
I20260710 11:10:02.385776  9627 raft_consensus.cc:740] T d88578e8a29a458dafff9c2d24e3d131 P c440e6b2e8744a9e95046c9493dffbb6 [term 0 FOLLOWER]: Becoming Follower/Learner. State: Replica: c440e6b2e8744a9e95046c9493dffbb6, State: Initialized, Role: FOLLOWER
I20260710 11:10:02.385903  9625 raft_consensus.cc:740] T 6121caac66384f87bbdd238ed40a167e P e4dd0c2d76a349238d67832b1c63879b [term 0 FOLLOWER]: Becoming Follower/Learner. State: Replica: e4dd0c2d76a349238d67832b1c63879b, State: Initialized, Role: FOLLOWER
I20260710 11:10:02.387096  9627 consensus_queue.cc:260] T d88578e8a29a458dafff9c2d24e3d131 P c440e6b2e8744a9e95046c9493dffbb6 [NON_LEADER]: Queue going to NON_LEADER mode. State: All replicated index: 0, Majority replicated index: 0, Committed index: 0, Last appended: 0.0, Last appended by leader: 0, Current term: 0, Majority size: -1, State: 0, Mode: NON_LEADER, active raft config: opid_index: -1 OBSOLETE_local: false peers { permanent_uuid: "e4dd0c2d76a349238d67832b1c63879b" member_type: VOTER last_known_addr { host: "127.8.35.193" port: 41089 } } peers { permanent_uuid: "98028aae9af448618b2d3c1090f7ee44" member_type: VOTER last_known_addr { host: "127.8.35.194" port: 42769 } } peers { permanent_uuid: "c440e6b2e8744a9e95046c9493dffbb6" member_type: VOTER last_known_addr { host: "127.8.35.195" port: 33467 } }
I20260710 11:10:02.387223  9625 consensus_queue.cc:260] T 6121caac66384f87bbdd238ed40a167e P e4dd0c2d76a349238d67832b1c63879b [NON_LEADER]: Queue going to NON_LEADER mode. State: All replicated index: 0, Majority replicated index: 0, Committed index: 0, Last appended: 0.0, Last appended by leader: 0, Current term: 0, Majority size: -1, State: 0, Mode: NON_LEADER, active raft config: opid_index: -1 OBSOLETE_local: false peers { permanent_uuid: "98028aae9af448618b2d3c1090f7ee44" member_type: VOTER last_known_addr { host: "127.8.35.194" port: 42769 } } peers { permanent_uuid: "e4dd0c2d76a349238d67832b1c63879b" member_type: VOTER last_known_addr { host: "127.8.35.193" port: 41089 } } peers { permanent_uuid: "c440e6b2e8744a9e95046c9493dffbb6" member_type: VOTER last_known_addr { host: "127.8.35.195" port: 33467 } }
I20260710 11:10:02.388586  9626 raft_consensus.cc:359] T e8329012794c46069cc3519c7a34e8db P 98028aae9af448618b2d3c1090f7ee44 [term 0 FOLLOWER]: Replica starting. Triggering 0 pending ops. Active config: opid_index: -1 OBSOLETE_local: false peers { permanent_uuid: "e4dd0c2d76a349238d67832b1c63879b" member_type: VOTER last_known_addr { host: "127.8.35.193" port: 41089 } } peers { permanent_uuid: "98028aae9af448618b2d3c1090f7ee44" member_type: VOTER last_known_addr { host: "127.8.35.194" port: 42769 } } peers { permanent_uuid: "c440e6b2e8744a9e95046c9493dffbb6" member_type: VOTER last_known_addr { host: "127.8.35.195" port: 33467 } }
I20260710 11:10:02.389433  9626 raft_consensus.cc:385] T e8329012794c46069cc3519c7a34e8db P 98028aae9af448618b2d3c1090f7ee44 [term 0 FOLLOWER]: Consensus starting up: Expiring failure detector timer to make a prompt election more likely
I20260710 11:10:02.389827  9626 raft_consensus.cc:740] T e8329012794c46069cc3519c7a34e8db P 98028aae9af448618b2d3c1090f7ee44 [term 0 FOLLOWER]: Becoming Follower/Learner. State: Replica: 98028aae9af448618b2d3c1090f7ee44, State: Initialized, Role: FOLLOWER
I20260710 11:10:02.390523  9625 ts_tablet_manager.cc:1434] T 6121caac66384f87bbdd238ed40a167e P e4dd0c2d76a349238d67832b1c63879b: Time spent starting tablet: real 0.009s	user 0.011s	sys 0.001s
I20260710 11:10:02.391031  9626 consensus_queue.cc:260] T e8329012794c46069cc3519c7a34e8db P 98028aae9af448618b2d3c1090f7ee44 [NON_LEADER]: Queue going to NON_LEADER mode. State: All replicated index: 0, Majority replicated index: 0, Committed index: 0, Last appended: 0.0, Last appended by leader: 0, Current term: 0, Majority size: -1, State: 0, Mode: NON_LEADER, active raft config: opid_index: -1 OBSOLETE_local: false peers { permanent_uuid: "e4dd0c2d76a349238d67832b1c63879b" member_type: VOTER last_known_addr { host: "127.8.35.193" port: 41089 } } peers { permanent_uuid: "98028aae9af448618b2d3c1090f7ee44" member_type: VOTER last_known_addr { host: "127.8.35.194" port: 42769 } } peers { permanent_uuid: "c440e6b2e8744a9e95046c9493dffbb6" member_type: VOTER last_known_addr { host: "127.8.35.195" port: 33467 } }
I20260710 11:10:02.391882  9625 tablet_bootstrap.cc:492] T 2ed5f3525341407ead5792e9424f629c P e4dd0c2d76a349238d67832b1c63879b: Bootstrap starting.
I20260710 11:10:02.393659  9626 ts_tablet_manager.cc:1434] T e8329012794c46069cc3519c7a34e8db P 98028aae9af448618b2d3c1090f7ee44: Time spent starting tablet: real 0.009s	user 0.006s	sys 0.000s
I20260710 11:10:02.394389  9627 ts_tablet_manager.cc:1434] T d88578e8a29a458dafff9c2d24e3d131 P c440e6b2e8744a9e95046c9493dffbb6: Time spent starting tablet: real 0.013s	user 0.007s	sys 0.003s
I20260710 11:10:02.395045  9626 tablet_bootstrap.cc:492] T ef190b59d72d4e5da9d75fc4288dd0a6 P 98028aae9af448618b2d3c1090f7ee44: Bootstrap starting.
I20260710 11:10:02.395617  9627 tablet_bootstrap.cc:492] T de1491e701734207b91db9a216d9daf7 P c440e6b2e8744a9e95046c9493dffbb6: Bootstrap starting.
I20260710 11:10:02.399626  9625 tablet_bootstrap.cc:654] T 2ed5f3525341407ead5792e9424f629c P e4dd0c2d76a349238d67832b1c63879b: Neither blocks nor log segments found. Creating new log.
I20260710 11:10:02.402283  9626 tablet_bootstrap.cc:654] T ef190b59d72d4e5da9d75fc4288dd0a6 P 98028aae9af448618b2d3c1090f7ee44: Neither blocks nor log segments found. Creating new log.
I20260710 11:10:02.402300  9627 tablet_bootstrap.cc:654] T de1491e701734207b91db9a216d9daf7 P c440e6b2e8744a9e95046c9493dffbb6: Neither blocks nor log segments found. Creating new log.
I20260710 11:10:02.416774  9625 tablet_bootstrap.cc:492] T 2ed5f3525341407ead5792e9424f629c P e4dd0c2d76a349238d67832b1c63879b: No bootstrap required, opened a new log
I20260710 11:10:02.416733  9626 tablet_bootstrap.cc:492] T ef190b59d72d4e5da9d75fc4288dd0a6 P 98028aae9af448618b2d3c1090f7ee44: No bootstrap required, opened a new log
I20260710 11:10:02.417574  9626 ts_tablet_manager.cc:1403] T ef190b59d72d4e5da9d75fc4288dd0a6 P 98028aae9af448618b2d3c1090f7ee44: Time spent bootstrapping tablet: real 0.023s	user 0.013s	sys 0.005s
I20260710 11:10:02.418074  9627 tablet_bootstrap.cc:492] T de1491e701734207b91db9a216d9daf7 P c440e6b2e8744a9e95046c9493dffbb6: No bootstrap required, opened a new log
I20260710 11:10:02.418605  9627 ts_tablet_manager.cc:1403] T de1491e701734207b91db9a216d9daf7 P c440e6b2e8744a9e95046c9493dffbb6: Time spent bootstrapping tablet: real 0.023s	user 0.011s	sys 0.008s
I20260710 11:10:02.420629  9626 raft_consensus.cc:359] T ef190b59d72d4e5da9d75fc4288dd0a6 P 98028aae9af448618b2d3c1090f7ee44 [term 0 FOLLOWER]: Replica starting. Triggering 0 pending ops. Active config: opid_index: -1 OBSOLETE_local: false peers { permanent_uuid: "e4dd0c2d76a349238d67832b1c63879b" member_type: VOTER last_known_addr { host: "127.8.35.193" port: 41089 } } peers { permanent_uuid: "98028aae9af448618b2d3c1090f7ee44" member_type: VOTER last_known_addr { host: "127.8.35.194" port: 42769 } } peers { permanent_uuid: "c440e6b2e8744a9e95046c9493dffbb6" member_type: VOTER last_known_addr { host: "127.8.35.195" port: 33467 } }
I20260710 11:10:02.421401  9626 raft_consensus.cc:385] T ef190b59d72d4e5da9d75fc4288dd0a6 P 98028aae9af448618b2d3c1090f7ee44 [term 0 FOLLOWER]: Consensus starting up: Expiring failure detector timer to make a prompt election more likely
I20260710 11:10:02.421255  9627 raft_consensus.cc:359] T de1491e701734207b91db9a216d9daf7 P c440e6b2e8744a9e95046c9493dffbb6 [term 0 FOLLOWER]: Replica starting. Triggering 0 pending ops. Active config: opid_index: -1 OBSOLETE_local: false peers { permanent_uuid: "e4dd0c2d76a349238d67832b1c63879b" member_type: VOTER last_known_addr { host: "127.8.35.193" port: 41089 } } peers { permanent_uuid: "98028aae9af448618b2d3c1090f7ee44" member_type: VOTER last_known_addr { host: "127.8.35.194" port: 42769 } } peers { permanent_uuid: "c440e6b2e8744a9e95046c9493dffbb6" member_type: VOTER last_known_addr { host: "127.8.35.195" port: 33467 } }
I20260710 11:10:02.421788  9626 raft_consensus.cc:740] T ef190b59d72d4e5da9d75fc4288dd0a6 P 98028aae9af448618b2d3c1090f7ee44 [term 0 FOLLOWER]: Becoming Follower/Learner. State: Replica: 98028aae9af448618b2d3c1090f7ee44, State: Initialized, Role: FOLLOWER
I20260710 11:10:02.422056  9627 raft_consensus.cc:385] T de1491e701734207b91db9a216d9daf7 P c440e6b2e8744a9e95046c9493dffbb6 [term 0 FOLLOWER]: Consensus starting up: Expiring failure detector timer to make a prompt election more likely
I20260710 11:10:02.422392  9627 raft_consensus.cc:740] T de1491e701734207b91db9a216d9daf7 P c440e6b2e8744a9e95046c9493dffbb6 [term 0 FOLLOWER]: Becoming Follower/Learner. State: Replica: c440e6b2e8744a9e95046c9493dffbb6, State: Initialized, Role: FOLLOWER
I20260710 11:10:02.417567  9625 ts_tablet_manager.cc:1403] T 2ed5f3525341407ead5792e9424f629c P e4dd0c2d76a349238d67832b1c63879b: Time spent bootstrapping tablet: real 0.026s	user 0.019s	sys 0.005s
I20260710 11:10:02.423025  9626 consensus_queue.cc:260] T ef190b59d72d4e5da9d75fc4288dd0a6 P 98028aae9af448618b2d3c1090f7ee44 [NON_LEADER]: Queue going to NON_LEADER mode. State: All replicated index: 0, Majority replicated index: 0, Committed index: 0, Last appended: 0.0, Last appended by leader: 0, Current term: 0, Majority size: -1, State: 0, Mode: NON_LEADER, active raft config: opid_index: -1 OBSOLETE_local: false peers { permanent_uuid: "e4dd0c2d76a349238d67832b1c63879b" member_type: VOTER last_known_addr { host: "127.8.35.193" port: 41089 } } peers { permanent_uuid: "98028aae9af448618b2d3c1090f7ee44" member_type: VOTER last_known_addr { host: "127.8.35.194" port: 42769 } } peers { permanent_uuid: "c440e6b2e8744a9e95046c9493dffbb6" member_type: VOTER last_known_addr { host: "127.8.35.195" port: 33467 } }
I20260710 11:10:02.425283  9626 ts_tablet_manager.cc:1434] T ef190b59d72d4e5da9d75fc4288dd0a6 P 98028aae9af448618b2d3c1090f7ee44: Time spent starting tablet: real 0.007s	user 0.000s	sys 0.004s
I20260710 11:10:02.425832  9625 raft_consensus.cc:359] T 2ed5f3525341407ead5792e9424f629c P e4dd0c2d76a349238d67832b1c63879b [term 0 FOLLOWER]: Replica starting. Triggering 0 pending ops. Active config: opid_index: -1 OBSOLETE_local: false peers { permanent_uuid: "e4dd0c2d76a349238d67832b1c63879b" member_type: VOTER last_known_addr { host: "127.8.35.193" port: 41089 } } peers { permanent_uuid: "98028aae9af448618b2d3c1090f7ee44" member_type: VOTER last_known_addr { host: "127.8.35.194" port: 42769 } } peers { permanent_uuid: "c440e6b2e8744a9e95046c9493dffbb6" member_type: VOTER last_known_addr { host: "127.8.35.195" port: 33467 } }
I20260710 11:10:02.426292  9626 tablet_bootstrap.cc:492] T 6121caac66384f87bbdd238ed40a167e P 98028aae9af448618b2d3c1090f7ee44: Bootstrap starting.
I20260710 11:10:02.426605  9625 raft_consensus.cc:385] T 2ed5f3525341407ead5792e9424f629c P e4dd0c2d76a349238d67832b1c63879b [term 0 FOLLOWER]: Consensus starting up: Expiring failure detector timer to make a prompt election more likely
I20260710 11:10:02.426951  9625 raft_consensus.cc:740] T 2ed5f3525341407ead5792e9424f629c P e4dd0c2d76a349238d67832b1c63879b [term 0 FOLLOWER]: Becoming Follower/Learner. State: Replica: e4dd0c2d76a349238d67832b1c63879b, State: Initialized, Role: FOLLOWER
I20260710 11:10:02.427680  9625 consensus_queue.cc:260] T 2ed5f3525341407ead5792e9424f629c P e4dd0c2d76a349238d67832b1c63879b [NON_LEADER]: Queue going to NON_LEADER mode. State: All replicated index: 0, Majority replicated index: 0, Committed index: 0, Last appended: 0.0, Last appended by leader: 0, Current term: 0, Majority size: -1, State: 0, Mode: NON_LEADER, active raft config: opid_index: -1 OBSOLETE_local: false peers { permanent_uuid: "e4dd0c2d76a349238d67832b1c63879b" member_type: VOTER last_known_addr { host: "127.8.35.193" port: 41089 } } peers { permanent_uuid: "98028aae9af448618b2d3c1090f7ee44" member_type: VOTER last_known_addr { host: "127.8.35.194" port: 42769 } } peers { permanent_uuid: "c440e6b2e8744a9e95046c9493dffbb6" member_type: VOTER last_known_addr { host: "127.8.35.195" port: 33467 } }
I20260710 11:10:02.429721  9625 ts_tablet_manager.cc:1434] T 2ed5f3525341407ead5792e9424f629c P e4dd0c2d76a349238d67832b1c63879b: Time spent starting tablet: real 0.006s	user 0.003s	sys 0.000s
I20260710 11:10:02.430181  9627 consensus_queue.cc:260] T de1491e701734207b91db9a216d9daf7 P c440e6b2e8744a9e95046c9493dffbb6 [NON_LEADER]: Queue going to NON_LEADER mode. State: All replicated index: 0, Majority replicated index: 0, Committed index: 0, Last appended: 0.0, Last appended by leader: 0, Current term: 0, Majority size: -1, State: 0, Mode: NON_LEADER, active raft config: opid_index: -1 OBSOLETE_local: false peers { permanent_uuid: "e4dd0c2d76a349238d67832b1c63879b" member_type: VOTER last_known_addr { host: "127.8.35.193" port: 41089 } } peers { permanent_uuid: "98028aae9af448618b2d3c1090f7ee44" member_type: VOTER last_known_addr { host: "127.8.35.194" port: 42769 } } peers { permanent_uuid: "c440e6b2e8744a9e95046c9493dffbb6" member_type: VOTER last_known_addr { host: "127.8.35.195" port: 33467 } }
I20260710 11:10:02.432399  9627 ts_tablet_manager.cc:1434] T de1491e701734207b91db9a216d9daf7 P c440e6b2e8744a9e95046c9493dffbb6: Time spent starting tablet: real 0.013s	user 0.005s	sys 0.000s
I20260710 11:10:02.433380  9627 tablet_bootstrap.cc:492] T e8329012794c46069cc3519c7a34e8db P c440e6b2e8744a9e95046c9493dffbb6: Bootstrap starting.
I20260710 11:10:02.433465  9626 tablet_bootstrap.cc:654] T 6121caac66384f87bbdd238ed40a167e P 98028aae9af448618b2d3c1090f7ee44: Neither blocks nor log segments found. Creating new log.
I20260710 11:10:02.441357  9627 tablet_bootstrap.cc:654] T e8329012794c46069cc3519c7a34e8db P c440e6b2e8744a9e95046c9493dffbb6: Neither blocks nor log segments found. Creating new log.
I20260710 11:10:02.442401  9625 tablet_bootstrap.cc:492] T c5c628e826784dd7a1b2fc32e4f56cea P e4dd0c2d76a349238d67832b1c63879b: Bootstrap starting.
I20260710 11:10:02.451860  9625 tablet_bootstrap.cc:654] T c5c628e826784dd7a1b2fc32e4f56cea P e4dd0c2d76a349238d67832b1c63879b: Neither blocks nor log segments found. Creating new log.
I20260710 11:10:02.461722  9627 tablet_bootstrap.cc:492] T e8329012794c46069cc3519c7a34e8db P c440e6b2e8744a9e95046c9493dffbb6: No bootstrap required, opened a new log
I20260710 11:10:02.462603  9627 ts_tablet_manager.cc:1403] T e8329012794c46069cc3519c7a34e8db P c440e6b2e8744a9e95046c9493dffbb6: Time spent bootstrapping tablet: real 0.029s	user 0.016s	sys 0.013s
I20260710 11:10:02.474047  9632 raft_consensus.cc:493] T eb503f6c318a4e78af88f34d1ddc4e66 P 98028aae9af448618b2d3c1090f7ee44 [term 0 FOLLOWER]: Starting pre-election (no leader contacted us within the election timeout)
I20260710 11:10:02.475044  9626 tablet_bootstrap.cc:492] T 6121caac66384f87bbdd238ed40a167e P 98028aae9af448618b2d3c1090f7ee44: No bootstrap required, opened a new log
I20260710 11:10:02.474779  9632 raft_consensus.cc:515] T eb503f6c318a4e78af88f34d1ddc4e66 P 98028aae9af448618b2d3c1090f7ee44 [term 0 FOLLOWER]: Starting pre-election with config: opid_index: -1 OBSOLETE_local: false peers { permanent_uuid: "e4dd0c2d76a349238d67832b1c63879b" member_type: VOTER last_known_addr { host: "127.8.35.193" port: 41089 } } peers { permanent_uuid: "98028aae9af448618b2d3c1090f7ee44" member_type: VOTER last_known_addr { host: "127.8.35.194" port: 42769 } } peers { permanent_uuid: "c440e6b2e8744a9e95046c9493dffbb6" member_type: VOTER last_known_addr { host: "127.8.35.195" port: 33467 } }
I20260710 11:10:02.475533  9626 ts_tablet_manager.cc:1403] T 6121caac66384f87bbdd238ed40a167e P 98028aae9af448618b2d3c1090f7ee44: Time spent bootstrapping tablet: real 0.049s	user 0.025s	sys 0.023s
I20260710 11:10:02.479162  9626 raft_consensus.cc:359] T 6121caac66384f87bbdd238ed40a167e P 98028aae9af448618b2d3c1090f7ee44 [term 0 FOLLOWER]: Replica starting. Triggering 0 pending ops. Active config: opid_index: -1 OBSOLETE_local: false peers { permanent_uuid: "98028aae9af448618b2d3c1090f7ee44" member_type: VOTER last_known_addr { host: "127.8.35.194" port: 42769 } } peers { permanent_uuid: "e4dd0c2d76a349238d67832b1c63879b" member_type: VOTER last_known_addr { host: "127.8.35.193" port: 41089 } } peers { permanent_uuid: "c440e6b2e8744a9e95046c9493dffbb6" member_type: VOTER last_known_addr { host: "127.8.35.195" port: 33467 } }
I20260710 11:10:02.479903  9626 raft_consensus.cc:385] T 6121caac66384f87bbdd238ed40a167e P 98028aae9af448618b2d3c1090f7ee44 [term 0 FOLLOWER]: Consensus starting up: Expiring failure detector timer to make a prompt election more likely
I20260710 11:10:02.480226  9626 raft_consensus.cc:740] T 6121caac66384f87bbdd238ed40a167e P 98028aae9af448618b2d3c1090f7ee44 [term 0 FOLLOWER]: Becoming Follower/Learner. State: Replica: 98028aae9af448618b2d3c1090f7ee44, State: Initialized, Role: FOLLOWER
I20260710 11:10:02.480579  9627 raft_consensus.cc:359] T e8329012794c46069cc3519c7a34e8db P c440e6b2e8744a9e95046c9493dffbb6 [term 0 FOLLOWER]: Replica starting. Triggering 0 pending ops. Active config: opid_index: -1 OBSOLETE_local: false peers { permanent_uuid: "e4dd0c2d76a349238d67832b1c63879b" member_type: VOTER last_known_addr { host: "127.8.35.193" port: 41089 } } peers { permanent_uuid: "98028aae9af448618b2d3c1090f7ee44" member_type: VOTER last_known_addr { host: "127.8.35.194" port: 42769 } } peers { permanent_uuid: "c440e6b2e8744a9e95046c9493dffbb6" member_type: VOTER last_known_addr { host: "127.8.35.195" port: 33467 } }
I20260710 11:10:02.481114  9626 consensus_queue.cc:260] T 6121caac66384f87bbdd238ed40a167e P 98028aae9af448618b2d3c1090f7ee44 [NON_LEADER]: Queue going to NON_LEADER mode. State: All replicated index: 0, Majority replicated index: 0, Committed index: 0, Last appended: 0.0, Last appended by leader: 0, Current term: 0, Majority size: -1, State: 0, Mode: NON_LEADER, active raft config: opid_index: -1 OBSOLETE_local: false peers { permanent_uuid: "98028aae9af448618b2d3c1090f7ee44" member_type: VOTER last_known_addr { host: "127.8.35.194" port: 42769 } } peers { permanent_uuid: "e4dd0c2d76a349238d67832b1c63879b" member_type: VOTER last_known_addr { host: "127.8.35.193" port: 41089 } } peers { permanent_uuid: "c440e6b2e8744a9e95046c9493dffbb6" member_type: VOTER last_known_addr { host: "127.8.35.195" port: 33467 } }
I20260710 11:10:02.481712  9627 raft_consensus.cc:385] T e8329012794c46069cc3519c7a34e8db P c440e6b2e8744a9e95046c9493dffbb6 [term 0 FOLLOWER]: Consensus starting up: Expiring failure detector timer to make a prompt election more likely
I20260710 11:10:02.482278  9627 raft_consensus.cc:740] T e8329012794c46069cc3519c7a34e8db P c440e6b2e8744a9e95046c9493dffbb6 [term 0 FOLLOWER]: Becoming Follower/Learner. State: Replica: c440e6b2e8744a9e95046c9493dffbb6, State: Initialized, Role: FOLLOWER
I20260710 11:10:02.484407  9627 consensus_queue.cc:260] T e8329012794c46069cc3519c7a34e8db P c440e6b2e8744a9e95046c9493dffbb6 [NON_LEADER]: Queue going to NON_LEADER mode. State: All replicated index: 0, Majority replicated index: 0, Committed index: 0, Last appended: 0.0, Last appended by leader: 0, Current term: 0, Majority size: -1, State: 0, Mode: NON_LEADER, active raft config: opid_index: -1 OBSOLETE_local: false peers { permanent_uuid: "e4dd0c2d76a349238d67832b1c63879b" member_type: VOTER last_known_addr { host: "127.8.35.193" port: 41089 } } peers { permanent_uuid: "98028aae9af448618b2d3c1090f7ee44" member_type: VOTER last_known_addr { host: "127.8.35.194" port: 42769 } } peers { permanent_uuid: "c440e6b2e8744a9e95046c9493dffbb6" member_type: VOTER last_known_addr { host: "127.8.35.195" port: 33467 } }
I20260710 11:10:02.486819  9627 ts_tablet_manager.cc:1434] T e8329012794c46069cc3519c7a34e8db P c440e6b2e8744a9e95046c9493dffbb6: Time spent starting tablet: real 0.024s	user 0.006s	sys 0.003s
I20260710 11:10:02.487843  9627 tablet_bootstrap.cc:492] T 6121caac66384f87bbdd238ed40a167e P c440e6b2e8744a9e95046c9493dffbb6: Bootstrap starting.
I20260710 11:10:02.489569  9625 tablet_bootstrap.cc:492] T c5c628e826784dd7a1b2fc32e4f56cea P e4dd0c2d76a349238d67832b1c63879b: No bootstrap required, opened a new log
I20260710 11:10:02.490136  9625 ts_tablet_manager.cc:1403] T c5c628e826784dd7a1b2fc32e4f56cea P e4dd0c2d76a349238d67832b1c63879b: Time spent bootstrapping tablet: real 0.048s	user 0.022s	sys 0.018s
I20260710 11:10:02.493278  9625 raft_consensus.cc:359] T c5c628e826784dd7a1b2fc32e4f56cea P e4dd0c2d76a349238d67832b1c63879b [term 0 FOLLOWER]: Replica starting. Triggering 0 pending ops. Active config: opid_index: -1 OBSOLETE_local: false peers { permanent_uuid: "e4dd0c2d76a349238d67832b1c63879b" member_type: VOTER last_known_addr { host: "127.8.35.193" port: 41089 } } peers { permanent_uuid: "98028aae9af448618b2d3c1090f7ee44" member_type: VOTER last_known_addr { host: "127.8.35.194" port: 42769 } } peers { permanent_uuid: "c440e6b2e8744a9e95046c9493dffbb6" member_type: VOTER last_known_addr { host: "127.8.35.195" port: 33467 } }
I20260710 11:10:02.494100  9625 raft_consensus.cc:385] T c5c628e826784dd7a1b2fc32e4f56cea P e4dd0c2d76a349238d67832b1c63879b [term 0 FOLLOWER]: Consensus starting up: Expiring failure detector timer to make a prompt election more likely
I20260710 11:10:02.494508  9627 tablet_bootstrap.cc:654] T 6121caac66384f87bbdd238ed40a167e P c440e6b2e8744a9e95046c9493dffbb6: Neither blocks nor log segments found. Creating new log.
I20260710 11:10:02.494513  9625 raft_consensus.cc:740] T c5c628e826784dd7a1b2fc32e4f56cea P e4dd0c2d76a349238d67832b1c63879b [term 0 FOLLOWER]: Becoming Follower/Learner. State: Replica: e4dd0c2d76a349238d67832b1c63879b, State: Initialized, Role: FOLLOWER
I20260710 11:10:02.496171  9632 leader_election.cc:290] T eb503f6c318a4e78af88f34d1ddc4e66 P 98028aae9af448618b2d3c1090f7ee44 [CANDIDATE]: Term 1 pre-election: Requested pre-vote from peers e4dd0c2d76a349238d67832b1c63879b (127.8.35.193:41089), c440e6b2e8744a9e95046c9493dffbb6 (127.8.35.195:33467)
I20260710 11:10:02.505877  9625 consensus_queue.cc:260] T c5c628e826784dd7a1b2fc32e4f56cea P e4dd0c2d76a349238d67832b1c63879b [NON_LEADER]: Queue going to NON_LEADER mode. State: All replicated index: 0, Majority replicated index: 0, Committed index: 0, Last appended: 0.0, Last appended by leader: 0, Current term: 0, Majority size: -1, State: 0, Mode: NON_LEADER, active raft config: opid_index: -1 OBSOLETE_local: false peers { permanent_uuid: "e4dd0c2d76a349238d67832b1c63879b" member_type: VOTER last_known_addr { host: "127.8.35.193" port: 41089 } } peers { permanent_uuid: "98028aae9af448618b2d3c1090f7ee44" member_type: VOTER last_known_addr { host: "127.8.35.194" port: 42769 } } peers { permanent_uuid: "c440e6b2e8744a9e95046c9493dffbb6" member_type: VOTER last_known_addr { host: "127.8.35.195" port: 33467 } }
I20260710 11:10:02.509317  9625 ts_tablet_manager.cc:1434] T c5c628e826784dd7a1b2fc32e4f56cea P e4dd0c2d76a349238d67832b1c63879b: Time spent starting tablet: real 0.019s	user 0.004s	sys 0.002s
I20260710 11:10:02.510766  9625 tablet_bootstrap.cc:492] T 075e033d2a07483bace8d06367128fd5 P e4dd0c2d76a349238d67832b1c63879b: Bootstrap starting.
I20260710 11:10:02.519716  9625 tablet_bootstrap.cc:654] T 075e033d2a07483bace8d06367128fd5 P e4dd0c2d76a349238d67832b1c63879b: Neither blocks nor log segments found. Creating new log.
I20260710 11:10:02.522840  9627 tablet_bootstrap.cc:492] T 6121caac66384f87bbdd238ed40a167e P c440e6b2e8744a9e95046c9493dffbb6: No bootstrap required, opened a new log
I20260710 11:10:02.523433  9627 ts_tablet_manager.cc:1403] T 6121caac66384f87bbdd238ed40a167e P c440e6b2e8744a9e95046c9493dffbb6: Time spent bootstrapping tablet: real 0.036s	user 0.027s	sys 0.008s
I20260710 11:10:02.527171  9633 raft_consensus.cc:493] T 6121caac66384f87bbdd238ed40a167e P e4dd0c2d76a349238d67832b1c63879b [term 0 FOLLOWER]: Starting pre-election (no leader contacted us within the election timeout)
I20260710 11:10:02.527876  9633 raft_consensus.cc:515] T 6121caac66384f87bbdd238ed40a167e P e4dd0c2d76a349238d67832b1c63879b [term 0 FOLLOWER]: Starting pre-election with config: opid_index: -1 OBSOLETE_local: false peers { permanent_uuid: "98028aae9af448618b2d3c1090f7ee44" member_type: VOTER last_known_addr { host: "127.8.35.194" port: 42769 } } peers { permanent_uuid: "e4dd0c2d76a349238d67832b1c63879b" member_type: VOTER last_known_addr { host: "127.8.35.193" port: 41089 } } peers { permanent_uuid: "c440e6b2e8744a9e95046c9493dffbb6" member_type: VOTER last_known_addr { host: "127.8.35.195" port: 33467 } }
I20260710 11:10:02.530594  9633 leader_election.cc:290] T 6121caac66384f87bbdd238ed40a167e P e4dd0c2d76a349238d67832b1c63879b [CANDIDATE]: Term 1 pre-election: Requested pre-vote from peers 98028aae9af448618b2d3c1090f7ee44 (127.8.35.194:42769), c440e6b2e8744a9e95046c9493dffbb6 (127.8.35.195:33467)
I20260710 11:10:02.531286  9511 tablet_service.cc:1917] Received RequestConsensusVote() RPC: tablet_id: "6121caac66384f87bbdd238ed40a167e" candidate_uuid: "e4dd0c2d76a349238d67832b1c63879b" candidate_term: 1 candidate_status { last_received { term: 0 index: 0 } } ignore_live_leader: false dest_uuid: "98028aae9af448618b2d3c1090f7ee44" is_pre_election: true
I20260710 11:10:02.531230  9627 raft_consensus.cc:359] T 6121caac66384f87bbdd238ed40a167e P c440e6b2e8744a9e95046c9493dffbb6 [term 0 FOLLOWER]: Replica starting. Triggering 0 pending ops. Active config: opid_index: -1 OBSOLETE_local: false peers { permanent_uuid: "98028aae9af448618b2d3c1090f7ee44" member_type: VOTER last_known_addr { host: "127.8.35.194" port: 42769 } } peers { permanent_uuid: "e4dd0c2d76a349238d67832b1c63879b" member_type: VOTER last_known_addr { host: "127.8.35.193" port: 41089 } } peers { permanent_uuid: "c440e6b2e8744a9e95046c9493dffbb6" member_type: VOTER last_known_addr { host: "127.8.35.195" port: 33467 } }
I20260710 11:10:02.532018  9511 raft_consensus.cc:2468] T 6121caac66384f87bbdd238ed40a167e P 98028aae9af448618b2d3c1090f7ee44 [term 0 FOLLOWER]: Leader pre-election vote request: Granting yes vote for candidate e4dd0c2d76a349238d67832b1c63879b in term 0.
I20260710 11:10:02.532182  9627 raft_consensus.cc:385] T 6121caac66384f87bbdd238ed40a167e P c440e6b2e8744a9e95046c9493dffbb6 [term 0 FOLLOWER]: Consensus starting up: Expiring failure detector timer to make a prompt election more likely
I20260710 11:10:02.532359  9585 tablet_service.cc:1917] Received RequestConsensusVote() RPC: tablet_id: "6121caac66384f87bbdd238ed40a167e" candidate_uuid: "e4dd0c2d76a349238d67832b1c63879b" candidate_term: 1 candidate_status { last_received { term: 0 index: 0 } } ignore_live_leader: false dest_uuid: "c440e6b2e8744a9e95046c9493dffbb6" is_pre_election: true
I20260710 11:10:02.533305  9399 leader_election.cc:304] T 6121caac66384f87bbdd238ed40a167e P e4dd0c2d76a349238d67832b1c63879b [CANDIDATE]: Term 1 pre-election: Election decided. Result: candidate won. Election summary: received 2 responses out of 3 voters: 2 yes votes; 0 no votes. yes voters: 98028aae9af448618b2d3c1090f7ee44, e4dd0c2d76a349238d67832b1c63879b; no voters: 
I20260710 11:10:02.532608  9627 raft_consensus.cc:740] T 6121caac66384f87bbdd238ed40a167e P c440e6b2e8744a9e95046c9493dffbb6 [term 0 FOLLOWER]: Becoming Follower/Learner. State: Replica: c440e6b2e8744a9e95046c9493dffbb6, State: Initialized, Role: FOLLOWER
I20260710 11:10:02.534179  9633 raft_consensus.cc:2804] T 6121caac66384f87bbdd238ed40a167e P e4dd0c2d76a349238d67832b1c63879b [term 0 FOLLOWER]: Leader pre-election won for term 1
I20260710 11:10:02.534560  9633 raft_consensus.cc:493] T 6121caac66384f87bbdd238ed40a167e P e4dd0c2d76a349238d67832b1c63879b [term 0 FOLLOWER]: Starting leader election (no leader contacted us within the election timeout)
I20260710 11:10:02.534982  9633 raft_consensus.cc:3060] T 6121caac66384f87bbdd238ed40a167e P e4dd0c2d76a349238d67832b1c63879b [term 0 FOLLOWER]: Advancing to term 1
I20260710 11:10:02.534606  9627 consensus_queue.cc:260] T 6121caac66384f87bbdd238ed40a167e P c440e6b2e8744a9e95046c9493dffbb6 [NON_LEADER]: Queue going to NON_LEADER mode. State: All replicated index: 0, Majority replicated index: 0, Committed index: 0, Last appended: 0.0, Last appended by leader: 0, Current term: 0, Majority size: -1, State: 0, Mode: NON_LEADER, active raft config: opid_index: -1 OBSOLETE_local: false peers { permanent_uuid: "98028aae9af448618b2d3c1090f7ee44" member_type: VOTER last_known_addr { host: "127.8.35.194" port: 42769 } } peers { permanent_uuid: "e4dd0c2d76a349238d67832b1c63879b" member_type: VOTER last_known_addr { host: "127.8.35.193" port: 41089 } } peers { permanent_uuid: "c440e6b2e8744a9e95046c9493dffbb6" member_type: VOTER last_known_addr { host: "127.8.35.195" port: 33467 } }
I20260710 11:10:02.535282  9626 ts_tablet_manager.cc:1434] T 6121caac66384f87bbdd238ed40a167e P 98028aae9af448618b2d3c1090f7ee44: Time spent starting tablet: real 0.059s	user 0.012s	sys 0.018s
I20260710 11:10:02.535817  9585 raft_consensus.cc:2468] T 6121caac66384f87bbdd238ed40a167e P c440e6b2e8744a9e95046c9493dffbb6 [term 0 FOLLOWER]: Leader pre-election vote request: Granting yes vote for candidate e4dd0c2d76a349238d67832b1c63879b in term 0.
I20260710 11:10:02.542235  9633 raft_consensus.cc:515] T 6121caac66384f87bbdd238ed40a167e P e4dd0c2d76a349238d67832b1c63879b [term 1 FOLLOWER]: Starting leader election with config: opid_index: -1 OBSOLETE_local: false peers { permanent_uuid: "98028aae9af448618b2d3c1090f7ee44" member_type: VOTER last_known_addr { host: "127.8.35.194" port: 42769 } } peers { permanent_uuid: "e4dd0c2d76a349238d67832b1c63879b" member_type: VOTER last_known_addr { host: "127.8.35.193" port: 41089 } } peers { permanent_uuid: "c440e6b2e8744a9e95046c9493dffbb6" member_type: VOTER last_known_addr { host: "127.8.35.195" port: 33467 } }
I20260710 11:10:02.544675  9626 tablet_bootstrap.cc:492] T 4aefb295a3d84b5ca4e7aad8e96c3cde P 98028aae9af448618b2d3c1090f7ee44: Bootstrap starting.
I20260710 11:10:02.545017  9511 tablet_service.cc:1917] Received RequestConsensusVote() RPC: tablet_id: "6121caac66384f87bbdd238ed40a167e" candidate_uuid: "e4dd0c2d76a349238d67832b1c63879b" candidate_term: 1 candidate_status { last_received { term: 0 index: 0 } } ignore_live_leader: false dest_uuid: "98028aae9af448618b2d3c1090f7ee44"
I20260710 11:10:02.545615  9511 raft_consensus.cc:3060] T 6121caac66384f87bbdd238ed40a167e P 98028aae9af448618b2d3c1090f7ee44 [term 0 FOLLOWER]: Advancing to term 1
I20260710 11:10:02.548369  9627 ts_tablet_manager.cc:1434] T 6121caac66384f87bbdd238ed40a167e P c440e6b2e8744a9e95046c9493dffbb6: Time spent starting tablet: real 0.025s	user 0.003s	sys 0.003s
I20260710 11:10:02.552435  9627 tablet_bootstrap.cc:492] T c5c628e826784dd7a1b2fc32e4f56cea P c440e6b2e8744a9e95046c9493dffbb6: Bootstrap starting.
I20260710 11:10:02.552742  9511 raft_consensus.cc:2468] T 6121caac66384f87bbdd238ed40a167e P 98028aae9af448618b2d3c1090f7ee44 [term 1 FOLLOWER]: Leader election vote request: Granting yes vote for candidate e4dd0c2d76a349238d67832b1c63879b in term 1.
I20260710 11:10:02.553933  9399 leader_election.cc:304] T 6121caac66384f87bbdd238ed40a167e P e4dd0c2d76a349238d67832b1c63879b [CANDIDATE]: Term 1 election: Election decided. Result: candidate won. Election summary: received 2 responses out of 3 voters: 2 yes votes; 0 no votes. yes voters: 98028aae9af448618b2d3c1090f7ee44, e4dd0c2d76a349238d67832b1c63879b; no voters: 
I20260710 11:10:02.554864  9631 raft_consensus.cc:2804] T 6121caac66384f87bbdd238ed40a167e P e4dd0c2d76a349238d67832b1c63879b [term 1 FOLLOWER]: Leader election won for term 1
I20260710 11:10:02.555830  9585 tablet_service.cc:1917] Received RequestConsensusVote() RPC: tablet_id: "eb503f6c318a4e78af88f34d1ddc4e66" candidate_uuid: "98028aae9af448618b2d3c1090f7ee44" candidate_term: 1 candidate_status { last_received { term: 0 index: 0 } } ignore_live_leader: false dest_uuid: "c440e6b2e8744a9e95046c9493dffbb6" is_pre_election: true
I20260710 11:10:02.557447  9626 tablet_bootstrap.cc:654] T 4aefb295a3d84b5ca4e7aad8e96c3cde P 98028aae9af448618b2d3c1090f7ee44: Neither blocks nor log segments found. Creating new log.
I20260710 11:10:02.557406  9664 raft_consensus.cc:493] T a405e0e09d9b42b1a1b947cddb44f8da P 98028aae9af448618b2d3c1090f7ee44 [term 0 FOLLOWER]: Starting pre-election (no leader contacted us within the election timeout)
I20260710 11:10:02.557910  9436 tablet_service.cc:1917] Received RequestConsensusVote() RPC: tablet_id: "eb503f6c318a4e78af88f34d1ddc4e66" candidate_uuid: "98028aae9af448618b2d3c1090f7ee44" candidate_term: 1 candidate_status { last_received { term: 0 index: 0 } } ignore_live_leader: false dest_uuid: "e4dd0c2d76a349238d67832b1c63879b" is_pre_election: true
I20260710 11:10:02.558028  9664 raft_consensus.cc:515] T a405e0e09d9b42b1a1b947cddb44f8da P 98028aae9af448618b2d3c1090f7ee44 [term 0 FOLLOWER]: Starting pre-election with config: opid_index: -1 OBSOLETE_local: false peers { permanent_uuid: "e4dd0c2d76a349238d67832b1c63879b" member_type: VOTER last_known_addr { host: "127.8.35.193" port: 41089 } } peers { permanent_uuid: "98028aae9af448618b2d3c1090f7ee44" member_type: VOTER last_known_addr { host: "127.8.35.194" port: 42769 } } peers { permanent_uuid: "c440e6b2e8744a9e95046c9493dffbb6" member_type: VOTER last_known_addr { host: "127.8.35.195" port: 33467 } }
I20260710 11:10:02.558627  9436 raft_consensus.cc:2468] T eb503f6c318a4e78af88f34d1ddc4e66 P e4dd0c2d76a349238d67832b1c63879b [term 0 FOLLOWER]: Leader pre-election vote request: Granting yes vote for candidate 98028aae9af448618b2d3c1090f7ee44 in term 0.
I20260710 11:10:02.559717  9627 tablet_bootstrap.cc:654] T c5c628e826784dd7a1b2fc32e4f56cea P c440e6b2e8744a9e95046c9493dffbb6: Neither blocks nor log segments found. Creating new log.
I20260710 11:10:02.560705  9474 leader_election.cc:304] T eb503f6c318a4e78af88f34d1ddc4e66 P 98028aae9af448618b2d3c1090f7ee44 [CANDIDATE]: Term 1 pre-election: Election decided. Result: candidate won. Election summary: received 2 responses out of 3 voters: 2 yes votes; 0 no votes. yes voters: 98028aae9af448618b2d3c1090f7ee44, e4dd0c2d76a349238d67832b1c63879b; no voters: 
I20260710 11:10:02.562530  9664 leader_election.cc:290] T a405e0e09d9b42b1a1b947cddb44f8da P 98028aae9af448618b2d3c1090f7ee44 [CANDIDATE]: Term 1 pre-election: Requested pre-vote from peers e4dd0c2d76a349238d67832b1c63879b (127.8.35.193:41089), c440e6b2e8744a9e95046c9493dffbb6 (127.8.35.195:33467)
I20260710 11:10:02.564635  9632 raft_consensus.cc:2804] T eb503f6c318a4e78af88f34d1ddc4e66 P 98028aae9af448618b2d3c1090f7ee44 [term 0 FOLLOWER]: Leader pre-election won for term 1
I20260710 11:10:02.565222  9632 raft_consensus.cc:493] T eb503f6c318a4e78af88f34d1ddc4e66 P 98028aae9af448618b2d3c1090f7ee44 [term 0 FOLLOWER]: Starting leader election (no leader contacted us within the election timeout)
I20260710 11:10:02.565716  9632 raft_consensus.cc:3060] T eb503f6c318a4e78af88f34d1ddc4e66 P 98028aae9af448618b2d3c1090f7ee44 [term 0 FOLLOWER]: Advancing to term 1
I20260710 11:10:02.570147  9631 raft_consensus.cc:697] T 6121caac66384f87bbdd238ed40a167e P e4dd0c2d76a349238d67832b1c63879b [term 1 LEADER]: Becoming Leader. State: Replica: e4dd0c2d76a349238d67832b1c63879b, State: Running, Role: LEADER
W20260710 11:10:02.571247  9474 leader_election.cc:343] T eb503f6c318a4e78af88f34d1ddc4e66 P 98028aae9af448618b2d3c1090f7ee44 [CANDIDATE]: Term 1 pre-election: Tablet error from VoteRequest() call to peer c440e6b2e8744a9e95046c9493dffbb6 (127.8.35.195:33467): Illegal state: must be running to vote when last-logged opid is not known
I20260710 11:10:02.571321  9631 consensus_queue.cc:237] T 6121caac66384f87bbdd238ed40a167e P e4dd0c2d76a349238d67832b1c63879b [LEADER]: Queue going to LEADER mode. State: All replicated index: 0, Majority replicated index: 0, Committed index: 0, Last appended: 0.0, Last appended by leader: 0, Current term: 1, Majority size: 2, State: 0, Mode: LEADER, active raft config: opid_index: -1 OBSOLETE_local: false peers { permanent_uuid: "98028aae9af448618b2d3c1090f7ee44" member_type: VOTER last_known_addr { host: "127.8.35.194" port: 42769 } } peers { permanent_uuid: "e4dd0c2d76a349238d67832b1c63879b" member_type: VOTER last_known_addr { host: "127.8.35.193" port: 41089 } } peers { permanent_uuid: "c440e6b2e8744a9e95046c9493dffbb6" member_type: VOTER last_known_addr { host: "127.8.35.195" port: 33467 } }
I20260710 11:10:02.574096  9627 tablet_bootstrap.cc:492] T c5c628e826784dd7a1b2fc32e4f56cea P c440e6b2e8744a9e95046c9493dffbb6: No bootstrap required, opened a new log
I20260710 11:10:02.574213  9436 tablet_service.cc:1917] Received RequestConsensusVote() RPC: tablet_id: "a405e0e09d9b42b1a1b947cddb44f8da" candidate_uuid: "98028aae9af448618b2d3c1090f7ee44" candidate_term: 1 candidate_status { last_received { term: 0 index: 0 } } ignore_live_leader: false dest_uuid: "e4dd0c2d76a349238d67832b1c63879b" is_pre_election: true
I20260710 11:10:02.574950  9627 ts_tablet_manager.cc:1403] T c5c628e826784dd7a1b2fc32e4f56cea P c440e6b2e8744a9e95046c9493dffbb6: Time spent bootstrapping tablet: real 0.023s	user 0.016s	sys 0.003s
I20260710 11:10:02.575379  9436 raft_consensus.cc:2468] T a405e0e09d9b42b1a1b947cddb44f8da P e4dd0c2d76a349238d67832b1c63879b [term 0 FOLLOWER]: Leader pre-election vote request: Granting yes vote for candidate 98028aae9af448618b2d3c1090f7ee44 in term 0.
I20260710 11:10:02.577487  9664 raft_consensus.cc:493] T e8329012794c46069cc3519c7a34e8db P 98028aae9af448618b2d3c1090f7ee44 [term 0 FOLLOWER]: Starting pre-election (no leader contacted us within the election timeout)
I20260710 11:10:02.578914  9627 raft_consensus.cc:359] T c5c628e826784dd7a1b2fc32e4f56cea P c440e6b2e8744a9e95046c9493dffbb6 [term 0 FOLLOWER]: Replica starting. Triggering 0 pending ops. Active config: opid_index: -1 OBSOLETE_local: false peers { permanent_uuid: "e4dd0c2d76a349238d67832b1c63879b" member_type: VOTER last_known_addr { host: "127.8.35.193" port: 41089 } } peers { permanent_uuid: "98028aae9af448618b2d3c1090f7ee44" member_type: VOTER last_known_addr { host: "127.8.35.194" port: 42769 } } peers { permanent_uuid: "c440e6b2e8744a9e95046c9493dffbb6" member_type: VOTER last_known_addr { host: "127.8.35.195" port: 33467 } }
I20260710 11:10:02.580521  9627 raft_consensus.cc:385] T c5c628e826784dd7a1b2fc32e4f56cea P c440e6b2e8744a9e95046c9493dffbb6 [term 0 FOLLOWER]: Consensus starting up: Expiring failure detector timer to make a prompt election more likely
I20260710 11:10:02.580855  9627 raft_consensus.cc:740] T c5c628e826784dd7a1b2fc32e4f56cea P c440e6b2e8744a9e95046c9493dffbb6 [term 0 FOLLOWER]: Becoming Follower/Learner. State: Replica: c440e6b2e8744a9e95046c9493dffbb6, State: Initialized, Role: FOLLOWER
I20260710 11:10:02.581664  9627 consensus_queue.cc:260] T c5c628e826784dd7a1b2fc32e4f56cea P c440e6b2e8744a9e95046c9493dffbb6 [NON_LEADER]: Queue going to NON_LEADER mode. State: All replicated index: 0, Majority replicated index: 0, Committed index: 0, Last appended: 0.0, Last appended by leader: 0, Current term: 0, Majority size: -1, State: 0, Mode: NON_LEADER, active raft config: opid_index: -1 OBSOLETE_local: false peers { permanent_uuid: "e4dd0c2d76a349238d67832b1c63879b" member_type: VOTER last_known_addr { host: "127.8.35.193" port: 41089 } } peers { permanent_uuid: "98028aae9af448618b2d3c1090f7ee44" member_type: VOTER last_known_addr { host: "127.8.35.194" port: 42769 } } peers { permanent_uuid: "c440e6b2e8744a9e95046c9493dffbb6" member_type: VOTER last_known_addr { host: "127.8.35.195" port: 33467 } }
I20260710 11:10:02.584475  9633 leader_election.cc:290] T 6121caac66384f87bbdd238ed40a167e P e4dd0c2d76a349238d67832b1c63879b [CANDIDATE]: Term 1 election: Requested vote from peers 98028aae9af448618b2d3c1090f7ee44 (127.8.35.194:42769), c440e6b2e8744a9e95046c9493dffbb6 (127.8.35.195:33467)
I20260710 11:10:02.578199  9664 raft_consensus.cc:515] T e8329012794c46069cc3519c7a34e8db P 98028aae9af448618b2d3c1090f7ee44 [term 0 FOLLOWER]: Starting pre-election with config: opid_index: -1 OBSOLETE_local: false peers { permanent_uuid: "e4dd0c2d76a349238d67832b1c63879b" member_type: VOTER last_known_addr { host: "127.8.35.193" port: 41089 } } peers { permanent_uuid: "98028aae9af448618b2d3c1090f7ee44" member_type: VOTER last_known_addr { host: "127.8.35.194" port: 42769 } } peers { permanent_uuid: "c440e6b2e8744a9e95046c9493dffbb6" member_type: VOTER last_known_addr { host: "127.8.35.195" port: 33467 } }
I20260710 11:10:02.586597  9585 tablet_service.cc:1917] Received RequestConsensusVote() RPC: tablet_id: "6121caac66384f87bbdd238ed40a167e" candidate_uuid: "e4dd0c2d76a349238d67832b1c63879b" candidate_term: 1 candidate_status { last_received { term: 0 index: 0 } } ignore_live_leader: false dest_uuid: "c440e6b2e8744a9e95046c9493dffbb6"
I20260710 11:10:02.587033  9625 tablet_bootstrap.cc:492] T 075e033d2a07483bace8d06367128fd5 P e4dd0c2d76a349238d67832b1c63879b: No bootstrap required, opened a new log
I20260710 11:10:02.587182  9585 raft_consensus.cc:3060] T 6121caac66384f87bbdd238ed40a167e P c440e6b2e8744a9e95046c9493dffbb6 [term 0 FOLLOWER]: Advancing to term 1
I20260710 11:10:02.587678  9625 ts_tablet_manager.cc:1403] T 075e033d2a07483bace8d06367128fd5 P e4dd0c2d76a349238d67832b1c63879b: Time spent bootstrapping tablet: real 0.077s	user 0.014s	sys 0.008s
I20260710 11:10:02.588064  9664 leader_election.cc:290] T e8329012794c46069cc3519c7a34e8db P 98028aae9af448618b2d3c1090f7ee44 [CANDIDATE]: Term 1 pre-election: Requested pre-vote from peers e4dd0c2d76a349238d67832b1c63879b (127.8.35.193:41089), c440e6b2e8744a9e95046c9493dffbb6 (127.8.35.195:33467)
I20260710 11:10:02.589963  9584 tablet_service.cc:1917] Received RequestConsensusVote() RPC: tablet_id: "a405e0e09d9b42b1a1b947cddb44f8da" candidate_uuid: "98028aae9af448618b2d3c1090f7ee44" candidate_term: 1 candidate_status { last_received { term: 0 index: 0 } } ignore_live_leader: false dest_uuid: "c440e6b2e8744a9e95046c9493dffbb6" is_pre_election: true
I20260710 11:10:02.590644  9625 raft_consensus.cc:359] T 075e033d2a07483bace8d06367128fd5 P e4dd0c2d76a349238d67832b1c63879b [term 0 FOLLOWER]: Replica starting. Triggering 0 pending ops. Active config: opid_index: -1 OBSOLETE_local: false peers { permanent_uuid: "e4dd0c2d76a349238d67832b1c63879b" member_type: VOTER last_known_addr { host: "127.8.35.193" port: 41089 } } peers { permanent_uuid: "98028aae9af448618b2d3c1090f7ee44" member_type: VOTER last_known_addr { host: "127.8.35.194" port: 42769 } } peers { permanent_uuid: "c440e6b2e8744a9e95046c9493dffbb6" member_type: VOTER last_known_addr { host: "127.8.35.195" port: 33467 } }
I20260710 11:10:02.591048  9584 raft_consensus.cc:2468] T a405e0e09d9b42b1a1b947cddb44f8da P c440e6b2e8744a9e95046c9493dffbb6 [term 0 FOLLOWER]: Leader pre-election vote request: Granting yes vote for candidate 98028aae9af448618b2d3c1090f7ee44 in term 0.
I20260710 11:10:02.591809  9634 raft_consensus.cc:493] T a405e0e09d9b42b1a1b947cddb44f8da P c440e6b2e8744a9e95046c9493dffbb6 [term 0 FOLLOWER]: Starting pre-election (no leader contacted us within the election timeout)
I20260710 11:10:02.591400  9625 raft_consensus.cc:385] T 075e033d2a07483bace8d06367128fd5 P e4dd0c2d76a349238d67832b1c63879b [term 0 FOLLOWER]: Consensus starting up: Expiring failure detector timer to make a prompt election more likely
I20260710 11:10:02.592514  9625 raft_consensus.cc:740] T 075e033d2a07483bace8d06367128fd5 P e4dd0c2d76a349238d67832b1c63879b [term 0 FOLLOWER]: Becoming Follower/Learner. State: Replica: e4dd0c2d76a349238d67832b1c63879b, State: Initialized, Role: FOLLOWER
I20260710 11:10:02.592434  9634 raft_consensus.cc:515] T a405e0e09d9b42b1a1b947cddb44f8da P c440e6b2e8744a9e95046c9493dffbb6 [term 0 FOLLOWER]: Starting pre-election with config: opid_index: -1 OBSOLETE_local: false peers { permanent_uuid: "e4dd0c2d76a349238d67832b1c63879b" member_type: VOTER last_known_addr { host: "127.8.35.193" port: 41089 } } peers { permanent_uuid: "98028aae9af448618b2d3c1090f7ee44" member_type: VOTER last_known_addr { host: "127.8.35.194" port: 42769 } } peers { permanent_uuid: "c440e6b2e8744a9e95046c9493dffbb6" member_type: VOTER last_known_addr { host: "127.8.35.195" port: 33467 } }
I20260710 11:10:02.593927  9625 consensus_queue.cc:260] T 075e033d2a07483bace8d06367128fd5 P e4dd0c2d76a349238d67832b1c63879b [NON_LEADER]: Queue going to NON_LEADER mode. State: All replicated index: 0, Majority replicated index: 0, Committed index: 0, Last appended: 0.0, Last appended by leader: 0, Current term: 0, Majority size: -1, State: 0, Mode: NON_LEADER, active raft config: opid_index: -1 OBSOLETE_local: false peers { permanent_uuid: "e4dd0c2d76a349238d67832b1c63879b" member_type: VOTER last_known_addr { host: "127.8.35.193" port: 41089 } } peers { permanent_uuid: "98028aae9af448618b2d3c1090f7ee44" member_type: VOTER last_known_addr { host: "127.8.35.194" port: 42769 } } peers { permanent_uuid: "c440e6b2e8744a9e95046c9493dffbb6" member_type: VOTER last_known_addr { host: "127.8.35.195" port: 33467 } }
I20260710 11:10:02.594466  9436 tablet_service.cc:1917] Received RequestConsensusVote() RPC: tablet_id: "e8329012794c46069cc3519c7a34e8db" candidate_uuid: "98028aae9af448618b2d3c1090f7ee44" candidate_term: 1 candidate_status { last_received { term: 0 index: 0 } } ignore_live_leader: false dest_uuid: "e4dd0c2d76a349238d67832b1c63879b" is_pre_election: true
I20260710 11:10:02.596715  9435 tablet_service.cc:1917] Received RequestConsensusVote() RPC: tablet_id: "a405e0e09d9b42b1a1b947cddb44f8da" candidate_uuid: "c440e6b2e8744a9e95046c9493dffbb6" candidate_term: 1 candidate_status { last_received { term: 0 index: 0 } } ignore_live_leader: false dest_uuid: "e4dd0c2d76a349238d67832b1c63879b" is_pre_election: true
I20260710 11:10:02.597528  9634 leader_election.cc:290] T a405e0e09d9b42b1a1b947cddb44f8da P c440e6b2e8744a9e95046c9493dffbb6 [CANDIDATE]: Term 1 pre-election: Requested pre-vote from peers e4dd0c2d76a349238d67832b1c63879b (127.8.35.193:41089), 98028aae9af448618b2d3c1090f7ee44 (127.8.35.194:42769)
I20260710 11:10:02.597729  9435 raft_consensus.cc:2468] T a405e0e09d9b42b1a1b947cddb44f8da P e4dd0c2d76a349238d67832b1c63879b [term 0 FOLLOWER]: Leader pre-election vote request: Granting yes vote for candidate c440e6b2e8744a9e95046c9493dffbb6 in term 0.
I20260710 11:10:02.600119  9474 leader_election.cc:304] T a405e0e09d9b42b1a1b947cddb44f8da P 98028aae9af448618b2d3c1090f7ee44 [CANDIDATE]: Term 1 pre-election: Election decided. Result: candidate won. Election summary: received 2 responses out of 3 voters: 2 yes votes; 0 no votes. yes voters: 98028aae9af448618b2d3c1090f7ee44, c440e6b2e8744a9e95046c9493dffbb6; no voters: 
I20260710 11:10:02.600315  9511 tablet_service.cc:1917] Received RequestConsensusVote() RPC: tablet_id: "a405e0e09d9b42b1a1b947cddb44f8da" candidate_uuid: "c440e6b2e8744a9e95046c9493dffbb6" candidate_term: 1 candidate_status { last_received { term: 0 index: 0 } } ignore_live_leader: false dest_uuid: "98028aae9af448618b2d3c1090f7ee44" is_pre_election: true
I20260710 11:10:02.601016  9511 raft_consensus.cc:2468] T a405e0e09d9b42b1a1b947cddb44f8da P 98028aae9af448618b2d3c1090f7ee44 [term 0 FOLLOWER]: Leader pre-election vote request: Granting yes vote for candidate c440e6b2e8744a9e95046c9493dffbb6 in term 0.
I20260710 11:10:02.601284  9548 leader_election.cc:304] T a405e0e09d9b42b1a1b947cddb44f8da P c440e6b2e8744a9e95046c9493dffbb6 [CANDIDATE]: Term 1 pre-election: Election decided. Result: candidate won. Election summary: received 2 responses out of 3 voters: 2 yes votes; 0 no votes. yes voters: c440e6b2e8744a9e95046c9493dffbb6, e4dd0c2d76a349238d67832b1c63879b; no voters: 
I20260710 11:10:02.601513  9664 raft_consensus.cc:2804] T a405e0e09d9b42b1a1b947cddb44f8da P 98028aae9af448618b2d3c1090f7ee44 [term 0 FOLLOWER]: Leader pre-election won for term 1
I20260710 11:10:02.597976  9625 ts_tablet_manager.cc:1434] T 075e033d2a07483bace8d06367128fd5 P e4dd0c2d76a349238d67832b1c63879b: Time spent starting tablet: real 0.010s	user 0.006s	sys 0.000s
I20260710 11:10:02.601891  9664 raft_consensus.cc:493] T a405e0e09d9b42b1a1b947cddb44f8da P 98028aae9af448618b2d3c1090f7ee44 [term 0 FOLLOWER]: Starting leader election (no leader contacted us within the election timeout)
I20260710 11:10:02.602273  9664 raft_consensus.cc:3060] T a405e0e09d9b42b1a1b947cddb44f8da P 98028aae9af448618b2d3c1090f7ee44 [term 0 FOLLOWER]: Advancing to term 1
I20260710 11:10:02.596925  9584 tablet_service.cc:1917] Received RequestConsensusVote() RPC: tablet_id: "e8329012794c46069cc3519c7a34e8db" candidate_uuid: "98028aae9af448618b2d3c1090f7ee44" candidate_term: 1 candidate_status { last_received { term: 0 index: 0 } } ignore_live_leader: false dest_uuid: "c440e6b2e8744a9e95046c9493dffbb6" is_pre_election: true
