I20260710 11:09:52.679524  8864 catalog_manager.cc:5697] T 111d95f708a140c28e81c68d1654d0b5 P 70e04d5dab0c4acaac74bea3eb3aa62d reported cstate change: term changed from 1 to 2, leader changed from e5c2c4244f5c4d2daeb17d9be838e4c1 (127.8.35.195) to 70e04d5dab0c4acaac74bea3eb3aa62d (127.8.35.194). New cstate: current_term: 2 leader_uuid: "70e04d5dab0c4acaac74bea3eb3aa62d" committed_config { opid_index: -1 OBSOLETE_local: false peers { permanent_uuid: "aba1149409534de6beda071495a4d405" member_type: VOTER last_known_addr { host: "127.8.35.193" port: 42647 } health_report { overall_health: UNKNOWN } } peers { permanent_uuid: "70e04d5dab0c4acaac74bea3eb3aa62d" member_type: VOTER last_known_addr { host: "127.8.35.194" port: 42473 } health_report { overall_health: HEALTHY } } peers { permanent_uuid: "e5c2c4244f5c4d2daeb17d9be838e4c1" member_type: VOTER last_known_addr { host: "127.8.35.195" port: 41925 } health_report { overall_health: UNKNOWN } } }
I20260710 11:09:52.684311  9172 raft_consensus.cc:993] T 749ac84963394f3d9b9a46853577638f P e5c2c4244f5c4d2daeb17d9be838e4c1: : Instructing follower 70e04d5dab0c4acaac74bea3eb3aa62d to start an election
I20260710 11:09:52.684753  9196 raft_consensus.cc:1081] T 749ac84963394f3d9b9a46853577638f P e5c2c4244f5c4d2daeb17d9be838e4c1 [term 1 LEADER]: Signalling peer 70e04d5dab0c4acaac74bea3eb3aa62d to start an election
I20260710 11:09:52.686146  9042 tablet_service.cc:2044] Received Run Leader Election RPC: tablet_id: "749ac84963394f3d9b9a46853577638f"
dest_uuid: "70e04d5dab0c4acaac74bea3eb3aa62d"
 from {username='slave'} at 127.0.0.1:39518
I20260710 11:09:52.686678  9042 raft_consensus.cc:493] T 749ac84963394f3d9b9a46853577638f P 70e04d5dab0c4acaac74bea3eb3aa62d [term 1 FOLLOWER]: Starting forced leader election (received explicit request)
I20260710 11:09:52.687026  9042 raft_consensus.cc:3060] T 749ac84963394f3d9b9a46853577638f P 70e04d5dab0c4acaac74bea3eb3aa62d [term 1 FOLLOWER]: Advancing to term 2
I20260710 11:09:52.691392  9042 raft_consensus.cc:515] T 749ac84963394f3d9b9a46853577638f P 70e04d5dab0c4acaac74bea3eb3aa62d [term 2 FOLLOWER]: Starting forced leader election with config: opid_index: -1 OBSOLETE_local: false peers { permanent_uuid: "aba1149409534de6beda071495a4d405" member_type: VOTER last_known_addr { host: "127.8.35.193" port: 42647 } } peers { permanent_uuid: "70e04d5dab0c4acaac74bea3eb3aa62d" member_type: VOTER last_known_addr { host: "127.8.35.194" port: 42473 } } peers { permanent_uuid: "e5c2c4244f5c4d2daeb17d9be838e4c1" member_type: VOTER last_known_addr { host: "127.8.35.195" port: 41925 } }
I20260710 11:09:52.692822  9042 leader_election.cc:290] T 749ac84963394f3d9b9a46853577638f P 70e04d5dab0c4acaac74bea3eb3aa62d [CANDIDATE]: Term 2 election: Requested vote from peers aba1149409534de6beda071495a4d405 (127.8.35.193:42647), e5c2c4244f5c4d2daeb17d9be838e4c1 (127.8.35.195:41925)
I20260710 11:09:52.693704  8968 tablet_service.cc:1917] Received RequestConsensusVote() RPC: tablet_id: "749ac84963394f3d9b9a46853577638f" candidate_uuid: "70e04d5dab0c4acaac74bea3eb3aa62d" candidate_term: 2 candidate_status { last_received { term: 1 index: 1 } } ignore_live_leader: true dest_uuid: "aba1149409534de6beda071495a4d405"
I20260710 11:09:52.693876  9118 tablet_service.cc:1917] Received RequestConsensusVote() RPC: tablet_id: "749ac84963394f3d9b9a46853577638f" candidate_uuid: "70e04d5dab0c4acaac74bea3eb3aa62d" candidate_term: 2 candidate_status { last_received { term: 1 index: 1 } } ignore_live_leader: true dest_uuid: "e5c2c4244f5c4d2daeb17d9be838e4c1"
I20260710 11:09:52.694199  8968 raft_consensus.cc:3060] T 749ac84963394f3d9b9a46853577638f P aba1149409534de6beda071495a4d405 [term 1 FOLLOWER]: Advancing to term 2
I20260710 11:09:52.694419  9118 raft_consensus.cc:3055] T 749ac84963394f3d9b9a46853577638f P e5c2c4244f5c4d2daeb17d9be838e4c1 [term 1 LEADER]: Stepping down as leader of term 1
I20260710 11:09:52.694841  9118 raft_consensus.cc:740] T 749ac84963394f3d9b9a46853577638f P e5c2c4244f5c4d2daeb17d9be838e4c1 [term 1 LEADER]: Becoming Follower/Learner. State: Replica: e5c2c4244f5c4d2daeb17d9be838e4c1, State: Running, Role: LEADER
I20260710 11:09:52.695902  9118 consensus_queue.cc:260] T 749ac84963394f3d9b9a46853577638f P e5c2c4244f5c4d2daeb17d9be838e4c1 [NON_LEADER]: Queue going to NON_LEADER mode. State: All replicated index: 0, Majority replicated index: 1, Committed index: 1, Last appended: 1.1, Last appended by leader: 1, Current term: 1, Majority size: -1, State: 0, Mode: NON_LEADER, active raft config: opid_index: -1 OBSOLETE_local: false peers { permanent_uuid: "aba1149409534de6beda071495a4d405" member_type: VOTER last_known_addr { host: "127.8.35.193" port: 42647 } } peers { permanent_uuid: "70e04d5dab0c4acaac74bea3eb3aa62d" member_type: VOTER last_known_addr { host: "127.8.35.194" port: 42473 } } peers { permanent_uuid: "e5c2c4244f5c4d2daeb17d9be838e4c1" member_type: VOTER last_known_addr { host: "127.8.35.195" port: 41925 } }
I20260710 11:09:52.697151  9118 raft_consensus.cc:3060] T 749ac84963394f3d9b9a46853577638f P e5c2c4244f5c4d2daeb17d9be838e4c1 [term 1 FOLLOWER]: Advancing to term 2
I20260710 11:09:52.701045  8968 raft_consensus.cc:2468] T 749ac84963394f3d9b9a46853577638f P aba1149409534de6beda071495a4d405 [term 2 FOLLOWER]: Leader election vote request: Granting yes vote for candidate 70e04d5dab0c4acaac74bea3eb3aa62d in term 2.
I20260710 11:09:52.702256  9007 leader_election.cc:304] T 749ac84963394f3d9b9a46853577638f P 70e04d5dab0c4acaac74bea3eb3aa62d [CANDIDATE]: Term 2 election: Election decided. Result: candidate won. Election summary: received 2 responses out of 3 voters: 2 yes votes; 0 no votes. yes voters: 70e04d5dab0c4acaac74bea3eb3aa62d, aba1149409534de6beda071495a4d405; no voters: 
I20260710 11:09:52.703037  9234 raft_consensus.cc:2804] T 749ac84963394f3d9b9a46853577638f P 70e04d5dab0c4acaac74bea3eb3aa62d [term 2 FOLLOWER]: Leader election won for term 2
I20260710 11:09:52.703480  9234 raft_consensus.cc:697] T 749ac84963394f3d9b9a46853577638f P 70e04d5dab0c4acaac74bea3eb3aa62d [term 2 LEADER]: Becoming Leader. State: Replica: 70e04d5dab0c4acaac74bea3eb3aa62d, State: Running, Role: LEADER
I20260710 11:09:52.703833  9118 raft_consensus.cc:2468] T 749ac84963394f3d9b9a46853577638f P e5c2c4244f5c4d2daeb17d9be838e4c1 [term 2 FOLLOWER]: Leader election vote request: Granting yes vote for candidate 70e04d5dab0c4acaac74bea3eb3aa62d in term 2.
I20260710 11:09:52.704289  9234 consensus_queue.cc:237] T 749ac84963394f3d9b9a46853577638f P 70e04d5dab0c4acaac74bea3eb3aa62d [LEADER]: Queue going to LEADER mode. State: All replicated index: 0, Majority replicated index: 1, Committed index: 1, Last appended: 1.1, Last appended by leader: 1, Current term: 2, Majority size: 2, State: 0, Mode: LEADER, active raft config: opid_index: -1 OBSOLETE_local: false peers { permanent_uuid: "aba1149409534de6beda071495a4d405" member_type: VOTER last_known_addr { host: "127.8.35.193" port: 42647 } } peers { permanent_uuid: "70e04d5dab0c4acaac74bea3eb3aa62d" member_type: VOTER last_known_addr { host: "127.8.35.194" port: 42473 } } peers { permanent_uuid: "e5c2c4244f5c4d2daeb17d9be838e4c1" member_type: VOTER last_known_addr { host: "127.8.35.195" port: 41925 } }
I20260710 11:09:52.710194  8864 catalog_manager.cc:5697] T 749ac84963394f3d9b9a46853577638f P 70e04d5dab0c4acaac74bea3eb3aa62d reported cstate change: term changed from 1 to 2, leader changed from e5c2c4244f5c4d2daeb17d9be838e4c1 (127.8.35.195) to 70e04d5dab0c4acaac74bea3eb3aa62d (127.8.35.194). New cstate: current_term: 2 leader_uuid: "70e04d5dab0c4acaac74bea3eb3aa62d" committed_config { opid_index: -1 OBSOLETE_local: false peers { permanent_uuid: "aba1149409534de6beda071495a4d405" member_type: VOTER last_known_addr { host: "127.8.35.193" port: 42647 } health_report { overall_health: UNKNOWN } } peers { permanent_uuid: "70e04d5dab0c4acaac74bea3eb3aa62d" member_type: VOTER last_known_addr { host: "127.8.35.194" port: 42473 } health_report { overall_health: HEALTHY } } peers { permanent_uuid: "e5c2c4244f5c4d2daeb17d9be838e4c1" member_type: VOTER last_known_addr { host: "127.8.35.195" port: 41925 } health_report { overall_health: UNKNOWN } } }
I20260710 11:09:52.815869  9042 raft_consensus.cc:1275] T 1a7256ef18214d67aabd98214a2b8330 P 70e04d5dab0c4acaac74bea3eb3aa62d [term 2 FOLLOWER]: Refusing update from remote peer aba1149409534de6beda071495a4d405: Log matching property violated. Preceding OpId in replica: term: 1 index: 1. Preceding OpId from leader: term: 2 index: 2. (index mismatch)
I20260710 11:09:52.817268  9181 consensus_queue.cc:1048] T 1a7256ef18214d67aabd98214a2b8330 P aba1149409534de6beda071495a4d405 [LEADER]: Connected to new peer: Peer: permanent_uuid: "70e04d5dab0c4acaac74bea3eb3aa62d" member_type: VOTER last_known_addr { host: "127.8.35.194" port: 42473 }, Status: LMP_MISMATCH, Last received: 0.0, Next index: 2, Last known committed idx: 1, Time since last communication: 0.000s
I20260710 11:09:52.824733  9118 raft_consensus.cc:1275] T 1a7256ef18214d67aabd98214a2b8330 P e5c2c4244f5c4d2daeb17d9be838e4c1 [term 2 FOLLOWER]: Refusing update from remote peer aba1149409534de6beda071495a4d405: Log matching property violated. Preceding OpId in replica: term: 1 index: 1. Preceding OpId from leader: term: 2 index: 2. (index mismatch)
I20260710 11:09:52.826524  9159 consensus_queue.cc:1048] T 1a7256ef18214d67aabd98214a2b8330 P aba1149409534de6beda071495a4d405 [LEADER]: Connected to new peer: Peer: permanent_uuid: "e5c2c4244f5c4d2daeb17d9be838e4c1" member_type: VOTER last_known_addr { host: "127.8.35.195" port: 41925 }, Status: LMP_MISMATCH, Last received: 0.0, Next index: 2, Last known committed idx: 1, Time since last communication: 0.000s
I20260710 11:09:52.976683  9118 raft_consensus.cc:1275] T 290d0a2b5c6d4f73ac6a0047d3709768 P e5c2c4244f5c4d2daeb17d9be838e4c1 [term 2 FOLLOWER]: Refusing update from remote peer 70e04d5dab0c4acaac74bea3eb3aa62d: Log matching property violated. Preceding OpId in replica: term: 1 index: 1. Preceding OpId from leader: term: 2 index: 2. (index mismatch)
I20260710 11:09:52.977926  9234 consensus_queue.cc:1048] T 290d0a2b5c6d4f73ac6a0047d3709768 P 70e04d5dab0c4acaac74bea3eb3aa62d [LEADER]: Connected to new peer: Peer: permanent_uuid: "e5c2c4244f5c4d2daeb17d9be838e4c1" member_type: VOTER last_known_addr { host: "127.8.35.195" port: 41925 }, Status: LMP_MISMATCH, Last received: 0.0, Next index: 2, Last known committed idx: 1, Time since last communication: 0.000s
I20260710 11:09:52.985913  8968 raft_consensus.cc:1275] T 290d0a2b5c6d4f73ac6a0047d3709768 P aba1149409534de6beda071495a4d405 [term 2 FOLLOWER]: Refusing update from remote peer 70e04d5dab0c4acaac74bea3eb3aa62d: Log matching property violated. Preceding OpId in replica: term: 1 index: 1. Preceding OpId from leader: term: 2 index: 2. (index mismatch)
I20260710 11:09:52.988068  9168 consensus_queue.cc:1048] T 290d0a2b5c6d4f73ac6a0047d3709768 P 70e04d5dab0c4acaac74bea3eb3aa62d [LEADER]: Connected to new peer: Peer: permanent_uuid: "aba1149409534de6beda071495a4d405" member_type: VOTER last_known_addr { host: "127.8.35.193" port: 42647 }, Status: LMP_MISMATCH, Last received: 0.0, Next index: 2, Last known committed idx: 1, Time since last communication: 0.000s
I20260710 11:09:53.024909  9042 raft_consensus.cc:1275] T 6a3345bf125240558b90bd473db76270 P 70e04d5dab0c4acaac74bea3eb3aa62d [term 2 FOLLOWER]: Refusing update from remote peer aba1149409534de6beda071495a4d405: Log matching property violated. Preceding OpId in replica: term: 1 index: 1. Preceding OpId from leader: term: 2 index: 2. (index mismatch)
I20260710 11:09:53.026244  9159 consensus_queue.cc:1048] T 6a3345bf125240558b90bd473db76270 P aba1149409534de6beda071495a4d405 [LEADER]: Connected to new peer: Peer: permanent_uuid: "70e04d5dab0c4acaac74bea3eb3aa62d" member_type: VOTER last_known_addr { host: "127.8.35.194" port: 42473 }, Status: LMP_MISMATCH, Last received: 0.0, Next index: 2, Last known committed idx: 1, Time since last communication: 0.000s
I20260710 11:09:53.033386  9118 raft_consensus.cc:1275] T 6a3345bf125240558b90bd473db76270 P e5c2c4244f5c4d2daeb17d9be838e4c1 [term 2 FOLLOWER]: Refusing update from remote peer aba1149409534de6beda071495a4d405: Log matching property violated. Preceding OpId in replica: term: 1 index: 1. Preceding OpId from leader: term: 2 index: 2. (index mismatch)
I20260710 11:09:53.035244  9219 consensus_queue.cc:1048] T 6a3345bf125240558b90bd473db76270 P aba1149409534de6beda071495a4d405 [LEADER]: Connected to new peer: Peer: permanent_uuid: "e5c2c4244f5c4d2daeb17d9be838e4c1" member_type: VOTER last_known_addr { host: "127.8.35.195" port: 41925 }, Status: LMP_MISMATCH, Last received: 0.0, Next index: 2, Last known committed idx: 1, Time since last communication: 0.000s
I20260710 11:09:53.059461  8968 raft_consensus.cc:3060] T 89b7d06c9f9f4bf0a1aa6d3859f0a852 P aba1149409534de6beda071495a4d405 [term 1 FOLLOWER]: Advancing to term 2
I20260710 11:09:53.064618  8968 raft_consensus.cc:1275] T 89b7d06c9f9f4bf0a1aa6d3859f0a852 P aba1149409534de6beda071495a4d405 [term 2 FOLLOWER]: Refusing update from remote peer 70e04d5dab0c4acaac74bea3eb3aa62d: Log matching property violated. Preceding OpId in replica: term: 1 index: 1. Preceding OpId from leader: term: 2 index: 2. (index mismatch)
I20260710 11:09:53.066073  9168 consensus_queue.cc:1048] T 89b7d06c9f9f4bf0a1aa6d3859f0a852 P 70e04d5dab0c4acaac74bea3eb3aa62d [LEADER]: Connected to new peer: Peer: permanent_uuid: "aba1149409534de6beda071495a4d405" member_type: VOTER last_known_addr { host: "127.8.35.193" port: 42647 }, Status: LMP_MISMATCH, Last received: 0.0, Next index: 2, Last known committed idx: 1, Time since last communication: 0.000s
I20260710 11:09:53.073968  9118 raft_consensus.cc:1275] T 89b7d06c9f9f4bf0a1aa6d3859f0a852 P e5c2c4244f5c4d2daeb17d9be838e4c1 [term 2 FOLLOWER]: Refusing update from remote peer 70e04d5dab0c4acaac74bea3eb3aa62d: Log matching property violated. Preceding OpId in replica: term: 1 index: 1. Preceding OpId from leader: term: 2 index: 2. (index mismatch)
I20260710 11:09:53.075651  9168 consensus_queue.cc:1048] T 89b7d06c9f9f4bf0a1aa6d3859f0a852 P 70e04d5dab0c4acaac74bea3eb3aa62d [LEADER]: Connected to new peer: Peer: permanent_uuid: "e5c2c4244f5c4d2daeb17d9be838e4c1" member_type: VOTER last_known_addr { host: "127.8.35.195" port: 41925 }, Status: LMP_MISMATCH, Last received: 0.0, Next index: 2, Last known committed idx: 1, Time since last communication: 0.000s
I20260710 11:09:53.086234  8968 raft_consensus.cc:3060] T 1e4c698cb71f4ae28d134c87a57b274a P aba1149409534de6beda071495a4d405 [term 1 FOLLOWER]: Advancing to term 2
I20260710 11:09:53.092113  8968 raft_consensus.cc:1275] T 1e4c698cb71f4ae28d134c87a57b274a P aba1149409534de6beda071495a4d405 [term 2 FOLLOWER]: Refusing update from remote peer e5c2c4244f5c4d2daeb17d9be838e4c1: Log matching property violated. Preceding OpId in replica: term: 1 index: 1. Preceding OpId from leader: term: 2 index: 2. (index mismatch)
I20260710 11:09:53.093315  9196 consensus_queue.cc:1048] T 1e4c698cb71f4ae28d134c87a57b274a P e5c2c4244f5c4d2daeb17d9be838e4c1 [LEADER]: Connected to new peer: Peer: permanent_uuid: "aba1149409534de6beda071495a4d405" member_type: VOTER last_known_addr { host: "127.8.35.193" port: 42647 }, Status: LMP_MISMATCH, Last received: 0.0, Next index: 2, Last known committed idx: 1, Time since last communication: 0.000s
I20260710 11:09:53.100373  9042 raft_consensus.cc:1275] T 1e4c698cb71f4ae28d134c87a57b274a P 70e04d5dab0c4acaac74bea3eb3aa62d [term 2 FOLLOWER]: Refusing update from remote peer e5c2c4244f5c4d2daeb17d9be838e4c1: Log matching property violated. Preceding OpId in replica: term: 1 index: 1. Preceding OpId from leader: term: 2 index: 2. (index mismatch)
I20260710 11:09:53.102145  9240 consensus_queue.cc:1048] T 1e4c698cb71f4ae28d134c87a57b274a P e5c2c4244f5c4d2daeb17d9be838e4c1 [LEADER]: Connected to new peer: Peer: permanent_uuid: "70e04d5dab0c4acaac74bea3eb3aa62d" member_type: VOTER last_known_addr { host: "127.8.35.194" port: 42473 }, Status: LMP_MISMATCH, Last received: 0.0, Next index: 2, Last known committed idx: 1, Time since last communication: 0.000s
I20260710 11:09:53.179013  8968 raft_consensus.cc:1275] T 749ac84963394f3d9b9a46853577638f P aba1149409534de6beda071495a4d405 [term 2 FOLLOWER]: Refusing update from remote peer 70e04d5dab0c4acaac74bea3eb3aa62d: Log matching property violated. Preceding OpId in replica: term: 1 index: 1. Preceding OpId from leader: term: 2 index: 2. (index mismatch)
I20260710 11:09:53.180248  9168 consensus_queue.cc:1048] T 749ac84963394f3d9b9a46853577638f P 70e04d5dab0c4acaac74bea3eb3aa62d [LEADER]: Connected to new peer: Peer: permanent_uuid: "aba1149409534de6beda071495a4d405" member_type: VOTER last_known_addr { host: "127.8.35.193" port: 42647 }, Status: LMP_MISMATCH, Last received: 0.0, Next index: 2, Last known committed idx: 1, Time since last communication: 0.000s
I20260710 11:09:53.187137  9118 raft_consensus.cc:1275] T 749ac84963394f3d9b9a46853577638f P e5c2c4244f5c4d2daeb17d9be838e4c1 [term 2 FOLLOWER]: Refusing update from remote peer 70e04d5dab0c4acaac74bea3eb3aa62d: Log matching property violated. Preceding OpId in replica: term: 1 index: 1. Preceding OpId from leader: term: 2 index: 2. (index mismatch)
I20260710 11:09:53.188880  9168 consensus_queue.cc:1048] T 749ac84963394f3d9b9a46853577638f P 70e04d5dab0c4acaac74bea3eb3aa62d [LEADER]: Connected to new peer: Peer: permanent_uuid: "e5c2c4244f5c4d2daeb17d9be838e4c1" member_type: VOTER last_known_addr { host: "127.8.35.195" port: 41925 }, Status: LMP_MISMATCH, Last received: 0.0, Next index: 2, Last known committed idx: 1, Time since last communication: 0.000s
I20260710 11:09:53.233217  8968 raft_consensus.cc:1275] T 111d95f708a140c28e81c68d1654d0b5 P aba1149409534de6beda071495a4d405 [term 2 FOLLOWER]: Refusing update from remote peer 70e04d5dab0c4acaac74bea3eb3aa62d: Log matching property violated. Preceding OpId in replica: term: 1 index: 1. Preceding OpId from leader: term: 2 index: 2. (index mismatch)
I20260710 11:09:53.234362  9168 consensus_queue.cc:1048] T 111d95f708a140c28e81c68d1654d0b5 P 70e04d5dab0c4acaac74bea3eb3aa62d [LEADER]: Connected to new peer: Peer: permanent_uuid: "aba1149409534de6beda071495a4d405" member_type: VOTER last_known_addr { host: "127.8.35.193" port: 42647 }, Status: LMP_MISMATCH, Last received: 0.0, Next index: 2, Last known committed idx: 1, Time since last communication: 0.000s
I20260710 11:09:53.241405  9118 raft_consensus.cc:1275] T 111d95f708a140c28e81c68d1654d0b5 P e5c2c4244f5c4d2daeb17d9be838e4c1 [term 2 FOLLOWER]: Refusing update from remote peer 70e04d5dab0c4acaac74bea3eb3aa62d: Log matching property violated. Preceding OpId in replica: term: 1 index: 1. Preceding OpId from leader: term: 2 index: 2. (index mismatch)
I20260710 11:09:53.242894  9234 consensus_queue.cc:1048] T 111d95f708a140c28e81c68d1654d0b5 P 70e04d5dab0c4acaac74bea3eb3aa62d [LEADER]: Connected to new peer: Peer: permanent_uuid: "e5c2c4244f5c4d2daeb17d9be838e4c1" member_type: VOTER last_known_addr { host: "127.8.35.195" port: 41925 }, Status: LMP_MISMATCH, Last received: 0.0, Next index: 2, Last known committed idx: 1, Time since last communication: 0.000s
I20260710 11:09:55.366784  8335 auto_leader_rebalancer-test.cc:348] The leader distribution is 
I20260710 11:09:55.367529  8335 auto_leader_rebalancer.cc:141] leader rebalance for table test-workload
I20260710 11:09:55.382613  8968 tablet_service.cc:2072] Received LeaderStepDown RPC: tablet_id: "11063b28b3ba42b19078b6ce38b5d1de"
dest_uuid: "aba1149409534de6beda071495a4d405"
mode: GRACEFUL
new_leader_uuid: "e5c2c4244f5c4d2daeb17d9be838e4c1"
 from {username='slave'} at 127.0.0.1:54360
I20260710 11:09:55.383157  8968 raft_consensus.cc:606] T 11063b28b3ba42b19078b6ce38b5d1de P aba1149409534de6beda071495a4d405 [term 1 LEADER]: Received request to transfer leadership to TS e5c2c4244f5c4d2daeb17d9be838e4c1
I20260710 11:09:55.385429  8968 tablet_service.cc:2072] Received LeaderStepDown RPC: tablet_id: "dfac3b9569ef43fc87c225fa431cb915"
dest_uuid: "aba1149409534de6beda071495a4d405"
mode: GRACEFUL
new_leader_uuid: "e5c2c4244f5c4d2daeb17d9be838e4c1"
 from {username='slave'} at 127.0.0.1:54360
I20260710 11:09:55.385898  8968 raft_consensus.cc:606] T dfac3b9569ef43fc87c225fa431cb915 P aba1149409534de6beda071495a4d405 [term 1 LEADER]: Received request to transfer leadership to TS e5c2c4244f5c4d2daeb17d9be838e4c1
I20260710 11:09:55.386839  8335 auto_leader_rebalancer.cc:452] table: test-workload, leader rebalance finish, leader transfer count: 2
I20260710 11:09:55.387269  8335 auto_leader_rebalancer.cc:527] All tables' leader rebalancing finished this round
I20260710 11:09:55.570992  9241 raft_consensus.cc:993] T 11063b28b3ba42b19078b6ce38b5d1de P aba1149409534de6beda071495a4d405: : Instructing follower e5c2c4244f5c4d2daeb17d9be838e4c1 to start an election
I20260710 11:09:55.571508  9219 raft_consensus.cc:1081] T 11063b28b3ba42b19078b6ce38b5d1de P aba1149409534de6beda071495a4d405 [term 1 LEADER]: Signalling peer e5c2c4244f5c4d2daeb17d9be838e4c1 to start an election
I20260710 11:09:55.572870  9118 tablet_service.cc:2044] Received Run Leader Election RPC: tablet_id: "11063b28b3ba42b19078b6ce38b5d1de"
dest_uuid: "e5c2c4244f5c4d2daeb17d9be838e4c1"
 from {username='slave'} at 127.0.0.1:41148
I20260710 11:09:55.573297  9118 raft_consensus.cc:493] T 11063b28b3ba42b19078b6ce38b5d1de P e5c2c4244f5c4d2daeb17d9be838e4c1 [term 1 FOLLOWER]: Starting forced leader election (received explicit request)
I20260710 11:09:55.573791  9118 raft_consensus.cc:3060] T 11063b28b3ba42b19078b6ce38b5d1de P e5c2c4244f5c4d2daeb17d9be838e4c1 [term 1 FOLLOWER]: Advancing to term 2
I20260710 11:09:55.577684  9118 raft_consensus.cc:515] T 11063b28b3ba42b19078b6ce38b5d1de P e5c2c4244f5c4d2daeb17d9be838e4c1 [term 2 FOLLOWER]: Starting forced leader election with config: opid_index: -1 OBSOLETE_local: false peers { permanent_uuid: "aba1149409534de6beda071495a4d405" member_type: VOTER last_known_addr { host: "127.8.35.193" port: 42647 } } peers { permanent_uuid: "70e04d5dab0c4acaac74bea3eb3aa62d" member_type: VOTER last_known_addr { host: "127.8.35.194" port: 42473 } } peers { permanent_uuid: "e5c2c4244f5c4d2daeb17d9be838e4c1" member_type: VOTER last_known_addr { host: "127.8.35.195" port: 41925 } }
I20260710 11:09:55.579041  9118 leader_election.cc:290] T 11063b28b3ba42b19078b6ce38b5d1de P e5c2c4244f5c4d2daeb17d9be838e4c1 [CANDIDATE]: Term 2 election: Requested vote from peers aba1149409534de6beda071495a4d405 (127.8.35.193:42647), 70e04d5dab0c4acaac74bea3eb3aa62d (127.8.35.194:42473)
I20260710 11:09:55.579962  8968 tablet_service.cc:1917] Received RequestConsensusVote() RPC: tablet_id: "11063b28b3ba42b19078b6ce38b5d1de" candidate_uuid: "e5c2c4244f5c4d2daeb17d9be838e4c1" candidate_term: 2 candidate_status { last_received { term: 1 index: 1 } } ignore_live_leader: true dest_uuid: "aba1149409534de6beda071495a4d405"
I20260710 11:09:55.579983  9042 tablet_service.cc:1917] Received RequestConsensusVote() RPC: tablet_id: "11063b28b3ba42b19078b6ce38b5d1de" candidate_uuid: "e5c2c4244f5c4d2daeb17d9be838e4c1" candidate_term: 2 candidate_status { last_received { term: 1 index: 1 } } ignore_live_leader: true dest_uuid: "70e04d5dab0c4acaac74bea3eb3aa62d"
I20260710 11:09:55.580693  8968 raft_consensus.cc:3055] T 11063b28b3ba42b19078b6ce38b5d1de P aba1149409534de6beda071495a4d405 [term 1 LEADER]: Stepping down as leader of term 1
I20260710 11:09:55.580735  9042 raft_consensus.cc:3060] T 11063b28b3ba42b19078b6ce38b5d1de P 70e04d5dab0c4acaac74bea3eb3aa62d [term 1 FOLLOWER]: Advancing to term 2
I20260710 11:09:55.580984  8968 raft_consensus.cc:740] T 11063b28b3ba42b19078b6ce38b5d1de P aba1149409534de6beda071495a4d405 [term 1 LEADER]: Becoming Follower/Learner. State: Replica: aba1149409534de6beda071495a4d405, State: Running, Role: LEADER
I20260710 11:09:55.581696  8968 consensus_queue.cc:260] T 11063b28b3ba42b19078b6ce38b5d1de P aba1149409534de6beda071495a4d405 [NON_LEADER]: Queue going to NON_LEADER mode. State: All replicated index: 0, Majority replicated index: 1, Committed index: 1, Last appended: 1.1, Last appended by leader: 1, Current term: 1, Majority size: -1, State: 0, Mode: NON_LEADER, active raft config: opid_index: -1 OBSOLETE_local: false peers { permanent_uuid: "aba1149409534de6beda071495a4d405" member_type: VOTER last_known_addr { host: "127.8.35.193" port: 42647 } } peers { permanent_uuid: "70e04d5dab0c4acaac74bea3eb3aa62d" member_type: VOTER last_known_addr { host: "127.8.35.194" port: 42473 } } peers { permanent_uuid: "e5c2c4244f5c4d2daeb17d9be838e4c1" member_type: VOTER last_known_addr { host: "127.8.35.195" port: 41925 } }
I20260710 11:09:55.582661  8968 raft_consensus.cc:3060] T 11063b28b3ba42b19078b6ce38b5d1de P aba1149409534de6beda071495a4d405 [term 1 FOLLOWER]: Advancing to term 2
I20260710 11:09:55.585232  9042 raft_consensus.cc:2468] T 11063b28b3ba42b19078b6ce38b5d1de P 70e04d5dab0c4acaac74bea3eb3aa62d [term 2 FOLLOWER]: Leader election vote request: Granting yes vote for candidate e5c2c4244f5c4d2daeb17d9be838e4c1 in term 2.
I20260710 11:09:55.586265  9083 leader_election.cc:304] T 11063b28b3ba42b19078b6ce38b5d1de P e5c2c4244f5c4d2daeb17d9be838e4c1 [CANDIDATE]: Term 2 election: Election decided. Result: candidate won. Election summary: received 2 responses out of 3 voters: 2 yes votes; 0 no votes. yes voters: 70e04d5dab0c4acaac74bea3eb3aa62d, e5c2c4244f5c4d2daeb17d9be838e4c1; no voters: 
I20260710 11:09:55.586993  9240 raft_consensus.cc:2804] T 11063b28b3ba42b19078b6ce38b5d1de P e5c2c4244f5c4d2daeb17d9be838e4c1 [term 2 FOLLOWER]: Leader election won for term 2
I20260710 11:09:55.587863  8968 raft_consensus.cc:2468] T 11063b28b3ba42b19078b6ce38b5d1de P aba1149409534de6beda071495a4d405 [term 2 FOLLOWER]: Leader election vote request: Granting yes vote for candidate e5c2c4244f5c4d2daeb17d9be838e4c1 in term 2.
I20260710 11:09:55.588025  9240 raft_consensus.cc:697] T 11063b28b3ba42b19078b6ce38b5d1de P e5c2c4244f5c4d2daeb17d9be838e4c1 [term 2 LEADER]: Becoming Leader. State: Replica: e5c2c4244f5c4d2daeb17d9be838e4c1, State: Running, Role: LEADER
I20260710 11:09:55.588910  9240 consensus_queue.cc:237] T 11063b28b3ba42b19078b6ce38b5d1de P e5c2c4244f5c4d2daeb17d9be838e4c1 [LEADER]: Queue going to LEADER mode. State: All replicated index: 0, Majority replicated index: 1, Committed index: 1, Last appended: 1.1, Last appended by leader: 1, Current term: 2, Majority size: 2, State: 0, Mode: LEADER, active raft config: opid_index: -1 OBSOLETE_local: false peers { permanent_uuid: "aba1149409534de6beda071495a4d405" member_type: VOTER last_known_addr { host: "127.8.35.193" port: 42647 } } peers { permanent_uuid: "70e04d5dab0c4acaac74bea3eb3aa62d" member_type: VOTER last_known_addr { host: "127.8.35.194" port: 42473 } } peers { permanent_uuid: "e5c2c4244f5c4d2daeb17d9be838e4c1" member_type: VOTER last_known_addr { host: "127.8.35.195" port: 41925 } }
I20260710 11:09:55.595029  8864 catalog_manager.cc:5697] T 11063b28b3ba42b19078b6ce38b5d1de P e5c2c4244f5c4d2daeb17d9be838e4c1 reported cstate change: term changed from 1 to 2, leader changed from aba1149409534de6beda071495a4d405 (127.8.35.193) to e5c2c4244f5c4d2daeb17d9be838e4c1 (127.8.35.195). New cstate: current_term: 2 leader_uuid: "e5c2c4244f5c4d2daeb17d9be838e4c1" committed_config { opid_index: -1 OBSOLETE_local: false peers { permanent_uuid: "aba1149409534de6beda071495a4d405" member_type: VOTER last_known_addr { host: "127.8.35.193" port: 42647 } health_report { overall_health: UNKNOWN } } peers { permanent_uuid: "70e04d5dab0c4acaac74bea3eb3aa62d" member_type: VOTER last_known_addr { host: "127.8.35.194" port: 42473 } health_report { overall_health: UNKNOWN } } peers { permanent_uuid: "e5c2c4244f5c4d2daeb17d9be838e4c1" member_type: VOTER last_known_addr { host: "127.8.35.195" port: 41925 } health_report { overall_health: HEALTHY } } }
I20260710 11:09:55.628576  9241 raft_consensus.cc:993] T dfac3b9569ef43fc87c225fa431cb915 P aba1149409534de6beda071495a4d405: : Instructing follower e5c2c4244f5c4d2daeb17d9be838e4c1 to start an election
I20260710 11:09:55.629026  9219 raft_consensus.cc:1081] T dfac3b9569ef43fc87c225fa431cb915 P aba1149409534de6beda071495a4d405 [term 1 LEADER]: Signalling peer e5c2c4244f5c4d2daeb17d9be838e4c1 to start an election
I20260710 11:09:55.630553  9118 tablet_service.cc:2044] Received Run Leader Election RPC: tablet_id: "dfac3b9569ef43fc87c225fa431cb915"
dest_uuid: "e5c2c4244f5c4d2daeb17d9be838e4c1"
 from {username='slave'} at 127.0.0.1:41148
I20260710 11:09:55.631006  9118 raft_consensus.cc:493] T dfac3b9569ef43fc87c225fa431cb915 P e5c2c4244f5c4d2daeb17d9be838e4c1 [term 1 FOLLOWER]: Starting forced leader election (received explicit request)
I20260710 11:09:55.631289  9118 raft_consensus.cc:3060] T dfac3b9569ef43fc87c225fa431cb915 P e5c2c4244f5c4d2daeb17d9be838e4c1 [term 1 FOLLOWER]: Advancing to term 2
I20260710 11:09:55.635244  9118 raft_consensus.cc:515] T dfac3b9569ef43fc87c225fa431cb915 P e5c2c4244f5c4d2daeb17d9be838e4c1 [term 2 FOLLOWER]: Starting forced leader election with config: opid_index: -1 OBSOLETE_local: false peers { permanent_uuid: "aba1149409534de6beda071495a4d405" member_type: VOTER last_known_addr { host: "127.8.35.193" port: 42647 } } peers { permanent_uuid: "70e04d5dab0c4acaac74bea3eb3aa62d" member_type: VOTER last_known_addr { host: "127.8.35.194" port: 42473 } } peers { permanent_uuid: "e5c2c4244f5c4d2daeb17d9be838e4c1" member_type: VOTER last_known_addr { host: "127.8.35.195" port: 41925 } }
I20260710 11:09:55.636638  9118 leader_election.cc:290] T dfac3b9569ef43fc87c225fa431cb915 P e5c2c4244f5c4d2daeb17d9be838e4c1 [CANDIDATE]: Term 2 election: Requested vote from peers aba1149409534de6beda071495a4d405 (127.8.35.193:42647), 70e04d5dab0c4acaac74bea3eb3aa62d (127.8.35.194:42473)
I20260710 11:09:55.637770  8968 tablet_service.cc:1917] Received RequestConsensusVote() RPC: tablet_id: "dfac3b9569ef43fc87c225fa431cb915" candidate_uuid: "e5c2c4244f5c4d2daeb17d9be838e4c1" candidate_term: 2 candidate_status { last_received { term: 1 index: 1 } } ignore_live_leader: true dest_uuid: "aba1149409534de6beda071495a4d405"
I20260710 11:09:55.637902  9042 tablet_service.cc:1917] Received RequestConsensusVote() RPC: tablet_id: "dfac3b9569ef43fc87c225fa431cb915" candidate_uuid: "e5c2c4244f5c4d2daeb17d9be838e4c1" candidate_term: 2 candidate_status { last_received { term: 1 index: 1 } } ignore_live_leader: true dest_uuid: "70e04d5dab0c4acaac74bea3eb3aa62d"
I20260710 11:09:55.638370  8968 raft_consensus.cc:3055] T dfac3b9569ef43fc87c225fa431cb915 P aba1149409534de6beda071495a4d405 [term 1 LEADER]: Stepping down as leader of term 1
I20260710 11:09:55.638370  9042 raft_consensus.cc:3060] T dfac3b9569ef43fc87c225fa431cb915 P 70e04d5dab0c4acaac74bea3eb3aa62d [term 1 FOLLOWER]: Advancing to term 2
I20260710 11:09:55.638876  8968 raft_consensus.cc:740] T dfac3b9569ef43fc87c225fa431cb915 P aba1149409534de6beda071495a4d405 [term 1 LEADER]: Becoming Follower/Learner. State: Replica: aba1149409534de6beda071495a4d405, State: Running, Role: LEADER
I20260710 11:09:55.639590  8968 consensus_queue.cc:260] T dfac3b9569ef43fc87c225fa431cb915 P aba1149409534de6beda071495a4d405 [NON_LEADER]: Queue going to NON_LEADER mode. State: All replicated index: 0, Majority replicated index: 1, Committed index: 1, Last appended: 1.1, Last appended by leader: 1, Current term: 1, Majority size: -1, State: 0, Mode: NON_LEADER, active raft config: opid_index: -1 OBSOLETE_local: false peers { permanent_uuid: "aba1149409534de6beda071495a4d405" member_type: VOTER last_known_addr { host: "127.8.35.193" port: 42647 } } peers { permanent_uuid: "70e04d5dab0c4acaac74bea3eb3aa62d" member_type: VOTER last_known_addr { host: "127.8.35.194" port: 42473 } } peers { permanent_uuid: "e5c2c4244f5c4d2daeb17d9be838e4c1" member_type: VOTER last_known_addr { host: "127.8.35.195" port: 41925 } }
I20260710 11:09:55.640647  8968 raft_consensus.cc:3060] T dfac3b9569ef43fc87c225fa431cb915 P aba1149409534de6beda071495a4d405 [term 1 FOLLOWER]: Advancing to term 2
I20260710 11:09:55.645002  9042 raft_consensus.cc:2468] T dfac3b9569ef43fc87c225fa431cb915 P 70e04d5dab0c4acaac74bea3eb3aa62d [term 2 FOLLOWER]: Leader election vote request: Granting yes vote for candidate e5c2c4244f5c4d2daeb17d9be838e4c1 in term 2.
I20260710 11:09:55.646050  9083 leader_election.cc:304] T dfac3b9569ef43fc87c225fa431cb915 P e5c2c4244f5c4d2daeb17d9be838e4c1 [CANDIDATE]: Term 2 election: Election decided. Result: candidate won. Election summary: received 2 responses out of 3 voters: 2 yes votes; 0 no votes. yes voters: 70e04d5dab0c4acaac74bea3eb3aa62d, e5c2c4244f5c4d2daeb17d9be838e4c1; no voters: 
I20260710 11:09:55.646718  8968 raft_consensus.cc:2468] T dfac3b9569ef43fc87c225fa431cb915 P aba1149409534de6beda071495a4d405 [term 2 FOLLOWER]: Leader election vote request: Granting yes vote for candidate e5c2c4244f5c4d2daeb17d9be838e4c1 in term 2.
I20260710 11:09:55.646840  9240 raft_consensus.cc:2804] T dfac3b9569ef43fc87c225fa431cb915 P e5c2c4244f5c4d2daeb17d9be838e4c1 [term 2 FOLLOWER]: Leader election won for term 2
I20260710 11:09:55.647357  9240 raft_consensus.cc:697] T dfac3b9569ef43fc87c225fa431cb915 P e5c2c4244f5c4d2daeb17d9be838e4c1 [term 2 LEADER]: Becoming Leader. State: Replica: e5c2c4244f5c4d2daeb17d9be838e4c1, State: Running, Role: LEADER
I20260710 11:09:55.648116  9240 consensus_queue.cc:237] T dfac3b9569ef43fc87c225fa431cb915 P e5c2c4244f5c4d2daeb17d9be838e4c1 [LEADER]: Queue going to LEADER mode. State: All replicated index: 0, Majority replicated index: 1, Committed index: 1, Last appended: 1.1, Last appended by leader: 1, Current term: 2, Majority size: 2, State: 0, Mode: LEADER, active raft config: opid_index: -1 OBSOLETE_local: false peers { permanent_uuid: "aba1149409534de6beda071495a4d405" member_type: VOTER last_known_addr { host: "127.8.35.193" port: 42647 } } peers { permanent_uuid: "70e04d5dab0c4acaac74bea3eb3aa62d" member_type: VOTER last_known_addr { host: "127.8.35.194" port: 42473 } } peers { permanent_uuid: "e5c2c4244f5c4d2daeb17d9be838e4c1" member_type: VOTER last_known_addr { host: "127.8.35.195" port: 41925 } }
I20260710 11:09:55.654976  8864 catalog_manager.cc:5697] T dfac3b9569ef43fc87c225fa431cb915 P e5c2c4244f5c4d2daeb17d9be838e4c1 reported cstate change: term changed from 1 to 2, leader changed from aba1149409534de6beda071495a4d405 (127.8.35.193) to e5c2c4244f5c4d2daeb17d9be838e4c1 (127.8.35.195). New cstate: current_term: 2 leader_uuid: "e5c2c4244f5c4d2daeb17d9be838e4c1" committed_config { opid_index: -1 OBSOLETE_local: false peers { permanent_uuid: "aba1149409534de6beda071495a4d405" member_type: VOTER last_known_addr { host: "127.8.35.193" port: 42647 } health_report { overall_health: UNKNOWN } } peers { permanent_uuid: "70e04d5dab0c4acaac74bea3eb3aa62d" member_type: VOTER last_known_addr { host: "127.8.35.194" port: 42473 } health_report { overall_health: UNKNOWN } } peers { permanent_uuid: "e5c2c4244f5c4d2daeb17d9be838e4c1" member_type: VOTER last_known_addr { host: "127.8.35.195" port: 41925 } health_report { overall_health: HEALTHY } } }
I20260710 11:09:56.096352  9044 raft_consensus.cc:1275] T dfac3b9569ef43fc87c225fa431cb915 P 70e04d5dab0c4acaac74bea3eb3aa62d [term 2 FOLLOWER]: Refusing update from remote peer e5c2c4244f5c4d2daeb17d9be838e4c1: Log matching property violated. Preceding OpId in replica: term: 1 index: 1. Preceding OpId from leader: term: 2 index: 2. (index mismatch)
I20260710 11:09:56.097661  9240 consensus_queue.cc:1048] T dfac3b9569ef43fc87c225fa431cb915 P e5c2c4244f5c4d2daeb17d9be838e4c1 [LEADER]: Connected to new peer: Peer: permanent_uuid: "70e04d5dab0c4acaac74bea3eb3aa62d" member_type: VOTER last_known_addr { host: "127.8.35.194" port: 42473 }, Status: LMP_MISMATCH, Last received: 0.0, Next index: 2, Last known committed idx: 1, Time since last communication: 0.000s
I20260710 11:09:56.107577  8968 raft_consensus.cc:1275] T dfac3b9569ef43fc87c225fa431cb915 P aba1149409534de6beda071495a4d405 [term 2 FOLLOWER]: Refusing update from remote peer e5c2c4244f5c4d2daeb17d9be838e4c1: Log matching property violated. Preceding OpId in replica: term: 1 index: 1. Preceding OpId from leader: term: 2 index: 2. (index mismatch)
I20260710 11:09:56.109347  9253 consensus_queue.cc:1048] T dfac3b9569ef43fc87c225fa431cb915 P e5c2c4244f5c4d2daeb17d9be838e4c1 [LEADER]: Connected to new peer: Peer: permanent_uuid: "aba1149409534de6beda071495a4d405" member_type: VOTER last_known_addr { host: "127.8.35.193" port: 42647 }, Status: LMP_MISMATCH, Last received: 0.0, Next index: 2, Last known committed idx: 1, Time since last communication: 0.000s
I20260710 11:09:56.109754  8968 raft_consensus.cc:1275] T 11063b28b3ba42b19078b6ce38b5d1de P aba1149409534de6beda071495a4d405 [term 2 FOLLOWER]: Refusing update from remote peer e5c2c4244f5c4d2daeb17d9be838e4c1: Log matching property violated. Preceding OpId in replica: term: 1 index: 1. Preceding OpId from leader: term: 2 index: 2. (index mismatch)
I20260710 11:09:56.111407  9253 consensus_queue.cc:1048] T 11063b28b3ba42b19078b6ce38b5d1de P e5c2c4244f5c4d2daeb17d9be838e4c1 [LEADER]: Connected to new peer: Peer: permanent_uuid: "aba1149409534de6beda071495a4d405" member_type: VOTER last_known_addr { host: "127.8.35.193" port: 42647 }, Status: LMP_MISMATCH, Last received: 0.0, Next index: 2, Last known committed idx: 1, Time since last communication: 0.000s
I20260710 11:09:56.125588  9044 raft_consensus.cc:1275] T 11063b28b3ba42b19078b6ce38b5d1de P 70e04d5dab0c4acaac74bea3eb3aa62d [term 2 FOLLOWER]: Refusing update from remote peer e5c2c4244f5c4d2daeb17d9be838e4c1: Log matching property violated. Preceding OpId in replica: term: 1 index: 1. Preceding OpId from leader: term: 2 index: 2. (index mismatch)
I20260710 11:09:56.127226  9240 consensus_queue.cc:1048] T 11063b28b3ba42b19078b6ce38b5d1de P e5c2c4244f5c4d2daeb17d9be838e4c1 [LEADER]: Connected to new peer: Peer: permanent_uuid: "70e04d5dab0c4acaac74bea3eb3aa62d" member_type: VOTER last_known_addr { host: "127.8.35.194" port: 42473 }, Status: LMP_MISMATCH, Last received: 0.0, Next index: 2, Last known committed idx: 1, Time since last communication: 0.000s
I20260710 11:09:56.388130  8335 auto_leader_rebalancer.cc:141] leader rebalance for table test-workload
I20260710 11:09:56.400848  9118 tablet_service.cc:2072] Received LeaderStepDown RPC: tablet_id: "dfac3b9569ef43fc87c225fa431cb915"
dest_uuid: "e5c2c4244f5c4d2daeb17d9be838e4c1"
mode: GRACEFUL
new_leader_uuid: "aba1149409534de6beda071495a4d405"
 from {username='slave'} at 127.0.0.1:41162
I20260710 11:09:56.401340  9118 raft_consensus.cc:606] T dfac3b9569ef43fc87c225fa431cb915 P e5c2c4244f5c4d2daeb17d9be838e4c1 [term 2 LEADER]: Received request to transfer leadership to TS aba1149409534de6beda071495a4d405
I20260710 11:09:56.408125  9118 tablet_service.cc:2072] Received LeaderStepDown RPC: tablet_id: "11063b28b3ba42b19078b6ce38b5d1de"
dest_uuid: "e5c2c4244f5c4d2daeb17d9be838e4c1"
mode: GRACEFUL
new_leader_uuid: "aba1149409534de6beda071495a4d405"
 from {username='slave'} at 127.0.0.1:41162
I20260710 11:09:56.408609  9118 raft_consensus.cc:606] T 11063b28b3ba42b19078b6ce38b5d1de P e5c2c4244f5c4d2daeb17d9be838e4c1 [term 2 LEADER]: Received request to transfer leadership to TS aba1149409534de6beda071495a4d405
I20260710 11:09:56.415273  9042 tablet_service.cc:2072] Received LeaderStepDown RPC: tablet_id: "111d95f708a140c28e81c68d1654d0b5"
dest_uuid: "70e04d5dab0c4acaac74bea3eb3aa62d"
mode: GRACEFUL
new_leader_uuid: "aba1149409534de6beda071495a4d405"
 from {username='slave'} at 127.0.0.1:39532
I20260710 11:09:56.415766  9042 raft_consensus.cc:606] T 111d95f708a140c28e81c68d1654d0b5 P 70e04d5dab0c4acaac74bea3eb3aa62d [term 2 LEADER]: Received request to transfer leadership to TS aba1149409534de6beda071495a4d405
I20260710 11:09:56.420123  9042 tablet_service.cc:2072] Received LeaderStepDown RPC: tablet_id: "749ac84963394f3d9b9a46853577638f"
dest_uuid: "70e04d5dab0c4acaac74bea3eb3aa62d"
mode: GRACEFUL
new_leader_uuid: "aba1149409534de6beda071495a4d405"
 from {username='slave'} at 127.0.0.1:39532
I20260710 11:09:56.420609  9042 raft_consensus.cc:606] T 749ac84963394f3d9b9a46853577638f P 70e04d5dab0c4acaac74bea3eb3aa62d [term 2 LEADER]: Received request to transfer leadership to TS aba1149409534de6beda071495a4d405
I20260710 11:09:56.426678  9042 tablet_service.cc:2072] Received LeaderStepDown RPC: tablet_id: "290d0a2b5c6d4f73ac6a0047d3709768"
dest_uuid: "70e04d5dab0c4acaac74bea3eb3aa62d"
mode: GRACEFUL
new_leader_uuid: "aba1149409534de6beda071495a4d405"
 from {username='slave'} at 127.0.0.1:39532
I20260710 11:09:56.427109  9042 raft_consensus.cc:606] T 290d0a2b5c6d4f73ac6a0047d3709768 P 70e04d5dab0c4acaac74bea3eb3aa62d [term 2 LEADER]: Received request to transfer leadership to TS aba1149409534de6beda071495a4d405
I20260710 11:09:56.589491  9244 raft_consensus.cc:993] T dfac3b9569ef43fc87c225fa431cb915 P e5c2c4244f5c4d2daeb17d9be838e4c1: : Instructing follower aba1149409534de6beda071495a4d405 to start an election
I20260710 11:09:56.589933  9240 raft_consensus.cc:1081] T dfac3b9569ef43fc87c225fa431cb915 P e5c2c4244f5c4d2daeb17d9be838e4c1 [term 2 LEADER]: Signalling peer aba1149409534de6beda071495a4d405 to start an election
I20260710 11:09:56.591320  8968 tablet_service.cc:2044] Received Run Leader Election RPC: tablet_id: "dfac3b9569ef43fc87c225fa431cb915"
dest_uuid: "aba1149409534de6beda071495a4d405"
 from {username='slave'} at 127.0.0.1:54330
I20260710 11:09:56.591849  8968 raft_consensus.cc:493] T dfac3b9569ef43fc87c225fa431cb915 P aba1149409534de6beda071495a4d405 [term 2 FOLLOWER]: Starting forced leader election (received explicit request)
I20260710 11:09:56.592221  8968 raft_consensus.cc:3060] T dfac3b9569ef43fc87c225fa431cb915 P aba1149409534de6beda071495a4d405 [term 2 FOLLOWER]: Advancing to term 3
I20260710 11:09:56.598116  8968 raft_consensus.cc:515] T dfac3b9569ef43fc87c225fa431cb915 P aba1149409534de6beda071495a4d405 [term 3 FOLLOWER]: Starting forced leader election with config: opid_index: -1 OBSOLETE_local: false peers { permanent_uuid: "aba1149409534de6beda071495a4d405" member_type: VOTER last_known_addr { host: "127.8.35.193" port: 42647 } } peers { permanent_uuid: "70e04d5dab0c4acaac74bea3eb3aa62d" member_type: VOTER last_known_addr { host: "127.8.35.194" port: 42473 } } peers { permanent_uuid: "e5c2c4244f5c4d2daeb17d9be838e4c1" member_type: VOTER last_known_addr { host: "127.8.35.195" port: 41925 } }
I20260710 11:09:56.599722  8968 leader_election.cc:290] T dfac3b9569ef43fc87c225fa431cb915 P aba1149409534de6beda071495a4d405 [CANDIDATE]: Term 3 election: Requested vote from peers 70e04d5dab0c4acaac74bea3eb3aa62d (127.8.35.194:42473), e5c2c4244f5c4d2daeb17d9be838e4c1 (127.8.35.195:41925)
I20260710 11:09:56.600499  9042 tablet_service.cc:1917] Received RequestConsensusVote() RPC: tablet_id: "dfac3b9569ef43fc87c225fa431cb915" candidate_uuid: "aba1149409534de6beda071495a4d405" candidate_term: 3 candidate_status { last_received { term: 2 index: 2 } } ignore_live_leader: true dest_uuid: "70e04d5dab0c4acaac74bea3eb3aa62d"
I20260710 11:09:56.600791  9118 tablet_service.cc:1917] Received RequestConsensusVote() RPC: tablet_id: "dfac3b9569ef43fc87c225fa431cb915" candidate_uuid: "aba1149409534de6beda071495a4d405" candidate_term: 3 candidate_status { last_received { term: 2 index: 2 } } ignore_live_leader: true dest_uuid: "e5c2c4244f5c4d2daeb17d9be838e4c1"
I20260710 11:09:56.600989  9042 raft_consensus.cc:3060] T dfac3b9569ef43fc87c225fa431cb915 P 70e04d5dab0c4acaac74bea3eb3aa62d [term 2 FOLLOWER]: Advancing to term 3
I20260710 11:09:56.601287  9118 raft_consensus.cc:3055] T dfac3b9569ef43fc87c225fa431cb915 P e5c2c4244f5c4d2daeb17d9be838e4c1 [term 2 LEADER]: Stepping down as leader of term 2
I20260710 11:09:56.601541  9118 raft_consensus.cc:740] T dfac3b9569ef43fc87c225fa431cb915 P e5c2c4244f5c4d2daeb17d9be838e4c1 [term 2 LEADER]: Becoming Follower/Learner. State: Replica: e5c2c4244f5c4d2daeb17d9be838e4c1, State: Running, Role: LEADER
I20260710 11:09:56.602072  9118 consensus_queue.cc:260] T dfac3b9569ef43fc87c225fa431cb915 P e5c2c4244f5c4d2daeb17d9be838e4c1 [NON_LEADER]: Queue going to NON_LEADER mode. State: All replicated index: 0, Majority replicated index: 2, Committed index: 2, Last appended: 2.2, Last appended by leader: 2, Current term: 2, Majority size: -1, State: 0, Mode: NON_LEADER, active raft config: opid_index: -1 OBSOLETE_local: false peers { permanent_uuid: "aba1149409534de6beda071495a4d405" member_type: VOTER last_known_addr { host: "127.8.35.193" port: 42647 } } peers { permanent_uuid: "70e04d5dab0c4acaac74bea3eb3aa62d" member_type: VOTER last_known_addr { host: "127.8.35.194" port: 42473 } } peers { permanent_uuid: "e5c2c4244f5c4d2daeb17d9be838e4c1" member_type: VOTER last_known_addr { host: "127.8.35.195" port: 41925 } }
I20260710 11:09:56.602877  9118 raft_consensus.cc:3060] T dfac3b9569ef43fc87c225fa431cb915 P e5c2c4244f5c4d2daeb17d9be838e4c1 [term 2 FOLLOWER]: Advancing to term 3
I20260710 11:09:56.605611  9042 raft_consensus.cc:2468] T dfac3b9569ef43fc87c225fa431cb915 P 70e04d5dab0c4acaac74bea3eb3aa62d [term 3 FOLLOWER]: Leader election vote request: Granting yes vote for candidate aba1149409534de6beda071495a4d405 in term 3.
I20260710 11:09:56.606747  9118 raft_consensus.cc:2468] T dfac3b9569ef43fc87c225fa431cb915 P e5c2c4244f5c4d2daeb17d9be838e4c1 [term 3 FOLLOWER]: Leader election vote request: Granting yes vote for candidate aba1149409534de6beda071495a4d405 in term 3.
I20260710 11:09:56.606717  8934 leader_election.cc:304] T dfac3b9569ef43fc87c225fa431cb915 P aba1149409534de6beda071495a4d405 [CANDIDATE]: Term 3 election: Election decided. Result: candidate won. Election summary: received 2 responses out of 3 voters: 2 yes votes; 0 no votes. yes voters: 70e04d5dab0c4acaac74bea3eb3aa62d, aba1149409534de6beda071495a4d405; no voters: 
I20260710 11:09:56.607551  9219 raft_consensus.cc:2804] T dfac3b9569ef43fc87c225fa431cb915 P aba1149409534de6beda071495a4d405 [term 3 FOLLOWER]: Leader election won for term 3
I20260710 11:09:56.608031  9219 raft_consensus.cc:697] T dfac3b9569ef43fc87c225fa431cb915 P aba1149409534de6beda071495a4d405 [term 3 LEADER]: Becoming Leader. State: Replica: aba1149409534de6beda071495a4d405, State: Running, Role: LEADER
I20260710 11:09:56.608707  9219 consensus_queue.cc:237] T dfac3b9569ef43fc87c225fa431cb915 P aba1149409534de6beda071495a4d405 [LEADER]: Queue going to LEADER mode. State: All replicated index: 0, Majority replicated index: 2, Committed index: 2, Last appended: 2.2, Last appended by leader: 2, Current term: 3, Majority size: 2, State: 0, Mode: LEADER, active raft config: opid_index: -1 OBSOLETE_local: false peers { permanent_uuid: "aba1149409534de6beda071495a4d405" member_type: VOTER last_known_addr { host: "127.8.35.193" port: 42647 } } peers { permanent_uuid: "70e04d5dab0c4acaac74bea3eb3aa62d" member_type: VOTER last_known_addr { host: "127.8.35.194" port: 42473 } } peers { permanent_uuid: "e5c2c4244f5c4d2daeb17d9be838e4c1" member_type: VOTER last_known_addr { host: "127.8.35.195" port: 41925 } }
I20260710 11:09:56.612716  9253 raft_consensus.cc:993] T 11063b28b3ba42b19078b6ce38b5d1de P e5c2c4244f5c4d2daeb17d9be838e4c1: : Instructing follower aba1149409534de6beda071495a4d405 to start an election
I20260710 11:09:56.613124  9240 raft_consensus.cc:1081] T 11063b28b3ba42b19078b6ce38b5d1de P e5c2c4244f5c4d2daeb17d9be838e4c1 [term 2 LEADER]: Signalling peer aba1149409534de6beda071495a4d405 to start an election
I20260710 11:09:56.614581  8968 tablet_service.cc:2044] Received Run Leader Election RPC: tablet_id: "11063b28b3ba42b19078b6ce38b5d1de"
dest_uuid: "aba1149409534de6beda071495a4d405"
 from {username='slave'} at 127.0.0.1:54330
I20260710 11:09:56.615110  8968 raft_consensus.cc:493] T 11063b28b3ba42b19078b6ce38b5d1de P aba1149409534de6beda071495a4d405 [term 2 FOLLOWER]: Starting forced leader election (received explicit request)
I20260710 11:09:56.615510  8968 raft_consensus.cc:3060] T 11063b28b3ba42b19078b6ce38b5d1de P aba1149409534de6beda071495a4d405 [term 2 FOLLOWER]: Advancing to term 3
I20260710 11:09:56.614907  8867 catalog_manager.cc:5697] T dfac3b9569ef43fc87c225fa431cb915 P aba1149409534de6beda071495a4d405 reported cstate change: term changed from 2 to 3, leader changed from e5c2c4244f5c4d2daeb17d9be838e4c1 (127.8.35.195) to aba1149409534de6beda071495a4d405 (127.8.35.193). New cstate: current_term: 3 leader_uuid: "aba1149409534de6beda071495a4d405" committed_config { opid_index: -1 OBSOLETE_local: false peers { permanent_uuid: "aba1149409534de6beda071495a4d405" member_type: VOTER last_known_addr { host: "127.8.35.193" port: 42647 } health_report { overall_health: HEALTHY } } peers { permanent_uuid: "70e04d5dab0c4acaac74bea3eb3aa62d" member_type: VOTER last_known_addr { host: "127.8.35.194" port: 42473 } health_report { overall_health: UNKNOWN } } peers { permanent_uuid: "e5c2c4244f5c4d2daeb17d9be838e4c1" member_type: VOTER last_known_addr { host: "127.8.35.195" port: 41925 } health_report { overall_health: UNKNOWN } } }
I20260710 11:09:56.621044  8968 raft_consensus.cc:515] T 11063b28b3ba42b19078b6ce38b5d1de P aba1149409534de6beda071495a4d405 [term 3 FOLLOWER]: Starting forced leader election with config: opid_index: -1 OBSOLETE_local: false peers { permanent_uuid: "aba1149409534de6beda071495a4d405" member_type: VOTER last_known_addr { host: "127.8.35.193" port: 42647 } } peers { permanent_uuid: "70e04d5dab0c4acaac74bea3eb3aa62d" member_type: VOTER last_known_addr { host: "127.8.35.194" port: 42473 } } peers { permanent_uuid: "e5c2c4244f5c4d2daeb17d9be838e4c1" member_type: VOTER last_known_addr { host: "127.8.35.195" port: 41925 } }
