I20260710 11:09:41.272899 23339 raft_consensus.cc:493] T 4bccdbd9f41a49b59ffdd9461151dee0 P 65327e40c46346edb455cc58ba66d821 [term 1 FOLLOWER]: Starting forced leader election (received explicit request)
I20260710 11:09:41.273273 23339 raft_consensus.cc:3060] T 4bccdbd9f41a49b59ffdd9461151dee0 P 65327e40c46346edb455cc58ba66d821 [term 1 FOLLOWER]: Advancing to term 2
I20260710 11:09:41.280067 23339 raft_consensus.cc:515] T 4bccdbd9f41a49b59ffdd9461151dee0 P 65327e40c46346edb455cc58ba66d821 [term 2 FOLLOWER]: Starting forced leader election with config: opid_index: -1 OBSOLETE_local: false peers { permanent_uuid: "65327e40c46346edb455cc58ba66d821" member_type: VOTER last_known_addr { host: "127.22.169.193" port: 33635 } } peers { permanent_uuid: "210615fd3be34133a82564702c3b9688" member_type: VOTER last_known_addr { host: "127.22.169.194" port: 45525 } } peers { permanent_uuid: "98e654612e83454f981c8e794e889b6a" member_type: VOTER last_known_addr { host: "127.22.169.195" port: 44521 } }
I20260710 11:09:41.285666 23590 raft_consensus.cc:993] T 6355a851bd9f426f898c4fb034bd3d7a P 65327e40c46346edb455cc58ba66d821: : Instructing follower 210615fd3be34133a82564702c3b9688 to start an election
I20260710 11:09:41.285547 23416 tablet_service.cc:1917] Received RequestConsensusVote() RPC: tablet_id: "4bccdbd9f41a49b59ffdd9461151dee0" candidate_uuid: "65327e40c46346edb455cc58ba66d821" candidate_term: 2 candidate_status { last_received { term: 1 index: 1 } } ignore_live_leader: true dest_uuid: "210615fd3be34133a82564702c3b9688"
I20260710 11:09:41.286125 23590 raft_consensus.cc:1081] T 6355a851bd9f426f898c4fb034bd3d7a P 65327e40c46346edb455cc58ba66d821 [term 1 LEADER]: Signalling peer 210615fd3be34133a82564702c3b9688 to start an election
I20260710 11:09:41.286226 23416 raft_consensus.cc:3055] T 4bccdbd9f41a49b59ffdd9461151dee0 P 210615fd3be34133a82564702c3b9688 [term 1 LEADER]: Stepping down as leader of term 1
I20260710 11:09:41.286564 23416 raft_consensus.cc:740] T 4bccdbd9f41a49b59ffdd9461151dee0 P 210615fd3be34133a82564702c3b9688 [term 1 LEADER]: Becoming Follower/Learner. State: Replica: 210615fd3be34133a82564702c3b9688, State: Running, Role: LEADER
I20260710 11:09:41.287505 23339 leader_election.cc:290] T 4bccdbd9f41a49b59ffdd9461151dee0 P 65327e40c46346edb455cc58ba66d821 [CANDIDATE]: Term 2 election: Requested vote from peers 210615fd3be34133a82564702c3b9688 (127.22.169.194:45525), 98e654612e83454f981c8e794e889b6a (127.22.169.195:44521)
I20260710 11:09:41.287341 23416 consensus_queue.cc:260] T 4bccdbd9f41a49b59ffdd9461151dee0 P 210615fd3be34133a82564702c3b9688 [NON_LEADER]: Queue going to NON_LEADER mode. State: All replicated index: 0, Majority replicated index: 1, Committed index: 1, Last appended: 1.1, Last appended by leader: 1, Current term: 1, Majority size: -1, State: 0, Mode: NON_LEADER, active raft config: opid_index: -1 OBSOLETE_local: false peers { permanent_uuid: "65327e40c46346edb455cc58ba66d821" member_type: VOTER last_known_addr { host: "127.22.169.193" port: 33635 } } peers { permanent_uuid: "210615fd3be34133a82564702c3b9688" member_type: VOTER last_known_addr { host: "127.22.169.194" port: 45525 } } peers { permanent_uuid: "98e654612e83454f981c8e794e889b6a" member_type: VOTER last_known_addr { host: "127.22.169.195" port: 44521 } }
I20260710 11:09:41.288563 23416 raft_consensus.cc:3060] T 4bccdbd9f41a49b59ffdd9461151dee0 P 210615fd3be34133a82564702c3b9688 [term 1 FOLLOWER]: Advancing to term 2
I20260710 11:09:41.288511 23491 tablet_service.cc:1917] Received RequestConsensusVote() RPC: tablet_id: "4bccdbd9f41a49b59ffdd9461151dee0" candidate_uuid: "65327e40c46346edb455cc58ba66d821" candidate_term: 2 candidate_status { last_received { term: 1 index: 1 } } ignore_live_leader: true dest_uuid: "98e654612e83454f981c8e794e889b6a"
I20260710 11:09:41.289196 23491 raft_consensus.cc:3060] T 4bccdbd9f41a49b59ffdd9461151dee0 P 98e654612e83454f981c8e794e889b6a [term 1 FOLLOWER]: Advancing to term 2
I20260710 11:09:41.295112 23415 tablet_service.cc:2044] Received Run Leader Election RPC: tablet_id: "6355a851bd9f426f898c4fb034bd3d7a"
dest_uuid: "210615fd3be34133a82564702c3b9688"
 from {username='slave'} at 127.0.0.1:54566
I20260710 11:09:41.295437 23491 raft_consensus.cc:2468] T 4bccdbd9f41a49b59ffdd9461151dee0 P 98e654612e83454f981c8e794e889b6a [term 2 FOLLOWER]: Leader election vote request: Granting yes vote for candidate 65327e40c46346edb455cc58ba66d821 in term 2.
I20260710 11:09:41.295717 23415 raft_consensus.cc:493] T 6355a851bd9f426f898c4fb034bd3d7a P 210615fd3be34133a82564702c3b9688 [term 1 FOLLOWER]: Starting forced leader election (received explicit request)
I20260710 11:09:41.296103 23415 raft_consensus.cc:3060] T 6355a851bd9f426f898c4fb034bd3d7a P 210615fd3be34133a82564702c3b9688 [term 1 FOLLOWER]: Advancing to term 2
I20260710 11:09:41.296620 23308 leader_election.cc:304] T 4bccdbd9f41a49b59ffdd9461151dee0 P 65327e40c46346edb455cc58ba66d821 [CANDIDATE]: Term 2 election: Election decided. Result: candidate won. Election summary: received 2 responses out of 3 voters: 2 yes votes; 0 no votes. yes voters: 65327e40c46346edb455cc58ba66d821, 98e654612e83454f981c8e794e889b6a; no voters: 
I20260710 11:09:41.297066 23416 raft_consensus.cc:2468] T 4bccdbd9f41a49b59ffdd9461151dee0 P 210615fd3be34133a82564702c3b9688 [term 2 FOLLOWER]: Leader election vote request: Granting yes vote for candidate 65327e40c46346edb455cc58ba66d821 in term 2.
I20260710 11:09:41.297479 23590 raft_consensus.cc:2804] T 4bccdbd9f41a49b59ffdd9461151dee0 P 65327e40c46346edb455cc58ba66d821 [term 2 FOLLOWER]: Leader election won for term 2
I20260710 11:09:41.297950 23590 raft_consensus.cc:697] T 4bccdbd9f41a49b59ffdd9461151dee0 P 65327e40c46346edb455cc58ba66d821 [term 2 LEADER]: Becoming Leader. State: Replica: 65327e40c46346edb455cc58ba66d821, State: Running, Role: LEADER
I20260710 11:09:41.298779 23590 consensus_queue.cc:237] T 4bccdbd9f41a49b59ffdd9461151dee0 P 65327e40c46346edb455cc58ba66d821 [LEADER]: Queue going to LEADER mode. State: All replicated index: 0, Majority replicated index: 1, Committed index: 1, Last appended: 1.1, Last appended by leader: 1, Current term: 2, Majority size: 2, State: 0, Mode: LEADER, active raft config: opid_index: -1 OBSOLETE_local: false peers { permanent_uuid: "65327e40c46346edb455cc58ba66d821" member_type: VOTER last_known_addr { host: "127.22.169.193" port: 33635 } } peers { permanent_uuid: "210615fd3be34133a82564702c3b9688" member_type: VOTER last_known_addr { host: "127.22.169.194" port: 45525 } } peers { permanent_uuid: "98e654612e83454f981c8e794e889b6a" member_type: VOTER last_known_addr { host: "127.22.169.195" port: 44521 } }
I20260710 11:09:41.303501 23415 raft_consensus.cc:515] T 6355a851bd9f426f898c4fb034bd3d7a P 210615fd3be34133a82564702c3b9688 [term 2 FOLLOWER]: Starting forced leader election with config: opid_index: -1 OBSOLETE_local: false peers { permanent_uuid: "65327e40c46346edb455cc58ba66d821" member_type: VOTER last_known_addr { host: "127.22.169.193" port: 33635 } } peers { permanent_uuid: "210615fd3be34133a82564702c3b9688" member_type: VOTER last_known_addr { host: "127.22.169.194" port: 45525 } } peers { permanent_uuid: "98e654612e83454f981c8e794e889b6a" member_type: VOTER last_known_addr { host: "127.22.169.195" port: 44521 } }
I20260710 11:09:41.305253 23563 raft_consensus.cc:993] T 0b3c5dfe126a4addb6c1b45664c4ead5 P 98e654612e83454f981c8e794e889b6a: : Instructing follower 65327e40c46346edb455cc58ba66d821 to start an election
I20260710 11:09:41.305691 23563 raft_consensus.cc:1081] T 0b3c5dfe126a4addb6c1b45664c4ead5 P 98e654612e83454f981c8e794e889b6a [term 1 LEADER]: Signalling peer 65327e40c46346edb455cc58ba66d821 to start an election
I20260710 11:09:41.306383 23340 tablet_service.cc:1917] Received RequestConsensusVote() RPC: tablet_id: "6355a851bd9f426f898c4fb034bd3d7a" candidate_uuid: "210615fd3be34133a82564702c3b9688" candidate_term: 2 candidate_status { last_received { term: 1 index: 1 } } ignore_live_leader: true dest_uuid: "65327e40c46346edb455cc58ba66d821"
I20260710 11:09:41.307039 23340 raft_consensus.cc:3055] T 6355a851bd9f426f898c4fb034bd3d7a P 65327e40c46346edb455cc58ba66d821 [term 1 LEADER]: Stepping down as leader of term 1
I20260710 11:09:41.307381 23340 raft_consensus.cc:740] T 6355a851bd9f426f898c4fb034bd3d7a P 65327e40c46346edb455cc58ba66d821 [term 1 LEADER]: Becoming Follower/Learner. State: Replica: 65327e40c46346edb455cc58ba66d821, State: Running, Role: LEADER
I20260710 11:09:41.306852 23238 catalog_manager.cc:5697] T 4bccdbd9f41a49b59ffdd9461151dee0 P 65327e40c46346edb455cc58ba66d821 reported cstate change: term changed from 1 to 2, leader changed from 210615fd3be34133a82564702c3b9688 (127.22.169.194) to 65327e40c46346edb455cc58ba66d821 (127.22.169.193). New cstate: current_term: 2 leader_uuid: "65327e40c46346edb455cc58ba66d821" committed_config { opid_index: -1 OBSOLETE_local: false peers { permanent_uuid: "65327e40c46346edb455cc58ba66d821" member_type: VOTER last_known_addr { host: "127.22.169.193" port: 33635 } health_report { overall_health: HEALTHY } } peers { permanent_uuid: "210615fd3be34133a82564702c3b9688" member_type: VOTER last_known_addr { host: "127.22.169.194" port: 45525 } health_report { overall_health: UNKNOWN } } peers { permanent_uuid: "98e654612e83454f981c8e794e889b6a" member_type: VOTER last_known_addr { host: "127.22.169.195" port: 44521 } health_report { overall_health: UNKNOWN } } }
I20260710 11:09:41.308092 23342 tablet_service.cc:2044] Received Run Leader Election RPC: tablet_id: "0b3c5dfe126a4addb6c1b45664c4ead5"
dest_uuid: "65327e40c46346edb455cc58ba66d821"
 from {username='slave'} at 127.0.0.1:52872
I20260710 11:09:41.308085 23340 consensus_queue.cc:260] T 6355a851bd9f426f898c4fb034bd3d7a P 65327e40c46346edb455cc58ba66d821 [NON_LEADER]: Queue going to NON_LEADER mode. State: All replicated index: 0, Majority replicated index: 1, Committed index: 1, Last appended: 1.1, Last appended by leader: 1, Current term: 1, Majority size: -1, State: 0, Mode: NON_LEADER, active raft config: opid_index: -1 OBSOLETE_local: false peers { permanent_uuid: "65327e40c46346edb455cc58ba66d821" member_type: VOTER last_known_addr { host: "127.22.169.193" port: 33635 } } peers { permanent_uuid: "210615fd3be34133a82564702c3b9688" member_type: VOTER last_known_addr { host: "127.22.169.194" port: 45525 } } peers { permanent_uuid: "98e654612e83454f981c8e794e889b6a" member_type: VOTER last_known_addr { host: "127.22.169.195" port: 44521 } }
I20260710 11:09:41.308724 23342 raft_consensus.cc:493] T 0b3c5dfe126a4addb6c1b45664c4ead5 P 65327e40c46346edb455cc58ba66d821 [term 1 FOLLOWER]: Starting forced leader election (received explicit request)
I20260710 11:09:41.309092 23342 raft_consensus.cc:3060] T 0b3c5dfe126a4addb6c1b45664c4ead5 P 65327e40c46346edb455cc58ba66d821 [term 1 FOLLOWER]: Advancing to term 2
I20260710 11:09:41.309290 23340 raft_consensus.cc:3060] T 6355a851bd9f426f898c4fb034bd3d7a P 65327e40c46346edb455cc58ba66d821 [term 1 FOLLOWER]: Advancing to term 2
I20260710 11:09:41.315519 23342 raft_consensus.cc:515] T 0b3c5dfe126a4addb6c1b45664c4ead5 P 65327e40c46346edb455cc58ba66d821 [term 2 FOLLOWER]: Starting forced leader election with config: opid_index: -1 OBSOLETE_local: false peers { permanent_uuid: "210615fd3be34133a82564702c3b9688" member_type: VOTER last_known_addr { host: "127.22.169.194" port: 45525 } } peers { permanent_uuid: "98e654612e83454f981c8e794e889b6a" member_type: VOTER last_known_addr { host: "127.22.169.195" port: 44521 } } peers { permanent_uuid: "65327e40c46346edb455cc58ba66d821" member_type: VOTER last_known_addr { host: "127.22.169.193" port: 33635 } }
I20260710 11:09:41.306383 23415 leader_election.cc:290] T 6355a851bd9f426f898c4fb034bd3d7a P 210615fd3be34133a82564702c3b9688 [CANDIDATE]: Term 2 election: Requested vote from peers 65327e40c46346edb455cc58ba66d821 (127.22.169.193:33635), 98e654612e83454f981c8e794e889b6a (127.22.169.195:44521)
I20260710 11:09:41.309899 23491 tablet_service.cc:1917] Received RequestConsensusVote() RPC: tablet_id: "6355a851bd9f426f898c4fb034bd3d7a" candidate_uuid: "210615fd3be34133a82564702c3b9688" candidate_term: 2 candidate_status { last_received { term: 1 index: 1 } } ignore_live_leader: true dest_uuid: "98e654612e83454f981c8e794e889b6a"
I20260710 11:09:41.319617 23491 raft_consensus.cc:3060] T 6355a851bd9f426f898c4fb034bd3d7a P 98e654612e83454f981c8e794e889b6a [term 1 FOLLOWER]: Advancing to term 2
I20260710 11:09:41.322701 23490 tablet_service.cc:1917] Received RequestConsensusVote() RPC: tablet_id: "0b3c5dfe126a4addb6c1b45664c4ead5" candidate_uuid: "65327e40c46346edb455cc58ba66d821" candidate_term: 2 candidate_status { last_received { term: 1 index: 1 } } ignore_live_leader: true dest_uuid: "98e654612e83454f981c8e794e889b6a"
I20260710 11:09:41.323315 23490 raft_consensus.cc:3055] T 0b3c5dfe126a4addb6c1b45664c4ead5 P 98e654612e83454f981c8e794e889b6a [term 1 LEADER]: Stepping down as leader of term 1
I20260710 11:09:41.323626 23490 raft_consensus.cc:740] T 0b3c5dfe126a4addb6c1b45664c4ead5 P 98e654612e83454f981c8e794e889b6a [term 1 LEADER]: Becoming Follower/Learner. State: Replica: 98e654612e83454f981c8e794e889b6a, State: Running, Role: LEADER
I20260710 11:09:41.324654 23340 raft_consensus.cc:2468] T 6355a851bd9f426f898c4fb034bd3d7a P 65327e40c46346edb455cc58ba66d821 [term 2 FOLLOWER]: Leader election vote request: Granting yes vote for candidate 210615fd3be34133a82564702c3b9688 in term 2.
I20260710 11:09:41.324409 23490 consensus_queue.cc:260] T 0b3c5dfe126a4addb6c1b45664c4ead5 P 98e654612e83454f981c8e794e889b6a [NON_LEADER]: Queue going to NON_LEADER mode. State: All replicated index: 0, Majority replicated index: 1, Committed index: 1, Last appended: 1.1, Last appended by leader: 1, Current term: 1, Majority size: -1, State: 0, Mode: NON_LEADER, active raft config: opid_index: -1 OBSOLETE_local: false peers { permanent_uuid: "210615fd3be34133a82564702c3b9688" member_type: VOTER last_known_addr { host: "127.22.169.194" port: 45525 } } peers { permanent_uuid: "98e654612e83454f981c8e794e889b6a" member_type: VOTER last_known_addr { host: "127.22.169.195" port: 44521 } } peers { permanent_uuid: "65327e40c46346edb455cc58ba66d821" member_type: VOTER last_known_addr { host: "127.22.169.193" port: 33635 } }
I20260710 11:09:41.325525 23490 raft_consensus.cc:3060] T 0b3c5dfe126a4addb6c1b45664c4ead5 P 98e654612e83454f981c8e794e889b6a [term 1 FOLLOWER]: Advancing to term 2
I20260710 11:09:41.326128 23491 raft_consensus.cc:2468] T 6355a851bd9f426f898c4fb034bd3d7a P 98e654612e83454f981c8e794e889b6a [term 2 FOLLOWER]: Leader election vote request: Granting yes vote for candidate 210615fd3be34133a82564702c3b9688 in term 2.
I20260710 11:09:41.326597 23383 leader_election.cc:304] T 6355a851bd9f426f898c4fb034bd3d7a P 210615fd3be34133a82564702c3b9688 [CANDIDATE]: Term 2 election: Election decided. Result: candidate won. Election summary: received 2 responses out of 3 voters: 2 yes votes; 0 no votes. yes voters: 210615fd3be34133a82564702c3b9688, 65327e40c46346edb455cc58ba66d821; no voters: 
I20260710 11:09:41.327847 23613 raft_consensus.cc:2804] T 6355a851bd9f426f898c4fb034bd3d7a P 210615fd3be34133a82564702c3b9688 [term 2 FOLLOWER]: Leader election won for term 2
I20260710 11:09:41.328305 23613 raft_consensus.cc:697] T 6355a851bd9f426f898c4fb034bd3d7a P 210615fd3be34133a82564702c3b9688 [term 2 LEADER]: Becoming Leader. State: Replica: 210615fd3be34133a82564702c3b9688, State: Running, Role: LEADER
I20260710 11:09:41.329097 23613 consensus_queue.cc:237] T 6355a851bd9f426f898c4fb034bd3d7a P 210615fd3be34133a82564702c3b9688 [LEADER]: Queue going to LEADER mode. State: All replicated index: 0, Majority replicated index: 1, Committed index: 1, Last appended: 1.1, Last appended by leader: 1, Current term: 2, Majority size: 2, State: 0, Mode: LEADER, active raft config: opid_index: -1 OBSOLETE_local: false peers { permanent_uuid: "65327e40c46346edb455cc58ba66d821" member_type: VOTER last_known_addr { host: "127.22.169.193" port: 33635 } } peers { permanent_uuid: "210615fd3be34133a82564702c3b9688" member_type: VOTER last_known_addr { host: "127.22.169.194" port: 45525 } } peers { permanent_uuid: "98e654612e83454f981c8e794e889b6a" member_type: VOTER last_known_addr { host: "127.22.169.195" port: 44521 } }
I20260710 11:09:41.331123 23490 raft_consensus.cc:2468] T 0b3c5dfe126a4addb6c1b45664c4ead5 P 98e654612e83454f981c8e794e889b6a [term 2 FOLLOWER]: Leader election vote request: Granting yes vote for candidate 65327e40c46346edb455cc58ba66d821 in term 2.
I20260710 11:09:41.331166 23415 tablet_service.cc:1917] Received RequestConsensusVote() RPC: tablet_id: "0b3c5dfe126a4addb6c1b45664c4ead5" candidate_uuid: "65327e40c46346edb455cc58ba66d821" candidate_term: 2 candidate_status { last_received { term: 1 index: 1 } } ignore_live_leader: true dest_uuid: "210615fd3be34133a82564702c3b9688"
I20260710 11:09:41.332228 23415 raft_consensus.cc:3060] T 0b3c5dfe126a4addb6c1b45664c4ead5 P 210615fd3be34133a82564702c3b9688 [term 1 FOLLOWER]: Advancing to term 2
I20260710 11:09:41.332756 23308 leader_election.cc:304] T 0b3c5dfe126a4addb6c1b45664c4ead5 P 65327e40c46346edb455cc58ba66d821 [CANDIDATE]: Term 2 election: Election decided. Result: candidate won. Election summary: received 2 responses out of 3 voters: 2 yes votes; 0 no votes. yes voters: 65327e40c46346edb455cc58ba66d821, 98e654612e83454f981c8e794e889b6a; no voters: 
I20260710 11:09:41.333631 23590 raft_consensus.cc:2804] T 0b3c5dfe126a4addb6c1b45664c4ead5 P 65327e40c46346edb455cc58ba66d821 [term 2 FOLLOWER]: Leader election won for term 2
I20260710 11:09:41.334846 23590 raft_consensus.cc:697] T 0b3c5dfe126a4addb6c1b45664c4ead5 P 65327e40c46346edb455cc58ba66d821 [term 2 LEADER]: Becoming Leader. State: Replica: 65327e40c46346edb455cc58ba66d821, State: Running, Role: LEADER
I20260710 11:09:41.331598 23342 leader_election.cc:290] T 0b3c5dfe126a4addb6c1b45664c4ead5 P 65327e40c46346edb455cc58ba66d821 [CANDIDATE]: Term 2 election: Requested vote from peers 210615fd3be34133a82564702c3b9688 (127.22.169.194:45525), 98e654612e83454f981c8e794e889b6a (127.22.169.195:44521)
I20260710 11:09:41.336476 23590 consensus_queue.cc:237] T 0b3c5dfe126a4addb6c1b45664c4ead5 P 65327e40c46346edb455cc58ba66d821 [LEADER]: Queue going to LEADER mode. State: All replicated index: 0, Majority replicated index: 1, Committed index: 1, Last appended: 1.1, Last appended by leader: 1, Current term: 2, Majority size: 2, State: 0, Mode: LEADER, active raft config: opid_index: -1 OBSOLETE_local: false peers { permanent_uuid: "210615fd3be34133a82564702c3b9688" member_type: VOTER last_known_addr { host: "127.22.169.194" port: 45525 } } peers { permanent_uuid: "98e654612e83454f981c8e794e889b6a" member_type: VOTER last_known_addr { host: "127.22.169.195" port: 44521 } } peers { permanent_uuid: "65327e40c46346edb455cc58ba66d821" member_type: VOTER last_known_addr { host: "127.22.169.193" port: 33635 } }
I20260710 11:09:41.337594 23238 catalog_manager.cc:5697] T 6355a851bd9f426f898c4fb034bd3d7a P 210615fd3be34133a82564702c3b9688 reported cstate change: term changed from 1 to 2, leader changed from 65327e40c46346edb455cc58ba66d821 (127.22.169.193) to 210615fd3be34133a82564702c3b9688 (127.22.169.194). New cstate: current_term: 2 leader_uuid: "210615fd3be34133a82564702c3b9688" committed_config { opid_index: -1 OBSOLETE_local: false peers { permanent_uuid: "65327e40c46346edb455cc58ba66d821" member_type: VOTER last_known_addr { host: "127.22.169.193" port: 33635 } health_report { overall_health: UNKNOWN } } peers { permanent_uuid: "210615fd3be34133a82564702c3b9688" member_type: VOTER last_known_addr { host: "127.22.169.194" port: 45525 } health_report { overall_health: HEALTHY } } peers { permanent_uuid: "98e654612e83454f981c8e794e889b6a" member_type: VOTER last_known_addr { host: "127.22.169.195" port: 44521 } health_report { overall_health: UNKNOWN } } }
I20260710 11:09:41.339800 23415 raft_consensus.cc:2468] T 0b3c5dfe126a4addb6c1b45664c4ead5 P 210615fd3be34133a82564702c3b9688 [term 2 FOLLOWER]: Leader election vote request: Granting yes vote for candidate 65327e40c46346edb455cc58ba66d821 in term 2.
I20260710 11:09:41.345149 23237 catalog_manager.cc:5697] T 0b3c5dfe126a4addb6c1b45664c4ead5 P 65327e40c46346edb455cc58ba66d821 reported cstate change: term changed from 1 to 2, leader changed from 98e654612e83454f981c8e794e889b6a (127.22.169.195) to 65327e40c46346edb455cc58ba66d821 (127.22.169.193). New cstate: current_term: 2 leader_uuid: "65327e40c46346edb455cc58ba66d821" committed_config { opid_index: -1 OBSOLETE_local: false peers { permanent_uuid: "210615fd3be34133a82564702c3b9688" member_type: VOTER last_known_addr { host: "127.22.169.194" port: 45525 } health_report { overall_health: UNKNOWN } } peers { permanent_uuid: "98e654612e83454f981c8e794e889b6a" member_type: VOTER last_known_addr { host: "127.22.169.195" port: 44521 } health_report { overall_health: UNKNOWN } } peers { permanent_uuid: "65327e40c46346edb455cc58ba66d821" member_type: VOTER last_known_addr { host: "127.22.169.193" port: 33635 } health_report { overall_health: HEALTHY } } }
I20260710 11:09:41.412943 23541 raft_consensus.cc:993] T d9b7b2913a134dac9b27f55914e85325 P 65327e40c46346edb455cc58ba66d821: : Instructing follower 210615fd3be34133a82564702c3b9688 to start an election
I20260710 11:09:41.413441 23590 raft_consensus.cc:1081] T d9b7b2913a134dac9b27f55914e85325 P 65327e40c46346edb455cc58ba66d821 [term 1 LEADER]: Signalling peer 210615fd3be34133a82564702c3b9688 to start an election
I20260710 11:09:41.415038 23415 tablet_service.cc:2044] Received Run Leader Election RPC: tablet_id: "d9b7b2913a134dac9b27f55914e85325"
dest_uuid: "210615fd3be34133a82564702c3b9688"
 from {username='slave'} at 127.0.0.1:54566
I20260710 11:09:41.415530 23415 raft_consensus.cc:493] T d9b7b2913a134dac9b27f55914e85325 P 210615fd3be34133a82564702c3b9688 [term 1 FOLLOWER]: Starting forced leader election (received explicit request)
I20260710 11:09:41.415841 23415 raft_consensus.cc:3060] T d9b7b2913a134dac9b27f55914e85325 P 210615fd3be34133a82564702c3b9688 [term 1 FOLLOWER]: Advancing to term 2
I20260710 11:09:41.420271 23415 raft_consensus.cc:515] T d9b7b2913a134dac9b27f55914e85325 P 210615fd3be34133a82564702c3b9688 [term 2 FOLLOWER]: Starting forced leader election with config: opid_index: -1 OBSOLETE_local: false peers { permanent_uuid: "65327e40c46346edb455cc58ba66d821" member_type: VOTER last_known_addr { host: "127.22.169.193" port: 33635 } } peers { permanent_uuid: "210615fd3be34133a82564702c3b9688" member_type: VOTER last_known_addr { host: "127.22.169.194" port: 45525 } } peers { permanent_uuid: "98e654612e83454f981c8e794e889b6a" member_type: VOTER last_known_addr { host: "127.22.169.195" port: 44521 } }
I20260710 11:09:41.421759 23415 leader_election.cc:290] T d9b7b2913a134dac9b27f55914e85325 P 210615fd3be34133a82564702c3b9688 [CANDIDATE]: Term 2 election: Requested vote from peers 65327e40c46346edb455cc58ba66d821 (127.22.169.193:33635), 98e654612e83454f981c8e794e889b6a (127.22.169.195:44521)
I20260710 11:09:41.422736 23342 tablet_service.cc:1917] Received RequestConsensusVote() RPC: tablet_id: "d9b7b2913a134dac9b27f55914e85325" candidate_uuid: "210615fd3be34133a82564702c3b9688" candidate_term: 2 candidate_status { last_received { term: 1 index: 1 } } ignore_live_leader: true dest_uuid: "65327e40c46346edb455cc58ba66d821"
I20260710 11:09:41.423014 23490 tablet_service.cc:1917] Received RequestConsensusVote() RPC: tablet_id: "d9b7b2913a134dac9b27f55914e85325" candidate_uuid: "210615fd3be34133a82564702c3b9688" candidate_term: 2 candidate_status { last_received { term: 1 index: 1 } } ignore_live_leader: true dest_uuid: "98e654612e83454f981c8e794e889b6a"
I20260710 11:09:41.423328 23342 raft_consensus.cc:3055] T d9b7b2913a134dac9b27f55914e85325 P 65327e40c46346edb455cc58ba66d821 [term 1 LEADER]: Stepping down as leader of term 1
I20260710 11:09:41.423532 23490 raft_consensus.cc:3060] T d9b7b2913a134dac9b27f55914e85325 P 98e654612e83454f981c8e794e889b6a [term 1 FOLLOWER]: Advancing to term 2
I20260710 11:09:41.423684 23342 raft_consensus.cc:740] T d9b7b2913a134dac9b27f55914e85325 P 65327e40c46346edb455cc58ba66d821 [term 1 LEADER]: Becoming Follower/Learner. State: Replica: 65327e40c46346edb455cc58ba66d821, State: Running, Role: LEADER
I20260710 11:09:41.424590 23342 consensus_queue.cc:260] T d9b7b2913a134dac9b27f55914e85325 P 65327e40c46346edb455cc58ba66d821 [NON_LEADER]: Queue going to NON_LEADER mode. State: All replicated index: 0, Majority replicated index: 1, Committed index: 1, Last appended: 1.1, Last appended by leader: 1, Current term: 1, Majority size: -1, State: 0, Mode: NON_LEADER, active raft config: opid_index: -1 OBSOLETE_local: false peers { permanent_uuid: "65327e40c46346edb455cc58ba66d821" member_type: VOTER last_known_addr { host: "127.22.169.193" port: 33635 } } peers { permanent_uuid: "210615fd3be34133a82564702c3b9688" member_type: VOTER last_known_addr { host: "127.22.169.194" port: 45525 } } peers { permanent_uuid: "98e654612e83454f981c8e794e889b6a" member_type: VOTER last_known_addr { host: "127.22.169.195" port: 44521 } }
I20260710 11:09:41.425770 23342 raft_consensus.cc:3060] T d9b7b2913a134dac9b27f55914e85325 P 65327e40c46346edb455cc58ba66d821 [term 1 FOLLOWER]: Advancing to term 2
I20260710 11:09:41.430122 23490 raft_consensus.cc:2468] T d9b7b2913a134dac9b27f55914e85325 P 98e654612e83454f981c8e794e889b6a [term 2 FOLLOWER]: Leader election vote request: Granting yes vote for candidate 210615fd3be34133a82564702c3b9688 in term 2.
I20260710 11:09:41.431277 23383 leader_election.cc:304] T d9b7b2913a134dac9b27f55914e85325 P 210615fd3be34133a82564702c3b9688 [CANDIDATE]: Term 2 election: Election decided. Result: candidate won. Election summary: received 2 responses out of 3 voters: 2 yes votes; 0 no votes. yes voters: 210615fd3be34133a82564702c3b9688, 98e654612e83454f981c8e794e889b6a; no voters: 
I20260710 11:09:41.432072 23613 raft_consensus.cc:2804] T d9b7b2913a134dac9b27f55914e85325 P 210615fd3be34133a82564702c3b9688 [term 2 FOLLOWER]: Leader election won for term 2
I20260710 11:09:41.432339 23342 raft_consensus.cc:2468] T d9b7b2913a134dac9b27f55914e85325 P 65327e40c46346edb455cc58ba66d821 [term 2 FOLLOWER]: Leader election vote request: Granting yes vote for candidate 210615fd3be34133a82564702c3b9688 in term 2.
I20260710 11:09:41.432555 23613 raft_consensus.cc:697] T d9b7b2913a134dac9b27f55914e85325 P 210615fd3be34133a82564702c3b9688 [term 2 LEADER]: Becoming Leader. State: Replica: 210615fd3be34133a82564702c3b9688, State: Running, Role: LEADER
I20260710 11:09:41.433421 23613 consensus_queue.cc:237] T d9b7b2913a134dac9b27f55914e85325 P 210615fd3be34133a82564702c3b9688 [LEADER]: Queue going to LEADER mode. State: All replicated index: 0, Majority replicated index: 1, Committed index: 1, Last appended: 1.1, Last appended by leader: 1, Current term: 2, Majority size: 2, State: 0, Mode: LEADER, active raft config: opid_index: -1 OBSOLETE_local: false peers { permanent_uuid: "65327e40c46346edb455cc58ba66d821" member_type: VOTER last_known_addr { host: "127.22.169.193" port: 33635 } } peers { permanent_uuid: "210615fd3be34133a82564702c3b9688" member_type: VOTER last_known_addr { host: "127.22.169.194" port: 45525 } } peers { permanent_uuid: "98e654612e83454f981c8e794e889b6a" member_type: VOTER last_known_addr { host: "127.22.169.195" port: 44521 } }
I20260710 11:09:41.440227 23237 catalog_manager.cc:5697] T d9b7b2913a134dac9b27f55914e85325 P 210615fd3be34133a82564702c3b9688 reported cstate change: term changed from 1 to 2, leader changed from 65327e40c46346edb455cc58ba66d821 (127.22.169.193) to 210615fd3be34133a82564702c3b9688 (127.22.169.194). New cstate: current_term: 2 leader_uuid: "210615fd3be34133a82564702c3b9688" committed_config { opid_index: -1 OBSOLETE_local: false peers { permanent_uuid: "65327e40c46346edb455cc58ba66d821" member_type: VOTER last_known_addr { host: "127.22.169.193" port: 33635 } health_report { overall_health: UNKNOWN } } peers { permanent_uuid: "210615fd3be34133a82564702c3b9688" member_type: VOTER last_known_addr { host: "127.22.169.194" port: 45525 } health_report { overall_health: HEALTHY } } peers { permanent_uuid: "98e654612e83454f981c8e794e889b6a" member_type: VOTER last_known_addr { host: "127.22.169.195" port: 44521 } health_report { overall_health: UNKNOWN } } }
I20260710 11:09:41.513499 23342 raft_consensus.cc:1275] T 8f0afcf7a7ba484b8310e96bbca53313 P 65327e40c46346edb455cc58ba66d821 [term 2 FOLLOWER]: Refusing update from remote peer 210615fd3be34133a82564702c3b9688: Log matching property violated. Preceding OpId in replica: term: 1 index: 1. Preceding OpId from leader: term: 2 index: 2. (index mismatch)
I20260710 11:09:41.514832 23613 consensus_queue.cc:1048] T 8f0afcf7a7ba484b8310e96bbca53313 P 210615fd3be34133a82564702c3b9688 [LEADER]: Connected to new peer: Peer: permanent_uuid: "65327e40c46346edb455cc58ba66d821" member_type: VOTER last_known_addr { host: "127.22.169.193" port: 33635 }, Status: LMP_MISMATCH, Last received: 0.0, Next index: 2, Last known committed idx: 1, Time since last communication: 0.000s
I20260710 11:09:41.521975 23490 raft_consensus.cc:1275] T 8f0afcf7a7ba484b8310e96bbca53313 P 98e654612e83454f981c8e794e889b6a [term 2 FOLLOWER]: Refusing update from remote peer 210615fd3be34133a82564702c3b9688: Log matching property violated. Preceding OpId in replica: term: 1 index: 1. Preceding OpId from leader: term: 2 index: 2. (index mismatch)
I20260710 11:09:41.524749 23539 consensus_queue.cc:1048] T 8f0afcf7a7ba484b8310e96bbca53313 P 210615fd3be34133a82564702c3b9688 [LEADER]: Connected to new peer: Peer: permanent_uuid: "98e654612e83454f981c8e794e889b6a" member_type: VOTER last_known_addr { host: "127.22.169.195" port: 44521 }, Status: LMP_MISMATCH, Last received: 0.0, Next index: 2, Last known committed idx: 1, Time since last communication: 0.000s
I20260710 11:09:41.620718 23415 raft_consensus.cc:3060] T cec515682b2f44d5bf26728cdb82c986 P 210615fd3be34133a82564702c3b9688 [term 1 FOLLOWER]: Advancing to term 2
I20260710 11:09:41.626741 23415 raft_consensus.cc:1275] T cec515682b2f44d5bf26728cdb82c986 P 210615fd3be34133a82564702c3b9688 [term 2 FOLLOWER]: Refusing update from remote peer 65327e40c46346edb455cc58ba66d821: Log matching property violated. Preceding OpId in replica: term: 1 index: 1. Preceding OpId from leader: term: 2 index: 2. (index mismatch)
I20260710 11:09:41.628289 23590 consensus_queue.cc:1048] T cec515682b2f44d5bf26728cdb82c986 P 65327e40c46346edb455cc58ba66d821 [LEADER]: Connected to new peer: Peer: permanent_uuid: "210615fd3be34133a82564702c3b9688" member_type: VOTER last_known_addr { host: "127.22.169.194" port: 45525 }, Status: LMP_MISMATCH, Last received: 0.0, Next index: 2, Last known committed idx: 1, Time since last communication: 0.000s
I20260710 11:09:41.630618 23415 raft_consensus.cc:1275] T a534b85d39ba423197cf3f59874347c5 P 210615fd3be34133a82564702c3b9688 [term 2 FOLLOWER]: Refusing update from remote peer 65327e40c46346edb455cc58ba66d821: Log matching property violated. Preceding OpId in replica: term: 1 index: 1. Preceding OpId from leader: term: 2 index: 2. (index mismatch)
I20260710 11:09:41.632081 23590 consensus_queue.cc:1048] T a534b85d39ba423197cf3f59874347c5 P 65327e40c46346edb455cc58ba66d821 [LEADER]: Connected to new peer: Peer: permanent_uuid: "210615fd3be34133a82564702c3b9688" member_type: VOTER last_known_addr { host: "127.22.169.194" port: 45525 }, Status: LMP_MISMATCH, Last received: 0.0, Next index: 2, Last known committed idx: 1, Time since last communication: 0.000s
I20260710 11:09:41.644726 23491 raft_consensus.cc:1275] T a534b85d39ba423197cf3f59874347c5 P 98e654612e83454f981c8e794e889b6a [term 2 FOLLOWER]: Refusing update from remote peer 65327e40c46346edb455cc58ba66d821: Log matching property violated. Preceding OpId in replica: term: 0 index: 0. Preceding OpId from leader: term: 2 index: 2. (index mismatch)
I20260710 11:09:41.646425 23590 consensus_queue.cc:1048] T a534b85d39ba423197cf3f59874347c5 P 65327e40c46346edb455cc58ba66d821 [LEADER]: Connected to new peer: Peer: permanent_uuid: "98e654612e83454f981c8e794e889b6a" member_type: VOTER last_known_addr { host: "127.22.169.195" port: 44521 }, Status: LMP_MISMATCH, Last received: 0.0, Next index: 2, Last known committed idx: 0, Time since last communication: 0.001s
I20260710 11:09:41.651258 23490 raft_consensus.cc:1275] T cec515682b2f44d5bf26728cdb82c986 P 98e654612e83454f981c8e794e889b6a [term 2 FOLLOWER]: Refusing update from remote peer 65327e40c46346edb455cc58ba66d821: Log matching property violated. Preceding OpId in replica: term: 1 index: 1. Preceding OpId from leader: term: 2 index: 2. (index mismatch)
I20260710 11:09:41.653046 23542 consensus_queue.cc:1048] T cec515682b2f44d5bf26728cdb82c986 P 65327e40c46346edb455cc58ba66d821 [LEADER]: Connected to new peer: Peer: permanent_uuid: "98e654612e83454f981c8e794e889b6a" member_type: VOTER last_known_addr { host: "127.22.169.195" port: 44521 }, Status: LMP_MISMATCH, Last received: 0.0, Next index: 2, Last known committed idx: 1, Time since last communication: 0.000s
I20260710 11:09:41.709216 23342 raft_consensus.cc:1275] T 6355a851bd9f426f898c4fb034bd3d7a P 65327e40c46346edb455cc58ba66d821 [term 2 FOLLOWER]: Refusing update from remote peer 210615fd3be34133a82564702c3b9688: Log matching property violated. Preceding OpId in replica: term: 1 index: 1. Preceding OpId from leader: term: 2 index: 2. (index mismatch)
I20260710 11:09:41.710592 23415 raft_consensus.cc:1275] T 4bccdbd9f41a49b59ffdd9461151dee0 P 210615fd3be34133a82564702c3b9688 [term 2 FOLLOWER]: Refusing update from remote peer 65327e40c46346edb455cc58ba66d821: Log matching property violated. Preceding OpId in replica: term: 1 index: 1. Preceding OpId from leader: term: 2 index: 2. (index mismatch)
I20260710 11:09:41.710873 23539 consensus_queue.cc:1048] T 6355a851bd9f426f898c4fb034bd3d7a P 210615fd3be34133a82564702c3b9688 [LEADER]: Connected to new peer: Peer: permanent_uuid: "65327e40c46346edb455cc58ba66d821" member_type: VOTER last_known_addr { host: "127.22.169.193" port: 33635 }, Status: LMP_MISMATCH, Last received: 0.0, Next index: 2, Last known committed idx: 1, Time since last communication: 0.000s
I20260710 11:09:41.712155 23590 consensus_queue.cc:1048] T 4bccdbd9f41a49b59ffdd9461151dee0 P 65327e40c46346edb455cc58ba66d821 [LEADER]: Connected to new peer: Peer: permanent_uuid: "210615fd3be34133a82564702c3b9688" member_type: VOTER last_known_addr { host: "127.22.169.194" port: 45525 }, Status: LMP_MISMATCH, Last received: 0.0, Next index: 2, Last known committed idx: 1, Time since last communication: 0.000s
I20260710 11:09:41.723315 23491 raft_consensus.cc:1275] T 6355a851bd9f426f898c4fb034bd3d7a P 98e654612e83454f981c8e794e889b6a [term 2 FOLLOWER]: Refusing update from remote peer 210615fd3be34133a82564702c3b9688: Log matching property violated. Preceding OpId in replica: term: 1 index: 1. Preceding OpId from leader: term: 2 index: 2. (index mismatch)
I20260710 11:09:41.727730 23613 consensus_queue.cc:1048] T 6355a851bd9f426f898c4fb034bd3d7a P 210615fd3be34133a82564702c3b9688 [LEADER]: Connected to new peer: Peer: permanent_uuid: "98e654612e83454f981c8e794e889b6a" member_type: VOTER last_known_addr { host: "127.22.169.195" port: 44521 }, Status: LMP_MISMATCH, Last received: 0.0, Next index: 2, Last known committed idx: 1, Time since last communication: 0.000s
I20260710 11:09:41.730410 23491 raft_consensus.cc:1275] T 4bccdbd9f41a49b59ffdd9461151dee0 P 98e654612e83454f981c8e794e889b6a [term 2 FOLLOWER]: Refusing update from remote peer 65327e40c46346edb455cc58ba66d821: Log matching property violated. Preceding OpId in replica: term: 1 index: 1. Preceding OpId from leader: term: 2 index: 2. (index mismatch)
I20260710 11:09:41.732349 23618 consensus_queue.cc:1048] T 4bccdbd9f41a49b59ffdd9461151dee0 P 65327e40c46346edb455cc58ba66d821 [LEADER]: Connected to new peer: Peer: permanent_uuid: "98e654612e83454f981c8e794e889b6a" member_type: VOTER last_known_addr { host: "127.22.169.195" port: 44521 }, Status: LMP_MISMATCH, Last received: 0.0, Next index: 2, Last known committed idx: 1, Time since last communication: 0.001s
I20260710 11:09:41.879601 23491 raft_consensus.cc:1275] T 0b3c5dfe126a4addb6c1b45664c4ead5 P 98e654612e83454f981c8e794e889b6a [term 2 FOLLOWER]: Refusing update from remote peer 65327e40c46346edb455cc58ba66d821: Log matching property violated. Preceding OpId in replica: term: 1 index: 1. Preceding OpId from leader: term: 2 index: 2. (index mismatch)
I20260710 11:09:41.880878 23590 consensus_queue.cc:1048] T 0b3c5dfe126a4addb6c1b45664c4ead5 P 65327e40c46346edb455cc58ba66d821 [LEADER]: Connected to new peer: Peer: permanent_uuid: "98e654612e83454f981c8e794e889b6a" member_type: VOTER last_known_addr { host: "127.22.169.195" port: 44521 }, Status: LMP_MISMATCH, Last received: 0.0, Next index: 2, Last known committed idx: 1, Time since last communication: 0.000s
I20260710 11:09:41.890043 23416 raft_consensus.cc:1275] T 0b3c5dfe126a4addb6c1b45664c4ead5 P 210615fd3be34133a82564702c3b9688 [term 2 FOLLOWER]: Refusing update from remote peer 65327e40c46346edb455cc58ba66d821: Log matching property violated. Preceding OpId in replica: term: 1 index: 1. Preceding OpId from leader: term: 2 index: 2. (index mismatch)
I20260710 11:09:41.891466 23590 consensus_queue.cc:1048] T 0b3c5dfe126a4addb6c1b45664c4ead5 P 65327e40c46346edb455cc58ba66d821 [LEADER]: Connected to new peer: Peer: permanent_uuid: "210615fd3be34133a82564702c3b9688" member_type: VOTER last_known_addr { host: "127.22.169.194" port: 45525 }, Status: LMP_MISMATCH, Last received: 0.0, Next index: 2, Last known committed idx: 1, Time since last communication: 0.002s
I20260710 11:09:41.911533 23491 raft_consensus.cc:1275] T d9b7b2913a134dac9b27f55914e85325 P 98e654612e83454f981c8e794e889b6a [term 2 FOLLOWER]: Refusing update from remote peer 210615fd3be34133a82564702c3b9688: Log matching property violated. Preceding OpId in replica: term: 1 index: 1. Preceding OpId from leader: term: 2 index: 2. (index mismatch)
I20260710 11:09:41.912766 23613 consensus_queue.cc:1048] T d9b7b2913a134dac9b27f55914e85325 P 210615fd3be34133a82564702c3b9688 [LEADER]: Connected to new peer: Peer: permanent_uuid: "98e654612e83454f981c8e794e889b6a" member_type: VOTER last_known_addr { host: "127.22.169.195" port: 44521 }, Status: LMP_MISMATCH, Last received: 0.0, Next index: 2, Last known committed idx: 1, Time since last communication: 0.000s
I20260710 11:09:41.921221 23342 raft_consensus.cc:1275] T d9b7b2913a134dac9b27f55914e85325 P 65327e40c46346edb455cc58ba66d821 [term 2 FOLLOWER]: Refusing update from remote peer 210615fd3be34133a82564702c3b9688: Log matching property violated. Preceding OpId in replica: term: 1 index: 1. Preceding OpId from leader: term: 2 index: 2. (index mismatch)
I20260710 11:09:41.922734 23539 consensus_queue.cc:1048] T d9b7b2913a134dac9b27f55914e85325 P 210615fd3be34133a82564702c3b9688 [LEADER]: Connected to new peer: Peer: permanent_uuid: "65327e40c46346edb455cc58ba66d821" member_type: VOTER last_known_addr { host: "127.22.169.193" port: 33635 }, Status: LMP_MISMATCH, Last received: 0.0, Next index: 2, Last known committed idx: 1, Time since last communication: 0.000s
I20260710 11:09:44.003587 23207 auto_leader_rebalancer-test.cc:316] The leader distribution is 
I20260710 11:09:44.004640 23207 auto_leader_rebalancer.cc:141] leader rebalance for table test-workload
I20260710 11:09:44.024777 23340 tablet_service.cc:2072] Received LeaderStepDown RPC: tablet_id: "a534b85d39ba423197cf3f59874347c5"
dest_uuid: "65327e40c46346edb455cc58ba66d821"
mode: GRACEFUL
new_leader_uuid: "98e654612e83454f981c8e794e889b6a"
 from {username='slave'} at 127.0.0.1:52898
I20260710 11:09:44.025257 23340 raft_consensus.cc:606] T a534b85d39ba423197cf3f59874347c5 P 65327e40c46346edb455cc58ba66d821 [term 2 LEADER]: Received request to transfer leadership to TS 98e654612e83454f981c8e794e889b6a
I20260710 11:09:44.036767 23416 tablet_service.cc:2072] Received LeaderStepDown RPC: tablet_id: "d9b7b2913a134dac9b27f55914e85325"
dest_uuid: "210615fd3be34133a82564702c3b9688"
mode: GRACEFUL
new_leader_uuid: "98e654612e83454f981c8e794e889b6a"
 from {username='slave'} at 127.0.0.1:54608
I20260710 11:09:44.037364 23416 raft_consensus.cc:606] T d9b7b2913a134dac9b27f55914e85325 P 210615fd3be34133a82564702c3b9688 [term 2 LEADER]: Received request to transfer leadership to TS 98e654612e83454f981c8e794e889b6a
I20260710 11:09:44.038622 23207 auto_leader_rebalancer.cc:452] table: test-workload, leader rebalance finish, leader transfer count: 2
I20260710 11:09:44.039181 23207 auto_leader_rebalancer.cc:527] All tables' leader rebalancing finished this round
I20260710 11:09:44.109655 23627 raft_consensus.cc:993] T d9b7b2913a134dac9b27f55914e85325 P 210615fd3be34133a82564702c3b9688: : Instructing follower 98e654612e83454f981c8e794e889b6a to start an election
I20260710 11:09:44.110195 23571 raft_consensus.cc:1081] T d9b7b2913a134dac9b27f55914e85325 P 210615fd3be34133a82564702c3b9688 [term 2 LEADER]: Signalling peer 98e654612e83454f981c8e794e889b6a to start an election
I20260710 11:09:44.112579 23490 tablet_service.cc:2044] Received Run Leader Election RPC: tablet_id: "d9b7b2913a134dac9b27f55914e85325"
dest_uuid: "98e654612e83454f981c8e794e889b6a"
 from {username='slave'} at 127.0.0.1:46236
I20260710 11:09:44.113112 23490 raft_consensus.cc:493] T d9b7b2913a134dac9b27f55914e85325 P 98e654612e83454f981c8e794e889b6a [term 2 FOLLOWER]: Starting forced leader election (received explicit request)
I20260710 11:09:44.113423 23490 raft_consensus.cc:3060] T d9b7b2913a134dac9b27f55914e85325 P 98e654612e83454f981c8e794e889b6a [term 2 FOLLOWER]: Advancing to term 3
I20260710 11:09:44.117988 23490 raft_consensus.cc:515] T d9b7b2913a134dac9b27f55914e85325 P 98e654612e83454f981c8e794e889b6a [term 3 FOLLOWER]: Starting forced leader election with config: opid_index: -1 OBSOLETE_local: false peers { permanent_uuid: "65327e40c46346edb455cc58ba66d821" member_type: VOTER last_known_addr { host: "127.22.169.193" port: 33635 } } peers { permanent_uuid: "210615fd3be34133a82564702c3b9688" member_type: VOTER last_known_addr { host: "127.22.169.194" port: 45525 } } peers { permanent_uuid: "98e654612e83454f981c8e794e889b6a" member_type: VOTER last_known_addr { host: "127.22.169.195" port: 44521 } }
I20260710 11:09:44.119696 23490 leader_election.cc:290] T d9b7b2913a134dac9b27f55914e85325 P 98e654612e83454f981c8e794e889b6a [CANDIDATE]: Term 3 election: Requested vote from peers 65327e40c46346edb455cc58ba66d821 (127.22.169.193:33635), 210615fd3be34133a82564702c3b9688 (127.22.169.194:45525)
I20260710 11:09:44.120575 23340 tablet_service.cc:1917] Received RequestConsensusVote() RPC: tablet_id: "d9b7b2913a134dac9b27f55914e85325" candidate_uuid: "98e654612e83454f981c8e794e889b6a" candidate_term: 3 candidate_status { last_received { term: 2 index: 2 } } ignore_live_leader: true dest_uuid: "65327e40c46346edb455cc58ba66d821"
I20260710 11:09:44.120680 23416 tablet_service.cc:1917] Received RequestConsensusVote() RPC: tablet_id: "d9b7b2913a134dac9b27f55914e85325" candidate_uuid: "98e654612e83454f981c8e794e889b6a" candidate_term: 3 candidate_status { last_received { term: 2 index: 2 } } ignore_live_leader: true dest_uuid: "210615fd3be34133a82564702c3b9688"
I20260710 11:09:44.121070 23340 raft_consensus.cc:3060] T d9b7b2913a134dac9b27f55914e85325 P 65327e40c46346edb455cc58ba66d821 [term 2 FOLLOWER]: Advancing to term 3
I20260710 11:09:44.121232 23416 raft_consensus.cc:3055] T d9b7b2913a134dac9b27f55914e85325 P 210615fd3be34133a82564702c3b9688 [term 2 LEADER]: Stepping down as leader of term 2
I20260710 11:09:44.121575 23416 raft_consensus.cc:740] T d9b7b2913a134dac9b27f55914e85325 P 210615fd3be34133a82564702c3b9688 [term 2 LEADER]: Becoming Follower/Learner. State: Replica: 210615fd3be34133a82564702c3b9688, State: Running, Role: LEADER
I20260710 11:09:44.122289 23416 consensus_queue.cc:260] T d9b7b2913a134dac9b27f55914e85325 P 210615fd3be34133a82564702c3b9688 [NON_LEADER]: Queue going to NON_LEADER mode. State: All replicated index: 0, Majority replicated index: 2, Committed index: 2, Last appended: 2.2, Last appended by leader: 2, Current term: 2, Majority size: -1, State: 0, Mode: NON_LEADER, active raft config: opid_index: -1 OBSOLETE_local: false peers { permanent_uuid: "65327e40c46346edb455cc58ba66d821" member_type: VOTER last_known_addr { host: "127.22.169.193" port: 33635 } } peers { permanent_uuid: "210615fd3be34133a82564702c3b9688" member_type: VOTER last_known_addr { host: "127.22.169.194" port: 45525 } } peers { permanent_uuid: "98e654612e83454f981c8e794e889b6a" member_type: VOTER last_known_addr { host: "127.22.169.195" port: 44521 } }
I20260710 11:09:44.123243 23416 raft_consensus.cc:3060] T d9b7b2913a134dac9b27f55914e85325 P 210615fd3be34133a82564702c3b9688 [term 2 FOLLOWER]: Advancing to term 3
I20260710 11:09:44.125753 23340 raft_consensus.cc:2468] T d9b7b2913a134dac9b27f55914e85325 P 65327e40c46346edb455cc58ba66d821 [term 3 FOLLOWER]: Leader election vote request: Granting yes vote for candidate 98e654612e83454f981c8e794e889b6a in term 3.
I20260710 11:09:44.126832 23457 leader_election.cc:304] T d9b7b2913a134dac9b27f55914e85325 P 98e654612e83454f981c8e794e889b6a [CANDIDATE]: Term 3 election: Election decided. Result: candidate won. Election summary: received 2 responses out of 3 voters: 2 yes votes; 0 no votes. yes voters: 65327e40c46346edb455cc58ba66d821, 98e654612e83454f981c8e794e889b6a; no voters: 
I20260710 11:09:44.127508 23546 raft_consensus.cc:2804] T d9b7b2913a134dac9b27f55914e85325 P 98e654612e83454f981c8e794e889b6a [term 3 FOLLOWER]: Leader election won for term 3
I20260710 11:09:44.127787 23416 raft_consensus.cc:2468] T d9b7b2913a134dac9b27f55914e85325 P 210615fd3be34133a82564702c3b9688 [term 3 FOLLOWER]: Leader election vote request: Granting yes vote for candidate 98e654612e83454f981c8e794e889b6a in term 3.
I20260710 11:09:44.128755 23546 raft_consensus.cc:697] T d9b7b2913a134dac9b27f55914e85325 P 98e654612e83454f981c8e794e889b6a [term 3 LEADER]: Becoming Leader. State: Replica: 98e654612e83454f981c8e794e889b6a, State: Running, Role: LEADER
I20260710 11:09:44.129549 23546 consensus_queue.cc:237] T d9b7b2913a134dac9b27f55914e85325 P 98e654612e83454f981c8e794e889b6a [LEADER]: Queue going to LEADER mode. State: All replicated index: 0, Majority replicated index: 2, Committed index: 2, Last appended: 2.2, Last appended by leader: 2, Current term: 3, Majority size: 2, State: 0, Mode: LEADER, active raft config: opid_index: -1 OBSOLETE_local: false peers { permanent_uuid: "65327e40c46346edb455cc58ba66d821" member_type: VOTER last_known_addr { host: "127.22.169.193" port: 33635 } } peers { permanent_uuid: "210615fd3be34133a82564702c3b9688" member_type: VOTER last_known_addr { host: "127.22.169.194" port: 45525 } } peers { permanent_uuid: "98e654612e83454f981c8e794e889b6a" member_type: VOTER last_known_addr { host: "127.22.169.195" port: 44521 } }
I20260710 11:09:44.136806 23237 catalog_manager.cc:5697] T d9b7b2913a134dac9b27f55914e85325 P 98e654612e83454f981c8e794e889b6a reported cstate change: term changed from 2 to 3, leader changed from 210615fd3be34133a82564702c3b9688 (127.22.169.194) to 98e654612e83454f981c8e794e889b6a (127.22.169.195). New cstate: current_term: 3 leader_uuid: "98e654612e83454f981c8e794e889b6a" committed_config { opid_index: -1 OBSOLETE_local: false peers { permanent_uuid: "65327e40c46346edb455cc58ba66d821" member_type: VOTER last_known_addr { host: "127.22.169.193" port: 33635 } health_report { overall_health: UNKNOWN } } peers { permanent_uuid: "210615fd3be34133a82564702c3b9688" member_type: VOTER last_known_addr { host: "127.22.169.194" port: 45525 } health_report { overall_health: UNKNOWN } } peers { permanent_uuid: "98e654612e83454f981c8e794e889b6a" member_type: VOTER last_known_addr { host: "127.22.169.195" port: 44521 } health_report { overall_health: HEALTHY } } }
I20260710 11:09:44.167548 23625 raft_consensus.cc:993] T a534b85d39ba423197cf3f59874347c5 P 65327e40c46346edb455cc58ba66d821: : Instructing follower 98e654612e83454f981c8e794e889b6a to start an election
I20260710 11:09:44.167999 23626 raft_consensus.cc:1081] T a534b85d39ba423197cf3f59874347c5 P 65327e40c46346edb455cc58ba66d821 [term 2 LEADER]: Signalling peer 98e654612e83454f981c8e794e889b6a to start an election
I20260710 11:09:44.169423 23490 tablet_service.cc:2044] Received Run Leader Election RPC: tablet_id: "a534b85d39ba423197cf3f59874347c5"
dest_uuid: "98e654612e83454f981c8e794e889b6a"
 from {username='slave'} at 127.0.0.1:46230
I20260710 11:09:44.169896 23490 raft_consensus.cc:493] T a534b85d39ba423197cf3f59874347c5 P 98e654612e83454f981c8e794e889b6a [term 2 FOLLOWER]: Starting forced leader election (received explicit request)
I20260710 11:09:44.170195 23490 raft_consensus.cc:3060] T a534b85d39ba423197cf3f59874347c5 P 98e654612e83454f981c8e794e889b6a [term 2 FOLLOWER]: Advancing to term 3
I20260710 11:09:44.174932 23490 raft_consensus.cc:515] T a534b85d39ba423197cf3f59874347c5 P 98e654612e83454f981c8e794e889b6a [term 3 FOLLOWER]: Starting forced leader election with config: opid_index: -1 OBSOLETE_local: false peers { permanent_uuid: "65327e40c46346edb455cc58ba66d821" member_type: VOTER last_known_addr { host: "127.22.169.193" port: 33635 } } peers { permanent_uuid: "210615fd3be34133a82564702c3b9688" member_type: VOTER last_known_addr { host: "127.22.169.194" port: 45525 } } peers { permanent_uuid: "98e654612e83454f981c8e794e889b6a" member_type: VOTER last_known_addr { host: "127.22.169.195" port: 44521 } }
I20260710 11:09:44.176821 23490 leader_election.cc:290] T a534b85d39ba423197cf3f59874347c5 P 98e654612e83454f981c8e794e889b6a [CANDIDATE]: Term 3 election: Requested vote from peers 65327e40c46346edb455cc58ba66d821 (127.22.169.193:33635), 210615fd3be34133a82564702c3b9688 (127.22.169.194:45525)
