I20260710 11:00:09.725847  3268 catalog_manager.cc:5697] T 03e0dfbae08541389c14492294742687 P c0a1926cadd847948c6a06352a6d1dfc reported cstate change: term changed from 0 to 1, leader changed from <none> to c0a1926cadd847948c6a06352a6d1dfc (127.2.55.194). New cstate: current_term: 1 leader_uuid: "c0a1926cadd847948c6a06352a6d1dfc" committed_config { opid_index: -1 OBSOLETE_local: false peers { permanent_uuid: "ec835278ef1b4db29bd073d3a403e952" member_type: VOTER last_known_addr { host: "127.2.55.193" port: 40191 } health_report { overall_health: UNKNOWN } } peers { permanent_uuid: "c0a1926cadd847948c6a06352a6d1dfc" member_type: VOTER last_known_addr { host: "127.2.55.194" port: 39295 } health_report { overall_health: HEALTHY } } peers { permanent_uuid: "e462d874a00545ac8aa19236d696cb99" member_type: VOTER last_known_addr { host: "127.2.55.195" port: 38063 } health_report { overall_health: UNKNOWN } } }
I20260710 11:00:09.753799  3588 raft_consensus.cc:493] T 887408f529bd4dbcb667d67594a4845e P c0a1926cadd847948c6a06352a6d1dfc [term 0 FOLLOWER]: Starting pre-election (no leader contacted us within the election timeout)
I20260710 11:00:09.754338  3588 raft_consensus.cc:515] T 887408f529bd4dbcb667d67594a4845e P c0a1926cadd847948c6a06352a6d1dfc [term 0 FOLLOWER]: Starting pre-election with config: opid_index: -1 OBSOLETE_local: false peers { permanent_uuid: "ec835278ef1b4db29bd073d3a403e952" member_type: VOTER last_known_addr { host: "127.2.55.193" port: 40191 } } peers { permanent_uuid: "c0a1926cadd847948c6a06352a6d1dfc" member_type: VOTER last_known_addr { host: "127.2.55.194" port: 39295 } } peers { permanent_uuid: "e462d874a00545ac8aa19236d696cb99" member_type: VOTER last_known_addr { host: "127.2.55.195" port: 38063 } }
I20260710 11:00:09.756012  3588 leader_election.cc:290] T 887408f529bd4dbcb667d67594a4845e P c0a1926cadd847948c6a06352a6d1dfc [CANDIDATE]: Term 1 pre-election: Requested pre-vote from peers ec835278ef1b4db29bd073d3a403e952 (127.2.55.193:40191), e462d874a00545ac8aa19236d696cb99 (127.2.55.195:38063)
I20260710 11:00:09.756767  3372 tablet_service.cc:1917] Received RequestConsensusVote() RPC: tablet_id: "887408f529bd4dbcb667d67594a4845e" candidate_uuid: "c0a1926cadd847948c6a06352a6d1dfc" candidate_term: 1 candidate_status { last_received { term: 0 index: 0 } } ignore_live_leader: false dest_uuid: "ec835278ef1b4db29bd073d3a403e952" is_pre_election: true
I20260710 11:00:09.757118  3522 tablet_service.cc:1917] Received RequestConsensusVote() RPC: tablet_id: "887408f529bd4dbcb667d67594a4845e" candidate_uuid: "c0a1926cadd847948c6a06352a6d1dfc" candidate_term: 1 candidate_status { last_received { term: 0 index: 0 } } ignore_live_leader: false dest_uuid: "e462d874a00545ac8aa19236d696cb99" is_pre_election: true
I20260710 11:00:09.757512  3372 raft_consensus.cc:2393] T 887408f529bd4dbcb667d67594a4845e P ec835278ef1b4db29bd073d3a403e952 [term 1 FOLLOWER]: Leader pre-election vote request: Denying vote to candidate c0a1926cadd847948c6a06352a6d1dfc in current term 1: Already voted for candidate e462d874a00545ac8aa19236d696cb99 in this term.
I20260710 11:00:09.758517  3411 leader_election.cc:304] T 887408f529bd4dbcb667d67594a4845e P c0a1926cadd847948c6a06352a6d1dfc [CANDIDATE]: Term 1 pre-election: Election decided. Result: candidate lost. Election summary: received 3 responses out of 3 voters: 1 yes votes; 2 no votes. yes voters: c0a1926cadd847948c6a06352a6d1dfc; no voters: e462d874a00545ac8aa19236d696cb99, ec835278ef1b4db29bd073d3a403e952
I20260710 11:00:09.759158  3588 raft_consensus.cc:3060] T 887408f529bd4dbcb667d67594a4845e P c0a1926cadd847948c6a06352a6d1dfc [term 0 FOLLOWER]: Advancing to term 1
I20260710 11:00:09.763856  3588 raft_consensus.cc:2749] T 887408f529bd4dbcb667d67594a4845e P c0a1926cadd847948c6a06352a6d1dfc [term 1 FOLLOWER]: Leader pre-election lost for term 1. Reason: could not achieve majority
I20260710 11:00:09.834512  3646 raft_consensus.cc:493] T 23339ebb5bff4a90b69bd558c1f59c9b P e462d874a00545ac8aa19236d696cb99 [term 0 FOLLOWER]: Starting pre-election (no leader contacted us within the election timeout)
I20260710 11:00:09.835081  3646 raft_consensus.cc:515] T 23339ebb5bff4a90b69bd558c1f59c9b P e462d874a00545ac8aa19236d696cb99 [term 0 FOLLOWER]: Starting pre-election with config: opid_index: -1 OBSOLETE_local: false peers { permanent_uuid: "ec835278ef1b4db29bd073d3a403e952" member_type: VOTER last_known_addr { host: "127.2.55.193" port: 40191 } } peers { permanent_uuid: "c0a1926cadd847948c6a06352a6d1dfc" member_type: VOTER last_known_addr { host: "127.2.55.194" port: 39295 } } peers { permanent_uuid: "e462d874a00545ac8aa19236d696cb99" member_type: VOTER last_known_addr { host: "127.2.55.195" port: 38063 } }
I20260710 11:00:09.836910  3646 leader_election.cc:290] T 23339ebb5bff4a90b69bd558c1f59c9b P e462d874a00545ac8aa19236d696cb99 [CANDIDATE]: Term 1 pre-election: Requested pre-vote from peers ec835278ef1b4db29bd073d3a403e952 (127.2.55.193:40191), c0a1926cadd847948c6a06352a6d1dfc (127.2.55.194:39295)
I20260710 11:00:09.837742  3372 tablet_service.cc:1917] Received RequestConsensusVote() RPC: tablet_id: "23339ebb5bff4a90b69bd558c1f59c9b" candidate_uuid: "e462d874a00545ac8aa19236d696cb99" candidate_term: 1 candidate_status { last_received { term: 0 index: 0 } } ignore_live_leader: false dest_uuid: "ec835278ef1b4db29bd073d3a403e952" is_pre_election: true
I20260710 11:00:09.838007  3445 tablet_service.cc:1917] Received RequestConsensusVote() RPC: tablet_id: "23339ebb5bff4a90b69bd558c1f59c9b" candidate_uuid: "e462d874a00545ac8aa19236d696cb99" candidate_term: 1 candidate_status { last_received { term: 0 index: 0 } } ignore_live_leader: false dest_uuid: "c0a1926cadd847948c6a06352a6d1dfc" is_pre_election: true
I20260710 11:00:09.838295  3372 raft_consensus.cc:2468] T 23339ebb5bff4a90b69bd558c1f59c9b P ec835278ef1b4db29bd073d3a403e952 [term 0 FOLLOWER]: Leader pre-election vote request: Granting yes vote for candidate e462d874a00545ac8aa19236d696cb99 in term 0.
I20260710 11:00:09.838696  3445 raft_consensus.cc:2468] T 23339ebb5bff4a90b69bd558c1f59c9b P c0a1926cadd847948c6a06352a6d1dfc [term 0 FOLLOWER]: Leader pre-election vote request: Granting yes vote for candidate e462d874a00545ac8aa19236d696cb99 in term 0.
I20260710 11:00:09.839309  3485 leader_election.cc:304] T 23339ebb5bff4a90b69bd558c1f59c9b P e462d874a00545ac8aa19236d696cb99 [CANDIDATE]: Term 1 pre-election: Election decided. Result: candidate won. Election summary: received 2 responses out of 3 voters: 2 yes votes; 0 no votes. yes voters: e462d874a00545ac8aa19236d696cb99, ec835278ef1b4db29bd073d3a403e952; no voters: 
I20260710 11:00:09.840157  3716 raft_consensus.cc:2804] T 23339ebb5bff4a90b69bd558c1f59c9b P e462d874a00545ac8aa19236d696cb99 [term 0 FOLLOWER]: Leader pre-election won for term 1
I20260710 11:00:09.840544  3716 raft_consensus.cc:493] T 23339ebb5bff4a90b69bd558c1f59c9b P e462d874a00545ac8aa19236d696cb99 [term 0 FOLLOWER]: Starting leader election (no leader contacted us within the election timeout)
I20260710 11:00:09.840919  3716 raft_consensus.cc:3060] T 23339ebb5bff4a90b69bd558c1f59c9b P e462d874a00545ac8aa19236d696cb99 [term 0 FOLLOWER]: Advancing to term 1
I20260710 11:00:09.846180  3716 raft_consensus.cc:515] T 23339ebb5bff4a90b69bd558c1f59c9b P e462d874a00545ac8aa19236d696cb99 [term 1 FOLLOWER]: Starting leader election with config: opid_index: -1 OBSOLETE_local: false peers { permanent_uuid: "ec835278ef1b4db29bd073d3a403e952" member_type: VOTER last_known_addr { host: "127.2.55.193" port: 40191 } } peers { permanent_uuid: "c0a1926cadd847948c6a06352a6d1dfc" member_type: VOTER last_known_addr { host: "127.2.55.194" port: 39295 } } peers { permanent_uuid: "e462d874a00545ac8aa19236d696cb99" member_type: VOTER last_known_addr { host: "127.2.55.195" port: 38063 } }
I20260710 11:00:09.847801  3716 leader_election.cc:290] T 23339ebb5bff4a90b69bd558c1f59c9b P e462d874a00545ac8aa19236d696cb99 [CANDIDATE]: Term 1 election: Requested vote from peers ec835278ef1b4db29bd073d3a403e952 (127.2.55.193:40191), c0a1926cadd847948c6a06352a6d1dfc (127.2.55.194:39295)
I20260710 11:00:09.848886  3372 tablet_service.cc:1917] Received RequestConsensusVote() RPC: tablet_id: "23339ebb5bff4a90b69bd558c1f59c9b" candidate_uuid: "e462d874a00545ac8aa19236d696cb99" candidate_term: 1 candidate_status { last_received { term: 0 index: 0 } } ignore_live_leader: false dest_uuid: "ec835278ef1b4db29bd073d3a403e952"
I20260710 11:00:09.849242  3445 tablet_service.cc:1917] Received RequestConsensusVote() RPC: tablet_id: "23339ebb5bff4a90b69bd558c1f59c9b" candidate_uuid: "e462d874a00545ac8aa19236d696cb99" candidate_term: 1 candidate_status { last_received { term: 0 index: 0 } } ignore_live_leader: false dest_uuid: "c0a1926cadd847948c6a06352a6d1dfc"
I20260710 11:00:09.849575  3372 raft_consensus.cc:3060] T 23339ebb5bff4a90b69bd558c1f59c9b P ec835278ef1b4db29bd073d3a403e952 [term 0 FOLLOWER]: Advancing to term 1
I20260710 11:00:09.849856  3445 raft_consensus.cc:3060] T 23339ebb5bff4a90b69bd558c1f59c9b P c0a1926cadd847948c6a06352a6d1dfc [term 0 FOLLOWER]: Advancing to term 1
I20260710 11:00:09.857568  3372 raft_consensus.cc:2468] T 23339ebb5bff4a90b69bd558c1f59c9b P ec835278ef1b4db29bd073d3a403e952 [term 1 FOLLOWER]: Leader election vote request: Granting yes vote for candidate e462d874a00545ac8aa19236d696cb99 in term 1.
I20260710 11:00:09.857828  3445 raft_consensus.cc:2468] T 23339ebb5bff4a90b69bd558c1f59c9b P c0a1926cadd847948c6a06352a6d1dfc [term 1 FOLLOWER]: Leader election vote request: Granting yes vote for candidate e462d874a00545ac8aa19236d696cb99 in term 1.
I20260710 11:00:09.858781  3485 leader_election.cc:304] T 23339ebb5bff4a90b69bd558c1f59c9b P e462d874a00545ac8aa19236d696cb99 [CANDIDATE]: Term 1 election: Election decided. Result: candidate won. Election summary: received 2 responses out of 3 voters: 2 yes votes; 0 no votes. yes voters: e462d874a00545ac8aa19236d696cb99, ec835278ef1b4db29bd073d3a403e952; no voters: 
I20260710 11:00:09.859520  3716 raft_consensus.cc:2804] T 23339ebb5bff4a90b69bd558c1f59c9b P e462d874a00545ac8aa19236d696cb99 [term 1 FOLLOWER]: Leader election won for term 1
I20260710 11:00:09.860028  3716 raft_consensus.cc:697] T 23339ebb5bff4a90b69bd558c1f59c9b P e462d874a00545ac8aa19236d696cb99 [term 1 LEADER]: Becoming Leader. State: Replica: e462d874a00545ac8aa19236d696cb99, State: Running, Role: LEADER
I20260710 11:00:09.860793  3716 consensus_queue.cc:237] T 23339ebb5bff4a90b69bd558c1f59c9b P e462d874a00545ac8aa19236d696cb99 [LEADER]: Queue going to LEADER mode. State: All replicated index: 0, Majority replicated index: 0, Committed index: 0, Last appended: 0.0, Last appended by leader: 0, Current term: 1, Majority size: 2, State: 0, Mode: LEADER, active raft config: opid_index: -1 OBSOLETE_local: false peers { permanent_uuid: "ec835278ef1b4db29bd073d3a403e952" member_type: VOTER last_known_addr { host: "127.2.55.193" port: 40191 } } peers { permanent_uuid: "c0a1926cadd847948c6a06352a6d1dfc" member_type: VOTER last_known_addr { host: "127.2.55.194" port: 39295 } } peers { permanent_uuid: "e462d874a00545ac8aa19236d696cb99" member_type: VOTER last_known_addr { host: "127.2.55.195" port: 38063 } }
I20260710 11:00:09.868141  3271 catalog_manager.cc:5697] T 23339ebb5bff4a90b69bd558c1f59c9b P e462d874a00545ac8aa19236d696cb99 reported cstate change: term changed from 0 to 1, leader changed from <none> to e462d874a00545ac8aa19236d696cb99 (127.2.55.195). New cstate: current_term: 1 leader_uuid: "e462d874a00545ac8aa19236d696cb99" committed_config { opid_index: -1 OBSOLETE_local: false peers { permanent_uuid: "ec835278ef1b4db29bd073d3a403e952" member_type: VOTER last_known_addr { host: "127.2.55.193" port: 40191 } health_report { overall_health: UNKNOWN } } peers { permanent_uuid: "c0a1926cadd847948c6a06352a6d1dfc" member_type: VOTER last_known_addr { host: "127.2.55.194" port: 39295 } health_report { overall_health: UNKNOWN } } peers { permanent_uuid: "e462d874a00545ac8aa19236d696cb99" member_type: VOTER last_known_addr { host: "127.2.55.195" port: 38063 } health_report { overall_health: HEALTHY } } }
I20260710 11:00:09.920732  3645 consensus_queue.cc:1048] T 418b742cc42a4d02a903f641a9683b58 P ec835278ef1b4db29bd073d3a403e952 [LEADER]: Connected to new peer: Peer: permanent_uuid: "e462d874a00545ac8aa19236d696cb99" member_type: VOTER last_known_addr { host: "127.2.55.195" port: 38063 }, Status: LMP_MISMATCH, Last received: 0.0, Next index: 1, Last known committed idx: 0, Time since last communication: 0.000s
I20260710 11:00:09.931613  3641 consensus_queue.cc:1048] T 418b742cc42a4d02a903f641a9683b58 P ec835278ef1b4db29bd073d3a403e952 [LEADER]: Connected to new peer: Peer: permanent_uuid: "c0a1926cadd847948c6a06352a6d1dfc" member_type: VOTER last_known_addr { host: "127.2.55.194" port: 39295 }, Status: LMP_MISMATCH, Last received: 0.0, Next index: 1, Last known committed idx: 0, Time since last communication: 0.000s
I20260710 11:00:09.961131  3716 consensus_queue.cc:1048] T 887408f529bd4dbcb667d67594a4845e P e462d874a00545ac8aa19236d696cb99 [LEADER]: Connected to new peer: Peer: permanent_uuid: "ec835278ef1b4db29bd073d3a403e952" member_type: VOTER last_known_addr { host: "127.2.55.193" port: 40191 }, Status: LMP_MISMATCH, Last received: 0.0, Next index: 1, Last known committed idx: 0, Time since last communication: 0.000s
I20260710 11:00:09.962193  3646 consensus_queue.cc:1048] T a5d78fcb3a5047b4b00889a2b110993c P e462d874a00545ac8aa19236d696cb99 [LEADER]: Connected to new peer: Peer: permanent_uuid: "ec835278ef1b4db29bd073d3a403e952" member_type: VOTER last_known_addr { host: "127.2.55.193" port: 40191 }, Status: LMP_MISMATCH, Last received: 0.0, Next index: 1, Last known committed idx: 0, Time since last communication: 0.001s
I20260710 11:00:09.975154  3643 consensus_queue.cc:1048] T 887408f529bd4dbcb667d67594a4845e P e462d874a00545ac8aa19236d696cb99 [LEADER]: Connected to new peer: Peer: permanent_uuid: "c0a1926cadd847948c6a06352a6d1dfc" member_type: VOTER last_known_addr { host: "127.2.55.194" port: 39295 }, Status: LMP_MISMATCH, Last received: 0.0, Next index: 1, Last known committed idx: 0, Time since last communication: 0.000s
I20260710 11:00:09.978011  3643 consensus_queue.cc:1048] T a5d78fcb3a5047b4b00889a2b110993c P e462d874a00545ac8aa19236d696cb99 [LEADER]: Connected to new peer: Peer: permanent_uuid: "c0a1926cadd847948c6a06352a6d1dfc" member_type: VOTER last_known_addr { host: "127.2.55.194" port: 39295 }, Status: LMP_MISMATCH, Last received: 0.0, Next index: 1, Last known committed idx: 0, Time since last communication: 0.000s
I20260710 11:00:10.047380  3588 consensus_queue.cc:1048] T 3811751897474c5994c8d5a98b6c644d P c0a1926cadd847948c6a06352a6d1dfc [LEADER]: Connected to new peer: Peer: permanent_uuid: "ec835278ef1b4db29bd073d3a403e952" member_type: VOTER last_known_addr { host: "127.2.55.193" port: 40191 }, Status: LMP_MISMATCH, Last received: 0.0, Next index: 1, Last known committed idx: 0, Time since last communication: 0.000s
I20260710 11:00:10.059558  3671 consensus_queue.cc:1048] T 3811751897474c5994c8d5a98b6c644d P c0a1926cadd847948c6a06352a6d1dfc [LEADER]: Connected to new peer: Peer: permanent_uuid: "e462d874a00545ac8aa19236d696cb99" member_type: VOTER last_known_addr { host: "127.2.55.195" port: 38063 }, Status: LMP_MISMATCH, Last received: 0.0, Next index: 1, Last known committed idx: 0, Time since last communication: 0.001s
I20260710 11:00:10.054814  3643 consensus_queue.cc:1048] T 54d42f54c36c4b12a0783b3b82b9f776 P e462d874a00545ac8aa19236d696cb99 [LEADER]: Connected to new peer: Peer: permanent_uuid: "ec835278ef1b4db29bd073d3a403e952" member_type: VOTER last_known_addr { host: "127.2.55.193" port: 40191 }, Status: LMP_MISMATCH, Last received: 0.0, Next index: 1, Last known committed idx: 0, Time since last communication: 0.000s
I20260710 11:00:10.079027  3447 raft_consensus.cc:3060] T 54d42f54c36c4b12a0783b3b82b9f776 P c0a1926cadd847948c6a06352a6d1dfc [term 0 FOLLOWER]: Advancing to term 1
I20260710 11:00:10.099766  3646 consensus_queue.cc:1048] T 54d42f54c36c4b12a0783b3b82b9f776 P e462d874a00545ac8aa19236d696cb99 [LEADER]: Connected to new peer: Peer: permanent_uuid: "c0a1926cadd847948c6a06352a6d1dfc" member_type: VOTER last_known_addr { host: "127.2.55.194" port: 39295 }, Status: LMP_MISMATCH, Last received: 0.0, Next index: 1, Last known committed idx: 0, Time since last communication: 0.000s
I20260710 11:00:10.110574  3671 consensus_queue.cc:1048] T 03e0dfbae08541389c14492294742687 P c0a1926cadd847948c6a06352a6d1dfc [LEADER]: Connected to new peer: Peer: permanent_uuid: "ec835278ef1b4db29bd073d3a403e952" member_type: VOTER last_known_addr { host: "127.2.55.193" port: 40191 }, Status: LMP_MISMATCH, Last received: 0.0, Next index: 1, Last known committed idx: 0, Time since last communication: 0.000s
I20260710 11:00:10.121614  3671 consensus_queue.cc:1048] T 03e0dfbae08541389c14492294742687 P c0a1926cadd847948c6a06352a6d1dfc [LEADER]: Connected to new peer: Peer: permanent_uuid: "e462d874a00545ac8aa19236d696cb99" member_type: VOTER last_known_addr { host: "127.2.55.195" port: 38063 }, Status: LMP_MISMATCH, Last received: 0.0, Next index: 1, Last known committed idx: 0, Time since last communication: 0.000s
I20260710 11:00:10.294773  3646 consensus_queue.cc:1048] T 23339ebb5bff4a90b69bd558c1f59c9b P e462d874a00545ac8aa19236d696cb99 [LEADER]: Connected to new peer: Peer: permanent_uuid: "ec835278ef1b4db29bd073d3a403e952" member_type: VOTER last_known_addr { host: "127.2.55.193" port: 40191 }, Status: LMP_MISMATCH, Last received: 0.0, Next index: 1, Last known committed idx: 0, Time since last communication: 0.000s
I20260710 11:00:10.305876  3716 consensus_queue.cc:1048] T 23339ebb5bff4a90b69bd558c1f59c9b P e462d874a00545ac8aa19236d696cb99 [LEADER]: Connected to new peer: Peer: permanent_uuid: "c0a1926cadd847948c6a06352a6d1dfc" member_type: VOTER last_known_addr { host: "127.2.55.194" port: 39295 }, Status: LMP_MISMATCH, Last received: 0.0, Next index: 1, Last known committed idx: 0, Time since last communication: 0.001s
I20260710 11:00:10.346132  3659 raft_consensus.cc:493] T f6dab90f7a4144afb8178917ee8179f7 P ec835278ef1b4db29bd073d3a403e952 [term 1 FOLLOWER]: Starting pre-election (no leader contacted us within the election timeout)
I20260710 11:00:10.346611  3659 raft_consensus.cc:515] T f6dab90f7a4144afb8178917ee8179f7 P ec835278ef1b4db29bd073d3a403e952 [term 1 FOLLOWER]: Starting pre-election with config: opid_index: -1 OBSOLETE_local: false peers { permanent_uuid: "ec835278ef1b4db29bd073d3a403e952" member_type: VOTER last_known_addr { host: "127.2.55.193" port: 40191 } } peers { permanent_uuid: "c0a1926cadd847948c6a06352a6d1dfc" member_type: VOTER last_known_addr { host: "127.2.55.194" port: 39295 } } peers { permanent_uuid: "e462d874a00545ac8aa19236d696cb99" member_type: VOTER last_known_addr { host: "127.2.55.195" port: 38063 } }
I20260710 11:00:10.348348  3659 leader_election.cc:290] T f6dab90f7a4144afb8178917ee8179f7 P ec835278ef1b4db29bd073d3a403e952 [CANDIDATE]: Term 2 pre-election: Requested pre-vote from peers c0a1926cadd847948c6a06352a6d1dfc (127.2.55.194:39295), e462d874a00545ac8aa19236d696cb99 (127.2.55.195:38063)
I20260710 11:00:10.349258  3447 tablet_service.cc:1917] Received RequestConsensusVote() RPC: tablet_id: "f6dab90f7a4144afb8178917ee8179f7" candidate_uuid: "ec835278ef1b4db29bd073d3a403e952" candidate_term: 2 candidate_status { last_received { term: 0 index: 0 } } ignore_live_leader: false dest_uuid: "c0a1926cadd847948c6a06352a6d1dfc" is_pre_election: true
I20260710 11:00:10.349436  3519 tablet_service.cc:1917] Received RequestConsensusVote() RPC: tablet_id: "f6dab90f7a4144afb8178917ee8179f7" candidate_uuid: "ec835278ef1b4db29bd073d3a403e952" candidate_term: 2 candidate_status { last_received { term: 0 index: 0 } } ignore_live_leader: false dest_uuid: "e462d874a00545ac8aa19236d696cb99" is_pre_election: true
I20260710 11:00:10.349851  3447 raft_consensus.cc:2468] T f6dab90f7a4144afb8178917ee8179f7 P c0a1926cadd847948c6a06352a6d1dfc [term 1 FOLLOWER]: Leader pre-election vote request: Granting yes vote for candidate ec835278ef1b4db29bd073d3a403e952 in term 1.
I20260710 11:00:10.350059  3519 raft_consensus.cc:2468] T f6dab90f7a4144afb8178917ee8179f7 P e462d874a00545ac8aa19236d696cb99 [term 1 FOLLOWER]: Leader pre-election vote request: Granting yes vote for candidate ec835278ef1b4db29bd073d3a403e952 in term 1.
I20260710 11:00:10.350978  3338 leader_election.cc:304] T f6dab90f7a4144afb8178917ee8179f7 P ec835278ef1b4db29bd073d3a403e952 [CANDIDATE]: Term 2 pre-election: Election decided. Result: candidate won. Election summary: received 2 responses out of 3 voters: 2 yes votes; 0 no votes. yes voters: c0a1926cadd847948c6a06352a6d1dfc, ec835278ef1b4db29bd073d3a403e952; no voters: 
I20260710 11:00:10.351774  3659 raft_consensus.cc:2804] T f6dab90f7a4144afb8178917ee8179f7 P ec835278ef1b4db29bd073d3a403e952 [term 1 FOLLOWER]: Leader pre-election won for term 2
I20260710 11:00:10.352152  3659 raft_consensus.cc:493] T f6dab90f7a4144afb8178917ee8179f7 P ec835278ef1b4db29bd073d3a403e952 [term 1 FOLLOWER]: Starting leader election (no leader contacted us within the election timeout)
I20260710 11:00:10.352448  3659 raft_consensus.cc:3060] T f6dab90f7a4144afb8178917ee8179f7 P ec835278ef1b4db29bd073d3a403e952 [term 1 FOLLOWER]: Advancing to term 2
I20260710 11:00:10.357318  3659 raft_consensus.cc:515] T f6dab90f7a4144afb8178917ee8179f7 P ec835278ef1b4db29bd073d3a403e952 [term 2 FOLLOWER]: Starting leader election with config: opid_index: -1 OBSOLETE_local: false peers { permanent_uuid: "ec835278ef1b4db29bd073d3a403e952" member_type: VOTER last_known_addr { host: "127.2.55.193" port: 40191 } } peers { permanent_uuid: "c0a1926cadd847948c6a06352a6d1dfc" member_type: VOTER last_known_addr { host: "127.2.55.194" port: 39295 } } peers { permanent_uuid: "e462d874a00545ac8aa19236d696cb99" member_type: VOTER last_known_addr { host: "127.2.55.195" port: 38063 } }
I20260710 11:00:10.360270  3659 leader_election.cc:290] T f6dab90f7a4144afb8178917ee8179f7 P ec835278ef1b4db29bd073d3a403e952 [CANDIDATE]: Term 2 election: Requested vote from peers c0a1926cadd847948c6a06352a6d1dfc (127.2.55.194:39295), e462d874a00545ac8aa19236d696cb99 (127.2.55.195:38063)
I20260710 11:00:10.362335  3447 tablet_service.cc:1917] Received RequestConsensusVote() RPC: tablet_id: "f6dab90f7a4144afb8178917ee8179f7" candidate_uuid: "ec835278ef1b4db29bd073d3a403e952" candidate_term: 2 candidate_status { last_received { term: 0 index: 0 } } ignore_live_leader: false dest_uuid: "c0a1926cadd847948c6a06352a6d1dfc"
I20260710 11:00:10.362965  3447 raft_consensus.cc:3060] T f6dab90f7a4144afb8178917ee8179f7 P c0a1926cadd847948c6a06352a6d1dfc [term 1 FOLLOWER]: Advancing to term 2
I20260710 11:00:10.362905  3519 tablet_service.cc:1917] Received RequestConsensusVote() RPC: tablet_id: "f6dab90f7a4144afb8178917ee8179f7" candidate_uuid: "ec835278ef1b4db29bd073d3a403e952" candidate_term: 2 candidate_status { last_received { term: 0 index: 0 } } ignore_live_leader: false dest_uuid: "e462d874a00545ac8aa19236d696cb99"
I20260710 11:00:10.363593  3519 raft_consensus.cc:3060] T f6dab90f7a4144afb8178917ee8179f7 P e462d874a00545ac8aa19236d696cb99 [term 1 FOLLOWER]: Advancing to term 2
I20260710 11:00:10.370842  3447 raft_consensus.cc:2468] T f6dab90f7a4144afb8178917ee8179f7 P c0a1926cadd847948c6a06352a6d1dfc [term 2 FOLLOWER]: Leader election vote request: Granting yes vote for candidate ec835278ef1b4db29bd073d3a403e952 in term 2.
I20260710 11:00:10.372447  3338 leader_election.cc:304] T f6dab90f7a4144afb8178917ee8179f7 P ec835278ef1b4db29bd073d3a403e952 [CANDIDATE]: Term 2 election: Election decided. Result: candidate won. Election summary: received 2 responses out of 3 voters: 2 yes votes; 0 no votes. yes voters: c0a1926cadd847948c6a06352a6d1dfc, ec835278ef1b4db29bd073d3a403e952; no voters: 
I20260710 11:00:10.372740  3519 raft_consensus.cc:2468] T f6dab90f7a4144afb8178917ee8179f7 P e462d874a00545ac8aa19236d696cb99 [term 2 FOLLOWER]: Leader election vote request: Granting yes vote for candidate ec835278ef1b4db29bd073d3a403e952 in term 2.
I20260710 11:00:10.373327  3659 raft_consensus.cc:2804] T f6dab90f7a4144afb8178917ee8179f7 P ec835278ef1b4db29bd073d3a403e952 [term 2 FOLLOWER]: Leader election won for term 2
I20260710 11:00:10.374102  3659 raft_consensus.cc:697] T f6dab90f7a4144afb8178917ee8179f7 P ec835278ef1b4db29bd073d3a403e952 [term 2 LEADER]: Becoming Leader. State: Replica: ec835278ef1b4db29bd073d3a403e952, State: Running, Role: LEADER
I20260710 11:00:10.374945  3659 consensus_queue.cc:237] T f6dab90f7a4144afb8178917ee8179f7 P ec835278ef1b4db29bd073d3a403e952 [LEADER]: Queue going to LEADER mode. State: All replicated index: 0, Majority replicated index: 0, Committed index: 0, Last appended: 0.0, Last appended by leader: 0, Current term: 2, Majority size: 2, State: 0, Mode: LEADER, active raft config: opid_index: -1 OBSOLETE_local: false peers { permanent_uuid: "ec835278ef1b4db29bd073d3a403e952" member_type: VOTER last_known_addr { host: "127.2.55.193" port: 40191 } } peers { permanent_uuid: "c0a1926cadd847948c6a06352a6d1dfc" member_type: VOTER last_known_addr { host: "127.2.55.194" port: 39295 } } peers { permanent_uuid: "e462d874a00545ac8aa19236d696cb99" member_type: VOTER last_known_addr { host: "127.2.55.195" port: 38063 } }
I20260710 11:00:10.384673  3271 catalog_manager.cc:5697] T f6dab90f7a4144afb8178917ee8179f7 P ec835278ef1b4db29bd073d3a403e952 reported cstate change: term changed from 0 to 2, leader changed from <none> to ec835278ef1b4db29bd073d3a403e952 (127.2.55.193). New cstate: current_term: 2 leader_uuid: "ec835278ef1b4db29bd073d3a403e952" committed_config { opid_index: -1 OBSOLETE_local: false peers { permanent_uuid: "ec835278ef1b4db29bd073d3a403e952" member_type: VOTER last_known_addr { host: "127.2.55.193" port: 40191 } health_report { overall_health: HEALTHY } } peers { permanent_uuid: "c0a1926cadd847948c6a06352a6d1dfc" member_type: VOTER last_known_addr { host: "127.2.55.194" port: 39295 } health_report { overall_health: UNKNOWN } } peers { permanent_uuid: "e462d874a00545ac8aa19236d696cb99" member_type: VOTER last_known_addr { host: "127.2.55.195" port: 38063 } health_report { overall_health: UNKNOWN } } }
I20260710 11:00:10.847992  3519 raft_consensus.cc:1275] T f6dab90f7a4144afb8178917ee8179f7 P e462d874a00545ac8aa19236d696cb99 [term 2 FOLLOWER]: Refusing update from remote peer ec835278ef1b4db29bd073d3a403e952: Log matching property violated. Preceding OpId in replica: term: 0 index: 0. Preceding OpId from leader: term: 2 index: 1. (index mismatch)
I20260710 11:00:10.849310  3659 consensus_queue.cc:1048] T f6dab90f7a4144afb8178917ee8179f7 P ec835278ef1b4db29bd073d3a403e952 [LEADER]: Connected to new peer: Peer: permanent_uuid: "e462d874a00545ac8aa19236d696cb99" member_type: VOTER last_known_addr { host: "127.2.55.195" port: 38063 }, Status: LMP_MISMATCH, Last received: 0.0, Next index: 1, Last known committed idx: 0, Time since last communication: 0.000s
I20260710 11:00:10.862330  3447 raft_consensus.cc:1275] T f6dab90f7a4144afb8178917ee8179f7 P c0a1926cadd847948c6a06352a6d1dfc [term 2 FOLLOWER]: Refusing update from remote peer ec835278ef1b4db29bd073d3a403e952: Log matching property violated. Preceding OpId in replica: term: 0 index: 0. Preceding OpId from leader: term: 2 index: 1. (index mismatch)
I20260710 11:00:10.863958  3641 consensus_queue.cc:1048] T f6dab90f7a4144afb8178917ee8179f7 P ec835278ef1b4db29bd073d3a403e952 [LEADER]: Connected to new peer: Peer: permanent_uuid: "c0a1926cadd847948c6a06352a6d1dfc" member_type: VOTER last_known_addr { host: "127.2.55.194" port: 39295 }, Status: LMP_MISMATCH, Last received: 0.0, Next index: 1, Last known committed idx: 0, Time since last communication: 0.000s
I20260710 11:00:10.914132  2271 file_cache.cc:504] Constructed file cache file cache with capacity 419430
W20260710 11:00:10.920480  3753 instance_detector.cc:116] could not retrieve AWS instance metadata: Network error: curl error: HTTP response code said error: The requested URL returned error: 404
W20260710 11:00:10.921551  3754 instance_detector.cc:116] could not retrieve Azure instance metadata: Network error: curl error: HTTP response code said error: The requested URL returned error: 404
W20260710 11:00:10.922542  3756 instance_detector.cc:116] could not retrieve OpenStack instance metadata: Network error: curl error: HTTP response code said error: The requested URL returned error: 404
I20260710 11:00:10.923586  2271 server_base.cc:1061] running on GCE node
I20260710 11:00:10.924554  2271 hybrid_clock.cc:584] initializing the hybrid clock with 'system_unsync' time source
W20260710 11:00:10.924757  2271 system_unsync_time.cc:38] NTP support is disabled. Clock error bounds will not be accurate. This configuration is not suitable for distributed clusters.
I20260710 11:00:10.925042  2271 hybrid_clock.cc:648] HybridClock initialized: now 1783681210925022 us; error 0 us; skew 500 ppm
I20260710 11:00:10.925604  2271 server_base.cc:861] Flag tcmalloc_max_total_thread_cache_bytes is not working since tcmalloc is not enabled.
I20260710 11:00:10.928160  2271 webserver.cc:533] Webserver started at http://127.2.55.196:45199/ using document root <none> and password file <none>
I20260710 11:00:10.928656  2271 fs_manager.cc:362] Metadata directory not provided
I20260710 11:00:10.928916  2271 fs_manager.cc:368] Using write-ahead log directory (fs_wal_dir) as metadata directory
I20260710 11:00:10.929306  2271 server_base.cc:909] This appears to be a new deployment of Kudu; creating new FS layout
I20260710 11:00:10.930397  2271 fs_manager.cc:1068] Generated new instance metadata in path /tmp/dist-test-taskjhTYZC/test-tmp/auto_leader_rebalancer-test.0.LeaderRebalancerTest.AddTserver.1783681182496769-2271-0/minicluster-data/ts-3-root/instance:
uuid: "f0e1a41bdce34b2798181c1ef1ab9581"
format_stamp: "Formatted at 2026-07-10 11:00:10 on dist-test-slave-kx9w"
I20260710 11:00:10.935617  2271 fs_manager.cc:696] Time spent creating directory manager: real 0.005s	user 0.002s	sys 0.004s
I20260710 11:00:10.939354  3761 log_block_manager.cc:4127] Time spent loading block containers with low live blocks: real 0.000s	user 0.000s	sys 0.000s
I20260710 11:00:10.940106  2271 fs_manager.cc:730] Time spent opening block manager: real 0.002s	user 0.002s	sys 0.000s
I20260710 11:00:10.940446  2271 fs_manager.cc:647] Opened local filesystem: /tmp/dist-test-taskjhTYZC/test-tmp/auto_leader_rebalancer-test.0.LeaderRebalancerTest.AddTserver.1783681182496769-2271-0/minicluster-data/ts-3-root
uuid: "f0e1a41bdce34b2798181c1ef1ab9581"
format_stamp: "Formatted at 2026-07-10 11:00:10 on dist-test-slave-kx9w"
I20260710 11:00:10.940697  2271 fs_report.cc:389] FS layout report
--------------------
wal directory: /tmp/dist-test-taskjhTYZC/test-tmp/auto_leader_rebalancer-test.0.LeaderRebalancerTest.AddTserver.1783681182496769-2271-0/minicluster-data/ts-3-root
metadata directory: /tmp/dist-test-taskjhTYZC/test-tmp/auto_leader_rebalancer-test.0.LeaderRebalancerTest.AddTserver.1783681182496769-2271-0/minicluster-data/ts-3-root
1 data directories: /tmp/dist-test-taskjhTYZC/test-tmp/auto_leader_rebalancer-test.0.LeaderRebalancerTest.AddTserver.1783681182496769-2271-0/minicluster-data/ts-3-root/data
Total live blocks: 0
Total live bytes: 0
Total live bytes (after alignment): 0
Total number of LBM containers: 0 (0 full)
Did not check for missing blocks
Did not check for orphaned blocks
Total full LBM containers with extra space: 0 (0 repaired)
Total full LBM container extra space in bytes: 0 (0 repaired)
Total incomplete LBM containers: 0 (0 repaired)
Total LBM partial records: 0 (0 repaired)
Total corrupted LBM metadata records in RocksDB: 0 (0 repaired)
I20260710 11:00:10.957016  2271 rpc_server.cc:225] running with OpenSSL 1.1.1  11 Sep 2018
I20260710 11:00:10.958307  2271 kserver.cc:163] Server-wide thread pool size limit: 3276
I20260710 11:00:10.959730  2271 txn_system_client.cc:432] TxnSystemClient initialization is disabled...
I20260710 11:00:10.961892  2271 ts_tablet_manager.cc:585] Loaded tablet metadata (0 total tablets, 0 live tablets)
I20260710 11:00:10.962070  2271 ts_tablet_manager.cc:531] Time spent load tablet metadata: real 0.000s	user 0.000s	sys 0.000s
I20260710 11:00:10.962369  2271 ts_tablet_manager.cc:616] Registered 0 tablets
I20260710 11:00:10.962538  2271 ts_tablet_manager.cc:595] Time spent register tablets: real 0.000s	user 0.000s	sys 0.000s
I20260710 11:00:11.043251  2271 rpc_server.cc:307] RPC server started. Bound to: 127.2.55.196:43125
I20260710 11:00:11.043367  3823 acceptor_pool.cc:272] collecting diagnostics on the listening RPC socket 127.2.55.196:43125 every 8 connection(s)
I20260710 11:00:11.048020  2271 auto_leader_rebalancer-test.cc:388] add a tserver: f0e1a41bdce34b2798181c1ef1ab9581
I20260710 11:00:11.067301  3824 heartbeater.cc:344] Connected to a master server at 127.2.55.254:33611
I20260710 11:00:11.067670  3824 heartbeater.cc:461] Registering TS with master...
I20260710 11:00:11.068434  3824 heartbeater.cc:507] Master 127.2.55.254:33611 requested a full tablet report, sending...
I20260710 11:00:11.070541  3270 ts_manager.cc:194] Registered new tserver with Master: f0e1a41bdce34b2798181c1ef1ab9581 (127.2.55.196:43125)
I20260710 11:00:11.071856  3270 master_service.cc:502] Signed X509 certificate for tserver {username='slave'} at 127.0.0.1:50612
I20260710 11:00:11.488762  3371 consensus_queue.cc:237] T 5f87aacd11cb4c72a0ccfcfac0b6349f P ec835278ef1b4db29bd073d3a403e952 [LEADER]: Queue going to LEADER mode. State: All replicated index: 0, Majority replicated index: 1, Committed index: 1, Last appended: 1.1, Last appended by leader: 0, Current term: 1, Majority size: 2, State: 0, Mode: LEADER, active raft config: opid_index: 2 OBSOLETE_local: false peers { permanent_uuid: "ec835278ef1b4db29bd073d3a403e952" member_type: VOTER last_known_addr { host: "127.2.55.193" port: 40191 } } peers { permanent_uuid: "c0a1926cadd847948c6a06352a6d1dfc" member_type: VOTER last_known_addr { host: "127.2.55.194" port: 39295 } } peers { permanent_uuid: "e462d874a00545ac8aa19236d696cb99" member_type: VOTER last_known_addr { host: "127.2.55.195" port: 38063 } attrs { replace: true } } peers { permanent_uuid: "f0e1a41bdce34b2798181c1ef1ab9581" member_type: NON_VOTER last_known_addr { host: "127.2.55.196" port: 43125 } attrs { promote: true } }
I20260710 11:00:11.496474  3447 raft_consensus.cc:1275] T 5f87aacd11cb4c72a0ccfcfac0b6349f P c0a1926cadd847948c6a06352a6d1dfc [term 1 FOLLOWER]: Refusing update from remote peer ec835278ef1b4db29bd073d3a403e952: Log matching property violated. Preceding OpId in replica: term: 1 index: 1. Preceding OpId from leader: term: 1 index: 2. (index mismatch)
I20260710 11:00:11.499505  3730 consensus_queue.cc:1048] T 5f87aacd11cb4c72a0ccfcfac0b6349f P ec835278ef1b4db29bd073d3a403e952 [LEADER]: Connected to new peer: Peer: permanent_uuid: "c0a1926cadd847948c6a06352a6d1dfc" member_type: VOTER last_known_addr { host: "127.2.55.194" port: 39295 }, Status: LMP_MISMATCH, Last received: 0.0, Next index: 2, Last known committed idx: 1, Time since last communication: 0.001s
I20260710 11:00:11.500490  3522 raft_consensus.cc:1275] T 5f87aacd11cb4c72a0ccfcfac0b6349f P e462d874a00545ac8aa19236d696cb99 [term 1 FOLLOWER]: Refusing update from remote peer ec835278ef1b4db29bd073d3a403e952: Log matching property violated. Preceding OpId in replica: term: 1 index: 1. Preceding OpId from leader: term: 1 index: 2. (index mismatch)
I20260710 11:00:11.502403  3641 consensus_queue.cc:1048] T 5f87aacd11cb4c72a0ccfcfac0b6349f P ec835278ef1b4db29bd073d3a403e952 [LEADER]: Connected to new peer: Peer: permanent_uuid: "e462d874a00545ac8aa19236d696cb99" member_type: VOTER last_known_addr { host: "127.2.55.195" port: 38063 } attrs { replace: true }, Status: LMP_MISMATCH, Last received: 0.0, Next index: 2, Last known committed idx: 1, Time since last communication: 0.000s
I20260710 11:00:11.511294  3730 raft_consensus.cc:2955] T 5f87aacd11cb4c72a0ccfcfac0b6349f P ec835278ef1b4db29bd073d3a403e952 [term 1 LEADER]: Committing config change with OpId 1.2: config changed from index -1 to 2, NON_VOTER f0e1a41bdce34b2798181c1ef1ab9581 (127.2.55.196) added. New config: { opid_index: 2 OBSOLETE_local: false peers { permanent_uuid: "ec835278ef1b4db29bd073d3a403e952" member_type: VOTER last_known_addr { host: "127.2.55.193" port: 40191 } } peers { permanent_uuid: "c0a1926cadd847948c6a06352a6d1dfc" member_type: VOTER last_known_addr { host: "127.2.55.194" port: 39295 } } peers { permanent_uuid: "e462d874a00545ac8aa19236d696cb99" member_type: VOTER last_known_addr { host: "127.2.55.195" port: 38063 } attrs { replace: true } } peers { permanent_uuid: "f0e1a41bdce34b2798181c1ef1ab9581" member_type: NON_VOTER last_known_addr { host: "127.2.55.196" port: 43125 } attrs { promote: true } } }
W20260710 11:00:11.514101  3339 consensus_peers.cc:597] T 5f87aacd11cb4c72a0ccfcfac0b6349f P ec835278ef1b4db29bd073d3a403e952 -> Peer f0e1a41bdce34b2798181c1ef1ab9581 (127.2.55.196:43125): Couldn't send request to peer f0e1a41bdce34b2798181c1ef1ab9581. Error code: TABLET_NOT_FOUND (6). Status: Not found: Tablet not found: 5f87aacd11cb4c72a0ccfcfac0b6349f. This is attempt 1: this message will repeat every 5th retry.
I20260710 11:00:11.513640  3447 raft_consensus.cc:2955] T 5f87aacd11cb4c72a0ccfcfac0b6349f P c0a1926cadd847948c6a06352a6d1dfc [term 1 FOLLOWER]: Committing config change with OpId 1.2: config changed from index -1 to 2, NON_VOTER f0e1a41bdce34b2798181c1ef1ab9581 (127.2.55.196) added. New config: { opid_index: 2 OBSOLETE_local: false peers { permanent_uuid: "ec835278ef1b4db29bd073d3a403e952" member_type: VOTER last_known_addr { host: "127.2.55.193" port: 40191 } } peers { permanent_uuid: "c0a1926cadd847948c6a06352a6d1dfc" member_type: VOTER last_known_addr { host: "127.2.55.194" port: 39295 } } peers { permanent_uuid: "e462d874a00545ac8aa19236d696cb99" member_type: VOTER last_known_addr { host: "127.2.55.195" port: 38063 } attrs { replace: true } } peers { permanent_uuid: "f0e1a41bdce34b2798181c1ef1ab9581" member_type: NON_VOTER last_known_addr { host: "127.2.55.196" port: 43125 } attrs { promote: true } } }
I20260710 11:00:11.514506  3522 raft_consensus.cc:2955] T 5f87aacd11cb4c72a0ccfcfac0b6349f P e462d874a00545ac8aa19236d696cb99 [term 1 FOLLOWER]: Committing config change with OpId 1.2: config changed from index -1 to 2, NON_VOTER f0e1a41bdce34b2798181c1ef1ab9581 (127.2.55.196) added. New config: { opid_index: 2 OBSOLETE_local: false peers { permanent_uuid: "ec835278ef1b4db29bd073d3a403e952" member_type: VOTER last_known_addr { host: "127.2.55.193" port: 40191 } } peers { permanent_uuid: "c0a1926cadd847948c6a06352a6d1dfc" member_type: VOTER last_known_addr { host: "127.2.55.194" port: 39295 } } peers { permanent_uuid: "e462d874a00545ac8aa19236d696cb99" member_type: VOTER last_known_addr { host: "127.2.55.195" port: 38063 } attrs { replace: true } } peers { permanent_uuid: "f0e1a41bdce34b2798181c1ef1ab9581" member_type: NON_VOTER last_known_addr { host: "127.2.55.196" port: 43125 } attrs { promote: true } } }
I20260710 11:00:11.531082  3270 catalog_manager.cc:5697] T 5f87aacd11cb4c72a0ccfcfac0b6349f P e462d874a00545ac8aa19236d696cb99 reported cstate change: config changed from index -1 to 2, NON_VOTER f0e1a41bdce34b2798181c1ef1ab9581 (127.2.55.196) added. New cstate: current_term: 1 leader_uuid: "ec835278ef1b4db29bd073d3a403e952" committed_config { opid_index: 2 OBSOLETE_local: false peers { permanent_uuid: "ec835278ef1b4db29bd073d3a403e952" member_type: VOTER last_known_addr { host: "127.2.55.193" port: 40191 } } peers { permanent_uuid: "c0a1926cadd847948c6a06352a6d1dfc" member_type: VOTER last_known_addr { host: "127.2.55.194" port: 39295 } } peers { permanent_uuid: "e462d874a00545ac8aa19236d696cb99" member_type: VOTER last_known_addr { host: "127.2.55.195" port: 38063 } attrs { replace: true } } peers { permanent_uuid: "f0e1a41bdce34b2798181c1ef1ab9581" member_type: NON_VOTER last_known_addr { host: "127.2.55.196" port: 43125 } attrs { promote: true } } }
I20260710 11:00:11.532038  3371 consensus_queue.cc:237] T 3eedea7983154f9786be46c6e9d81357 P ec835278ef1b4db29bd073d3a403e952 [LEADER]: Queue going to LEADER mode. State: All replicated index: 0, Majority replicated index: 1, Committed index: 1, Last appended: 1.1, Last appended by leader: 0, Current term: 1, Majority size: 2, State: 0, Mode: LEADER, active raft config: opid_index: 2 OBSOLETE_local: false peers { permanent_uuid: "ec835278ef1b4db29bd073d3a403e952" member_type: VOTER last_known_addr { host: "127.2.55.193" port: 40191 } } peers { permanent_uuid: "c0a1926cadd847948c6a06352a6d1dfc" member_type: VOTER last_known_addr { host: "127.2.55.194" port: 39295 } attrs { replace: true } } peers { permanent_uuid: "e462d874a00545ac8aa19236d696cb99" member_type: VOTER last_known_addr { host: "127.2.55.195" port: 38063 } } peers { permanent_uuid: "f0e1a41bdce34b2798181c1ef1ab9581" member_type: NON_VOTER last_known_addr { host: "127.2.55.196" port: 43125 } attrs { promote: true } }
W20260710 11:00:11.543614  3339 consensus_peers.cc:597] T 3eedea7983154f9786be46c6e9d81357 P ec835278ef1b4db29bd073d3a403e952 -> Peer f0e1a41bdce34b2798181c1ef1ab9581 (127.2.55.196:43125): Couldn't send request to peer f0e1a41bdce34b2798181c1ef1ab9581. Error code: TABLET_NOT_FOUND (6). Status: Not found: Tablet not found: 3eedea7983154f9786be46c6e9d81357. This is attempt 1: this message will repeat every 5th retry.
I20260710 11:00:11.543782  3445 raft_consensus.cc:1275] T 3eedea7983154f9786be46c6e9d81357 P c0a1926cadd847948c6a06352a6d1dfc [term 1 FOLLOWER]: Refusing update from remote peer ec835278ef1b4db29bd073d3a403e952: Log matching property violated. Preceding OpId in replica: term: 1 index: 1. Preceding OpId from leader: term: 1 index: 2. (index mismatch)
I20260710 11:00:11.544008  3522 raft_consensus.cc:1275] T 3eedea7983154f9786be46c6e9d81357 P e462d874a00545ac8aa19236d696cb99 [term 1 FOLLOWER]: Refusing update from remote peer ec835278ef1b4db29bd073d3a403e952: Log matching property violated. Preceding OpId in replica: term: 1 index: 1. Preceding OpId from leader: term: 1 index: 2. (index mismatch)
I20260710 11:00:11.548159  3659 consensus_queue.cc:1048] T 3eedea7983154f9786be46c6e9d81357 P ec835278ef1b4db29bd073d3a403e952 [LEADER]: Connected to new peer: Peer: permanent_uuid: "c0a1926cadd847948c6a06352a6d1dfc" member_type: VOTER last_known_addr { host: "127.2.55.194" port: 39295 } attrs { replace: true }, Status: LMP_MISMATCH, Last received: 0.0, Next index: 2, Last known committed idx: 1, Time since last communication: 0.001s
I20260710 11:00:11.549791  3641 consensus_queue.cc:1048] T 3eedea7983154f9786be46c6e9d81357 P ec835278ef1b4db29bd073d3a403e952 [LEADER]: Connected to new peer: Peer: permanent_uuid: "e462d874a00545ac8aa19236d696cb99" member_type: VOTER last_known_addr { host: "127.2.55.195" port: 38063 }, Status: LMP_MISMATCH, Last received: 0.0, Next index: 2, Last known committed idx: 1, Time since last communication: 0.000s
I20260710 11:00:11.565512  3641 raft_consensus.cc:2955] T 3eedea7983154f9786be46c6e9d81357 P ec835278ef1b4db29bd073d3a403e952 [term 1 LEADER]: Committing config change with OpId 1.2: config changed from index -1 to 2, NON_VOTER f0e1a41bdce34b2798181c1ef1ab9581 (127.2.55.196) added. New config: { opid_index: 2 OBSOLETE_local: false peers { permanent_uuid: "ec835278ef1b4db29bd073d3a403e952" member_type: VOTER last_known_addr { host: "127.2.55.193" port: 40191 } } peers { permanent_uuid: "c0a1926cadd847948c6a06352a6d1dfc" member_type: VOTER last_known_addr { host: "127.2.55.194" port: 39295 } attrs { replace: true } } peers { permanent_uuid: "e462d874a00545ac8aa19236d696cb99" member_type: VOTER last_known_addr { host: "127.2.55.195" port: 38063 } } peers { permanent_uuid: "f0e1a41bdce34b2798181c1ef1ab9581" member_type: NON_VOTER last_known_addr { host: "127.2.55.196" port: 43125 } attrs { promote: true } } }
I20260710 11:00:11.569834  3447 raft_consensus.cc:2955] T 3eedea7983154f9786be46c6e9d81357 P c0a1926cadd847948c6a06352a6d1dfc [term 1 FOLLOWER]: Committing config change with OpId 1.2: config changed from index -1 to 2, NON_VOTER f0e1a41bdce34b2798181c1ef1ab9581 (127.2.55.196) added. New config: { opid_index: 2 OBSOLETE_local: false peers { permanent_uuid: "ec835278ef1b4db29bd073d3a403e952" member_type: VOTER last_known_addr { host: "127.2.55.193" port: 40191 } } peers { permanent_uuid: "c0a1926cadd847948c6a06352a6d1dfc" member_type: VOTER last_known_addr { host: "127.2.55.194" port: 39295 } attrs { replace: true } } peers { permanent_uuid: "e462d874a00545ac8aa19236d696cb99" member_type: VOTER last_known_addr { host: "127.2.55.195" port: 38063 } } peers { permanent_uuid: "f0e1a41bdce34b2798181c1ef1ab9581" member_type: NON_VOTER last_known_addr { host: "127.2.55.196" port: 43125 } attrs { promote: true } } }
I20260710 11:00:11.575310  3522 raft_consensus.cc:2955] T 3eedea7983154f9786be46c6e9d81357 P e462d874a00545ac8aa19236d696cb99 [term 1 FOLLOWER]: Committing config change with OpId 1.2: config changed from index -1 to 2, NON_VOTER f0e1a41bdce34b2798181c1ef1ab9581 (127.2.55.196) added. New config: { opid_index: 2 OBSOLETE_local: false peers { permanent_uuid: "ec835278ef1b4db29bd073d3a403e952" member_type: VOTER last_known_addr { host: "127.2.55.193" port: 40191 } } peers { permanent_uuid: "c0a1926cadd847948c6a06352a6d1dfc" member_type: VOTER last_known_addr { host: "127.2.55.194" port: 39295 } attrs { replace: true } } peers { permanent_uuid: "e462d874a00545ac8aa19236d696cb99" member_type: VOTER last_known_addr { host: "127.2.55.195" port: 38063 } } peers { permanent_uuid: "f0e1a41bdce34b2798181c1ef1ab9581" member_type: NON_VOTER last_known_addr { host: "127.2.55.196" port: 43125 } attrs { promote: true } } }
I20260710 11:00:11.591324  3271 catalog_manager.cc:5697] T 3eedea7983154f9786be46c6e9d81357 P ec835278ef1b4db29bd073d3a403e952 reported cstate change: config changed from index -1 to 2, NON_VOTER f0e1a41bdce34b2798181c1ef1ab9581 (127.2.55.196) added. New cstate: current_term: 1 leader_uuid: "ec835278ef1b4db29bd073d3a403e952" committed_config { opid_index: 2 OBSOLETE_local: false peers { permanent_uuid: "ec835278ef1b4db29bd073d3a403e952" member_type: VOTER last_known_addr { host: "127.2.55.193" port: 40191 } health_report { overall_health: HEALTHY } } peers { permanent_uuid: "c0a1926cadd847948c6a06352a6d1dfc" member_type: VOTER last_known_addr { host: "127.2.55.194" port: 39295 } attrs { replace: true } health_report { overall_health: HEALTHY } } peers { permanent_uuid: "e462d874a00545ac8aa19236d696cb99" member_type: VOTER last_known_addr { host: "127.2.55.195" port: 38063 } health_report { overall_health: HEALTHY } } peers { permanent_uuid: "f0e1a41bdce34b2798181c1ef1ab9581" member_type: NON_VOTER last_known_addr { host: "127.2.55.196" port: 43125 } attrs { promote: true } health_report { overall_health: UNKNOWN } } }
I20260710 11:00:11.597970  3522 consensus_queue.cc:237] T 1a3dad1c3411457489286d14f6463e39 P e462d874a00545ac8aa19236d696cb99 [LEADER]: Queue going to LEADER mode. State: All replicated index: 0, Majority replicated index: 1, Committed index: 1, Last appended: 1.1, Last appended by leader: 0, Current term: 1, Majority size: 2, State: 0, Mode: LEADER, active raft config: opid_index: 2 OBSOLETE_local: false peers { permanent_uuid: "ec835278ef1b4db29bd073d3a403e952" member_type: VOTER last_known_addr { host: "127.2.55.193" port: 40191 } attrs { replace: true } } peers { permanent_uuid: "c0a1926cadd847948c6a06352a6d1dfc" member_type: VOTER last_known_addr { host: "127.2.55.194" port: 39295 } } peers { permanent_uuid: "e462d874a00545ac8aa19236d696cb99" member_type: VOTER last_known_addr { host: "127.2.55.195" port: 38063 } } peers { permanent_uuid: "f0e1a41bdce34b2798181c1ef1ab9581" member_type: NON_VOTER last_known_addr { host: "127.2.55.196" port: 43125 } attrs { promote: true } }
I20260710 11:00:11.606287  3447 raft_consensus.cc:1275] T 1a3dad1c3411457489286d14f6463e39 P c0a1926cadd847948c6a06352a6d1dfc [term 1 FOLLOWER]: Refusing update from remote peer e462d874a00545ac8aa19236d696cb99: Log matching property violated. Preceding OpId in replica: term: 1 index: 1. Preceding OpId from leader: term: 1 index: 2. (index mismatch)
I20260710 11:00:11.607149  3371 raft_consensus.cc:1275] T 1a3dad1c3411457489286d14f6463e39 P ec835278ef1b4db29bd073d3a403e952 [term 1 FOLLOWER]: Refusing update from remote peer e462d874a00545ac8aa19236d696cb99: Log matching property violated. Preceding OpId in replica: term: 1 index: 1. Preceding OpId from leader: term: 1 index: 2. (index mismatch)
I20260710 11:00:11.607801  3593 consensus_queue.cc:1048] T 1a3dad1c3411457489286d14f6463e39 P e462d874a00545ac8aa19236d696cb99 [LEADER]: Connected to new peer: Peer: permanent_uuid: "c0a1926cadd847948c6a06352a6d1dfc" member_type: VOTER last_known_addr { host: "127.2.55.194" port: 39295 }, Status: LMP_MISMATCH, Last received: 0.0, Next index: 2, Last known committed idx: 1, Time since last communication: 0.000s
I20260710 11:00:11.608587  3646 consensus_queue.cc:1048] T 1a3dad1c3411457489286d14f6463e39 P e462d874a00545ac8aa19236d696cb99 [LEADER]: Connected to new peer: Peer: permanent_uuid: "ec835278ef1b4db29bd073d3a403e952" member_type: VOTER last_known_addr { host: "127.2.55.193" port: 40191 } attrs { replace: true }, Status: LMP_MISMATCH, Last received: 0.0, Next index: 2, Last known committed idx: 1, Time since last communication: 0.000s
W20260710 11:00:11.619505  3488 consensus_peers.cc:597] T 1a3dad1c3411457489286d14f6463e39 P e462d874a00545ac8aa19236d696cb99 -> Peer f0e1a41bdce34b2798181c1ef1ab9581 (127.2.55.196:43125): Couldn't send request to peer f0e1a41bdce34b2798181c1ef1ab9581. Error code: TABLET_NOT_FOUND (6). Status: Not found: Tablet not found: 1a3dad1c3411457489286d14f6463e39. This is attempt 1: this message will repeat every 5th retry.
