I20260710 11:09:38.778602  2943 tablet_service.cc:1917] Received RequestConsensusVote() RPC: tablet_id: "f9efcff8bd9d4a0391020d4d189c1b34" candidate_uuid: "5db0ac1adc1c4d278e3265885f479a6f" candidate_term: 1 candidate_status { last_received { term: 0 index: 0 } } ignore_live_leader: false dest_uuid: "2c704188c792496da65a278dd5696d0a" is_pre_election: true
I20260710 11:09:38.778923  2871 raft_consensus.cc:2468] T f9efcff8bd9d4a0391020d4d189c1b34 P eab2ceb08a4a4bba9db7163a98c612af [term 0 FOLLOWER]: Leader pre-election vote request: Granting yes vote for candidate 5db0ac1adc1c4d278e3265885f479a6f in term 0.
I20260710 11:09:38.779232  2943 raft_consensus.cc:2468] T f9efcff8bd9d4a0391020d4d189c1b34 P 2c704188c792496da65a278dd5696d0a [term 0 FOLLOWER]: Leader pre-election vote request: Granting yes vote for candidate 5db0ac1adc1c4d278e3265885f479a6f in term 0.
I20260710 11:09:38.780222  2988 ts_tablet_manager.cc:1434] T f9efcff8bd9d4a0391020d4d189c1b34 P 2c704188c792496da65a278dd5696d0a: Time spent starting tablet: real 0.009s	user 0.004s	sys 0.000s
I20260710 11:09:38.780489  2760 leader_election.cc:304] T f9efcff8bd9d4a0391020d4d189c1b34 P 5db0ac1adc1c4d278e3265885f479a6f [CANDIDATE]: Term 1 pre-election: Election decided. Result: candidate won. Election summary: received 2 responses out of 3 voters: 2 yes votes; 0 no votes. yes voters: 2c704188c792496da65a278dd5696d0a, 5db0ac1adc1c4d278e3265885f479a6f; no voters: 
I20260710 11:09:38.781183  3008 raft_consensus.cc:2804] T f9efcff8bd9d4a0391020d4d189c1b34 P 5db0ac1adc1c4d278e3265885f479a6f [term 0 FOLLOWER]: Leader pre-election won for term 1
I20260710 11:09:38.781512  3008 raft_consensus.cc:493] T f9efcff8bd9d4a0391020d4d189c1b34 P 5db0ac1adc1c4d278e3265885f479a6f [term 0 FOLLOWER]: Starting leader election (no leader contacted us within the election timeout)
I20260710 11:09:38.781920  3008 raft_consensus.cc:3060] T f9efcff8bd9d4a0391020d4d189c1b34 P 5db0ac1adc1c4d278e3265885f479a6f [term 0 FOLLOWER]: Advancing to term 1
I20260710 11:09:38.782017  3018 raft_consensus.cc:2804] T 94692d3d278144eaa210f653aa59f48f P eab2ceb08a4a4bba9db7163a98c612af [term 0 FOLLOWER]: Leader pre-election won for term 1
I20260710 11:09:38.782441  3018 raft_consensus.cc:493] T 94692d3d278144eaa210f653aa59f48f P eab2ceb08a4a4bba9db7163a98c612af [term 0 FOLLOWER]: Starting leader election (no leader contacted us within the election timeout)
I20260710 11:09:38.783301  3018 raft_consensus.cc:3060] T 94692d3d278144eaa210f653aa59f48f P eab2ceb08a4a4bba9db7163a98c612af [term 0 FOLLOWER]: Advancing to term 1
I20260710 11:09:38.772158  2795 tablet_service.cc:1917] Received RequestConsensusVote() RPC: tablet_id: "94692d3d278144eaa210f653aa59f48f" candidate_uuid: "eab2ceb08a4a4bba9db7163a98c612af" candidate_term: 1 candidate_status { last_received { term: 0 index: 0 } } ignore_live_leader: false dest_uuid: "5db0ac1adc1c4d278e3265885f479a6f" is_pre_election: true
I20260710 11:09:38.784622  2795 raft_consensus.cc:2468] T 94692d3d278144eaa210f653aa59f48f P 5db0ac1adc1c4d278e3265885f479a6f [term 0 FOLLOWER]: Leader pre-election vote request: Granting yes vote for candidate eab2ceb08a4a4bba9db7163a98c612af in term 0.
I20260710 11:09:38.773765  3044 leader_election.cc:290] T 94692d3d278144eaa210f653aa59f48f P eab2ceb08a4a4bba9db7163a98c612af [CANDIDATE]: Term 1 pre-election: Requested pre-vote from peers 5db0ac1adc1c4d278e3265885f479a6f (127.2.153.65:40473), 2c704188c792496da65a278dd5696d0a (127.2.153.67:46291)
I20260710 11:09:38.788645  3008 raft_consensus.cc:515] T f9efcff8bd9d4a0391020d4d189c1b34 P 5db0ac1adc1c4d278e3265885f479a6f [term 1 FOLLOWER]: Starting leader election with config: opid_index: -1 OBSOLETE_local: false peers { permanent_uuid: "5db0ac1adc1c4d278e3265885f479a6f" member_type: VOTER last_known_addr { host: "127.2.153.65" port: 40473 } } peers { permanent_uuid: "eab2ceb08a4a4bba9db7163a98c612af" member_type: VOTER last_known_addr { host: "127.2.153.66" port: 40387 } } peers { permanent_uuid: "2c704188c792496da65a278dd5696d0a" member_type: VOTER last_known_addr { host: "127.2.153.67" port: 46291 } }
I20260710 11:09:38.790798  2988 tablet_bootstrap.cc:492] T e8f89dcd3e6c4c889bb2888275f76e2d P 2c704188c792496da65a278dd5696d0a: Bootstrap starting.
I20260710 11:09:38.791910  3008 leader_election.cc:290] T f9efcff8bd9d4a0391020d4d189c1b34 P 5db0ac1adc1c4d278e3265885f479a6f [CANDIDATE]: Term 1 election: Requested vote from peers eab2ceb08a4a4bba9db7163a98c612af (127.2.153.66:40387), 2c704188c792496da65a278dd5696d0a (127.2.153.67:46291)
I20260710 11:09:38.794548  2943 tablet_service.cc:1917] Received RequestConsensusVote() RPC: tablet_id: "f9efcff8bd9d4a0391020d4d189c1b34" candidate_uuid: "5db0ac1adc1c4d278e3265885f479a6f" candidate_term: 1 candidate_status { last_received { term: 0 index: 0 } } ignore_live_leader: false dest_uuid: "2c704188c792496da65a278dd5696d0a"
I20260710 11:09:38.795148  2943 raft_consensus.cc:3060] T f9efcff8bd9d4a0391020d4d189c1b34 P 2c704188c792496da65a278dd5696d0a [term 0 FOLLOWER]: Advancing to term 1
I20260710 11:09:38.795208  2871 tablet_service.cc:1917] Received RequestConsensusVote() RPC: tablet_id: "f9efcff8bd9d4a0391020d4d189c1b34" candidate_uuid: "5db0ac1adc1c4d278e3265885f479a6f" candidate_term: 1 candidate_status { last_received { term: 0 index: 0 } } ignore_live_leader: false dest_uuid: "eab2ceb08a4a4bba9db7163a98c612af"
I20260710 11:09:38.795840  2871 raft_consensus.cc:3060] T f9efcff8bd9d4a0391020d4d189c1b34 P eab2ceb08a4a4bba9db7163a98c612af [term 0 FOLLOWER]: Advancing to term 1
I20260710 11:09:38.796540  2988 tablet_bootstrap.cc:654] T e8f89dcd3e6c4c889bb2888275f76e2d P 2c704188c792496da65a278dd5696d0a: Neither blocks nor log segments found. Creating new log.
I20260710 11:09:38.788605  3018 raft_consensus.cc:515] T 94692d3d278144eaa210f653aa59f48f P eab2ceb08a4a4bba9db7163a98c612af [term 1 FOLLOWER]: Starting leader election with config: opid_index: -1 OBSOLETE_local: false peers { permanent_uuid: "5db0ac1adc1c4d278e3265885f479a6f" member_type: VOTER last_known_addr { host: "127.2.153.65" port: 40473 } } peers { permanent_uuid: "eab2ceb08a4a4bba9db7163a98c612af" member_type: VOTER last_known_addr { host: "127.2.153.66" port: 40387 } } peers { permanent_uuid: "2c704188c792496da65a278dd5696d0a" member_type: VOTER last_known_addr { host: "127.2.153.67" port: 46291 } }
I20260710 11:09:38.801337  2690 catalog_manager.cc:5697] T 213a859e7df4414eb1f7e62e1d4f675d P eab2ceb08a4a4bba9db7163a98c612af reported cstate change: term changed from 0 to 1, leader changed from <none> to eab2ceb08a4a4bba9db7163a98c612af (127.2.153.66). New cstate: current_term: 1 leader_uuid: "eab2ceb08a4a4bba9db7163a98c612af" committed_config { opid_index: -1 OBSOLETE_local: false peers { permanent_uuid: "5db0ac1adc1c4d278e3265885f479a6f" member_type: VOTER last_known_addr { host: "127.2.153.65" port: 40473 } health_report { overall_health: UNKNOWN } } peers { permanent_uuid: "eab2ceb08a4a4bba9db7163a98c612af" member_type: VOTER last_known_addr { host: "127.2.153.66" port: 40387 } health_report { overall_health: HEALTHY } } peers { permanent_uuid: "2c704188c792496da65a278dd5696d0a" member_type: VOTER last_known_addr { host: "127.2.153.67" port: 46291 } health_report { overall_health: UNKNOWN } } }
I20260710 11:09:38.802531  2871 raft_consensus.cc:2468] T f9efcff8bd9d4a0391020d4d189c1b34 P eab2ceb08a4a4bba9db7163a98c612af [term 1 FOLLOWER]: Leader election vote request: Granting yes vote for candidate 5db0ac1adc1c4d278e3265885f479a6f in term 1.
I20260710 11:09:38.802779  2943 raft_consensus.cc:2468] T f9efcff8bd9d4a0391020d4d189c1b34 P 2c704188c792496da65a278dd5696d0a [term 1 FOLLOWER]: Leader election vote request: Granting yes vote for candidate 5db0ac1adc1c4d278e3265885f479a6f in term 1.
I20260710 11:09:38.803761  2759 leader_election.cc:304] T f9efcff8bd9d4a0391020d4d189c1b34 P 5db0ac1adc1c4d278e3265885f479a6f [CANDIDATE]: Term 1 election: Election decided. Result: candidate won. Election summary: received 2 responses out of 3 voters: 2 yes votes; 0 no votes. yes voters: 5db0ac1adc1c4d278e3265885f479a6f, eab2ceb08a4a4bba9db7163a98c612af; no voters: 
I20260710 11:09:38.806543  2943 tablet_service.cc:1917] Received RequestConsensusVote() RPC: tablet_id: "94692d3d278144eaa210f653aa59f48f" candidate_uuid: "eab2ceb08a4a4bba9db7163a98c612af" candidate_term: 1 candidate_status { last_received { term: 0 index: 0 } } ignore_live_leader: false dest_uuid: "2c704188c792496da65a278dd5696d0a"
I20260710 11:09:38.805577  2795 tablet_service.cc:1917] Received RequestConsensusVote() RPC: tablet_id: "94692d3d278144eaa210f653aa59f48f" candidate_uuid: "eab2ceb08a4a4bba9db7163a98c612af" candidate_term: 1 candidate_status { last_received { term: 0 index: 0 } } ignore_live_leader: false dest_uuid: "5db0ac1adc1c4d278e3265885f479a6f"
I20260710 11:09:38.806730  3008 raft_consensus.cc:2804] T f9efcff8bd9d4a0391020d4d189c1b34 P 5db0ac1adc1c4d278e3265885f479a6f [term 1 FOLLOWER]: Leader election won for term 1
I20260710 11:09:38.804735  3018 leader_election.cc:290] T 94692d3d278144eaa210f653aa59f48f P eab2ceb08a4a4bba9db7163a98c612af [CANDIDATE]: Term 1 election: Requested vote from peers 5db0ac1adc1c4d278e3265885f479a6f (127.2.153.65:40473), 2c704188c792496da65a278dd5696d0a (127.2.153.67:46291)
I20260710 11:09:38.807408  2795 raft_consensus.cc:3060] T 94692d3d278144eaa210f653aa59f48f P 5db0ac1adc1c4d278e3265885f479a6f [term 0 FOLLOWER]: Advancing to term 1
I20260710 11:09:38.815333  2943 raft_consensus.cc:3060] T 94692d3d278144eaa210f653aa59f48f P 2c704188c792496da65a278dd5696d0a [term 0 FOLLOWER]: Advancing to term 1
I20260710 11:09:38.818495  3008 raft_consensus.cc:697] T f9efcff8bd9d4a0391020d4d189c1b34 P 5db0ac1adc1c4d278e3265885f479a6f [term 1 LEADER]: Becoming Leader. State: Replica: 5db0ac1adc1c4d278e3265885f479a6f, State: Running, Role: LEADER
I20260710 11:09:38.819458  3008 consensus_queue.cc:237] T f9efcff8bd9d4a0391020d4d189c1b34 P 5db0ac1adc1c4d278e3265885f479a6f [LEADER]: Queue going to LEADER mode. State: All replicated index: 0, Majority replicated index: 0, Committed index: 0, Last appended: 0.0, Last appended by leader: 0, Current term: 1, Majority size: 2, State: 0, Mode: LEADER, active raft config: opid_index: -1 OBSOLETE_local: false peers { permanent_uuid: "5db0ac1adc1c4d278e3265885f479a6f" member_type: VOTER last_known_addr { host: "127.2.153.65" port: 40473 } } peers { permanent_uuid: "eab2ceb08a4a4bba9db7163a98c612af" member_type: VOTER last_known_addr { host: "127.2.153.66" port: 40387 } } peers { permanent_uuid: "2c704188c792496da65a278dd5696d0a" member_type: VOTER last_known_addr { host: "127.2.153.67" port: 46291 } }
I20260710 11:09:38.822207  2795 raft_consensus.cc:2468] T 94692d3d278144eaa210f653aa59f48f P 5db0ac1adc1c4d278e3265885f479a6f [term 1 FOLLOWER]: Leader election vote request: Granting yes vote for candidate eab2ceb08a4a4bba9db7163a98c612af in term 1.
I20260710 11:09:38.823583  2834 leader_election.cc:304] T 94692d3d278144eaa210f653aa59f48f P eab2ceb08a4a4bba9db7163a98c612af [CANDIDATE]: Term 1 election: Election decided. Result: candidate won. Election summary: received 2 responses out of 3 voters: 2 yes votes; 0 no votes. yes voters: 5db0ac1adc1c4d278e3265885f479a6f, eab2ceb08a4a4bba9db7163a98c612af; no voters: 
I20260710 11:09:38.824088  2943 raft_consensus.cc:2468] T 94692d3d278144eaa210f653aa59f48f P 2c704188c792496da65a278dd5696d0a [term 1 FOLLOWER]: Leader election vote request: Granting yes vote for candidate eab2ceb08a4a4bba9db7163a98c612af in term 1.
I20260710 11:09:38.824409  2988 tablet_bootstrap.cc:492] T e8f89dcd3e6c4c889bb2888275f76e2d P 2c704188c792496da65a278dd5696d0a: No bootstrap required, opened a new log
I20260710 11:09:38.824524  3018 raft_consensus.cc:2804] T 94692d3d278144eaa210f653aa59f48f P eab2ceb08a4a4bba9db7163a98c612af [term 1 FOLLOWER]: Leader election won for term 1
I20260710 11:09:38.825073  2988 ts_tablet_manager.cc:1403] T e8f89dcd3e6c4c889bb2888275f76e2d P 2c704188c792496da65a278dd5696d0a: Time spent bootstrapping tablet: real 0.044s	user 0.004s	sys 0.009s
I20260710 11:09:38.825241  3018 raft_consensus.cc:697] T 94692d3d278144eaa210f653aa59f48f P eab2ceb08a4a4bba9db7163a98c612af [term 1 LEADER]: Becoming Leader. State: Replica: eab2ceb08a4a4bba9db7163a98c612af, State: Running, Role: LEADER
I20260710 11:09:38.826196  3018 consensus_queue.cc:237] T 94692d3d278144eaa210f653aa59f48f P eab2ceb08a4a4bba9db7163a98c612af [LEADER]: Queue going to LEADER mode. State: All replicated index: 0, Majority replicated index: 0, Committed index: 0, Last appended: 0.0, Last appended by leader: 0, Current term: 1, Majority size: 2, State: 0, Mode: LEADER, active raft config: opid_index: -1 OBSOLETE_local: false peers { permanent_uuid: "5db0ac1adc1c4d278e3265885f479a6f" member_type: VOTER last_known_addr { host: "127.2.153.65" port: 40473 } } peers { permanent_uuid: "eab2ceb08a4a4bba9db7163a98c612af" member_type: VOTER last_known_addr { host: "127.2.153.66" port: 40387 } } peers { permanent_uuid: "2c704188c792496da65a278dd5696d0a" member_type: VOTER last_known_addr { host: "127.2.153.67" port: 46291 } }
I20260710 11:09:38.827776  2988 raft_consensus.cc:359] T e8f89dcd3e6c4c889bb2888275f76e2d P 2c704188c792496da65a278dd5696d0a [term 0 FOLLOWER]: Replica starting. Triggering 0 pending ops. Active config: opid_index: -1 OBSOLETE_local: false peers { permanent_uuid: "5db0ac1adc1c4d278e3265885f479a6f" member_type: VOTER last_known_addr { host: "127.2.153.65" port: 40473 } } peers { permanent_uuid: "eab2ceb08a4a4bba9db7163a98c612af" member_type: VOTER last_known_addr { host: "127.2.153.66" port: 40387 } } peers { permanent_uuid: "2c704188c792496da65a278dd5696d0a" member_type: VOTER last_known_addr { host: "127.2.153.67" port: 46291 } }
I20260710 11:09:38.828317  2988 raft_consensus.cc:385] T e8f89dcd3e6c4c889bb2888275f76e2d P 2c704188c792496da65a278dd5696d0a [term 0 FOLLOWER]: Consensus starting up: Expiring failure detector timer to make a prompt election more likely
I20260710 11:09:38.828482  2988 raft_consensus.cc:740] T e8f89dcd3e6c4c889bb2888275f76e2d P 2c704188c792496da65a278dd5696d0a [term 0 FOLLOWER]: Becoming Follower/Learner. State: Replica: 2c704188c792496da65a278dd5696d0a, State: Initialized, Role: FOLLOWER
I20260710 11:09:38.828990  2988 consensus_queue.cc:260] T e8f89dcd3e6c4c889bb2888275f76e2d P 2c704188c792496da65a278dd5696d0a [NON_LEADER]: Queue going to NON_LEADER mode. State: All replicated index: 0, Majority replicated index: 0, Committed index: 0, Last appended: 0.0, Last appended by leader: 0, Current term: 0, Majority size: -1, State: 0, Mode: NON_LEADER, active raft config: opid_index: -1 OBSOLETE_local: false peers { permanent_uuid: "5db0ac1adc1c4d278e3265885f479a6f" member_type: VOTER last_known_addr { host: "127.2.153.65" port: 40473 } } peers { permanent_uuid: "eab2ceb08a4a4bba9db7163a98c612af" member_type: VOTER last_known_addr { host: "127.2.153.66" port: 40387 } } peers { permanent_uuid: "2c704188c792496da65a278dd5696d0a" member_type: VOTER last_known_addr { host: "127.2.153.67" port: 46291 } }
I20260710 11:09:38.830904  2988 ts_tablet_manager.cc:1434] T e8f89dcd3e6c4c889bb2888275f76e2d P 2c704188c792496da65a278dd5696d0a: Time spent starting tablet: real 0.006s	user 0.005s	sys 0.000s
I20260710 11:09:38.837556  2689 catalog_manager.cc:5697] T f9efcff8bd9d4a0391020d4d189c1b34 P 5db0ac1adc1c4d278e3265885f479a6f reported cstate change: term changed from 0 to 1, leader changed from <none> to 5db0ac1adc1c4d278e3265885f479a6f (127.2.153.65). New cstate: current_term: 1 leader_uuid: "5db0ac1adc1c4d278e3265885f479a6f" committed_config { opid_index: -1 OBSOLETE_local: false peers { permanent_uuid: "5db0ac1adc1c4d278e3265885f479a6f" member_type: VOTER last_known_addr { host: "127.2.153.65" port: 40473 } health_report { overall_health: HEALTHY } } peers { permanent_uuid: "eab2ceb08a4a4bba9db7163a98c612af" member_type: VOTER last_known_addr { host: "127.2.153.66" port: 40387 } health_report { overall_health: UNKNOWN } } peers { permanent_uuid: "2c704188c792496da65a278dd5696d0a" member_type: VOTER last_known_addr { host: "127.2.153.67" port: 46291 } health_report { overall_health: UNKNOWN } } }
I20260710 11:09:38.839515  2693 catalog_manager.cc:5697] T 94692d3d278144eaa210f653aa59f48f P eab2ceb08a4a4bba9db7163a98c612af reported cstate change: term changed from 0 to 1, leader changed from <none> to eab2ceb08a4a4bba9db7163a98c612af (127.2.153.66). New cstate: current_term: 1 leader_uuid: "eab2ceb08a4a4bba9db7163a98c612af" committed_config { opid_index: -1 OBSOLETE_local: false peers { permanent_uuid: "5db0ac1adc1c4d278e3265885f479a6f" member_type: VOTER last_known_addr { host: "127.2.153.65" port: 40473 } health_report { overall_health: UNKNOWN } } peers { permanent_uuid: "eab2ceb08a4a4bba9db7163a98c612af" member_type: VOTER last_known_addr { host: "127.2.153.66" port: 40387 } health_report { overall_health: HEALTHY } } peers { permanent_uuid: "2c704188c792496da65a278dd5696d0a" member_type: VOTER last_known_addr { host: "127.2.153.67" port: 46291 } health_report { overall_health: UNKNOWN } } }
I20260710 11:09:38.845757  2943 raft_consensus.cc:3060] T e8f89dcd3e6c4c889bb2888275f76e2d P 2c704188c792496da65a278dd5696d0a [term 0 FOLLOWER]: Advancing to term 1
I20260710 11:09:38.855583  3018 consensus_queue.cc:1048] T e8f89dcd3e6c4c889bb2888275f76e2d P eab2ceb08a4a4bba9db7163a98c612af [LEADER]: Connected to new peer: Peer: permanent_uuid: "2c704188c792496da65a278dd5696d0a" member_type: VOTER last_known_addr { host: "127.2.153.67" port: 46291 }, Status: LMP_MISMATCH, Last received: 0.0, Next index: 1, Last known committed idx: 0, Time since last communication: 0.000s
I20260710 11:09:38.870536  3018 consensus_queue.cc:1048] T e8f89dcd3e6c4c889bb2888275f76e2d P eab2ceb08a4a4bba9db7163a98c612af [LEADER]: Connected to new peer: Peer: permanent_uuid: "5db0ac1adc1c4d278e3265885f479a6f" member_type: VOTER last_known_addr { host: "127.2.153.65" port: 40473 }, Status: LMP_MISMATCH, Last received: 0.0, Next index: 1, Last known committed idx: 0, Time since last communication: 0.001s
I20260710 11:09:38.932168  2993 consensus_queue.cc:1048] T ca83acea4e4741749184877a59ef377d P 2c704188c792496da65a278dd5696d0a [LEADER]: Connected to new peer: Peer: permanent_uuid: "eab2ceb08a4a4bba9db7163a98c612af" member_type: VOTER last_known_addr { host: "127.2.153.66" port: 40387 }, Status: LMP_MISMATCH, Last received: 0.0, Next index: 1, Last known committed idx: 0, Time since last communication: 0.000s
I20260710 11:09:38.936978  3008 raft_consensus.cc:493] T ca83acea4e4741749184877a59ef377d P 5db0ac1adc1c4d278e3265885f479a6f [term 0 FOLLOWER]: Starting pre-election (no leader contacted us within the election timeout)
I20260710 11:09:38.937613  3008 raft_consensus.cc:515] T ca83acea4e4741749184877a59ef377d P 5db0ac1adc1c4d278e3265885f479a6f [term 0 FOLLOWER]: Starting pre-election with config: opid_index: -1 OBSOLETE_local: false peers { permanent_uuid: "5db0ac1adc1c4d278e3265885f479a6f" member_type: VOTER last_known_addr { host: "127.2.153.65" port: 40473 } } peers { permanent_uuid: "eab2ceb08a4a4bba9db7163a98c612af" member_type: VOTER last_known_addr { host: "127.2.153.66" port: 40387 } } peers { permanent_uuid: "2c704188c792496da65a278dd5696d0a" member_type: VOTER last_known_addr { host: "127.2.153.67" port: 46291 } }
I20260710 11:09:38.939760  3008 leader_election.cc:290] T ca83acea4e4741749184877a59ef377d P 5db0ac1adc1c4d278e3265885f479a6f [CANDIDATE]: Term 1 pre-election: Requested pre-vote from peers eab2ceb08a4a4bba9db7163a98c612af (127.2.153.66:40387), 2c704188c792496da65a278dd5696d0a (127.2.153.67:46291)
I20260710 11:09:38.940580  2870 tablet_service.cc:1917] Received RequestConsensusVote() RPC: tablet_id: "ca83acea4e4741749184877a59ef377d" candidate_uuid: "5db0ac1adc1c4d278e3265885f479a6f" candidate_term: 1 candidate_status { last_received { term: 0 index: 0 } } ignore_live_leader: false dest_uuid: "eab2ceb08a4a4bba9db7163a98c612af" is_pre_election: true
I20260710 11:09:38.955605  2943 tablet_service.cc:1917] Received RequestConsensusVote() RPC: tablet_id: "ca83acea4e4741749184877a59ef377d" candidate_uuid: "5db0ac1adc1c4d278e3265885f479a6f" candidate_term: 1 candidate_status { last_received { term: 0 index: 0 } } ignore_live_leader: false dest_uuid: "2c704188c792496da65a278dd5696d0a" is_pre_election: true
I20260710 11:09:38.960229  2795 raft_consensus.cc:3060] T ca83acea4e4741749184877a59ef377d P 5db0ac1adc1c4d278e3265885f479a6f [term 0 FOLLOWER]: Advancing to term 1
I20260710 11:09:38.961221  3024 consensus_queue.cc:1048] T 5276504c8b584a24a2fb28cf54c69b21 P 2c704188c792496da65a278dd5696d0a [LEADER]: Connected to new peer: Peer: permanent_uuid: "eab2ceb08a4a4bba9db7163a98c612af" member_type: VOTER last_known_addr { host: "127.2.153.66" port: 40387 }, Status: LMP_MISMATCH, Last received: 0.0, Next index: 1, Last known committed idx: 0, Time since last communication: 0.001s
I20260710 11:09:38.961398  2760 leader_election.cc:304] T ca83acea4e4741749184877a59ef377d P 5db0ac1adc1c4d278e3265885f479a6f [CANDIDATE]: Term 1 pre-election: Election decided. Result: candidate lost. Election summary: received 3 responses out of 3 voters: 1 yes votes; 2 no votes. yes voters: 5db0ac1adc1c4d278e3265885f479a6f; no voters: 2c704188c792496da65a278dd5696d0a, eab2ceb08a4a4bba9db7163a98c612af
I20260710 11:09:38.964350  2943 tablet_service.cc:2072] Received LeaderStepDown RPC: tablet_id: "e0c92b001d6e450a91f89e153ffc4095"
dest_uuid: "2c704188c792496da65a278dd5696d0a"
mode: GRACEFUL
new_leader_uuid: "5db0ac1adc1c4d278e3265885f479a6f"
 from {username='slave'} at 127.0.0.1:37344
I20260710 11:09:38.965044  2943 raft_consensus.cc:606] T e0c92b001d6e450a91f89e153ffc4095 P 2c704188c792496da65a278dd5696d0a [term 1 LEADER]: Received request to transfer leadership to TS 5db0ac1adc1c4d278e3265885f479a6f
I20260710 11:09:38.971320  3008 raft_consensus.cc:2749] T ca83acea4e4741749184877a59ef377d P 5db0ac1adc1c4d278e3265885f479a6f [term 1 FOLLOWER]: Leader pre-election lost for term 1. Reason: could not achieve majority
I20260710 11:09:38.972532  2943 tablet_service.cc:2072] Received LeaderStepDown RPC: tablet_id: "5276504c8b584a24a2fb28cf54c69b21"
dest_uuid: "2c704188c792496da65a278dd5696d0a"
mode: GRACEFUL
new_leader_uuid: "5db0ac1adc1c4d278e3265885f479a6f"
 from {username='slave'} at 127.0.0.1:37344
I20260710 11:09:38.973320  2943 raft_consensus.cc:606] T 5276504c8b584a24a2fb28cf54c69b21 P 2c704188c792496da65a278dd5696d0a [term 1 LEADER]: Received request to transfer leadership to TS 5db0ac1adc1c4d278e3265885f479a6f
I20260710 11:09:38.980548  3020 consensus_queue.cc:1048] T ca83acea4e4741749184877a59ef377d P 2c704188c792496da65a278dd5696d0a [LEADER]: Connected to new peer: Peer: permanent_uuid: "5db0ac1adc1c4d278e3265885f479a6f" member_type: VOTER last_known_addr { host: "127.2.153.65" port: 40473 }, Status: LMP_MISMATCH, Last received: 0.0, Next index: 1, Last known committed idx: 0, Time since last communication: 0.000s
I20260710 11:09:38.984665  2943 tablet_service.cc:2072] Received LeaderStepDown RPC: tablet_id: "ca83acea4e4741749184877a59ef377d"
dest_uuid: "2c704188c792496da65a278dd5696d0a"
mode: GRACEFUL
new_leader_uuid: "5db0ac1adc1c4d278e3265885f479a6f"
 from {username='slave'} at 127.0.0.1:37344
I20260710 11:09:38.985443  2943 raft_consensus.cc:606] T ca83acea4e4741749184877a59ef377d P 2c704188c792496da65a278dd5696d0a [term 1 LEADER]: Received request to transfer leadership to TS 5db0ac1adc1c4d278e3265885f479a6f
I20260710 11:09:38.987367  3061 consensus_queue.cc:1048] T 5276504c8b584a24a2fb28cf54c69b21 P 2c704188c792496da65a278dd5696d0a [LEADER]: Connected to new peer: Peer: permanent_uuid: "5db0ac1adc1c4d278e3265885f479a6f" member_type: VOTER last_known_addr { host: "127.2.153.65" port: 40473 }, Status: LMP_MISMATCH, Last received: 0.0, Next index: 1, Last known committed idx: 0, Time since last communication: 0.001s
I20260710 11:09:39.005571  3024 raft_consensus.cc:993] T ca83acea4e4741749184877a59ef377d P 2c704188c792496da65a278dd5696d0a: : Instructing follower 5db0ac1adc1c4d278e3265885f479a6f to start an election
I20260710 11:09:39.006026  3024 raft_consensus.cc:1081] T ca83acea4e4741749184877a59ef377d P 2c704188c792496da65a278dd5696d0a [term 1 LEADER]: Signalling peer 5db0ac1adc1c4d278e3265885f479a6f to start an election
I20260710 11:09:39.007956  2795 tablet_service.cc:2044] Received Run Leader Election RPC: tablet_id: "ca83acea4e4741749184877a59ef377d"
dest_uuid: "5db0ac1adc1c4d278e3265885f479a6f"
 from {username='slave'} at 127.0.0.1:40894
I20260710 11:09:39.008630  2795 raft_consensus.cc:493] T ca83acea4e4741749184877a59ef377d P 5db0ac1adc1c4d278e3265885f479a6f [term 1 FOLLOWER]: Starting forced leader election (received explicit request)
I20260710 11:09:39.009003  2795 raft_consensus.cc:3060] T ca83acea4e4741749184877a59ef377d P 5db0ac1adc1c4d278e3265885f479a6f [term 1 FOLLOWER]: Advancing to term 2
I20260710 11:09:39.010186  2943 tablet_service.cc:2072] Received LeaderStepDown RPC: tablet_id: "a4bb3155a9c14ac482f8dc344e7ad6c2"
dest_uuid: "2c704188c792496da65a278dd5696d0a"
mode: GRACEFUL
new_leader_uuid: "eab2ceb08a4a4bba9db7163a98c612af"
 from {username='slave'} at 127.0.0.1:37344
I20260710 11:09:39.010776  2943 raft_consensus.cc:606] T a4bb3155a9c14ac482f8dc344e7ad6c2 P 2c704188c792496da65a278dd5696d0a [term 1 LEADER]: Received request to transfer leadership to TS eab2ceb08a4a4bba9db7163a98c612af
I20260710 11:09:39.015125  2795 raft_consensus.cc:515] T ca83acea4e4741749184877a59ef377d P 5db0ac1adc1c4d278e3265885f479a6f [term 2 FOLLOWER]: Starting forced leader election with config: opid_index: -1 OBSOLETE_local: false peers { permanent_uuid: "5db0ac1adc1c4d278e3265885f479a6f" member_type: VOTER last_known_addr { host: "127.2.153.65" port: 40473 } } peers { permanent_uuid: "eab2ceb08a4a4bba9db7163a98c612af" member_type: VOTER last_known_addr { host: "127.2.153.66" port: 40387 } } peers { permanent_uuid: "2c704188c792496da65a278dd5696d0a" member_type: VOTER last_known_addr { host: "127.2.153.67" port: 46291 } }
I20260710 11:09:39.018831  2871 tablet_service.cc:1917] Received RequestConsensusVote() RPC: tablet_id: "ca83acea4e4741749184877a59ef377d" candidate_uuid: "5db0ac1adc1c4d278e3265885f479a6f" candidate_term: 2 candidate_status { last_received { term: 1 index: 1 } } ignore_live_leader: true dest_uuid: "eab2ceb08a4a4bba9db7163a98c612af"
I20260710 11:09:39.019496  2871 raft_consensus.cc:3060] T ca83acea4e4741749184877a59ef377d P eab2ceb08a4a4bba9db7163a98c612af [term 1 FOLLOWER]: Advancing to term 2
I20260710 11:09:39.022174  2795 leader_election.cc:290] T ca83acea4e4741749184877a59ef377d P 5db0ac1adc1c4d278e3265885f479a6f [CANDIDATE]: Term 2 election: Requested vote from peers eab2ceb08a4a4bba9db7163a98c612af (127.2.153.66:40387), 2c704188c792496da65a278dd5696d0a (127.2.153.67:46291)
I20260710 11:09:39.028213  3020 raft_consensus.cc:993] T 5276504c8b584a24a2fb28cf54c69b21 P 2c704188c792496da65a278dd5696d0a: : Instructing follower 5db0ac1adc1c4d278e3265885f479a6f to start an election
I20260710 11:09:39.028739  3020 raft_consensus.cc:1081] T 5276504c8b584a24a2fb28cf54c69b21 P 2c704188c792496da65a278dd5696d0a [term 1 LEADER]: Signalling peer 5db0ac1adc1c4d278e3265885f479a6f to start an election
I20260710 11:09:39.031514  2943 tablet_service.cc:1917] Received RequestConsensusVote() RPC: tablet_id: "ca83acea4e4741749184877a59ef377d" candidate_uuid: "5db0ac1adc1c4d278e3265885f479a6f" candidate_term: 2 candidate_status { last_received { term: 1 index: 1 } } ignore_live_leader: true dest_uuid: "2c704188c792496da65a278dd5696d0a"
I20260710 11:09:39.032152  2943 raft_consensus.cc:3055] T ca83acea4e4741749184877a59ef377d P 2c704188c792496da65a278dd5696d0a [term 1 LEADER]: Stepping down as leader of term 1
I20260710 11:09:39.032491  2943 raft_consensus.cc:740] T ca83acea4e4741749184877a59ef377d P 2c704188c792496da65a278dd5696d0a [term 1 LEADER]: Becoming Follower/Learner. State: Replica: 2c704188c792496da65a278dd5696d0a, State: Running, Role: LEADER
I20260710 11:09:39.033600  2943 consensus_queue.cc:260] T ca83acea4e4741749184877a59ef377d P 2c704188c792496da65a278dd5696d0a [NON_LEADER]: Queue going to NON_LEADER mode. State: All replicated index: 0, Majority replicated index: 1, Committed index: 1, Last appended: 1.1, Last appended by leader: 1, Current term: 1, Majority size: -1, State: 0, Mode: NON_LEADER, active raft config: opid_index: -1 OBSOLETE_local: false peers { permanent_uuid: "5db0ac1adc1c4d278e3265885f479a6f" member_type: VOTER last_known_addr { host: "127.2.153.65" port: 40473 } } peers { permanent_uuid: "eab2ceb08a4a4bba9db7163a98c612af" member_type: VOTER last_known_addr { host: "127.2.153.66" port: 40387 } } peers { permanent_uuid: "2c704188c792496da65a278dd5696d0a" member_type: VOTER last_known_addr { host: "127.2.153.67" port: 46291 } }
I20260710 11:09:39.034942  2943 raft_consensus.cc:3060] T ca83acea4e4741749184877a59ef377d P 2c704188c792496da65a278dd5696d0a [term 1 FOLLOWER]: Advancing to term 2
I20260710 11:09:39.036398  3061 consensus_queue.cc:1048] T e0c92b001d6e450a91f89e153ffc4095 P 2c704188c792496da65a278dd5696d0a [LEADER]: Connected to new peer: Peer: permanent_uuid: "eab2ceb08a4a4bba9db7163a98c612af" member_type: VOTER last_known_addr { host: "127.2.153.66" port: 40387 }, Status: LMP_MISMATCH, Last received: 0.0, Next index: 1, Last known committed idx: 0, Time since last communication: 0.001s
I20260710 11:09:39.036931  2795 tablet_service.cc:2044] Received Run Leader Election RPC: tablet_id: "5276504c8b584a24a2fb28cf54c69b21"
dest_uuid: "5db0ac1adc1c4d278e3265885f479a6f"
 from {username='slave'} at 127.0.0.1:40894
I20260710 11:09:39.037561  2795 raft_consensus.cc:493] T 5276504c8b584a24a2fb28cf54c69b21 P 5db0ac1adc1c4d278e3265885f479a6f [term 1 FOLLOWER]: Starting forced leader election (received explicit request)
I20260710 11:09:39.038007  2795 raft_consensus.cc:3060] T 5276504c8b584a24a2fb28cf54c69b21 P 5db0ac1adc1c4d278e3265885f479a6f [term 1 FOLLOWER]: Advancing to term 2
I20260710 11:09:39.051998  2871 raft_consensus.cc:2468] T ca83acea4e4741749184877a59ef377d P eab2ceb08a4a4bba9db7163a98c612af [term 2 FOLLOWER]: Leader election vote request: Granting yes vote for candidate 5db0ac1adc1c4d278e3265885f479a6f in term 2.
I20260710 11:09:39.053821  2759 leader_election.cc:304] T ca83acea4e4741749184877a59ef377d P 5db0ac1adc1c4d278e3265885f479a6f [CANDIDATE]: Term 2 election: Election decided. Result: candidate won. Election summary: received 2 responses out of 3 voters: 2 yes votes; 0 no votes. yes voters: 5db0ac1adc1c4d278e3265885f479a6f, eab2ceb08a4a4bba9db7163a98c612af; no voters: 
I20260710 11:09:39.054754  3008 raft_consensus.cc:2804] T ca83acea4e4741749184877a59ef377d P 5db0ac1adc1c4d278e3265885f479a6f [term 2 FOLLOWER]: Leader election won for term 2
I20260710 11:09:39.055274  3008 raft_consensus.cc:697] T ca83acea4e4741749184877a59ef377d P 5db0ac1adc1c4d278e3265885f479a6f [term 2 LEADER]: Becoming Leader. State: Replica: 5db0ac1adc1c4d278e3265885f479a6f, State: Running, Role: LEADER
I20260710 11:09:39.056192  3008 consensus_queue.cc:237] T ca83acea4e4741749184877a59ef377d P 5db0ac1adc1c4d278e3265885f479a6f [LEADER]: Queue going to LEADER mode. State: All replicated index: 0, Majority replicated index: 1, Committed index: 1, Last appended: 1.1, Last appended by leader: 1, Current term: 2, Majority size: 2, State: 0, Mode: LEADER, active raft config: opid_index: -1 OBSOLETE_local: false peers { permanent_uuid: "5db0ac1adc1c4d278e3265885f479a6f" member_type: VOTER last_known_addr { host: "127.2.153.65" port: 40473 } } peers { permanent_uuid: "eab2ceb08a4a4bba9db7163a98c612af" member_type: VOTER last_known_addr { host: "127.2.153.66" port: 40387 } } peers { permanent_uuid: "2c704188c792496da65a278dd5696d0a" member_type: VOTER last_known_addr { host: "127.2.153.67" port: 46291 } }
I20260710 11:09:39.058317  2943 raft_consensus.cc:2468] T ca83acea4e4741749184877a59ef377d P 2c704188c792496da65a278dd5696d0a [term 2 FOLLOWER]: Leader election vote request: Granting yes vote for candidate 5db0ac1adc1c4d278e3265885f479a6f in term 2.
I20260710 11:09:39.063109  2795 raft_consensus.cc:515] T 5276504c8b584a24a2fb28cf54c69b21 P 5db0ac1adc1c4d278e3265885f479a6f [term 2 FOLLOWER]: Starting forced leader election with config: opid_index: -1 OBSOLETE_local: false peers { permanent_uuid: "5db0ac1adc1c4d278e3265885f479a6f" member_type: VOTER last_known_addr { host: "127.2.153.65" port: 40473 } } peers { permanent_uuid: "eab2ceb08a4a4bba9db7163a98c612af" member_type: VOTER last_known_addr { host: "127.2.153.66" port: 40387 } } peers { permanent_uuid: "2c704188c792496da65a278dd5696d0a" member_type: VOTER last_known_addr { host: "127.2.153.67" port: 46291 } }
I20260710 11:09:39.066833  2795 leader_election.cc:290] T 5276504c8b584a24a2fb28cf54c69b21 P 5db0ac1adc1c4d278e3265885f479a6f [CANDIDATE]: Term 2 election: Requested vote from peers eab2ceb08a4a4bba9db7163a98c612af (127.2.153.66:40387), 2c704188c792496da65a278dd5696d0a (127.2.153.67:46291)
I20260710 11:09:39.072645  2869 tablet_service.cc:1917] Received RequestConsensusVote() RPC: tablet_id: "5276504c8b584a24a2fb28cf54c69b21" candidate_uuid: "5db0ac1adc1c4d278e3265885f479a6f" candidate_term: 2 candidate_status { last_received { term: 1 index: 1 } } ignore_live_leader: true dest_uuid: "eab2ceb08a4a4bba9db7163a98c612af"
I20260710 11:09:39.073359  2869 raft_consensus.cc:3060] T 5276504c8b584a24a2fb28cf54c69b21 P eab2ceb08a4a4bba9db7163a98c612af [term 1 FOLLOWER]: Advancing to term 2
I20260710 11:09:39.079180  2871 tablet_service.cc:2072] Received LeaderStepDown RPC: tablet_id: "e8f89dcd3e6c4c889bb2888275f76e2d"
dest_uuid: "eab2ceb08a4a4bba9db7163a98c612af"
mode: GRACEFUL
new_leader_uuid: "2c704188c792496da65a278dd5696d0a"
 from {username='slave'} at 127.0.0.1:47290
I20260710 11:09:39.079836  2871 raft_consensus.cc:606] T e8f89dcd3e6c4c889bb2888275f76e2d P eab2ceb08a4a4bba9db7163a98c612af [term 1 LEADER]: Received request to transfer leadership to TS 2c704188c792496da65a278dd5696d0a
I20260710 11:09:39.087357  3061 consensus_queue.cc:1048] T e0c92b001d6e450a91f89e153ffc4095 P 2c704188c792496da65a278dd5696d0a [LEADER]: Connected to new peer: Peer: permanent_uuid: "5db0ac1adc1c4d278e3265885f479a6f" member_type: VOTER last_known_addr { host: "127.2.153.65" port: 40473 }, Status: LMP_MISMATCH, Last received: 0.0, Next index: 1, Last known committed idx: 0, Time since last communication: 0.000s
I20260710 11:09:39.088074  2943 tablet_service.cc:1917] Received RequestConsensusVote() RPC: tablet_id: "5276504c8b584a24a2fb28cf54c69b21" candidate_uuid: "5db0ac1adc1c4d278e3265885f479a6f" candidate_term: 2 candidate_status { last_received { term: 1 index: 1 } } ignore_live_leader: true dest_uuid: "2c704188c792496da65a278dd5696d0a"
I20260710 11:09:39.088730  2943 raft_consensus.cc:3055] T 5276504c8b584a24a2fb28cf54c69b21 P 2c704188c792496da65a278dd5696d0a [term 1 LEADER]: Stepping down as leader of term 1
I20260710 11:09:39.088924  2869 raft_consensus.cc:2468] T 5276504c8b584a24a2fb28cf54c69b21 P eab2ceb08a4a4bba9db7163a98c612af [term 2 FOLLOWER]: Leader election vote request: Granting yes vote for candidate 5db0ac1adc1c4d278e3265885f479a6f in term 2.
I20260710 11:09:39.089140  2943 raft_consensus.cc:740] T 5276504c8b584a24a2fb28cf54c69b21 P 2c704188c792496da65a278dd5696d0a [term 1 LEADER]: Becoming Follower/Learner. State: Replica: 2c704188c792496da65a278dd5696d0a, State: Running, Role: LEADER
I20260710 11:09:39.090364  2759 leader_election.cc:304] T 5276504c8b584a24a2fb28cf54c69b21 P 5db0ac1adc1c4d278e3265885f479a6f [CANDIDATE]: Term 2 election: Election decided. Result: candidate won. Election summary: received 2 responses out of 3 voters: 2 yes votes; 0 no votes. yes voters: 5db0ac1adc1c4d278e3265885f479a6f, eab2ceb08a4a4bba9db7163a98c612af; no voters: 
I20260710 11:09:39.086248  2690 catalog_manager.cc:5697] T ca83acea4e4741749184877a59ef377d P 5db0ac1adc1c4d278e3265885f479a6f reported cstate change: term changed from 1 to 2, leader changed from 2c704188c792496da65a278dd5696d0a (127.2.153.67) to 5db0ac1adc1c4d278e3265885f479a6f (127.2.153.65). New cstate: current_term: 2 leader_uuid: "5db0ac1adc1c4d278e3265885f479a6f" committed_config { opid_index: -1 OBSOLETE_local: false peers { permanent_uuid: "5db0ac1adc1c4d278e3265885f479a6f" member_type: VOTER last_known_addr { host: "127.2.153.65" port: 40473 } health_report { overall_health: HEALTHY } } peers { permanent_uuid: "eab2ceb08a4a4bba9db7163a98c612af" member_type: VOTER last_known_addr { host: "127.2.153.66" port: 40387 } health_report { overall_health: UNKNOWN } } peers { permanent_uuid: "2c704188c792496da65a278dd5696d0a" member_type: VOTER last_known_addr { host: "127.2.153.67" port: 46291 } health_report { overall_health: UNKNOWN } } }
I20260710 11:09:39.091464  3049 raft_consensus.cc:2804] T 5276504c8b584a24a2fb28cf54c69b21 P 5db0ac1adc1c4d278e3265885f479a6f [term 2 FOLLOWER]: Leader election won for term 2
I20260710 11:09:39.091984  3049 raft_consensus.cc:697] T 5276504c8b584a24a2fb28cf54c69b21 P 5db0ac1adc1c4d278e3265885f479a6f [term 2 LEADER]: Becoming Leader. State: Replica: 5db0ac1adc1c4d278e3265885f479a6f, State: Running, Role: LEADER
I20260710 11:09:39.090372  2943 consensus_queue.cc:260] T 5276504c8b584a24a2fb28cf54c69b21 P 2c704188c792496da65a278dd5696d0a [NON_LEADER]: Queue going to NON_LEADER mode. State: All replicated index: 0, Majority replicated index: 1, Committed index: 1, Last appended: 1.1, Last appended by leader: 1, Current term: 1, Majority size: -1, State: 0, Mode: NON_LEADER, active raft config: opid_index: -1 OBSOLETE_local: false peers { permanent_uuid: "5db0ac1adc1c4d278e3265885f479a6f" member_type: VOTER last_known_addr { host: "127.2.153.65" port: 40473 } } peers { permanent_uuid: "eab2ceb08a4a4bba9db7163a98c612af" member_type: VOTER last_known_addr { host: "127.2.153.66" port: 40387 } } peers { permanent_uuid: "2c704188c792496da65a278dd5696d0a" member_type: VOTER last_known_addr { host: "127.2.153.67" port: 46291 } }
I20260710 11:09:39.093142  2943 raft_consensus.cc:3060] T 5276504c8b584a24a2fb28cf54c69b21 P 2c704188c792496da65a278dd5696d0a [term 1 FOLLOWER]: Advancing to term 2
I20260710 11:09:39.092895  3049 consensus_queue.cc:237] T 5276504c8b584a24a2fb28cf54c69b21 P 5db0ac1adc1c4d278e3265885f479a6f [LEADER]: Queue going to LEADER mode. State: All replicated index: 0, Majority replicated index: 1, Committed index: 1, Last appended: 1.1, Last appended by leader: 1, Current term: 2, Majority size: 2, State: 0, Mode: LEADER, active raft config: opid_index: -1 OBSOLETE_local: false peers { permanent_uuid: "5db0ac1adc1c4d278e3265885f479a6f" member_type: VOTER last_known_addr { host: "127.2.153.65" port: 40473 } } peers { permanent_uuid: "eab2ceb08a4a4bba9db7163a98c612af" member_type: VOTER last_known_addr { host: "127.2.153.66" port: 40387 } } peers { permanent_uuid: "2c704188c792496da65a278dd5696d0a" member_type: VOTER last_known_addr { host: "127.2.153.67" port: 46291 } }
I20260710 11:09:39.100625  2943 raft_consensus.cc:2468] T 5276504c8b584a24a2fb28cf54c69b21 P 2c704188c792496da65a278dd5696d0a [term 2 FOLLOWER]: Leader election vote request: Granting yes vote for candidate 5db0ac1adc1c4d278e3265885f479a6f in term 2.
I20260710 11:09:39.107672  3020 raft_consensus.cc:993] T e0c92b001d6e450a91f89e153ffc4095 P 2c704188c792496da65a278dd5696d0a: : Instructing follower 5db0ac1adc1c4d278e3265885f479a6f to start an election
I20260710 11:09:39.108294  3061 raft_consensus.cc:1081] T e0c92b001d6e450a91f89e153ffc4095 P 2c704188c792496da65a278dd5696d0a [term 1 LEADER]: Signalling peer 5db0ac1adc1c4d278e3265885f479a6f to start an election
I20260710 11:09:39.109965  2795 tablet_service.cc:2044] Received Run Leader Election RPC: tablet_id: "e0c92b001d6e450a91f89e153ffc4095"
dest_uuid: "5db0ac1adc1c4d278e3265885f479a6f"
 from {username='slave'} at 127.0.0.1:40894
I20260710 11:09:39.110584  2795 raft_consensus.cc:493] T e0c92b001d6e450a91f89e153ffc4095 P 5db0ac1adc1c4d278e3265885f479a6f [term 1 FOLLOWER]: Starting forced leader election (received explicit request)
I20260710 11:09:39.110951  2795 raft_consensus.cc:3060] T e0c92b001d6e450a91f89e153ffc4095 P 5db0ac1adc1c4d278e3265885f479a6f [term 1 FOLLOWER]: Advancing to term 2
I20260710 11:09:39.111073  2690 catalog_manager.cc:5697] T 5276504c8b584a24a2fb28cf54c69b21 P 5db0ac1adc1c4d278e3265885f479a6f reported cstate change: term changed from 1 to 2, leader changed from 2c704188c792496da65a278dd5696d0a (127.2.153.67) to 5db0ac1adc1c4d278e3265885f479a6f (127.2.153.65). New cstate: current_term: 2 leader_uuid: "5db0ac1adc1c4d278e3265885f479a6f" committed_config { opid_index: -1 OBSOLETE_local: false peers { permanent_uuid: "5db0ac1adc1c4d278e3265885f479a6f" member_type: VOTER last_known_addr { host: "127.2.153.65" port: 40473 } health_report { overall_health: HEALTHY } } peers { permanent_uuid: "eab2ceb08a4a4bba9db7163a98c612af" member_type: VOTER last_known_addr { host: "127.2.153.66" port: 40387 } health_report { overall_health: UNKNOWN } } peers { permanent_uuid: "2c704188c792496da65a278dd5696d0a" member_type: VOTER last_known_addr { host: "127.2.153.67" port: 46291 } health_report { overall_health: UNKNOWN } } }
I20260710 11:09:39.116035  2795 raft_consensus.cc:515] T e0c92b001d6e450a91f89e153ffc4095 P 5db0ac1adc1c4d278e3265885f479a6f [term 2 FOLLOWER]: Starting forced leader election with config: opid_index: -1 OBSOLETE_local: false peers { permanent_uuid: "2c704188c792496da65a278dd5696d0a" member_type: VOTER last_known_addr { host: "127.2.153.67" port: 46291 } } peers { permanent_uuid: "5db0ac1adc1c4d278e3265885f479a6f" member_type: VOTER last_known_addr { host: "127.2.153.65" port: 40473 } } peers { permanent_uuid: "eab2ceb08a4a4bba9db7163a98c612af" member_type: VOTER last_known_addr { host: "127.2.153.66" port: 40387 } }
I20260710 11:09:39.118216  2795 leader_election.cc:290] T e0c92b001d6e450a91f89e153ffc4095 P 5db0ac1adc1c4d278e3265885f479a6f [CANDIDATE]: Term 2 election: Requested vote from peers 2c704188c792496da65a278dd5696d0a (127.2.153.67:46291), eab2ceb08a4a4bba9db7163a98c612af (127.2.153.66:40387)
I20260710 11:09:39.119778  2869 tablet_service.cc:1917] Received RequestConsensusVote() RPC: tablet_id: "e0c92b001d6e450a91f89e153ffc4095" candidate_uuid: "5db0ac1adc1c4d278e3265885f479a6f" candidate_term: 2 candidate_status { last_received { term: 1 index: 1 } } ignore_live_leader: true dest_uuid: "eab2ceb08a4a4bba9db7163a98c612af"
I20260710 11:09:39.120014  2943 tablet_service.cc:1917] Received RequestConsensusVote() RPC: tablet_id: "e0c92b001d6e450a91f89e153ffc4095" candidate_uuid: "5db0ac1adc1c4d278e3265885f479a6f" candidate_term: 2 candidate_status { last_received { term: 1 index: 1 } } ignore_live_leader: true dest_uuid: "2c704188c792496da65a278dd5696d0a"
I20260710 11:09:39.120407  2869 raft_consensus.cc:3060] T e0c92b001d6e450a91f89e153ffc4095 P eab2ceb08a4a4bba9db7163a98c612af [term 1 FOLLOWER]: Advancing to term 2
I20260710 11:09:39.120661  2943 raft_consensus.cc:3055] T e0c92b001d6e450a91f89e153ffc4095 P 2c704188c792496da65a278dd5696d0a [term 1 LEADER]: Stepping down as leader of term 1
I20260710 11:09:39.121057  2943 raft_consensus.cc:740] T e0c92b001d6e450a91f89e153ffc4095 P 2c704188c792496da65a278dd5696d0a [term 1 LEADER]: Becoming Follower/Learner. State: Replica: 2c704188c792496da65a278dd5696d0a, State: Running, Role: LEADER
I20260710 11:09:39.122128  2943 consensus_queue.cc:260] T e0c92b001d6e450a91f89e153ffc4095 P 2c704188c792496da65a278dd5696d0a [NON_LEADER]: Queue going to NON_LEADER mode. State: All replicated index: 0, Majority replicated index: 1, Committed index: 1, Last appended: 1.1, Last appended by leader: 1, Current term: 1, Majority size: -1, State: 0, Mode: NON_LEADER, active raft config: opid_index: -1 OBSOLETE_local: false peers { permanent_uuid: "2c704188c792496da65a278dd5696d0a" member_type: VOTER last_known_addr { host: "127.2.153.67" port: 46291 } } peers { permanent_uuid: "5db0ac1adc1c4d278e3265885f479a6f" member_type: VOTER last_known_addr { host: "127.2.153.65" port: 40473 } } peers { permanent_uuid: "eab2ceb08a4a4bba9db7163a98c612af" member_type: VOTER last_known_addr { host: "127.2.153.66" port: 40387 } }
I20260710 11:09:39.123706  2943 raft_consensus.cc:3060] T e0c92b001d6e450a91f89e153ffc4095 P 2c704188c792496da65a278dd5696d0a [term 1 FOLLOWER]: Advancing to term 2
I20260710 11:09:39.128197  2869 raft_consensus.cc:2468] T e0c92b001d6e450a91f89e153ffc4095 P eab2ceb08a4a4bba9db7163a98c612af [term 2 FOLLOWER]: Leader election vote request: Granting yes vote for candidate 5db0ac1adc1c4d278e3265885f479a6f in term 2.
I20260710 11:09:39.129983  2759 leader_election.cc:304] T e0c92b001d6e450a91f89e153ffc4095 P 5db0ac1adc1c4d278e3265885f479a6f [CANDIDATE]: Term 2 election: Election decided. Result: candidate won. Election summary: received 2 responses out of 3 voters: 2 yes votes; 0 no votes. yes voters: 5db0ac1adc1c4d278e3265885f479a6f, eab2ceb08a4a4bba9db7163a98c612af; no voters: 
I20260710 11:09:39.130847  3049 raft_consensus.cc:2804] T e0c92b001d6e450a91f89e153ffc4095 P 5db0ac1adc1c4d278e3265885f479a6f [term 2 FOLLOWER]: Leader election won for term 2
I20260710 11:09:39.131438  3049 raft_consensus.cc:697] T e0c92b001d6e450a91f89e153ffc4095 P 5db0ac1adc1c4d278e3265885f479a6f [term 2 LEADER]: Becoming Leader. State: Replica: 5db0ac1adc1c4d278e3265885f479a6f, State: Running, Role: LEADER
I20260710 11:09:39.131904  2943 raft_consensus.cc:2468] T e0c92b001d6e450a91f89e153ffc4095 P 2c704188c792496da65a278dd5696d0a [term 2 FOLLOWER]: Leader election vote request: Granting yes vote for candidate 5db0ac1adc1c4d278e3265885f479a6f in term 2.
I20260710 11:09:39.132241  3049 consensus_queue.cc:237] T e0c92b001d6e450a91f89e153ffc4095 P 5db0ac1adc1c4d278e3265885f479a6f [LEADER]: Queue going to LEADER mode. State: All replicated index: 0, Majority replicated index: 1, Committed index: 1, Last appended: 1.1, Last appended by leader: 1, Current term: 2, Majority size: 2, State: 0, Mode: LEADER, active raft config: opid_index: -1 OBSOLETE_local: false peers { permanent_uuid: "2c704188c792496da65a278dd5696d0a" member_type: VOTER last_known_addr { host: "127.2.153.67" port: 46291 } } peers { permanent_uuid: "5db0ac1adc1c4d278e3265885f479a6f" member_type: VOTER last_known_addr { host: "127.2.153.65" port: 40473 } } peers { permanent_uuid: "eab2ceb08a4a4bba9db7163a98c612af" member_type: VOTER last_known_addr { host: "127.2.153.66" port: 40387 } }
I20260710 11:09:39.140789  2690 catalog_manager.cc:5697] T e0c92b001d6e450a91f89e153ffc4095 P 5db0ac1adc1c4d278e3265885f479a6f reported cstate change: term changed from 1 to 2, leader changed from 2c704188c792496da65a278dd5696d0a (127.2.153.67) to 5db0ac1adc1c4d278e3265885f479a6f (127.2.153.65). New cstate: current_term: 2 leader_uuid: "5db0ac1adc1c4d278e3265885f479a6f" committed_config { opid_index: -1 OBSOLETE_local: false peers { permanent_uuid: "2c704188c792496da65a278dd5696d0a" member_type: VOTER last_known_addr { host: "127.2.153.67" port: 46291 } health_report { overall_health: UNKNOWN } } peers { permanent_uuid: "5db0ac1adc1c4d278e3265885f479a6f" member_type: VOTER last_known_addr { host: "127.2.153.65" port: 40473 } health_report { overall_health: HEALTHY } } peers { permanent_uuid: "eab2ceb08a4a4bba9db7163a98c612af" member_type: VOTER last_known_addr { host: "127.2.153.66" port: 40387 } health_report { overall_health: UNKNOWN } } }
I20260710 11:09:39.183337  3061 consensus_queue.cc:1048] T a4bb3155a9c14ac482f8dc344e7ad6c2 P 2c704188c792496da65a278dd5696d0a [LEADER]: Connected to new peer: Peer: permanent_uuid: "eab2ceb08a4a4bba9db7163a98c612af" member_type: VOTER last_known_addr { host: "127.2.153.66" port: 40387 }, Status: LMP_MISMATCH, Last received: 0.0, Next index: 1, Last known committed idx: 0, Time since last communication: 0.000s
I20260710 11:09:39.189764  3020 raft_consensus.cc:993] T a4bb3155a9c14ac482f8dc344e7ad6c2 P 2c704188c792496da65a278dd5696d0a: : Instructing follower eab2ceb08a4a4bba9db7163a98c612af to start an election
I20260710 11:09:39.190218  3020 raft_consensus.cc:1081] T a4bb3155a9c14ac482f8dc344e7ad6c2 P 2c704188c792496da65a278dd5696d0a [term 1 LEADER]: Signalling peer eab2ceb08a4a4bba9db7163a98c612af to start an election
I20260710 11:09:39.192199  2870 tablet_service.cc:2044] Received Run Leader Election RPC: tablet_id: "a4bb3155a9c14ac482f8dc344e7ad6c2"
dest_uuid: "eab2ceb08a4a4bba9db7163a98c612af"
 from {username='slave'} at 127.0.0.1:47274
I20260710 11:09:39.192728  2870 raft_consensus.cc:493] T a4bb3155a9c14ac482f8dc344e7ad6c2 P eab2ceb08a4a4bba9db7163a98c612af [term 1 FOLLOWER]: Starting forced leader election (received explicit request)
I20260710 11:09:39.193073  2870 raft_consensus.cc:3060] T a4bb3155a9c14ac482f8dc344e7ad6c2 P eab2ceb08a4a4bba9db7163a98c612af [term 1 FOLLOWER]: Advancing to term 2
I20260710 11:09:39.195755  3020 consensus_queue.cc:1048] T a4bb3155a9c14ac482f8dc344e7ad6c2 P 2c704188c792496da65a278dd5696d0a [LEADER]: Connected to new peer: Peer: permanent_uuid: "5db0ac1adc1c4d278e3265885f479a6f" member_type: VOTER last_known_addr { host: "127.2.153.65" port: 40473 }, Status: LMP_MISMATCH, Last received: 0.0, Next index: 1, Last known committed idx: 0, Time since last communication: 0.000s
I20260710 11:09:39.200826  3018 consensus_queue.cc:1048] T 213a859e7df4414eb1f7e62e1d4f675d P eab2ceb08a4a4bba9db7163a98c612af [LEADER]: Connected to new peer: Peer: permanent_uuid: "2c704188c792496da65a278dd5696d0a" member_type: VOTER last_known_addr { host: "127.2.153.67" port: 46291 }, Status: LMP_MISMATCH, Last received: 0.0, Next index: 1, Last known committed idx: 0, Time since last communication: 0.000s
