[==========] Running 8 tests from 2 test suites.
[----------] Global test environment set-up.
[----------] 6 tests from LeaderRebalancerTest
[ RUN      ] LeaderRebalancerTest.FunctionalTestForDivided
WARNING: Logging before InitGoogleLogging() is written to STDERR
I20260710 11:09:34.651410  1300 internal_mini_cluster.cc:156] Creating distributed mini masters. Addrs: 127.1.69.62:40545
I20260710 11:09:34.652925  1300 env_posix.cc:2285] Not raising this process' open files per process limit of 1048576; it is already as high as it can go
I20260710 11:09:34.653951  1300 file_cache.cc:504] Constructed file cache file cache with capacity 419430
W20260710 11:09:34.670787  1307 instance_detector.cc:116] could not retrieve Azure instance metadata: Network error: curl error: HTTP response code said error: The requested URL returned error: 404
W20260710 11:09:34.670836  1306 instance_detector.cc:116] could not retrieve AWS instance metadata: Network error: curl error: HTTP response code said error: The requested URL returned error: 404
I20260710 11:09:34.672049  1300 server_base.cc:1061] running on GCE node
W20260710 11:09:34.671039  1309 instance_detector.cc:116] could not retrieve OpenStack instance metadata: Network error: curl error: HTTP response code said error: The requested URL returned error: 404
I20260710 11:09:35.857307  1300 hybrid_clock.cc:584] initializing the hybrid clock with 'system_unsync' time source
W20260710 11:09:35.857554  1300 system_unsync_time.cc:38] NTP support is disabled. Clock error bounds will not be accurate. This configuration is not suitable for distributed clusters.
I20260710 11:09:35.857784  1300 hybrid_clock.cc:648] HybridClock initialized: now 1783681775857759 us; error 0 us; skew 500 ppm
I20260710 11:09:35.858623  1300 server_base.cc:861] Flag tcmalloc_max_total_thread_cache_bytes is not working since tcmalloc is not enabled.
I20260710 11:09:35.863838  1300 webserver.cc:533] Webserver started at http://127.1.69.62:37023/ using document root <none> and password file <none>
I20260710 11:09:35.864725  1300 fs_manager.cc:362] Metadata directory not provided
I20260710 11:09:35.864943  1300 fs_manager.cc:368] Using write-ahead log directory (fs_wal_dir) as metadata directory
I20260710 11:09:35.865392  1300 server_base.cc:909] This appears to be a new deployment of Kudu; creating new FS layout
I20260710 11:09:35.870997  1300 fs_manager.cc:1068] Generated new instance metadata in path /tmp/dist-test-taskF_4nNE/test-tmp/auto_leader_rebalancer-test.0.LeaderRebalancerTest.FunctionalTestForDivided.1783681774487140-1300-0/minicluster-data/master-0-root/instance:
uuid: "661a43be74ed4eceaf5dbef0064f8582"
format_stamp: "Formatted at 2026-07-10 11:09:35 on dist-test-slave-c0pq"
I20260710 11:09:35.878526  1300 fs_manager.cc:696] Time spent creating directory manager: real 0.007s	user 0.001s	sys 0.008s
I20260710 11:09:35.883569  1315 log_block_manager.cc:4127] Time spent loading block containers with low live blocks: real 0.000s	user 0.000s	sys 0.000s
I20260710 11:09:35.884690  1300 fs_manager.cc:730] Time spent opening block manager: real 0.003s	user 0.003s	sys 0.000s
I20260710 11:09:35.885030  1300 fs_manager.cc:647] Opened local filesystem: /tmp/dist-test-taskF_4nNE/test-tmp/auto_leader_rebalancer-test.0.LeaderRebalancerTest.FunctionalTestForDivided.1783681774487140-1300-0/minicluster-data/master-0-root
uuid: "661a43be74ed4eceaf5dbef0064f8582"
format_stamp: "Formatted at 2026-07-10 11:09:35 on dist-test-slave-c0pq"
I20260710 11:09:35.885366  1300 fs_report.cc:389] FS layout report
--------------------
wal directory: /tmp/dist-test-taskF_4nNE/test-tmp/auto_leader_rebalancer-test.0.LeaderRebalancerTest.FunctionalTestForDivided.1783681774487140-1300-0/minicluster-data/master-0-root
metadata directory: /tmp/dist-test-taskF_4nNE/test-tmp/auto_leader_rebalancer-test.0.LeaderRebalancerTest.FunctionalTestForDivided.1783681774487140-1300-0/minicluster-data/master-0-root
1 data directories: /tmp/dist-test-taskF_4nNE/test-tmp/auto_leader_rebalancer-test.0.LeaderRebalancerTest.FunctionalTestForDivided.1783681774487140-1300-0/minicluster-data/master-0-root/data
Total live blocks: 0
Total live bytes: 0
Total live bytes (after alignment): 0
Total number of LBM containers: 0 (0 full)
Did not check for missing blocks
Did not check for orphaned blocks
Total full LBM containers with extra space: 0 (0 repaired)
Total full LBM container extra space in bytes: 0 (0 repaired)
Total incomplete LBM containers: 0 (0 repaired)
Total LBM partial records: 0 (0 repaired)
Total corrupted LBM metadata records in RocksDB: 0 (0 repaired)
I20260710 11:09:35.943879  1300 rpc_server.cc:225] running with OpenSSL 1.1.1  11 Sep 2018
I20260710 11:09:35.945528  1300 env_posix.cc:2285] Not raising this process' running threads per effective uid limit of 18446744073709551615; it is already as high as it can go
I20260710 11:09:35.945945  1300 kserver.cc:163] Server-wide thread pool size limit: 3276
I20260710 11:09:36.023625  1300 rpc_server.cc:307] RPC server started. Bound to: 127.1.69.62:40545
I20260710 11:09:36.023761  1366 acceptor_pool.cc:272] collecting diagnostics on the listening RPC socket 127.1.69.62:40545 every 8 connection(s)
I20260710 11:09:36.032279  1367 data_dirs.cc:400] Could only allocate 1 dirs of requested 3 for tablet 00000000000000000000000000000000. 1 dirs total, 0 dirs full, 0 dirs failed
I20260710 11:09:36.056833  1367 tablet_bootstrap.cc:492] T 00000000000000000000000000000000 P 661a43be74ed4eceaf5dbef0064f8582: Bootstrap starting.
I20260710 11:09:36.063673  1367 tablet_bootstrap.cc:654] T 00000000000000000000000000000000 P 661a43be74ed4eceaf5dbef0064f8582: Neither blocks nor log segments found. Creating new log.
I20260710 11:09:36.065958  1367 log.cc:826] T 00000000000000000000000000000000 P 661a43be74ed4eceaf5dbef0064f8582: Log is configured to *not* fsync() on all Append() calls
I20260710 11:09:36.071734  1367 tablet_bootstrap.cc:492] T 00000000000000000000000000000000 P 661a43be74ed4eceaf5dbef0064f8582: No bootstrap required, opened a new log
I20260710 11:09:36.094038  1367 raft_consensus.cc:359] T 00000000000000000000000000000000 P 661a43be74ed4eceaf5dbef0064f8582 [term 0 FOLLOWER]: Replica starting. Triggering 0 pending ops. Active config: opid_index: -1 OBSOLETE_local: true peers { permanent_uuid: "661a43be74ed4eceaf5dbef0064f8582" member_type: VOTER }
I20260710 11:09:36.094696  1367 raft_consensus.cc:385] T 00000000000000000000000000000000 P 661a43be74ed4eceaf5dbef0064f8582 [term 0 FOLLOWER]: Consensus starting up: Expiring failure detector timer to make a prompt election more likely
I20260710 11:09:36.094904  1367 raft_consensus.cc:740] T 00000000000000000000000000000000 P 661a43be74ed4eceaf5dbef0064f8582 [term 0 FOLLOWER]: Becoming Follower/Learner. State: Replica: 661a43be74ed4eceaf5dbef0064f8582, State: Initialized, Role: FOLLOWER
I20260710 11:09:36.095907  1367 consensus_queue.cc:260] T 00000000000000000000000000000000 P 661a43be74ed4eceaf5dbef0064f8582 [NON_LEADER]: Queue going to NON_LEADER mode. State: All replicated index: 0, Majority replicated index: 0, Committed index: 0, Last appended: 0.0, Last appended by leader: 0, Current term: 0, Majority size: -1, State: 0, Mode: NON_LEADER, active raft config: opid_index: -1 OBSOLETE_local: true peers { permanent_uuid: "661a43be74ed4eceaf5dbef0064f8582" member_type: VOTER }
I20260710 11:09:36.096448  1367 raft_consensus.cc:399] T 00000000000000000000000000000000 P 661a43be74ed4eceaf5dbef0064f8582 [term 0 FOLLOWER]: Only one voter in the Raft config. Triggering election immediately
I20260710 11:09:36.096727  1367 raft_consensus.cc:493] T 00000000000000000000000000000000 P 661a43be74ed4eceaf5dbef0064f8582 [term 0 FOLLOWER]: Starting leader election (initial election of a single-replica configuration)
I20260710 11:09:36.097041  1367 raft_consensus.cc:3060] T 00000000000000000000000000000000 P 661a43be74ed4eceaf5dbef0064f8582 [term 0 FOLLOWER]: Advancing to term 1
I20260710 11:09:36.101636  1367 raft_consensus.cc:515] T 00000000000000000000000000000000 P 661a43be74ed4eceaf5dbef0064f8582 [term 1 FOLLOWER]: Starting leader election with config: opid_index: -1 OBSOLETE_local: true peers { permanent_uuid: "661a43be74ed4eceaf5dbef0064f8582" member_type: VOTER }
I20260710 11:09:36.102392  1367 leader_election.cc:304] T 00000000000000000000000000000000 P 661a43be74ed4eceaf5dbef0064f8582 [CANDIDATE]: Term 1 election: Election decided. Result: candidate won. Election summary: received 1 responses out of 1 voters: 1 yes votes; 0 no votes. yes voters: 661a43be74ed4eceaf5dbef0064f8582; no voters: 
I20260710 11:09:36.104372  1367 leader_election.cc:290] T 00000000000000000000000000000000 P 661a43be74ed4eceaf5dbef0064f8582 [CANDIDATE]: Term 1 election: Requested vote from peers 
I20260710 11:09:36.104977  1370 raft_consensus.cc:2804] T 00000000000000000000000000000000 P 661a43be74ed4eceaf5dbef0064f8582 [term 1 FOLLOWER]: Leader election won for term 1
I20260710 11:09:36.107858  1370 raft_consensus.cc:697] T 00000000000000000000000000000000 P 661a43be74ed4eceaf5dbef0064f8582 [term 1 LEADER]: Becoming Leader. State: Replica: 661a43be74ed4eceaf5dbef0064f8582, State: Running, Role: LEADER
I20260710 11:09:36.109122  1370 consensus_queue.cc:237] T 00000000000000000000000000000000 P 661a43be74ed4eceaf5dbef0064f8582 [LEADER]: Queue going to LEADER mode. State: All replicated index: 0, Majority replicated index: 0, Committed index: 0, Last appended: 0.0, Last appended by leader: 0, Current term: 1, Majority size: 1, State: 0, Mode: LEADER, active raft config: opid_index: -1 OBSOLETE_local: true peers { permanent_uuid: "661a43be74ed4eceaf5dbef0064f8582" member_type: VOTER }
I20260710 11:09:36.110103  1367 sys_catalog.cc:565] T 00000000000000000000000000000000 P 661a43be74ed4eceaf5dbef0064f8582 [sys.catalog]: configured and running, proceeding with master startup.
I20260710 11:09:36.122529  1371 sys_catalog.cc:455] T 00000000000000000000000000000000 P 661a43be74ed4eceaf5dbef0064f8582 [sys.catalog]: SysCatalogTable state changed. Reason: RaftConsensus started. Latest consensus state: current_term: 1 leader_uuid: "661a43be74ed4eceaf5dbef0064f8582" committed_config { opid_index: -1 OBSOLETE_local: true peers { permanent_uuid: "661a43be74ed4eceaf5dbef0064f8582" member_type: VOTER } }
I20260710 11:09:36.122913  1372 sys_catalog.cc:455] T 00000000000000000000000000000000 P 661a43be74ed4eceaf5dbef0064f8582 [sys.catalog]: SysCatalogTable state changed. Reason: New leader 661a43be74ed4eceaf5dbef0064f8582. Latest consensus state: current_term: 1 leader_uuid: "661a43be74ed4eceaf5dbef0064f8582" committed_config { opid_index: -1 OBSOLETE_local: true peers { permanent_uuid: "661a43be74ed4eceaf5dbef0064f8582" member_type: VOTER } }
I20260710 11:09:36.123500  1371 sys_catalog.cc:458] T 00000000000000000000000000000000 P 661a43be74ed4eceaf5dbef0064f8582 [sys.catalog]: This master's current role is: LEADER
I20260710 11:09:36.123641  1372 sys_catalog.cc:458] T 00000000000000000000000000000000 P 661a43be74ed4eceaf5dbef0064f8582 [sys.catalog]: This master's current role is: LEADER
I20260710 11:09:36.126986  1380 catalog_manager.cc:1511] Loading table and tablet metadata into memory...
I20260710 11:09:36.139976  1380 catalog_manager.cc:1520] Initializing Kudu cluster ID...
I20260710 11:09:36.143465  1300 internal_mini_cluster.cc:184] Waiting to initialize catalog manager on master 0
I20260710 11:09:36.158999  1380 catalog_manager.cc:1383] Generated new cluster ID: a21f38271bbf42d9bb4dca6c10f9b79a
I20260710 11:09:36.159366  1380 catalog_manager.cc:1531] Initializing Kudu internal certificate authority...
I20260710 11:09:36.180328  1380 catalog_manager.cc:1406] Generated new certificate authority record
I20260710 11:09:36.182109  1380 catalog_manager.cc:1540] Loading token signing keys...
I20260710 11:09:36.195631  1380 catalog_manager.cc:6070] T 00000000000000000000000000000000 P 661a43be74ed4eceaf5dbef0064f8582: Generated new TSK 0
I20260710 11:09:36.196975  1380 catalog_manager.cc:1550] Initializing in-progress tserver states...
I20260710 11:09:36.211143  1300 file_cache.cc:504] Constructed file cache file cache with capacity 419430
W20260710 11:09:36.221040  1389 instance_detector.cc:116] could not retrieve AWS instance metadata: Network error: curl error: HTTP response code said error: The requested URL returned error: 404
W20260710 11:09:36.222206  1390 instance_detector.cc:116] could not retrieve Azure instance metadata: Network error: curl error: HTTP response code said error: The requested URL returned error: 404
W20260710 11:09:36.226943  1392 instance_detector.cc:116] could not retrieve OpenStack instance metadata: Network error: curl error: HTTP response code said error: The requested URL returned error: 404
I20260710 11:09:36.227782  1300 server_base.cc:1061] running on GCE node
I20260710 11:09:36.228804  1300 hybrid_clock.cc:584] initializing the hybrid clock with 'system_unsync' time source
W20260710 11:09:36.229074  1300 system_unsync_time.cc:38] NTP support is disabled. Clock error bounds will not be accurate. This configuration is not suitable for distributed clusters.
I20260710 11:09:36.229291  1300 hybrid_clock.cc:648] HybridClock initialized: now 1783681776229274 us; error 0 us; skew 500 ppm
I20260710 11:09:36.230098  1300 server_base.cc:861] Flag tcmalloc_max_total_thread_cache_bytes is not working since tcmalloc is not enabled.
I20260710 11:09:36.234387  1300 webserver.cc:533] Webserver started at http://127.1.69.1:40371/ using document root <none> and password file <none>
I20260710 11:09:36.235100  1300 fs_manager.cc:362] Metadata directory not provided
I20260710 11:09:36.235347  1300 fs_manager.cc:368] Using write-ahead log directory (fs_wal_dir) as metadata directory
I20260710 11:09:36.235704  1300 server_base.cc:909] This appears to be a new deployment of Kudu; creating new FS layout
I20260710 11:09:36.237249  1300 fs_manager.cc:1068] Generated new instance metadata in path /tmp/dist-test-taskF_4nNE/test-tmp/auto_leader_rebalancer-test.0.LeaderRebalancerTest.FunctionalTestForDivided.1783681774487140-1300-0/minicluster-data/ts-0-root/instance:
uuid: "3af5239a25bb46d9b5f4043a567171c1"
format_stamp: "Formatted at 2026-07-10 11:09:36 on dist-test-slave-c0pq"
I20260710 11:09:36.244647  1300 fs_manager.cc:696] Time spent creating directory manager: real 0.007s	user 0.007s	sys 0.000s
I20260710 11:09:36.250496  1397 log_block_manager.cc:4127] Time spent loading block containers with low live blocks: real 0.000s	user 0.000s	sys 0.000s
I20260710 11:09:36.251780  1300 fs_manager.cc:730] Time spent opening block manager: real 0.004s	user 0.005s	sys 0.000s
I20260710 11:09:36.252338  1300 fs_manager.cc:647] Opened local filesystem: /tmp/dist-test-taskF_4nNE/test-tmp/auto_leader_rebalancer-test.0.LeaderRebalancerTest.FunctionalTestForDivided.1783681774487140-1300-0/minicluster-data/ts-0-root
uuid: "3af5239a25bb46d9b5f4043a567171c1"
format_stamp: "Formatted at 2026-07-10 11:09:36 on dist-test-slave-c0pq"
I20260710 11:09:36.252795  1300 fs_report.cc:389] FS layout report
--------------------
wal directory: /tmp/dist-test-taskF_4nNE/test-tmp/auto_leader_rebalancer-test.0.LeaderRebalancerTest.FunctionalTestForDivided.1783681774487140-1300-0/minicluster-data/ts-0-root
metadata directory: /tmp/dist-test-taskF_4nNE/test-tmp/auto_leader_rebalancer-test.0.LeaderRebalancerTest.FunctionalTestForDivided.1783681774487140-1300-0/minicluster-data/ts-0-root
1 data directories: /tmp/dist-test-taskF_4nNE/test-tmp/auto_leader_rebalancer-test.0.LeaderRebalancerTest.FunctionalTestForDivided.1783681774487140-1300-0/minicluster-data/ts-0-root/data
Total live blocks: 0
Total live bytes: 0
Total live bytes (after alignment): 0
Total number of LBM containers: 0 (0 full)
Did not check for missing blocks
Did not check for orphaned blocks
Total full LBM containers with extra space: 0 (0 repaired)
Total full LBM container extra space in bytes: 0 (0 repaired)
Total incomplete LBM containers: 0 (0 repaired)
Total LBM partial records: 0 (0 repaired)
Total corrupted LBM metadata records in RocksDB: 0 (0 repaired)
I20260710 11:09:36.276837  1300 rpc_server.cc:225] running with OpenSSL 1.1.1  11 Sep 2018
I20260710 11:09:36.278638  1300 kserver.cc:163] Server-wide thread pool size limit: 3276
I20260710 11:09:36.281495  1300 txn_system_client.cc:432] TxnSystemClient initialization is disabled...
I20260710 11:09:36.287050  1300 ts_tablet_manager.cc:585] Loaded tablet metadata (0 total tablets, 0 live tablets)
I20260710 11:09:36.287357  1300 ts_tablet_manager.cc:531] Time spent load tablet metadata: real 0.000s	user 0.000s	sys 0.000s
I20260710 11:09:36.287683  1300 ts_tablet_manager.cc:616] Registered 0 tablets
I20260710 11:09:36.287920  1300 ts_tablet_manager.cc:595] Time spent register tablets: real 0.000s	user 0.000s	sys 0.000s
I20260710 11:09:36.402494  1300 rpc_server.cc:307] RPC server started. Bound to: 127.1.69.1:36319
I20260710 11:09:36.402734  1459 acceptor_pool.cc:272] collecting diagnostics on the listening RPC socket 127.1.69.1:36319 every 8 connection(s)
I20260710 11:09:36.409991  1300 file_cache.cc:504] Constructed file cache file cache with capacity 419430
W20260710 11:09:36.429747  1464 instance_detector.cc:116] could not retrieve AWS instance metadata: Network error: curl error: HTTP response code said error: The requested URL returned error: 404
W20260710 11:09:36.434034  1465 instance_detector.cc:116] could not retrieve Azure instance metadata: Network error: curl error: HTTP response code said error: The requested URL returned error: 404
W20260710 11:09:36.440549  1467 instance_detector.cc:116] could not retrieve OpenStack instance metadata: Network error: curl error: HTTP response code said error: The requested URL returned error: 404
I20260710 11:09:36.442644  1300 server_base.cc:1061] running on GCE node
I20260710 11:09:36.443481  1300 hybrid_clock.cc:584] initializing the hybrid clock with 'system_unsync' time source
W20260710 11:09:36.443708  1300 system_unsync_time.cc:38] NTP support is disabled. Clock error bounds will not be accurate. This configuration is not suitable for distributed clusters.
I20260710 11:09:36.443899  1300 hybrid_clock.cc:648] HybridClock initialized: now 1783681776443881 us; error 0 us; skew 500 ppm
I20260710 11:09:36.444633  1300 server_base.cc:861] Flag tcmalloc_max_total_thread_cache_bytes is not working since tcmalloc is not enabled.
I20260710 11:09:36.453461  1460 heartbeater.cc:344] Connected to a master server at 127.1.69.62:40545
I20260710 11:09:36.454068  1460 heartbeater.cc:461] Registering TS with master...
I20260710 11:09:36.454105  1300 webserver.cc:533] Webserver started at http://127.1.69.2:33831/ using document root <none> and password file <none>
I20260710 11:09:36.454747  1300 fs_manager.cc:362] Metadata directory not provided
I20260710 11:09:36.454993  1300 fs_manager.cc:368] Using write-ahead log directory (fs_wal_dir) as metadata directory
I20260710 11:09:36.455349  1300 server_base.cc:909] This appears to be a new deployment of Kudu; creating new FS layout
I20260710 11:09:36.455502  1460 heartbeater.cc:507] Master 127.1.69.62:40545 requested a full tablet report, sending...
I20260710 11:09:36.456578  1300 fs_manager.cc:1068] Generated new instance metadata in path /tmp/dist-test-taskF_4nNE/test-tmp/auto_leader_rebalancer-test.0.LeaderRebalancerTest.FunctionalTestForDivided.1783681774487140-1300-0/minicluster-data/ts-1-root/instance:
uuid: "aa79d6367d3a43c08842c45282728edc"
format_stamp: "Formatted at 2026-07-10 11:09:36 on dist-test-slave-c0pq"
I20260710 11:09:36.459487  1332 ts_manager.cc:194] Registered new tserver with Master: 3af5239a25bb46d9b5f4043a567171c1 (127.1.69.1:36319)
I20260710 11:09:36.462771  1332 master_service.cc:502] Signed X509 certificate for tserver {username='slave'} at 127.0.0.1:39246
I20260710 11:09:36.464818  1300 fs_manager.cc:696] Time spent creating directory manager: real 0.008s	user 0.006s	sys 0.001s
I20260710 11:09:36.469326  1472 log_block_manager.cc:4127] Time spent loading block containers with low live blocks: real 0.000s	user 0.000s	sys 0.000s
I20260710 11:09:36.470223  1300 fs_manager.cc:730] Time spent opening block manager: real 0.004s	user 0.003s	sys 0.001s
I20260710 11:09:36.470499  1300 fs_manager.cc:647] Opened local filesystem: /tmp/dist-test-taskF_4nNE/test-tmp/auto_leader_rebalancer-test.0.LeaderRebalancerTest.FunctionalTestForDivided.1783681774487140-1300-0/minicluster-data/ts-1-root
uuid: "aa79d6367d3a43c08842c45282728edc"
format_stamp: "Formatted at 2026-07-10 11:09:36 on dist-test-slave-c0pq"
I20260710 11:09:36.470775  1300 fs_report.cc:389] FS layout report
--------------------
wal directory: /tmp/dist-test-taskF_4nNE/test-tmp/auto_leader_rebalancer-test.0.LeaderRebalancerTest.FunctionalTestForDivided.1783681774487140-1300-0/minicluster-data/ts-1-root
metadata directory: /tmp/dist-test-taskF_4nNE/test-tmp/auto_leader_rebalancer-test.0.LeaderRebalancerTest.FunctionalTestForDivided.1783681774487140-1300-0/minicluster-data/ts-1-root
1 data directories: /tmp/dist-test-taskF_4nNE/test-tmp/auto_leader_rebalancer-test.0.LeaderRebalancerTest.FunctionalTestForDivided.1783681774487140-1300-0/minicluster-data/ts-1-root/data
Total live blocks: 0
Total live bytes: 0
Total live bytes (after alignment): 0
Total number of LBM containers: 0 (0 full)
Did not check for missing blocks
Did not check for orphaned blocks
Total full LBM containers with extra space: 0 (0 repaired)
Total full LBM container extra space in bytes: 0 (0 repaired)
Total incomplete LBM containers: 0 (0 repaired)
Total LBM partial records: 0 (0 repaired)
Total corrupted LBM metadata records in RocksDB: 0 (0 repaired)
I20260710 11:09:36.509979  1300 rpc_server.cc:225] running with OpenSSL 1.1.1  11 Sep 2018
I20260710 11:09:36.511233  1300 kserver.cc:163] Server-wide thread pool size limit: 3276
I20260710 11:09:36.513489  1300 txn_system_client.cc:432] TxnSystemClient initialization is disabled...
I20260710 11:09:36.516806  1300 ts_tablet_manager.cc:585] Loaded tablet metadata (0 total tablets, 0 live tablets)
I20260710 11:09:36.517015  1300 ts_tablet_manager.cc:531] Time spent load tablet metadata: real 0.000s	user 0.000s	sys 0.000s
I20260710 11:09:36.517267  1300 ts_tablet_manager.cc:616] Registered 0 tablets
I20260710 11:09:36.517437  1300 ts_tablet_manager.cc:595] Time spent register tablets: real 0.000s	user 0.000s	sys 0.000s
I20260710 11:09:36.622264  1300 rpc_server.cc:307] RPC server started. Bound to: 127.1.69.2:41773
I20260710 11:09:36.622354  1534 acceptor_pool.cc:272] collecting diagnostics on the listening RPC socket 127.1.69.2:41773 every 8 connection(s)
I20260710 11:09:36.627874  1300 file_cache.cc:504] Constructed file cache file cache with capacity 419430
W20260710 11:09:36.637617  1538 instance_detector.cc:116] could not retrieve AWS instance metadata: Network error: curl error: HTTP response code said error: The requested URL returned error: 404
W20260710 11:09:36.640130  1539 instance_detector.cc:116] could not retrieve Azure instance metadata: Network error: curl error: HTTP response code said error: The requested URL returned error: 404
I20260710 11:09:36.645437  1535 heartbeater.cc:344] Connected to a master server at 127.1.69.62:40545
I20260710 11:09:36.645946  1535 heartbeater.cc:461] Registering TS with master...
I20260710 11:09:36.646927  1535 heartbeater.cc:507] Master 127.1.69.62:40545 requested a full tablet report, sending...
I20260710 11:09:36.649454  1332 ts_manager.cc:194] Registered new tserver with Master: aa79d6367d3a43c08842c45282728edc (127.1.69.2:41773)
W20260710 11:09:36.649673  1541 instance_detector.cc:116] could not retrieve OpenStack instance metadata: Network error: curl error: HTTP response code said error: The requested URL returned error: 404
I20260710 11:09:36.650966  1332 master_service.cc:502] Signed X509 certificate for tserver {username='slave'} at 127.0.0.1:39260
I20260710 11:09:36.653993  1300 server_base.cc:1061] running on GCE node
I20260710 11:09:36.654891  1300 hybrid_clock.cc:584] initializing the hybrid clock with 'system_unsync' time source
W20260710 11:09:36.655104  1300 system_unsync_time.cc:38] NTP support is disabled. Clock error bounds will not be accurate. This configuration is not suitable for distributed clusters.
I20260710 11:09:36.655295  1300 hybrid_clock.cc:648] HybridClock initialized: now 1783681776655273 us; error 0 us; skew 500 ppm
I20260710 11:09:36.655827  1300 server_base.cc:861] Flag tcmalloc_max_total_thread_cache_bytes is not working since tcmalloc is not enabled.
I20260710 11:09:36.658363  1300 webserver.cc:533] Webserver started at http://127.1.69.3:32819/ using document root <none> and password file <none>
I20260710 11:09:36.658839  1300 fs_manager.cc:362] Metadata directory not provided
I20260710 11:09:36.659034  1300 fs_manager.cc:368] Using write-ahead log directory (fs_wal_dir) as metadata directory
I20260710 11:09:36.659299  1300 server_base.cc:909] This appears to be a new deployment of Kudu; creating new FS layout
I20260710 11:09:36.660290  1300 fs_manager.cc:1068] Generated new instance metadata in path /tmp/dist-test-taskF_4nNE/test-tmp/auto_leader_rebalancer-test.0.LeaderRebalancerTest.FunctionalTestForDivided.1783681774487140-1300-0/minicluster-data/ts-2-root/instance:
uuid: "f9f428bdbafe461e910e3f425561ed7f"
format_stamp: "Formatted at 2026-07-10 11:09:36 on dist-test-slave-c0pq"
I20260710 11:09:36.665030  1300 fs_manager.cc:696] Time spent creating directory manager: real 0.004s	user 0.003s	sys 0.001s
I20260710 11:09:36.668628  1546 log_block_manager.cc:4127] Time spent loading block containers with low live blocks: real 0.000s	user 0.000s	sys 0.000s
I20260710 11:09:36.669507  1300 fs_manager.cc:730] Time spent opening block manager: real 0.003s	user 0.002s	sys 0.001s
I20260710 11:09:36.669796  1300 fs_manager.cc:647] Opened local filesystem: /tmp/dist-test-taskF_4nNE/test-tmp/auto_leader_rebalancer-test.0.LeaderRebalancerTest.FunctionalTestForDivided.1783681774487140-1300-0/minicluster-data/ts-2-root
uuid: "f9f428bdbafe461e910e3f425561ed7f"
format_stamp: "Formatted at 2026-07-10 11:09:36 on dist-test-slave-c0pq"
I20260710 11:09:36.670084  1300 fs_report.cc:389] FS layout report
--------------------
wal directory: /tmp/dist-test-taskF_4nNE/test-tmp/auto_leader_rebalancer-test.0.LeaderRebalancerTest.FunctionalTestForDivided.1783681774487140-1300-0/minicluster-data/ts-2-root
metadata directory: /tmp/dist-test-taskF_4nNE/test-tmp/auto_leader_rebalancer-test.0.LeaderRebalancerTest.FunctionalTestForDivided.1783681774487140-1300-0/minicluster-data/ts-2-root
1 data directories: /tmp/dist-test-taskF_4nNE/test-tmp/auto_leader_rebalancer-test.0.LeaderRebalancerTest.FunctionalTestForDivided.1783681774487140-1300-0/minicluster-data/ts-2-root/data
Total live blocks: 0
Total live bytes: 0
Total live bytes (after alignment): 0
Total number of LBM containers: 0 (0 full)
Did not check for missing blocks
Did not check for orphaned blocks
Total full LBM containers with extra space: 0 (0 repaired)
Total full LBM container extra space in bytes: 0 (0 repaired)
Total incomplete LBM containers: 0 (0 repaired)
Total LBM partial records: 0 (0 repaired)
Total corrupted LBM metadata records in RocksDB: 0 (0 repaired)
I20260710 11:09:36.684365  1300 rpc_server.cc:225] running with OpenSSL 1.1.1  11 Sep 2018
I20260710 11:09:36.685585  1300 kserver.cc:163] Server-wide thread pool size limit: 3276
I20260710 11:09:36.687726  1300 txn_system_client.cc:432] TxnSystemClient initialization is disabled...
I20260710 11:09:36.690739  1300 ts_tablet_manager.cc:585] Loaded tablet metadata (0 total tablets, 0 live tablets)
I20260710 11:09:36.691021  1300 ts_tablet_manager.cc:531] Time spent load tablet metadata: real 0.000s	user 0.000s	sys 0.000s
I20260710 11:09:36.691332  1300 ts_tablet_manager.cc:616] Registered 0 tablets
I20260710 11:09:36.691533  1300 ts_tablet_manager.cc:595] Time spent register tablets: real 0.000s	user 0.000s	sys 0.000s
I20260710 11:09:36.786371  1300 rpc_server.cc:307] RPC server started. Bound to: 127.1.69.3:44381
I20260710 11:09:36.786584  1608 acceptor_pool.cc:272] collecting diagnostics on the listening RPC socket 127.1.69.3:44381 every 8 connection(s)
I20260710 11:09:36.803574  1609 heartbeater.cc:344] Connected to a master server at 127.1.69.62:40545
I20260710 11:09:36.803987  1609 heartbeater.cc:461] Registering TS with master...
I20260710 11:09:36.804821  1609 heartbeater.cc:507] Master 127.1.69.62:40545 requested a full tablet report, sending...
I20260710 11:09:36.806830  1332 ts_manager.cc:194] Registered new tserver with Master: f9f428bdbafe461e910e3f425561ed7f (127.1.69.3:44381)
I20260710 11:09:36.807355  1300 internal_mini_cluster.cc:371] 3 TS(s) registered with all masters after 0.016010787s
I20260710 11:09:36.808473  1332 master_service.cc:502] Signed X509 certificate for tserver {username='slave'} at 127.0.0.1:39264
I20260710 11:09:36.859686  1332 catalog_manager.cc:2283] Servicing CreateTable request from {username='slave'} at 127.0.0.1:39266:
name: "test-workload"
schema {
  columns {
    name: "key"
    type: INT32
    is_key: true
    is_nullable: false
    encoding: AUTO_ENCODING
    compression: DEFAULT_COMPRESSION
    cfile_block_size: 0
    immutable: false
  }
  columns {
    name: "int_val"
    type: INT32
    is_key: false
    is_nullable: false
    encoding: AUTO_ENCODING
    compression: DEFAULT_COMPRESSION
    cfile_block_size: 0
    immutable: false
  }
  columns {
    name: "string_val"
    type: STRING
    is_key: false
    is_nullable: true
    encoding: AUTO_ENCODING
    compression: DEFAULT_COMPRESSION
    cfile_block_size: 0
    immutable: false
  }
}
num_replicas: 3
split_rows_range_bounds {
  rows: "\004\001\000\216\3438\016\004\001\000\034\307q\034\004\001\000\252\252\252*\004\001\0008\216\3438\004\001\000\306q\034G\004\001\000TUUU\004\001\000\3428\216c\004\001\000p\034\307q""\004\001\000\216\3438\016\004\001\000\034\307q\034\004\001\000\252\252\252*\004\001\0008\216\3438\004\001\000\306q\034G\004\001\000TUUU\004\001\000\3428\216c\004\001\000p\034\307q"
  indirect_data: """"
}
partition_schema {
  range_schema {
    columns {
      name: "key"
    }
  }
}
W20260710 11:09:36.863332  1332 catalog_manager.cc:7077] The number of live tablet servers is not enough to re-replicate a tablet replica of the newly created table test-workload in case of a server failure: 4 tablet servers would be needed, 3 are available. Consider bringing up more tablet servers.
I20260710 11:09:36.983908  1572 tablet_service.cc:1511] Processing CreateTablet for tablet 569b54ef8a4e433bb36dd03cc8521f2c (DEFAULT_TABLE table=test-workload [id=84a5c2c19d4749e6b52e6cfe0c26b374]), partition=RANGE (key) PARTITION 477218588 <= VALUES < 715827882
I20260710 11:09:36.984144  1573 tablet_service.cc:1511] Processing CreateTablet for tablet 1dd70dd5800a4df5b4ed2246b86c22b0 (DEFAULT_TABLE table=test-workload [id=84a5c2c19d4749e6b52e6cfe0c26b374]), partition=RANGE (key) PARTITION 238609294 <= VALUES < 477218588
I20260710 11:09:36.985074  1574 tablet_service.cc:1511] Processing CreateTablet for tablet 9c5fcc6321184139b1c0e6c58c433c28 (DEFAULT_TABLE table=test-workload [id=84a5c2c19d4749e6b52e6cfe0c26b374]), partition=RANGE (key) PARTITION VALUES < 238609294
I20260710 11:09:36.987950  1574 data_dirs.cc:400] Could only allocate 1 dirs of requested 3 for tablet 9c5fcc6321184139b1c0e6c58c433c28. 1 dirs total, 0 dirs full, 0 dirs failed
I20260710 11:09:36.990659  1573 data_dirs.cc:400] Could only allocate 1 dirs of requested 3 for tablet 1dd70dd5800a4df5b4ed2246b86c22b0. 1 dirs total, 0 dirs full, 0 dirs failed
I20260710 11:09:36.991550  1571 tablet_service.cc:1511] Processing CreateTablet for tablet 87958539259847b5820fbcae4613cae2 (DEFAULT_TABLE table=test-workload [id=84a5c2c19d4749e6b52e6cfe0c26b374]), partition=RANGE (key) PARTITION 715827882 <= VALUES < 954437176
I20260710 11:09:36.993795  1572 data_dirs.cc:400] Could only allocate 1 dirs of requested 3 for tablet 569b54ef8a4e433bb36dd03cc8521f2c. 1 dirs total, 0 dirs full, 0 dirs failed
I20260710 11:09:36.994967  1571 data_dirs.cc:400] Could only allocate 1 dirs of requested 3 for tablet 87958539259847b5820fbcae4613cae2. 1 dirs total, 0 dirs full, 0 dirs failed
I20260710 11:09:37.001039  1570 tablet_service.cc:1511] Processing CreateTablet for tablet 0f55d42a6b05472c835546d5a9fce910 (DEFAULT_TABLE table=test-workload [id=84a5c2c19d4749e6b52e6cfe0c26b374]), partition=RANGE (key) PARTITION 954437176 <= VALUES < 1193046470
I20260710 11:09:37.003481  1570 data_dirs.cc:400] Could only allocate 1 dirs of requested 3 for tablet 0f55d42a6b05472c835546d5a9fce910. 1 dirs total, 0 dirs full, 0 dirs failed
I20260710 11:09:37.016004  1500 tablet_service.cc:1511] Processing CreateTablet for tablet 9c5fcc6321184139b1c0e6c58c433c28 (DEFAULT_TABLE table=test-workload [id=84a5c2c19d4749e6b52e6cfe0c26b374]), partition=RANGE (key) PARTITION VALUES < 238609294
I20260710 11:09:37.016520  1569 tablet_service.cc:1511] Processing CreateTablet for tablet cd2e84d6288d45a0bd45600c4132d630 (DEFAULT_TABLE table=test-workload [id=84a5c2c19d4749e6b52e6cfe0c26b374]), partition=RANGE (key) PARTITION 1193046470 <= VALUES < 1431655764
I20260710 11:09:37.017632  1500 data_dirs.cc:400] Could only allocate 1 dirs of requested 3 for tablet 9c5fcc6321184139b1c0e6c58c433c28. 1 dirs total, 0 dirs full, 0 dirs failed
I20260710 11:09:37.017946  1569 data_dirs.cc:400] Could only allocate 1 dirs of requested 3 for tablet cd2e84d6288d45a0bd45600c4132d630. 1 dirs total, 0 dirs full, 0 dirs failed
I20260710 11:09:37.023841  1498 tablet_service.cc:1511] Processing CreateTablet for tablet 569b54ef8a4e433bb36dd03cc8521f2c (DEFAULT_TABLE table=test-workload [id=84a5c2c19d4749e6b52e6cfe0c26b374]), partition=RANGE (key) PARTITION 477218588 <= VALUES < 715827882
I20260710 11:09:37.017851  1497 tablet_service.cc:1511] Processing CreateTablet for tablet 87958539259847b5820fbcae4613cae2 (DEFAULT_TABLE table=test-workload [id=84a5c2c19d4749e6b52e6cfe0c26b374]), partition=RANGE (key) PARTITION 715827882 <= VALUES < 954437176
I20260710 11:09:37.030614  1499 tablet_service.cc:1511] Processing CreateTablet for tablet 1dd70dd5800a4df5b4ed2246b86c22b0 (DEFAULT_TABLE table=test-workload [id=84a5c2c19d4749e6b52e6cfe0c26b374]), partition=RANGE (key) PARTITION 238609294 <= VALUES < 477218588
I20260710 11:09:37.025233  1496 tablet_service.cc:1511] Processing CreateTablet for tablet 0f55d42a6b05472c835546d5a9fce910 (DEFAULT_TABLE table=test-workload [id=84a5c2c19d4749e6b52e6cfe0c26b374]), partition=RANGE (key) PARTITION 954437176 <= VALUES < 1193046470
I20260710 11:09:37.034901  1498 data_dirs.cc:400] Could only allocate 1 dirs of requested 3 for tablet 569b54ef8a4e433bb36dd03cc8521f2c. 1 dirs total, 0 dirs full, 0 dirs failed
I20260710 11:09:37.032068  1495 tablet_service.cc:1511] Processing CreateTablet for tablet cd2e84d6288d45a0bd45600c4132d630 (DEFAULT_TABLE table=test-workload [id=84a5c2c19d4749e6b52e6cfe0c26b374]), partition=RANGE (key) PARTITION 1193046470 <= VALUES < 1431655764
I20260710 11:09:37.036528  1499 data_dirs.cc:400] Could only allocate 1 dirs of requested 3 for tablet 1dd70dd5800a4df5b4ed2246b86c22b0. 1 dirs total, 0 dirs full, 0 dirs failed
I20260710 11:09:37.037531  1496 data_dirs.cc:400] Could only allocate 1 dirs of requested 3 for tablet 0f55d42a6b05472c835546d5a9fce910. 1 dirs total, 0 dirs full, 0 dirs failed
I20260710 11:09:37.046737  1495 data_dirs.cc:400] Could only allocate 1 dirs of requested 3 for tablet cd2e84d6288d45a0bd45600c4132d630. 1 dirs total, 0 dirs full, 0 dirs failed
I20260710 11:09:37.048192  1422 tablet_service.cc:1511] Processing CreateTablet for tablet 87958539259847b5820fbcae4613cae2 (DEFAULT_TABLE table=test-workload [id=84a5c2c19d4749e6b52e6cfe0c26b374]), partition=RANGE (key) PARTITION 715827882 <= VALUES < 954437176
I20260710 11:09:37.054243  1422 data_dirs.cc:400] Could only allocate 1 dirs of requested 3 for tablet 87958539259847b5820fbcae4613cae2. 1 dirs total, 0 dirs full, 0 dirs failed
I20260710 11:09:37.061859  1423 tablet_service.cc:1511] Processing CreateTablet for tablet 569b54ef8a4e433bb36dd03cc8521f2c (DEFAULT_TABLE table=test-workload [id=84a5c2c19d4749e6b52e6cfe0c26b374]), partition=RANGE (key) PARTITION 477218588 <= VALUES < 715827882
I20260710 11:09:37.065773  1497 data_dirs.cc:400] Could only allocate 1 dirs of requested 3 for tablet 87958539259847b5820fbcae4613cae2. 1 dirs total, 0 dirs full, 0 dirs failed
I20260710 11:09:37.054245  1424 tablet_service.cc:1511] Processing CreateTablet for tablet 1dd70dd5800a4df5b4ed2246b86c22b0 (DEFAULT_TABLE table=test-workload [id=84a5c2c19d4749e6b52e6cfe0c26b374]), partition=RANGE (key) PARTITION 238609294 <= VALUES < 477218588
I20260710 11:09:37.073515  1421 tablet_service.cc:1511] Processing CreateTablet for tablet 0f55d42a6b05472c835546d5a9fce910 (DEFAULT_TABLE table=test-workload [id=84a5c2c19d4749e6b52e6cfe0c26b374]), partition=RANGE (key) PARTITION 954437176 <= VALUES < 1193046470
I20260710 11:09:37.069074  1423 data_dirs.cc:400] Could only allocate 1 dirs of requested 3 for tablet 569b54ef8a4e433bb36dd03cc8521f2c. 1 dirs total, 0 dirs full, 0 dirs failed
I20260710 11:09:37.081710  1494 tablet_service.cc:1511] Processing CreateTablet for tablet f235ca15511e483da50d7daaeafe7e88 (DEFAULT_TABLE table=test-workload [id=84a5c2c19d4749e6b52e6cfe0c26b374]), partition=RANGE (key) PARTITION 1431655764 <= VALUES < 1670265058
I20260710 11:09:37.085991  1420 tablet_service.cc:1511] Processing CreateTablet for tablet cd2e84d6288d45a0bd45600c4132d630 (DEFAULT_TABLE table=test-workload [id=84a5c2c19d4749e6b52e6cfe0c26b374]), partition=RANGE (key) PARTITION 1193046470 <= VALUES < 1431655764
I20260710 11:09:37.088068  1425 tablet_service.cc:1511] Processing CreateTablet for tablet 9c5fcc6321184139b1c0e6c58c433c28 (DEFAULT_TABLE table=test-workload [id=84a5c2c19d4749e6b52e6cfe0c26b374]), partition=RANGE (key) PARTITION VALUES < 238609294
I20260710 11:09:37.090963  1419 tablet_service.cc:1511] Processing CreateTablet for tablet f235ca15511e483da50d7daaeafe7e88 (DEFAULT_TABLE table=test-workload [id=84a5c2c19d4749e6b52e6cfe0c26b374]), partition=RANGE (key) PARTITION 1431655764 <= VALUES < 1670265058
I20260710 11:09:37.095438  1494 data_dirs.cc:400] Could only allocate 1 dirs of requested 3 for tablet f235ca15511e483da50d7daaeafe7e88. 1 dirs total, 0 dirs full, 0 dirs failed
I20260710 11:09:37.101747  1421 data_dirs.cc:400] Could only allocate 1 dirs of requested 3 for tablet 0f55d42a6b05472c835546d5a9fce910. 1 dirs total, 0 dirs full, 0 dirs failed
I20260710 11:09:37.107491  1420 data_dirs.cc:400] Could only allocate 1 dirs of requested 3 for tablet cd2e84d6288d45a0bd45600c4132d630. 1 dirs total, 0 dirs full, 0 dirs failed
I20260710 11:09:37.110685  1425 data_dirs.cc:400] Could only allocate 1 dirs of requested 3 for tablet 9c5fcc6321184139b1c0e6c58c433c28. 1 dirs total, 0 dirs full, 0 dirs failed
I20260710 11:09:37.112505  1424 data_dirs.cc:400] Could only allocate 1 dirs of requested 3 for tablet 1dd70dd5800a4df5b4ed2246b86c22b0. 1 dirs total, 0 dirs full, 0 dirs failed
I20260710 11:09:37.116952  1419 data_dirs.cc:400] Could only allocate 1 dirs of requested 3 for tablet f235ca15511e483da50d7daaeafe7e88. 1 dirs total, 0 dirs full, 0 dirs failed
W20260710 11:09:37.134093  1379 auto_rebalancer.cc:288] Could not retrieve cluster info: Service unavailable: Tablet not running
I20260710 11:09:37.159130  1568 tablet_service.cc:1511] Processing CreateTablet for tablet f235ca15511e483da50d7daaeafe7e88 (DEFAULT_TABLE table=test-workload [id=84a5c2c19d4749e6b52e6cfe0c26b374]), partition=RANGE (key) PARTITION 1431655764 <= VALUES < 1670265058
I20260710 11:09:37.165329  1568 data_dirs.cc:400] Could only allocate 1 dirs of requested 3 for tablet f235ca15511e483da50d7daaeafe7e88. 1 dirs total, 0 dirs full, 0 dirs failed
I20260710 11:09:37.195711  1418 tablet_service.cc:1511] Processing CreateTablet for tablet 7ee28bbbbafa4589bfae324b91a88819 (DEFAULT_TABLE table=test-workload [id=84a5c2c19d4749e6b52e6cfe0c26b374]), partition=RANGE (key) PARTITION 1670265058 <= VALUES < 1908874352
I20260710 11:09:37.197666  1418 data_dirs.cc:400] Could only allocate 1 dirs of requested 3 for tablet 7ee28bbbbafa4589bfae324b91a88819. 1 dirs total, 0 dirs full, 0 dirs failed
I20260710 11:09:37.210659  1493 tablet_service.cc:1511] Processing CreateTablet for tablet 7ee28bbbbafa4589bfae324b91a88819 (DEFAULT_TABLE table=test-workload [id=84a5c2c19d4749e6b52e6cfe0c26b374]), partition=RANGE (key) PARTITION 1670265058 <= VALUES < 1908874352
I20260710 11:09:37.212628  1493 data_dirs.cc:400] Could only allocate 1 dirs of requested 3 for tablet 7ee28bbbbafa4589bfae324b91a88819. 1 dirs total, 0 dirs full, 0 dirs failed
I20260710 11:09:37.247862  1567 tablet_service.cc:1511] Processing CreateTablet for tablet 7ee28bbbbafa4589bfae324b91a88819 (DEFAULT_TABLE table=test-workload [id=84a5c2c19d4749e6b52e6cfe0c26b374]), partition=RANGE (key) PARTITION 1670265058 <= VALUES < 1908874352
I20260710 11:09:37.265476  1627 tablet_bootstrap.cc:492] T 9c5fcc6321184139b1c0e6c58c433c28 P aa79d6367d3a43c08842c45282728edc: Bootstrap starting.
I20260710 11:09:37.281809  1567 data_dirs.cc:400] Could only allocate 1 dirs of requested 3 for tablet 7ee28bbbbafa4589bfae324b91a88819. 1 dirs total, 0 dirs full, 0 dirs failed
I20260710 11:09:37.295863  1417 tablet_service.cc:1511] Processing CreateTablet for tablet b0dc85b67d98424ba144293ae4f3e34f (DEFAULT_TABLE table=test-workload [id=84a5c2c19d4749e6b52e6cfe0c26b374]), partition=RANGE (key) PARTITION 1908874352 <= VALUES
I20260710 11:09:37.322567  1417 data_dirs.cc:400] Could only allocate 1 dirs of requested 3 for tablet b0dc85b67d98424ba144293ae4f3e34f. 1 dirs total, 0 dirs full, 0 dirs failed
I20260710 11:09:37.336887  1629 tablet_bootstrap.cc:492] T 9c5fcc6321184139b1c0e6c58c433c28 P f9f428bdbafe461e910e3f425561ed7f: Bootstrap starting.
I20260710 11:09:37.334719  1496 tablet_service.cc:1511] Processing CreateTablet for tablet b0dc85b67d98424ba144293ae4f3e34f (DEFAULT_TABLE table=test-workload [id=84a5c2c19d4749e6b52e6cfe0c26b374]), partition=RANGE (key) PARTITION 1908874352 <= VALUES
I20260710 11:09:37.339985  1496 data_dirs.cc:400] Could only allocate 1 dirs of requested 3 for tablet b0dc85b67d98424ba144293ae4f3e34f. 1 dirs total, 0 dirs full, 0 dirs failed
I20260710 11:09:37.343190  1627 tablet_bootstrap.cc:654] T 9c5fcc6321184139b1c0e6c58c433c28 P aa79d6367d3a43c08842c45282728edc: Neither blocks nor log segments found. Creating new log.
I20260710 11:09:37.352856  1628 tablet_bootstrap.cc:492] T 87958539259847b5820fbcae4613cae2 P 3af5239a25bb46d9b5f4043a567171c1: Bootstrap starting.
I20260710 11:09:37.361028  1567 tablet_service.cc:1511] Processing CreateTablet for tablet b0dc85b67d98424ba144293ae4f3e34f (DEFAULT_TABLE table=test-workload [id=84a5c2c19d4749e6b52e6cfe0c26b374]), partition=RANGE (key) PARTITION 1908874352 <= VALUES
I20260710 11:09:37.363662  1567 data_dirs.cc:400] Could only allocate 1 dirs of requested 3 for tablet b0dc85b67d98424ba144293ae4f3e34f. 1 dirs total, 0 dirs full, 0 dirs failed
I20260710 11:09:37.370862  1628 tablet_bootstrap.cc:654] T 87958539259847b5820fbcae4613cae2 P 3af5239a25bb46d9b5f4043a567171c1: Neither blocks nor log segments found. Creating new log.
I20260710 11:09:37.372103  1629 tablet_bootstrap.cc:654] T 9c5fcc6321184139b1c0e6c58c433c28 P f9f428bdbafe461e910e3f425561ed7f: Neither blocks nor log segments found. Creating new log.
I20260710 11:09:37.373237  1627 tablet_bootstrap.cc:492] T 9c5fcc6321184139b1c0e6c58c433c28 P aa79d6367d3a43c08842c45282728edc: No bootstrap required, opened a new log
I20260710 11:09:37.378695  1627 ts_tablet_manager.cc:1403] T 9c5fcc6321184139b1c0e6c58c433c28 P aa79d6367d3a43c08842c45282728edc: Time spent bootstrapping tablet: real 0.139s	user 0.004s	sys 0.015s
I20260710 11:09:37.381978  1627 raft_consensus.cc:359] T 9c5fcc6321184139b1c0e6c58c433c28 P aa79d6367d3a43c08842c45282728edc [term 0 FOLLOWER]: Replica starting. Triggering 0 pending ops. Active config: opid_index: -1 OBSOLETE_local: false peers { permanent_uuid: "f9f428bdbafe461e910e3f425561ed7f" member_type: VOTER last_known_addr { host: "127.1.69.3" port: 44381 } } peers { permanent_uuid: "3af5239a25bb46d9b5f4043a567171c1" member_type: VOTER last_known_addr { host: "127.1.69.1" port: 36319 } } peers { permanent_uuid: "aa79d6367d3a43c08842c45282728edc" member_type: VOTER last_known_addr { host: "127.1.69.2" port: 41773 } }
I20260710 11:09:37.382933  1627 raft_consensus.cc:385] T 9c5fcc6321184139b1c0e6c58c433c28 P aa79d6367d3a43c08842c45282728edc [term 0 FOLLOWER]: Consensus starting up: Expiring failure detector timer to make a prompt election more likely
I20260710 11:09:37.383304  1627 raft_consensus.cc:740] T 9c5fcc6321184139b1c0e6c58c433c28 P aa79d6367d3a43c08842c45282728edc [term 0 FOLLOWER]: Becoming Follower/Learner. State: Replica: aa79d6367d3a43c08842c45282728edc, State: Initialized, Role: FOLLOWER
I20260710 11:09:37.384217  1627 consensus_queue.cc:260] T 9c5fcc6321184139b1c0e6c58c433c28 P aa79d6367d3a43c08842c45282728edc [NON_LEADER]: Queue going to NON_LEADER mode. State: All replicated index: 0, Majority replicated index: 0, Committed index: 0, Last appended: 0.0, Last appended by leader: 0, Current term: 0, Majority size: -1, State: 0, Mode: NON_LEADER, active raft config: opid_index: -1 OBSOLETE_local: false peers { permanent_uuid: "f9f428bdbafe461e910e3f425561ed7f" member_type: VOTER last_known_addr { host: "127.1.69.3" port: 44381 } } peers { permanent_uuid: "3af5239a25bb46d9b5f4043a567171c1" member_type: VOTER last_known_addr { host: "127.1.69.1" port: 36319 } } peers { permanent_uuid: "aa79d6367d3a43c08842c45282728edc" member_type: VOTER last_known_addr { host: "127.1.69.2" port: 41773 } }
I20260710 11:09:37.389289  1628 tablet_bootstrap.cc:492] T 87958539259847b5820fbcae4613cae2 P 3af5239a25bb46d9b5f4043a567171c1: No bootstrap required, opened a new log
I20260710 11:09:37.389802  1628 ts_tablet_manager.cc:1403] T 87958539259847b5820fbcae4613cae2 P 3af5239a25bb46d9b5f4043a567171c1: Time spent bootstrapping tablet: real 0.050s	user 0.015s	sys 0.000s
I20260710 11:09:37.391180  1535 heartbeater.cc:499] Master 127.1.69.62:40545 was elected leader, sending a full tablet report...
I20260710 11:09:37.393184  1627 ts_tablet_manager.cc:1434] T 9c5fcc6321184139b1c0e6c58c433c28 P aa79d6367d3a43c08842c45282728edc: Time spent starting tablet: real 0.014s	user 0.008s	sys 0.003s
I20260710 11:09:37.392835  1628 raft_consensus.cc:359] T 87958539259847b5820fbcae4613cae2 P 3af5239a25bb46d9b5f4043a567171c1 [term 0 FOLLOWER]: Replica starting. Triggering 0 pending ops. Active config: opid_index: -1 OBSOLETE_local: false peers { permanent_uuid: "3af5239a25bb46d9b5f4043a567171c1" member_type: VOTER last_known_addr { host: "127.1.69.1" port: 36319 } } peers { permanent_uuid: "aa79d6367d3a43c08842c45282728edc" member_type: VOTER last_known_addr { host: "127.1.69.2" port: 41773 } } peers { permanent_uuid: "f9f428bdbafe461e910e3f425561ed7f" member_type: VOTER last_known_addr { host: "127.1.69.3" port: 44381 } }
I20260710 11:09:37.393630  1628 raft_consensus.cc:385] T 87958539259847b5820fbcae4613cae2 P 3af5239a25bb46d9b5f4043a567171c1 [term 0 FOLLOWER]: Consensus starting up: Expiring failure detector timer to make a prompt election more likely
I20260710 11:09:37.393994  1628 raft_consensus.cc:740] T 87958539259847b5820fbcae4613cae2 P 3af5239a25bb46d9b5f4043a567171c1 [term 0 FOLLOWER]: Becoming Follower/Learner. State: Replica: 3af5239a25bb46d9b5f4043a567171c1, State: Initialized, Role: FOLLOWER
I20260710 11:09:37.394111  1627 tablet_bootstrap.cc:492] T f235ca15511e483da50d7daaeafe7e88 P aa79d6367d3a43c08842c45282728edc: Bootstrap starting.
I20260710 11:09:37.394840  1628 consensus_queue.cc:260] T 87958539259847b5820fbcae4613cae2 P 3af5239a25bb46d9b5f4043a567171c1 [NON_LEADER]: Queue going to NON_LEADER mode. State: All replicated index: 0, Majority replicated index: 0, Committed index: 0, Last appended: 0.0, Last appended by leader: 0, Current term: 0, Majority size: -1, State: 0, Mode: NON_LEADER, active raft config: opid_index: -1 OBSOLETE_local: false peers { permanent_uuid: "3af5239a25bb46d9b5f4043a567171c1" member_type: VOTER last_known_addr { host: "127.1.69.1" port: 36319 } } peers { permanent_uuid: "aa79d6367d3a43c08842c45282728edc" member_type: VOTER last_known_addr { host: "127.1.69.2" port: 41773 } } peers { permanent_uuid: "f9f428bdbafe461e910e3f425561ed7f" member_type: VOTER last_known_addr { host: "127.1.69.3" port: 44381 } }
I20260710 11:09:37.403228  1627 tablet_bootstrap.cc:654] T f235ca15511e483da50d7daaeafe7e88 P aa79d6367d3a43c08842c45282728edc: Neither blocks nor log segments found. Creating new log.
I20260710 11:09:37.405089  1629 tablet_bootstrap.cc:492] T 9c5fcc6321184139b1c0e6c58c433c28 P f9f428bdbafe461e910e3f425561ed7f: No bootstrap required, opened a new log
I20260710 11:09:37.405090  1460 heartbeater.cc:499] Master 127.1.69.62:40545 was elected leader, sending a full tablet report...
I20260710 11:09:37.405409  1628 ts_tablet_manager.cc:1434] T 87958539259847b5820fbcae4613cae2 P 3af5239a25bb46d9b5f4043a567171c1: Time spent starting tablet: real 0.015s	user 0.005s	sys 0.008s
I20260710 11:09:37.405682  1629 ts_tablet_manager.cc:1403] T 9c5fcc6321184139b1c0e6c58c433c28 P f9f428bdbafe461e910e3f425561ed7f: Time spent bootstrapping tablet: real 0.121s	user 0.015s	sys 0.005s
I20260710 11:09:37.406533  1628 tablet_bootstrap.cc:492] T 569b54ef8a4e433bb36dd03cc8521f2c P 3af5239a25bb46d9b5f4043a567171c1: Bootstrap starting.
W20260710 11:09:37.409745  1461 tablet.cc:2406] T 87958539259847b5820fbcae4613cae2 P 3af5239a25bb46d9b5f4043a567171c1: Can't schedule compaction. Clean time has not been advanced past its initial value.
I20260710 11:09:37.413463  1628 tablet_bootstrap.cc:654] T 569b54ef8a4e433bb36dd03cc8521f2c P 3af5239a25bb46d9b5f4043a567171c1: Neither blocks nor log segments found. Creating new log.
