I20260710 11:09:56.215998 18371 tablet_service.cc:1917] Received RequestConsensusVote() RPC: tablet_id: "7bbc459e8fda4b3bb73f6bdb6b988243" candidate_uuid: "85f83c1b5c634d9fa8e0d54c745d2cde" candidate_term: 3 candidate_status { last_received { term: 2 index: 2 } } ignore_live_leader: true dest_uuid: "2362b1a1c6514bbfb2d563be4fcbb4d5"
I20260710 11:09:56.216048 18447 tablet_service.cc:1917] Received RequestConsensusVote() RPC: tablet_id: "7bbc459e8fda4b3bb73f6bdb6b988243" candidate_uuid: "85f83c1b5c634d9fa8e0d54c745d2cde" candidate_term: 3 candidate_status { last_received { term: 2 index: 2 } } ignore_live_leader: true dest_uuid: "241800c6ab4c4339bc35e9af26786b65"
I20260710 11:09:56.216449 18371 raft_consensus.cc:3055] T 7bbc459e8fda4b3bb73f6bdb6b988243 P 2362b1a1c6514bbfb2d563be4fcbb4d5 [term 2 LEADER]: Stepping down as leader of term 2
I20260710 11:09:56.216554 18447 raft_consensus.cc:3060] T 7bbc459e8fda4b3bb73f6bdb6b988243 P 241800c6ab4c4339bc35e9af26786b65 [term 2 FOLLOWER]: Advancing to term 3
I20260710 11:09:56.216701 18371 raft_consensus.cc:740] T 7bbc459e8fda4b3bb73f6bdb6b988243 P 2362b1a1c6514bbfb2d563be4fcbb4d5 [term 2 LEADER]: Becoming Follower/Learner. State: Replica: 2362b1a1c6514bbfb2d563be4fcbb4d5, State: Running, Role: LEADER
I20260710 11:09:56.217308 18371 consensus_queue.cc:260] T 7bbc459e8fda4b3bb73f6bdb6b988243 P 2362b1a1c6514bbfb2d563be4fcbb4d5 [NON_LEADER]: Queue going to NON_LEADER mode. State: All replicated index: 0, Majority replicated index: 2, Committed index: 2, Last appended: 2.2, Last appended by leader: 2, Current term: 2, Majority size: -1, State: 0, Mode: NON_LEADER, active raft config: opid_index: -1 OBSOLETE_local: false peers { permanent_uuid: "2362b1a1c6514bbfb2d563be4fcbb4d5" member_type: VOTER last_known_addr { host: "127.17.85.129" port: 44175 } } peers { permanent_uuid: "241800c6ab4c4339bc35e9af26786b65" member_type: VOTER last_known_addr { host: "127.17.85.130" port: 36407 } } peers { permanent_uuid: "85f83c1b5c634d9fa8e0d54c745d2cde" member_type: VOTER last_known_addr { host: "127.17.85.131" port: 39607 } }
I20260710 11:09:56.218050 18371 raft_consensus.cc:3060] T 7bbc459e8fda4b3bb73f6bdb6b988243 P 2362b1a1c6514bbfb2d563be4fcbb4d5 [term 2 FOLLOWER]: Advancing to term 3
I20260710 11:09:56.220381 18447 raft_consensus.cc:2468] T 7bbc459e8fda4b3bb73f6bdb6b988243 P 241800c6ab4c4339bc35e9af26786b65 [term 3 FOLLOWER]: Leader election vote request: Granting yes vote for candidate 85f83c1b5c634d9fa8e0d54c745d2cde in term 3.
I20260710 11:09:56.221133 18486 leader_election.cc:304] T 7bbc459e8fda4b3bb73f6bdb6b988243 P 85f83c1b5c634d9fa8e0d54c745d2cde [CANDIDATE]: Term 3 election: Election decided. Result: candidate won. Election summary: received 2 responses out of 3 voters: 2 yes votes; 0 no votes. yes voters: 241800c6ab4c4339bc35e9af26786b65, 85f83c1b5c634d9fa8e0d54c745d2cde; no voters: 
I20260710 11:09:56.221755 18594 raft_consensus.cc:2804] T 7bbc459e8fda4b3bb73f6bdb6b988243 P 85f83c1b5c634d9fa8e0d54c745d2cde [term 3 FOLLOWER]: Leader election won for term 3
I20260710 11:09:56.221905 18371 raft_consensus.cc:2468] T 7bbc459e8fda4b3bb73f6bdb6b988243 P 2362b1a1c6514bbfb2d563be4fcbb4d5 [term 3 FOLLOWER]: Leader election vote request: Granting yes vote for candidate 85f83c1b5c634d9fa8e0d54c745d2cde in term 3.
I20260710 11:09:56.222095 18594 raft_consensus.cc:697] T 7bbc459e8fda4b3bb73f6bdb6b988243 P 85f83c1b5c634d9fa8e0d54c745d2cde [term 3 LEADER]: Becoming Leader. State: Replica: 85f83c1b5c634d9fa8e0d54c745d2cde, State: Running, Role: LEADER
I20260710 11:09:56.222916 18594 consensus_queue.cc:237] T 7bbc459e8fda4b3bb73f6bdb6b988243 P 85f83c1b5c634d9fa8e0d54c745d2cde [LEADER]: Queue going to LEADER mode. State: All replicated index: 0, Majority replicated index: 2, Committed index: 2, Last appended: 2.2, Last appended by leader: 2, Current term: 3, Majority size: 2, State: 0, Mode: LEADER, active raft config: opid_index: -1 OBSOLETE_local: false peers { permanent_uuid: "2362b1a1c6514bbfb2d563be4fcbb4d5" member_type: VOTER last_known_addr { host: "127.17.85.129" port: 44175 } } peers { permanent_uuid: "241800c6ab4c4339bc35e9af26786b65" member_type: VOTER last_known_addr { host: "127.17.85.130" port: 36407 } } peers { permanent_uuid: "85f83c1b5c634d9fa8e0d54c745d2cde" member_type: VOTER last_known_addr { host: "127.17.85.131" port: 39607 } }
I20260710 11:09:56.229439 18268 catalog_manager.cc:5697] T 7bbc459e8fda4b3bb73f6bdb6b988243 P 85f83c1b5c634d9fa8e0d54c745d2cde reported cstate change: term changed from 2 to 3, leader changed from 2362b1a1c6514bbfb2d563be4fcbb4d5 (127.17.85.129) to 85f83c1b5c634d9fa8e0d54c745d2cde (127.17.85.131). New cstate: current_term: 3 leader_uuid: "85f83c1b5c634d9fa8e0d54c745d2cde" committed_config { opid_index: -1 OBSOLETE_local: false peers { permanent_uuid: "2362b1a1c6514bbfb2d563be4fcbb4d5" member_type: VOTER last_known_addr { host: "127.17.85.129" port: 44175 } health_report { overall_health: UNKNOWN } } peers { permanent_uuid: "241800c6ab4c4339bc35e9af26786b65" member_type: VOTER last_known_addr { host: "127.17.85.130" port: 36407 } health_report { overall_health: UNKNOWN } } peers { permanent_uuid: "85f83c1b5c634d9fa8e0d54c745d2cde" member_type: VOTER last_known_addr { host: "127.17.85.131" port: 39607 } health_report { overall_health: HEALTHY } } }
I20260710 11:09:56.328212 18521 raft_consensus.cc:1275] T 78c02e427a644a67933a24d781b6a2f8 P 85f83c1b5c634d9fa8e0d54c745d2cde [term 5 FOLLOWER]: Refusing update from remote peer 241800c6ab4c4339bc35e9af26786b65: Log matching property violated. Preceding OpId in replica: term: 4 index: 4. Preceding OpId from leader: term: 5 index: 5. (index mismatch)
I20260710 11:09:56.329396 18678 consensus_queue.cc:1048] T 78c02e427a644a67933a24d781b6a2f8 P 241800c6ab4c4339bc35e9af26786b65 [LEADER]: Connected to new peer: Peer: permanent_uuid: "85f83c1b5c634d9fa8e0d54c745d2cde" member_type: VOTER last_known_addr { host: "127.17.85.131" port: 39607 }, Status: LMP_MISMATCH, Last received: 0.0, Next index: 5, Last known committed idx: 4, Time since last communication: 0.000s
I20260710 11:09:56.338629 18371 raft_consensus.cc:1275] T 78c02e427a644a67933a24d781b6a2f8 P 2362b1a1c6514bbfb2d563be4fcbb4d5 [term 5 FOLLOWER]: Refusing update from remote peer 241800c6ab4c4339bc35e9af26786b65: Log matching property violated. Preceding OpId in replica: term: 4 index: 4. Preceding OpId from leader: term: 5 index: 5. (index mismatch)
I20260710 11:09:56.340139 18678 consensus_queue.cc:1048] T 78c02e427a644a67933a24d781b6a2f8 P 241800c6ab4c4339bc35e9af26786b65 [LEADER]: Connected to new peer: Peer: permanent_uuid: "2362b1a1c6514bbfb2d563be4fcbb4d5" member_type: VOTER last_known_addr { host: "127.17.85.129" port: 44175 }, Status: LMP_MISMATCH, Last received: 0.0, Next index: 5, Last known committed idx: 4, Time since last communication: 0.000s
I20260710 11:09:56.365953 18447 raft_consensus.cc:1275] T ca0cd4a6aeee4cffbb012bf9395673ef P 241800c6ab4c4339bc35e9af26786b65 [term 3 FOLLOWER]: Refusing update from remote peer 85f83c1b5c634d9fa8e0d54c745d2cde: Log matching property violated. Preceding OpId in replica: term: 2 index: 2. Preceding OpId from leader: term: 3 index: 3. (index mismatch)
I20260710 11:09:56.367010 18594 consensus_queue.cc:1048] T ca0cd4a6aeee4cffbb012bf9395673ef P 85f83c1b5c634d9fa8e0d54c745d2cde [LEADER]: Connected to new peer: Peer: permanent_uuid: "241800c6ab4c4339bc35e9af26786b65" member_type: VOTER last_known_addr { host: "127.17.85.130" port: 36407 }, Status: LMP_MISMATCH, Last received: 0.0, Next index: 3, Last known committed idx: 2, Time since last communication: 0.000s
I20260710 11:09:56.376120 18371 raft_consensus.cc:1275] T ca0cd4a6aeee4cffbb012bf9395673ef P 2362b1a1c6514bbfb2d563be4fcbb4d5 [term 3 FOLLOWER]: Refusing update from remote peer 85f83c1b5c634d9fa8e0d54c745d2cde: Log matching property violated. Preceding OpId in replica: term: 2 index: 2. Preceding OpId from leader: term: 3 index: 3. (index mismatch)
I20260710 11:09:56.377349 18714 consensus_queue.cc:1048] T ca0cd4a6aeee4cffbb012bf9395673ef P 85f83c1b5c634d9fa8e0d54c745d2cde [LEADER]: Connected to new peer: Peer: permanent_uuid: "2362b1a1c6514bbfb2d563be4fcbb4d5" member_type: VOTER last_known_addr { host: "127.17.85.129" port: 44175 }, Status: LMP_MISMATCH, Last received: 0.0, Next index: 3, Last known committed idx: 2, Time since last communication: 0.001s
I20260710 11:09:56.404982 18521 raft_consensus.cc:1275] T e7c688d601574d5dae24529baac69643 P 85f83c1b5c634d9fa8e0d54c745d2cde [term 3 FOLLOWER]: Refusing update from remote peer 241800c6ab4c4339bc35e9af26786b65: Log matching property violated. Preceding OpId in replica: term: 2 index: 2. Preceding OpId from leader: term: 3 index: 3. (index mismatch)
I20260710 11:09:56.406217 18697 consensus_queue.cc:1048] T e7c688d601574d5dae24529baac69643 P 241800c6ab4c4339bc35e9af26786b65 [LEADER]: Connected to new peer: Peer: permanent_uuid: "85f83c1b5c634d9fa8e0d54c745d2cde" member_type: VOTER last_known_addr { host: "127.17.85.131" port: 39607 }, Status: LMP_MISMATCH, Last received: 0.0, Next index: 3, Last known committed idx: 2, Time since last communication: 0.000s
I20260710 11:09:56.414381 18371 raft_consensus.cc:1275] T e7c688d601574d5dae24529baac69643 P 2362b1a1c6514bbfb2d563be4fcbb4d5 [term 3 FOLLOWER]: Refusing update from remote peer 241800c6ab4c4339bc35e9af26786b65: Log matching property violated. Preceding OpId in replica: term: 2 index: 2. Preceding OpId from leader: term: 3 index: 3. (index mismatch)
I20260710 11:09:56.415742 18678 consensus_queue.cc:1048] T e7c688d601574d5dae24529baac69643 P 241800c6ab4c4339bc35e9af26786b65 [LEADER]: Connected to new peer: Peer: permanent_uuid: "2362b1a1c6514bbfb2d563be4fcbb4d5" member_type: VOTER last_known_addr { host: "127.17.85.129" port: 44175 }, Status: LMP_MISMATCH, Last received: 0.0, Next index: 3, Last known committed idx: 2, Time since last communication: 0.000s
I20260710 11:09:56.660948 18447 raft_consensus.cc:1275] T 7bbc459e8fda4b3bb73f6bdb6b988243 P 241800c6ab4c4339bc35e9af26786b65 [term 3 FOLLOWER]: Refusing update from remote peer 85f83c1b5c634d9fa8e0d54c745d2cde: Log matching property violated. Preceding OpId in replica: term: 2 index: 2. Preceding OpId from leader: term: 3 index: 3. (index mismatch)
I20260710 11:09:56.661993 18714 consensus_queue.cc:1048] T 7bbc459e8fda4b3bb73f6bdb6b988243 P 85f83c1b5c634d9fa8e0d54c745d2cde [LEADER]: Connected to new peer: Peer: permanent_uuid: "241800c6ab4c4339bc35e9af26786b65" member_type: VOTER last_known_addr { host: "127.17.85.130" port: 36407 }, Status: LMP_MISMATCH, Last received: 0.0, Next index: 3, Last known committed idx: 2, Time since last communication: 0.000s
I20260710 11:09:56.669657 18371 raft_consensus.cc:1275] T 7bbc459e8fda4b3bb73f6bdb6b988243 P 2362b1a1c6514bbfb2d563be4fcbb4d5 [term 3 FOLLOWER]: Refusing update from remote peer 85f83c1b5c634d9fa8e0d54c745d2cde: Log matching property violated. Preceding OpId in replica: term: 2 index: 2. Preceding OpId from leader: term: 3 index: 3. (index mismatch)
I20260710 11:09:56.671846 18703 consensus_queue.cc:1048] T 7bbc459e8fda4b3bb73f6bdb6b988243 P 85f83c1b5c634d9fa8e0d54c745d2cde [LEADER]: Connected to new peer: Peer: permanent_uuid: "2362b1a1c6514bbfb2d563be4fcbb4d5" member_type: VOTER last_known_addr { host: "127.17.85.129" port: 44175 }, Status: LMP_MISMATCH, Last received: 0.0, Next index: 3, Last known committed idx: 2, Time since last communication: 0.000s
I20260710 11:09:56.764025 17750 auto_leader_rebalancer.cc:141] leader rebalance for table test-workload
I20260710 11:09:56.769831 17750 tablet_server.cc:179] TabletServer@127.17.85.129:0 shutting down...
W20260710 11:09:56.783761 18410 proxy.cc:239] Call had error, refreshing address and retrying: Remote error: Service unavailable: service kudu.consensus.ConsensusService not registered on TabletServer [suppressed 3 similar messages]
W20260710 11:09:56.793383 18410 consensus_peers.cc:597] T 78c02e427a644a67933a24d781b6a2f8 P 241800c6ab4c4339bc35e9af26786b65 -> Peer 2362b1a1c6514bbfb2d563be4fcbb4d5 (127.17.85.129:44175): Couldn't send request to peer 2362b1a1c6514bbfb2d563be4fcbb4d5. Status: Remote error: Service unavailable: service kudu.consensus.ConsensusService not registered on TabletServer. This is attempt 1: this message will repeat every 5th retry.
I20260710 11:09:56.793387 17750 ts_tablet_manager.cc:1507] Shutting down tablet manager...
I20260710 11:09:56.794337 17750 tablet_replica.cc:333] T a9f67370da434ef988717669af251e6f P 2362b1a1c6514bbfb2d563be4fcbb4d5: stopping tablet replica
I20260710 11:09:56.794893 17750 raft_consensus.cc:2243] T a9f67370da434ef988717669af251e6f P 2362b1a1c6514bbfb2d563be4fcbb4d5 [term 2 FOLLOWER]: Raft consensus shutting down.
I20260710 11:09:56.795320 17750 raft_consensus.cc:2272] T a9f67370da434ef988717669af251e6f P 2362b1a1c6514bbfb2d563be4fcbb4d5 [term 2 FOLLOWER]: Raft consensus is shut down!
I20260710 11:09:56.797044 17750 tablet_replica.cc:333] T cce8e930602d44d8b93c3931dc1052b7 P 2362b1a1c6514bbfb2d563be4fcbb4d5: stopping tablet replica
I20260710 11:09:56.797524 17750 raft_consensus.cc:2243] T cce8e930602d44d8b93c3931dc1052b7 P 2362b1a1c6514bbfb2d563be4fcbb4d5 [term 1 FOLLOWER]: Raft consensus shutting down.
I20260710 11:09:56.797868 17750 raft_consensus.cc:2272] T cce8e930602d44d8b93c3931dc1052b7 P 2362b1a1c6514bbfb2d563be4fcbb4d5 [term 1 FOLLOWER]: Raft consensus is shut down!
I20260710 11:09:56.799456 17750 tablet_replica.cc:333] T 78c02e427a644a67933a24d781b6a2f8 P 2362b1a1c6514bbfb2d563be4fcbb4d5: stopping tablet replica
I20260710 11:09:56.799904 17750 raft_consensus.cc:2243] T 78c02e427a644a67933a24d781b6a2f8 P 2362b1a1c6514bbfb2d563be4fcbb4d5 [term 5 FOLLOWER]: Raft consensus shutting down.
I20260710 11:09:56.800258 17750 raft_consensus.cc:2272] T 78c02e427a644a67933a24d781b6a2f8 P 2362b1a1c6514bbfb2d563be4fcbb4d5 [term 5 FOLLOWER]: Raft consensus is shut down!
I20260710 11:09:56.802098 17750 tablet_replica.cc:333] T 5a2ff4b15e884a97b0499cd5ccd20079 P 2362b1a1c6514bbfb2d563be4fcbb4d5: stopping tablet replica
I20260710 11:09:56.802574 17750 raft_consensus.cc:2243] T 5a2ff4b15e884a97b0499cd5ccd20079 P 2362b1a1c6514bbfb2d563be4fcbb4d5 [term 2 LEADER]: Raft consensus shutting down.
I20260710 11:09:56.803233 17750 raft_consensus.cc:2272] T 5a2ff4b15e884a97b0499cd5ccd20079 P 2362b1a1c6514bbfb2d563be4fcbb4d5 [term 2 FOLLOWER]: Raft consensus is shut down!
I20260710 11:09:56.804695 17750 tablet_replica.cc:333] T e7c688d601574d5dae24529baac69643 P 2362b1a1c6514bbfb2d563be4fcbb4d5: stopping tablet replica
I20260710 11:09:56.805131 17750 raft_consensus.cc:2243] T e7c688d601574d5dae24529baac69643 P 2362b1a1c6514bbfb2d563be4fcbb4d5 [term 3 FOLLOWER]: Raft consensus shutting down.
I20260710 11:09:56.805461 17750 raft_consensus.cc:2272] T e7c688d601574d5dae24529baac69643 P 2362b1a1c6514bbfb2d563be4fcbb4d5 [term 3 FOLLOWER]: Raft consensus is shut down!
I20260710 11:09:56.807574 17750 tablet_replica.cc:333] T 4c98b4cddaf44f439a4cd468ee5cae9e P 2362b1a1c6514bbfb2d563be4fcbb4d5: stopping tablet replica
I20260710 11:09:56.808022 17750 raft_consensus.cc:2243] T 4c98b4cddaf44f439a4cd468ee5cae9e P 2362b1a1c6514bbfb2d563be4fcbb4d5 [term 4 LEADER]: Raft consensus shutting down.
I20260710 11:09:56.808696 17750 raft_consensus.cc:2272] T 4c98b4cddaf44f439a4cd468ee5cae9e P 2362b1a1c6514bbfb2d563be4fcbb4d5 [term 4 FOLLOWER]: Raft consensus is shut down!
I20260710 11:09:56.810285 17750 tablet_replica.cc:333] T 3f3e0853014347a6b0436554a5d6d973 P 2362b1a1c6514bbfb2d563be4fcbb4d5: stopping tablet replica
I20260710 11:09:56.810727 17750 raft_consensus.cc:2243] T 3f3e0853014347a6b0436554a5d6d973 P 2362b1a1c6514bbfb2d563be4fcbb4d5 [term 2 LEADER]: Raft consensus shutting down.
I20260710 11:09:56.811353 17750 raft_consensus.cc:2272] T 3f3e0853014347a6b0436554a5d6d973 P 2362b1a1c6514bbfb2d563be4fcbb4d5 [term 2 FOLLOWER]: Raft consensus is shut down!
I20260710 11:09:56.812853 17750 tablet_replica.cc:333] T ca0cd4a6aeee4cffbb012bf9395673ef P 2362b1a1c6514bbfb2d563be4fcbb4d5: stopping tablet replica
I20260710 11:09:56.813284 17750 raft_consensus.cc:2243] T ca0cd4a6aeee4cffbb012bf9395673ef P 2362b1a1c6514bbfb2d563be4fcbb4d5 [term 3 FOLLOWER]: Raft consensus shutting down.
I20260710 11:09:56.813611 17750 raft_consensus.cc:2272] T ca0cd4a6aeee4cffbb012bf9395673ef P 2362b1a1c6514bbfb2d563be4fcbb4d5 [term 3 FOLLOWER]: Raft consensus is shut down!
I20260710 11:09:56.815745 17750 tablet_replica.cc:333] T bb58c68ee0084540993961bdf2156153 P 2362b1a1c6514bbfb2d563be4fcbb4d5: stopping tablet replica
I20260710 11:09:56.816207 17750 raft_consensus.cc:2243] T bb58c68ee0084540993961bdf2156153 P 2362b1a1c6514bbfb2d563be4fcbb4d5 [term 3 LEADER]: Raft consensus shutting down.
I20260710 11:09:56.816884 17750 raft_consensus.cc:2272] T bb58c68ee0084540993961bdf2156153 P 2362b1a1c6514bbfb2d563be4fcbb4d5 [term 3 FOLLOWER]: Raft consensus is shut down!
I20260710 11:09:56.818354 17750 tablet_replica.cc:333] T 7bbc459e8fda4b3bb73f6bdb6b988243 P 2362b1a1c6514bbfb2d563be4fcbb4d5: stopping tablet replica
I20260710 11:09:56.818733 17750 raft_consensus.cc:2243] T 7bbc459e8fda4b3bb73f6bdb6b988243 P 2362b1a1c6514bbfb2d563be4fcbb4d5 [term 3 FOLLOWER]: Raft consensus shutting down.
I20260710 11:09:56.819074 17750 raft_consensus.cc:2272] T 7bbc459e8fda4b3bb73f6bdb6b988243 P 2362b1a1c6514bbfb2d563be4fcbb4d5 [term 3 FOLLOWER]: Raft consensus is shut down!
W20260710 11:09:56.824687 18410 consensus_peers.cc:597] T a9f67370da434ef988717669af251e6f P 241800c6ab4c4339bc35e9af26786b65 -> Peer 2362b1a1c6514bbfb2d563be4fcbb4d5 (127.17.85.129:44175): Couldn't send request to peer 2362b1a1c6514bbfb2d563be4fcbb4d5. Status: Remote error: Service unavailable: service kudu.consensus.ConsensusService not registered on TabletServer. This is attempt 1: this message will repeat every 5th retry.
I20260710 11:09:56.846930 17750 tablet_server.cc:196] TabletServer@127.17.85.129:0 shutdown complete.
I20260710 11:09:56.865721 17750 tablet_server.cc:179] TabletServer@127.17.85.130:0 shutting down...
I20260710 11:09:56.888908 17750 ts_tablet_manager.cc:1507] Shutting down tablet manager...
I20260710 11:09:56.889509 17750 tablet_replica.cc:333] T a9f67370da434ef988717669af251e6f P 241800c6ab4c4339bc35e9af26786b65: stopping tablet replica
I20260710 11:09:56.890004 17750 raft_consensus.cc:2243] T a9f67370da434ef988717669af251e6f P 241800c6ab4c4339bc35e9af26786b65 [term 2 LEADER]: Raft consensus shutting down.
I20260710 11:09:56.890753 17750 raft_consensus.cc:2272] T a9f67370da434ef988717669af251e6f P 241800c6ab4c4339bc35e9af26786b65 [term 2 FOLLOWER]: Raft consensus is shut down!
I20260710 11:09:56.892467 17750 tablet_replica.cc:333] T cce8e930602d44d8b93c3931dc1052b7 P 241800c6ab4c4339bc35e9af26786b65: stopping tablet replica
I20260710 11:09:56.892935 17750 raft_consensus.cc:2243] T cce8e930602d44d8b93c3931dc1052b7 P 241800c6ab4c4339bc35e9af26786b65 [term 1 FOLLOWER]: Raft consensus shutting down.
I20260710 11:09:56.893272 17750 raft_consensus.cc:2272] T cce8e930602d44d8b93c3931dc1052b7 P 241800c6ab4c4339bc35e9af26786b65 [term 1 FOLLOWER]: Raft consensus is shut down!
I20260710 11:09:56.894809 17750 tablet_replica.cc:333] T 3f3e0853014347a6b0436554a5d6d973 P 241800c6ab4c4339bc35e9af26786b65: stopping tablet replica
I20260710 11:09:56.895221 17750 raft_consensus.cc:2243] T 3f3e0853014347a6b0436554a5d6d973 P 241800c6ab4c4339bc35e9af26786b65 [term 2 FOLLOWER]: Raft consensus shutting down.
I20260710 11:09:56.895578 17750 raft_consensus.cc:2272] T 3f3e0853014347a6b0436554a5d6d973 P 241800c6ab4c4339bc35e9af26786b65 [term 2 FOLLOWER]: Raft consensus is shut down!
I20260710 11:09:56.897147 17750 tablet_replica.cc:333] T 78c02e427a644a67933a24d781b6a2f8 P 241800c6ab4c4339bc35e9af26786b65: stopping tablet replica
I20260710 11:09:56.897580 17750 raft_consensus.cc:2243] T 78c02e427a644a67933a24d781b6a2f8 P 241800c6ab4c4339bc35e9af26786b65 [term 5 LEADER]: Raft consensus shutting down.
I20260710 11:09:56.898205 17750 raft_consensus.cc:2272] T 78c02e427a644a67933a24d781b6a2f8 P 241800c6ab4c4339bc35e9af26786b65 [term 5 FOLLOWER]: Raft consensus is shut down!
I20260710 11:09:56.899873 17750 tablet_replica.cc:333] T 5a2ff4b15e884a97b0499cd5ccd20079 P 241800c6ab4c4339bc35e9af26786b65: stopping tablet replica
I20260710 11:09:56.900345 17750 raft_consensus.cc:2243] T 5a2ff4b15e884a97b0499cd5ccd20079 P 241800c6ab4c4339bc35e9af26786b65 [term 2 FOLLOWER]: Raft consensus shutting down.
I20260710 11:09:56.900682 17750 raft_consensus.cc:2272] T 5a2ff4b15e884a97b0499cd5ccd20079 P 241800c6ab4c4339bc35e9af26786b65 [term 2 FOLLOWER]: Raft consensus is shut down!
I20260710 11:09:56.902197 17750 tablet_replica.cc:333] T ca0cd4a6aeee4cffbb012bf9395673ef P 241800c6ab4c4339bc35e9af26786b65: stopping tablet replica
I20260710 11:09:56.902591 17750 raft_consensus.cc:2243] T ca0cd4a6aeee4cffbb012bf9395673ef P 241800c6ab4c4339bc35e9af26786b65 [term 3 FOLLOWER]: Raft consensus shutting down.
I20260710 11:09:56.902922 17750 raft_consensus.cc:2272] T ca0cd4a6aeee4cffbb012bf9395673ef P 241800c6ab4c4339bc35e9af26786b65 [term 3 FOLLOWER]: Raft consensus is shut down!
I20260710 11:09:56.905051 17750 tablet_replica.cc:333] T bb58c68ee0084540993961bdf2156153 P 241800c6ab4c4339bc35e9af26786b65: stopping tablet replica
I20260710 11:09:56.905469 17750 raft_consensus.cc:2243] T bb58c68ee0084540993961bdf2156153 P 241800c6ab4c4339bc35e9af26786b65 [term 3 FOLLOWER]: Raft consensus shutting down.
I20260710 11:09:56.905790 17750 raft_consensus.cc:2272] T bb58c68ee0084540993961bdf2156153 P 241800c6ab4c4339bc35e9af26786b65 [term 3 FOLLOWER]: Raft consensus is shut down!
I20260710 11:09:56.907483 17750 tablet_replica.cc:333] T 7bbc459e8fda4b3bb73f6bdb6b988243 P 241800c6ab4c4339bc35e9af26786b65: stopping tablet replica
I20260710 11:09:56.908114 17750 raft_consensus.cc:2243] T 7bbc459e8fda4b3bb73f6bdb6b988243 P 241800c6ab4c4339bc35e9af26786b65 [term 3 FOLLOWER]: Raft consensus shutting down.
I20260710 11:09:56.908592 17750 raft_consensus.cc:2272] T 7bbc459e8fda4b3bb73f6bdb6b988243 P 241800c6ab4c4339bc35e9af26786b65 [term 3 FOLLOWER]: Raft consensus is shut down!
I20260710 11:09:56.910957 17750 tablet_replica.cc:333] T e7c688d601574d5dae24529baac69643 P 241800c6ab4c4339bc35e9af26786b65: stopping tablet replica
I20260710 11:09:56.911523 17750 raft_consensus.cc:2243] T e7c688d601574d5dae24529baac69643 P 241800c6ab4c4339bc35e9af26786b65 [term 3 LEADER]: Raft consensus shutting down.
W20260710 11:09:56.912212 18484 consensus_peers.cc:597] T cce8e930602d44d8b93c3931dc1052b7 P 85f83c1b5c634d9fa8e0d54c745d2cde -> Peer 2362b1a1c6514bbfb2d563be4fcbb4d5 (127.17.85.129:44175): Couldn't send request to peer 2362b1a1c6514bbfb2d563be4fcbb4d5. Status: Network error: Client connection negotiation failed: client connection to 127.17.85.129:44175: connect: Connection refused (error 111). This is attempt 1: this message will repeat every 5th retry.
I20260710 11:09:56.912292 17750 raft_consensus.cc:2272] T e7c688d601574d5dae24529baac69643 P 241800c6ab4c4339bc35e9af26786b65 [term 3 FOLLOWER]: Raft consensus is shut down!
I20260710 11:09:56.914671 17750 tablet_replica.cc:333] T 4c98b4cddaf44f439a4cd468ee5cae9e P 241800c6ab4c4339bc35e9af26786b65: stopping tablet replica
I20260710 11:09:56.915158 17750 raft_consensus.cc:2243] T 4c98b4cddaf44f439a4cd468ee5cae9e P 241800c6ab4c4339bc35e9af26786b65 [term 4 FOLLOWER]: Raft consensus shutting down.
I20260710 11:09:56.915690 17750 raft_consensus.cc:2272] T 4c98b4cddaf44f439a4cd468ee5cae9e P 241800c6ab4c4339bc35e9af26786b65 [term 4 FOLLOWER]: Raft consensus is shut down!
W20260710 11:09:56.917868 18484 consensus_peers.cc:597] T ca0cd4a6aeee4cffbb012bf9395673ef P 85f83c1b5c634d9fa8e0d54c745d2cde -> Peer 2362b1a1c6514bbfb2d563be4fcbb4d5 (127.17.85.129:44175): Couldn't send request to peer 2362b1a1c6514bbfb2d563be4fcbb4d5. Status: Network error: Client connection negotiation failed: client connection to 127.17.85.129:44175: connect: Connection refused (error 111). This is attempt 1: this message will repeat every 5th retry.
I20260710 11:09:56.942816 17750 tablet_server.cc:196] TabletServer@127.17.85.130:0 shutdown complete.
I20260710 11:09:56.959350 17750 tablet_server.cc:179] TabletServer@127.17.85.131:0 shutting down...
I20260710 11:09:56.979074 17750 ts_tablet_manager.cc:1507] Shutting down tablet manager...
I20260710 11:09:56.979739 17750 tablet_replica.cc:333] T cce8e930602d44d8b93c3931dc1052b7 P 85f83c1b5c634d9fa8e0d54c745d2cde: stopping tablet replica
I20260710 11:09:56.980337 17750 raft_consensus.cc:2243] T cce8e930602d44d8b93c3931dc1052b7 P 85f83c1b5c634d9fa8e0d54c745d2cde [term 1 LEADER]: Raft consensus shutting down.
I20260710 11:09:56.981133 17750 raft_consensus.cc:2272] T cce8e930602d44d8b93c3931dc1052b7 P 85f83c1b5c634d9fa8e0d54c745d2cde [term 1 FOLLOWER]: Raft consensus is shut down!
I20260710 11:09:56.982957 17750 tablet_replica.cc:333] T a9f67370da434ef988717669af251e6f P 85f83c1b5c634d9fa8e0d54c745d2cde: stopping tablet replica
I20260710 11:09:56.983472 17750 raft_consensus.cc:2243] T a9f67370da434ef988717669af251e6f P 85f83c1b5c634d9fa8e0d54c745d2cde [term 2 FOLLOWER]: Raft consensus shutting down.
I20260710 11:09:56.983894 17750 raft_consensus.cc:2272] T a9f67370da434ef988717669af251e6f P 85f83c1b5c634d9fa8e0d54c745d2cde [term 2 FOLLOWER]: Raft consensus is shut down!
I20260710 11:09:56.985423 17750 tablet_replica.cc:333] T 78c02e427a644a67933a24d781b6a2f8 P 85f83c1b5c634d9fa8e0d54c745d2cde: stopping tablet replica
I20260710 11:09:56.985904 17750 raft_consensus.cc:2243] T 78c02e427a644a67933a24d781b6a2f8 P 85f83c1b5c634d9fa8e0d54c745d2cde [term 5 FOLLOWER]: Raft consensus shutting down.
I20260710 11:09:56.986361 17750 raft_consensus.cc:2272] T 78c02e427a644a67933a24d781b6a2f8 P 85f83c1b5c634d9fa8e0d54c745d2cde [term 5 FOLLOWER]: Raft consensus is shut down!
I20260710 11:09:56.988683 17750 tablet_replica.cc:333] T 3f3e0853014347a6b0436554a5d6d973 P 85f83c1b5c634d9fa8e0d54c745d2cde: stopping tablet replica
I20260710 11:09:56.989172 17750 raft_consensus.cc:2243] T 3f3e0853014347a6b0436554a5d6d973 P 85f83c1b5c634d9fa8e0d54c745d2cde [term 2 FOLLOWER]: Raft consensus shutting down.
I20260710 11:09:56.989557 17750 raft_consensus.cc:2272] T 3f3e0853014347a6b0436554a5d6d973 P 85f83c1b5c634d9fa8e0d54c745d2cde [term 2 FOLLOWER]: Raft consensus is shut down!
I20260710 11:09:56.991087 17750 tablet_replica.cc:333] T bb58c68ee0084540993961bdf2156153 P 85f83c1b5c634d9fa8e0d54c745d2cde: stopping tablet replica
I20260710 11:09:56.991523 17750 raft_consensus.cc:2243] T bb58c68ee0084540993961bdf2156153 P 85f83c1b5c634d9fa8e0d54c745d2cde [term 3 FOLLOWER]: Raft consensus shutting down.
I20260710 11:09:56.991918 17750 raft_consensus.cc:2272] T bb58c68ee0084540993961bdf2156153 P 85f83c1b5c634d9fa8e0d54c745d2cde [term 3 FOLLOWER]: Raft consensus is shut down!
I20260710 11:09:56.993448 17750 tablet_replica.cc:333] T 7bbc459e8fda4b3bb73f6bdb6b988243 P 85f83c1b5c634d9fa8e0d54c745d2cde: stopping tablet replica
I20260710 11:09:56.993902 17750 raft_consensus.cc:2243] T 7bbc459e8fda4b3bb73f6bdb6b988243 P 85f83c1b5c634d9fa8e0d54c745d2cde [term 3 LEADER]: Raft consensus shutting down.
I20260710 11:09:56.994599 17750 raft_consensus.cc:2272] T 7bbc459e8fda4b3bb73f6bdb6b988243 P 85f83c1b5c634d9fa8e0d54c745d2cde [term 3 FOLLOWER]: Raft consensus is shut down!
I20260710 11:09:56.996354 17750 tablet_replica.cc:333] T 5a2ff4b15e884a97b0499cd5ccd20079 P 85f83c1b5c634d9fa8e0d54c745d2cde: stopping tablet replica
I20260710 11:09:56.996803 17750 raft_consensus.cc:2243] T 5a2ff4b15e884a97b0499cd5ccd20079 P 85f83c1b5c634d9fa8e0d54c745d2cde [term 2 FOLLOWER]: Raft consensus shutting down.
I20260710 11:09:56.997200 17750 raft_consensus.cc:2272] T 5a2ff4b15e884a97b0499cd5ccd20079 P 85f83c1b5c634d9fa8e0d54c745d2cde [term 2 FOLLOWER]: Raft consensus is shut down!
I20260710 11:09:56.998803 17750 tablet_replica.cc:333] T ca0cd4a6aeee4cffbb012bf9395673ef P 85f83c1b5c634d9fa8e0d54c745d2cde: stopping tablet replica
I20260710 11:09:56.999202 17750 raft_consensus.cc:2243] T ca0cd4a6aeee4cffbb012bf9395673ef P 85f83c1b5c634d9fa8e0d54c745d2cde [term 3 LEADER]: Raft consensus shutting down.
I20260710 11:09:56.999828 17750 raft_consensus.cc:2272] T ca0cd4a6aeee4cffbb012bf9395673ef P 85f83c1b5c634d9fa8e0d54c745d2cde [term 3 FOLLOWER]: Raft consensus is shut down!
I20260710 11:09:57.001560 17750 tablet_replica.cc:333] T e7c688d601574d5dae24529baac69643 P 85f83c1b5c634d9fa8e0d54c745d2cde: stopping tablet replica
I20260710 11:09:57.001952 17750 raft_consensus.cc:2243] T e7c688d601574d5dae24529baac69643 P 85f83c1b5c634d9fa8e0d54c745d2cde [term 3 FOLLOWER]: Raft consensus shutting down.
I20260710 11:09:57.002345 17750 raft_consensus.cc:2272] T e7c688d601574d5dae24529baac69643 P 85f83c1b5c634d9fa8e0d54c745d2cde [term 3 FOLLOWER]: Raft consensus is shut down!
I20260710 11:09:57.004007 17750 tablet_replica.cc:333] T 4c98b4cddaf44f439a4cd468ee5cae9e P 85f83c1b5c634d9fa8e0d54c745d2cde: stopping tablet replica
I20260710 11:09:57.004400 17750 raft_consensus.cc:2243] T 4c98b4cddaf44f439a4cd468ee5cae9e P 85f83c1b5c634d9fa8e0d54c745d2cde [term 4 FOLLOWER]: Raft consensus shutting down.
I20260710 11:09:57.004719 17750 raft_consensus.cc:2272] T 4c98b4cddaf44f439a4cd468ee5cae9e P 85f83c1b5c634d9fa8e0d54c745d2cde [term 4 FOLLOWER]: Raft consensus is shut down!
I20260710 11:09:57.030517 17750 tablet_server.cc:196] TabletServer@127.17.85.131:0 shutdown complete.
I20260710 11:09:57.047015 17750 master.cc:562] Master@127.17.85.190:35539 shutting down...
I20260710 11:09:57.063943 17750 raft_consensus.cc:2243] T 00000000000000000000000000000000 P c12afc0745ae4c0d9367719bb77b3aad [term 1 LEADER]: Raft consensus shutting down.
I20260710 11:09:57.064460 17750 raft_consensus.cc:2272] T 00000000000000000000000000000000 P c12afc0745ae4c0d9367719bb77b3aad [term 1 FOLLOWER]: Raft consensus is shut down!
I20260710 11:09:57.064749 17750 tablet_replica.cc:333] T 00000000000000000000000000000000 P c12afc0745ae4c0d9367719bb77b3aad: stopping tablet replica
I20260710 11:09:57.084102 17750 master.cc:584] Master@127.17.85.190:35539 shutdown complete.
2362b1a1c6514bbfb2d563be4fcbb4d5  5
241800c6ab4c4339bc35e9af26786b65  4
85f83c1b5c634d9fa8e0d54c745d2cde  1
[       OK ] LeaderRebalancerTest.FunctionalTestForNotDivided (10464 ms)
[ RUN      ] LeaderRebalancerTest.AddTserver
I20260710 11:09:57.119167 17750 internal_mini_cluster.cc:156] Creating distributed mini masters. Addrs: 127.17.85.190:35647
I20260710 11:09:57.120244 17750 file_cache.cc:504] Constructed file cache file cache with capacity 419430
W20260710 11:09:57.125422 18723 instance_detector.cc:116] could not retrieve AWS instance metadata: Network error: curl error: HTTP response code said error: The requested URL returned error: 404
W20260710 11:09:57.125497 18724 instance_detector.cc:116] could not retrieve Azure instance metadata: Network error: curl error: HTTP response code said error: The requested URL returned error: 404
W20260710 11:09:57.126791 18726 instance_detector.cc:116] could not retrieve OpenStack instance metadata: Network error: curl error: HTTP response code said error: The requested URL returned error: 404
I20260710 11:09:57.128192 17750 server_base.cc:1061] running on GCE node
I20260710 11:09:57.129009 17750 hybrid_clock.cc:584] initializing the hybrid clock with 'system_unsync' time source
W20260710 11:09:57.129204 17750 system_unsync_time.cc:38] NTP support is disabled. Clock error bounds will not be accurate. This configuration is not suitable for distributed clusters.
I20260710 11:09:57.129356 17750 hybrid_clock.cc:648] HybridClock initialized: now 1783681797129340 us; error 0 us; skew 500 ppm
I20260710 11:09:57.129881 17750 server_base.cc:861] Flag tcmalloc_max_total_thread_cache_bytes is not working since tcmalloc is not enabled.
I20260710 11:09:57.132177 17750 webserver.cc:533] Webserver started at http://127.17.85.190:44823/ using document root <none> and password file <none>
I20260710 11:09:57.132629 17750 fs_manager.cc:362] Metadata directory not provided
I20260710 11:09:57.132797 17750 fs_manager.cc:368] Using write-ahead log directory (fs_wal_dir) as metadata directory
I20260710 11:09:57.133052 17750 server_base.cc:909] This appears to be a new deployment of Kudu; creating new FS layout
I20260710 11:09:57.134359 17750 fs_manager.cc:1068] Generated new instance metadata in path /tmp/dist-test-task2KcbYd/test-tmp/auto_leader_rebalancer-test.0.LeaderRebalancerTest.AddTserver.1783681774156173-17750-0/minicluster-data/master-0-root/instance:
uuid: "7606ae7d802845dc9d9fd251d85893d1"
format_stamp: "Formatted at 2026-07-10 11:09:57 on dist-test-slave-pwgs"
I20260710 11:09:57.138630 17750 fs_manager.cc:696] Time spent creating directory manager: real 0.004s	user 0.003s	sys 0.000s
I20260710 11:09:57.141549 18731 log_block_manager.cc:4127] Time spent loading block containers with low live blocks: real 0.000s	user 0.000s	sys 0.000s
I20260710 11:09:57.142244 17750 fs_manager.cc:730] Time spent opening block manager: real 0.002s	user 0.002s	sys 0.001s
I20260710 11:09:57.142504 17750 fs_manager.cc:647] Opened local filesystem: /tmp/dist-test-task2KcbYd/test-tmp/auto_leader_rebalancer-test.0.LeaderRebalancerTest.AddTserver.1783681774156173-17750-0/minicluster-data/master-0-root
uuid: "7606ae7d802845dc9d9fd251d85893d1"
format_stamp: "Formatted at 2026-07-10 11:09:57 on dist-test-slave-pwgs"
I20260710 11:09:57.142745 17750 fs_report.cc:389] FS layout report
--------------------
wal directory: /tmp/dist-test-task2KcbYd/test-tmp/auto_leader_rebalancer-test.0.LeaderRebalancerTest.AddTserver.1783681774156173-17750-0/minicluster-data/master-0-root
metadata directory: /tmp/dist-test-task2KcbYd/test-tmp/auto_leader_rebalancer-test.0.LeaderRebalancerTest.AddTserver.1783681774156173-17750-0/minicluster-data/master-0-root
1 data directories: /tmp/dist-test-task2KcbYd/test-tmp/auto_leader_rebalancer-test.0.LeaderRebalancerTest.AddTserver.1783681774156173-17750-0/minicluster-data/master-0-root/data
Total live blocks: 0
Total live bytes: 0
Total live bytes (after alignment): 0
Total number of LBM containers: 0 (0 full)
Did not check for missing blocks
Did not check for orphaned blocks
Total full LBM containers with extra space: 0 (0 repaired)
Total full LBM container extra space in bytes: 0 (0 repaired)
Total incomplete LBM containers: 0 (0 repaired)
Total LBM partial records: 0 (0 repaired)
Total corrupted LBM metadata records in RocksDB: 0 (0 repaired)
I20260710 11:09:57.176694 17750 rpc_server.cc:225] running with OpenSSL 1.1.1  11 Sep 2018
I20260710 11:09:57.177883 17750 kserver.cc:163] Server-wide thread pool size limit: 3276
I20260710 11:09:57.213395 17750 rpc_server.cc:307] RPC server started. Bound to: 127.17.85.190:35647
I20260710 11:09:57.213490 18782 acceptor_pool.cc:272] collecting diagnostics on the listening RPC socket 127.17.85.190:35647 every 8 connection(s)
I20260710 11:09:57.217058 18783 data_dirs.cc:400] Could only allocate 1 dirs of requested 3 for tablet 00000000000000000000000000000000. 1 dirs total, 0 dirs full, 0 dirs failed
I20260710 11:09:57.226002 18783 tablet_bootstrap.cc:492] T 00000000000000000000000000000000 P 7606ae7d802845dc9d9fd251d85893d1: Bootstrap starting.
I20260710 11:09:57.230211 18783 tablet_bootstrap.cc:654] T 00000000000000000000000000000000 P 7606ae7d802845dc9d9fd251d85893d1: Neither blocks nor log segments found. Creating new log.
I20260710 11:09:57.233969 18783 tablet_bootstrap.cc:492] T 00000000000000000000000000000000 P 7606ae7d802845dc9d9fd251d85893d1: No bootstrap required, opened a new log
I20260710 11:09:57.235934 18783 raft_consensus.cc:359] T 00000000000000000000000000000000 P 7606ae7d802845dc9d9fd251d85893d1 [term 0 FOLLOWER]: Replica starting. Triggering 0 pending ops. Active config: opid_index: -1 OBSOLETE_local: true peers { permanent_uuid: "7606ae7d802845dc9d9fd251d85893d1" member_type: VOTER }
I20260710 11:09:57.236274 18783 raft_consensus.cc:385] T 00000000000000000000000000000000 P 7606ae7d802845dc9d9fd251d85893d1 [term 0 FOLLOWER]: Consensus starting up: Expiring failure detector timer to make a prompt election more likely
I20260710 11:09:57.236446 18783 raft_consensus.cc:740] T 00000000000000000000000000000000 P 7606ae7d802845dc9d9fd251d85893d1 [term 0 FOLLOWER]: Becoming Follower/Learner. State: Replica: 7606ae7d802845dc9d9fd251d85893d1, State: Initialized, Role: FOLLOWER
I20260710 11:09:57.236958 18783 consensus_queue.cc:260] T 00000000000000000000000000000000 P 7606ae7d802845dc9d9fd251d85893d1 [NON_LEADER]: Queue going to NON_LEADER mode. State: All replicated index: 0, Majority replicated index: 0, Committed index: 0, Last appended: 0.0, Last appended by leader: 0, Current term: 0, Majority size: -1, State: 0, Mode: NON_LEADER, active raft config: opid_index: -1 OBSOLETE_local: true peers { permanent_uuid: "7606ae7d802845dc9d9fd251d85893d1" member_type: VOTER }
I20260710 11:09:57.237363 18783 raft_consensus.cc:399] T 00000000000000000000000000000000 P 7606ae7d802845dc9d9fd251d85893d1 [term 0 FOLLOWER]: Only one voter in the Raft config. Triggering election immediately
I20260710 11:09:57.237550 18783 raft_consensus.cc:493] T 00000000000000000000000000000000 P 7606ae7d802845dc9d9fd251d85893d1 [term 0 FOLLOWER]: Starting leader election (initial election of a single-replica configuration)
I20260710 11:09:57.237766 18783 raft_consensus.cc:3060] T 00000000000000000000000000000000 P 7606ae7d802845dc9d9fd251d85893d1 [term 0 FOLLOWER]: Advancing to term 1
I20260710 11:09:57.241696 18783 raft_consensus.cc:515] T 00000000000000000000000000000000 P 7606ae7d802845dc9d9fd251d85893d1 [term 1 FOLLOWER]: Starting leader election with config: opid_index: -1 OBSOLETE_local: true peers { permanent_uuid: "7606ae7d802845dc9d9fd251d85893d1" member_type: VOTER }
I20260710 11:09:57.242131 18783 leader_election.cc:304] T 00000000000000000000000000000000 P 7606ae7d802845dc9d9fd251d85893d1 [CANDIDATE]: Term 1 election: Election decided. Result: candidate won. Election summary: received 1 responses out of 1 voters: 1 yes votes; 0 no votes. yes voters: 7606ae7d802845dc9d9fd251d85893d1; no voters: 
I20260710 11:09:57.243088 18783 leader_election.cc:290] T 00000000000000000000000000000000 P 7606ae7d802845dc9d9fd251d85893d1 [CANDIDATE]: Term 1 election: Requested vote from peers 
I20260710 11:09:57.243356 18786 raft_consensus.cc:2804] T 00000000000000000000000000000000 P 7606ae7d802845dc9d9fd251d85893d1 [term 1 FOLLOWER]: Leader election won for term 1
I20260710 11:09:57.244607 18786 raft_consensus.cc:697] T 00000000000000000000000000000000 P 7606ae7d802845dc9d9fd251d85893d1 [term 1 LEADER]: Becoming Leader. State: Replica: 7606ae7d802845dc9d9fd251d85893d1, State: Running, Role: LEADER
I20260710 11:09:57.245350 18786 consensus_queue.cc:237] T 00000000000000000000000000000000 P 7606ae7d802845dc9d9fd251d85893d1 [LEADER]: Queue going to LEADER mode. State: All replicated index: 0, Majority replicated index: 0, Committed index: 0, Last appended: 0.0, Last appended by leader: 0, Current term: 1, Majority size: 1, State: 0, Mode: LEADER, active raft config: opid_index: -1 OBSOLETE_local: true peers { permanent_uuid: "7606ae7d802845dc9d9fd251d85893d1" member_type: VOTER }
I20260710 11:09:57.246229 18783 sys_catalog.cc:565] T 00000000000000000000000000000000 P 7606ae7d802845dc9d9fd251d85893d1 [sys.catalog]: configured and running, proceeding with master startup.
I20260710 11:09:57.248217 18788 sys_catalog.cc:455] T 00000000000000000000000000000000 P 7606ae7d802845dc9d9fd251d85893d1 [sys.catalog]: SysCatalogTable state changed. Reason: New leader 7606ae7d802845dc9d9fd251d85893d1. Latest consensus state: current_term: 1 leader_uuid: "7606ae7d802845dc9d9fd251d85893d1" committed_config { opid_index: -1 OBSOLETE_local: true peers { permanent_uuid: "7606ae7d802845dc9d9fd251d85893d1" member_type: VOTER } }
I20260710 11:09:57.248588 18787 sys_catalog.cc:455] T 00000000000000000000000000000000 P 7606ae7d802845dc9d9fd251d85893d1 [sys.catalog]: SysCatalogTable state changed. Reason: RaftConsensus started. Latest consensus state: current_term: 1 leader_uuid: "7606ae7d802845dc9d9fd251d85893d1" committed_config { opid_index: -1 OBSOLETE_local: true peers { permanent_uuid: "7606ae7d802845dc9d9fd251d85893d1" member_type: VOTER } }
I20260710 11:09:57.248777 18788 sys_catalog.cc:458] T 00000000000000000000000000000000 P 7606ae7d802845dc9d9fd251d85893d1 [sys.catalog]: This master's current role is: LEADER
I20260710 11:09:57.249095 18787 sys_catalog.cc:458] T 00000000000000000000000000000000 P 7606ae7d802845dc9d9fd251d85893d1 [sys.catalog]: This master's current role is: LEADER
I20260710 11:09:57.251339 18791 catalog_manager.cc:1511] Loading table and tablet metadata into memory...
I20260710 11:09:57.258271 18791 catalog_manager.cc:1520] Initializing Kudu cluster ID...
I20260710 11:09:57.259692 17750 internal_mini_cluster.cc:184] Waiting to initialize catalog manager on master 0
I20260710 11:09:57.266952 18791 catalog_manager.cc:1383] Generated new cluster ID: 688d9a8709404b499138bb6df2600a50
I20260710 11:09:57.267206 18791 catalog_manager.cc:1531] Initializing Kudu internal certificate authority...
I20260710 11:09:57.286613 18791 catalog_manager.cc:1406] Generated new certificate authority record
I20260710 11:09:57.287781 18791 catalog_manager.cc:1540] Loading token signing keys...
I20260710 11:09:57.303546 18791 catalog_manager.cc:6070] T 00000000000000000000000000000000 P 7606ae7d802845dc9d9fd251d85893d1: Generated new TSK 0
I20260710 11:09:57.304103 18791 catalog_manager.cc:1550] Initializing in-progress tserver states...
I20260710 11:09:57.326303 17750 file_cache.cc:504] Constructed file cache file cache with capacity 419430
W20260710 11:09:57.331832 18804 instance_detector.cc:116] could not retrieve AWS instance metadata: Network error: curl error: HTTP response code said error: The requested URL returned error: 404
W20260710 11:09:57.332993 18805 instance_detector.cc:116] could not retrieve Azure instance metadata: Network error: curl error: HTTP response code said error: The requested URL returned error: 404
I20260710 11:09:57.336278 17750 server_base.cc:1061] running on GCE node
W20260710 11:09:57.336234 18807 instance_detector.cc:116] could not retrieve OpenStack instance metadata: Network error: curl error: HTTP response code said error: The requested URL returned error: 404
I20260710 11:09:57.337566 17750 hybrid_clock.cc:584] initializing the hybrid clock with 'system_unsync' time source
W20260710 11:09:57.337759 17750 system_unsync_time.cc:38] NTP support is disabled. Clock error bounds will not be accurate. This configuration is not suitable for distributed clusters.
I20260710 11:09:57.337909 17750 hybrid_clock.cc:648] HybridClock initialized: now 1783681797337891 us; error 0 us; skew 500 ppm
I20260710 11:09:57.338434 17750 server_base.cc:861] Flag tcmalloc_max_total_thread_cache_bytes is not working since tcmalloc is not enabled.
I20260710 11:09:57.340476 17750 webserver.cc:533] Webserver started at http://127.17.85.129:39547/ using document root <none> and password file <none>
I20260710 11:09:57.340909 17750 fs_manager.cc:362] Metadata directory not provided
I20260710 11:09:57.341082 17750 fs_manager.cc:368] Using write-ahead log directory (fs_wal_dir) as metadata directory
I20260710 11:09:57.341326 17750 server_base.cc:909] This appears to be a new deployment of Kudu; creating new FS layout
I20260710 11:09:57.342334 17750 fs_manager.cc:1068] Generated new instance metadata in path /tmp/dist-test-task2KcbYd/test-tmp/auto_leader_rebalancer-test.0.LeaderRebalancerTest.AddTserver.1783681774156173-17750-0/minicluster-data/ts-0-root/instance:
uuid: "70a1625d5b704a409abd28ebdc614a2b"
format_stamp: "Formatted at 2026-07-10 11:09:57 on dist-test-slave-pwgs"
I20260710 11:09:57.346706 17750 fs_manager.cc:696] Time spent creating directory manager: real 0.004s	user 0.003s	sys 0.000s
I20260710 11:09:57.349781 18812 log_block_manager.cc:4127] Time spent loading block containers with low live blocks: real 0.000s	user 0.000s	sys 0.000s
I20260710 11:09:57.350492 17750 fs_manager.cc:730] Time spent opening block manager: real 0.002s	user 0.002s	sys 0.001s
I20260710 11:09:57.350744 17750 fs_manager.cc:647] Opened local filesystem: /tmp/dist-test-task2KcbYd/test-tmp/auto_leader_rebalancer-test.0.LeaderRebalancerTest.AddTserver.1783681774156173-17750-0/minicluster-data/ts-0-root
uuid: "70a1625d5b704a409abd28ebdc614a2b"
format_stamp: "Formatted at 2026-07-10 11:09:57 on dist-test-slave-pwgs"
I20260710 11:09:57.350987 17750 fs_report.cc:389] FS layout report
--------------------
wal directory: /tmp/dist-test-task2KcbYd/test-tmp/auto_leader_rebalancer-test.0.LeaderRebalancerTest.AddTserver.1783681774156173-17750-0/minicluster-data/ts-0-root
metadata directory: /tmp/dist-test-task2KcbYd/test-tmp/auto_leader_rebalancer-test.0.LeaderRebalancerTest.AddTserver.1783681774156173-17750-0/minicluster-data/ts-0-root
1 data directories: /tmp/dist-test-task2KcbYd/test-tmp/auto_leader_rebalancer-test.0.LeaderRebalancerTest.AddTserver.1783681774156173-17750-0/minicluster-data/ts-0-root/data
Total live blocks: 0
Total live bytes: 0
Total live bytes (after alignment): 0
Total number of LBM containers: 0 (0 full)
Did not check for missing blocks
Did not check for orphaned blocks
Total full LBM containers with extra space: 0 (0 repaired)
Total full LBM container extra space in bytes: 0 (0 repaired)
Total incomplete LBM containers: 0 (0 repaired)
Total LBM partial records: 0 (0 repaired)
Total corrupted LBM metadata records in RocksDB: 0 (0 repaired)
I20260710 11:09:57.364606 17750 rpc_server.cc:225] running with OpenSSL 1.1.1  11 Sep 2018
I20260710 11:09:57.365698 17750 kserver.cc:163] Server-wide thread pool size limit: 3276
I20260710 11:09:57.367054 17750 txn_system_client.cc:432] TxnSystemClient initialization is disabled...
I20260710 11:09:57.369071 17750 ts_tablet_manager.cc:585] Loaded tablet metadata (0 total tablets, 0 live tablets)
I20260710 11:09:57.369256 17750 ts_tablet_manager.cc:531] Time spent load tablet metadata: real 0.000s	user 0.000s	sys 0.000s
I20260710 11:09:57.369468 17750 ts_tablet_manager.cc:616] Registered 0 tablets
I20260710 11:09:57.369622 17750 ts_tablet_manager.cc:595] Time spent register tablets: real 0.000s	user 0.000s	sys 0.000s
I20260710 11:09:57.406168 17750 rpc_server.cc:307] RPC server started. Bound to: 127.17.85.129:42097
I20260710 11:09:57.406283 18874 acceptor_pool.cc:272] collecting diagnostics on the listening RPC socket 127.17.85.129:42097 every 8 connection(s)
I20260710 11:09:57.410467 17750 file_cache.cc:504] Constructed file cache file cache with capacity 419430
W20260710 11:09:57.416842 18879 instance_detector.cc:116] could not retrieve AWS instance metadata: Network error: curl error: HTTP response code said error: The requested URL returned error: 404
W20260710 11:09:57.417704 18880 instance_detector.cc:116] could not retrieve Azure instance metadata: Network error: curl error: HTTP response code said error: The requested URL returned error: 404
W20260710 11:09:57.420060 18883 instance_detector.cc:116] could not retrieve OpenStack instance metadata: Network error: curl error: HTTP response code said error: The requested URL returned error: 404
I20260710 11:09:57.422045 17750 server_base.cc:1061] running on GCE node
I20260710 11:09:57.422889 17750 hybrid_clock.cc:584] initializing the hybrid clock with 'system_unsync' time source
W20260710 11:09:57.423060 17750 system_unsync_time.cc:38] NTP support is disabled. Clock error bounds will not be accurate. This configuration is not suitable for distributed clusters.
I20260710 11:09:57.423199 17750 hybrid_clock.cc:648] HybridClock initialized: now 1783681797423188 us; error 0 us; skew 500 ppm
I20260710 11:09:57.423631 17750 server_base.cc:861] Flag tcmalloc_max_total_thread_cache_bytes is not working since tcmalloc is not enabled.
I20260710 11:09:57.425575 17750 webserver.cc:533] Webserver started at http://127.17.85.130:43421/ using document root <none> and password file <none>
I20260710 11:09:57.425979 17750 fs_manager.cc:362] Metadata directory not provided
I20260710 11:09:57.426131 17750 fs_manager.cc:368] Using write-ahead log directory (fs_wal_dir) as metadata directory
I20260710 11:09:57.426409 17750 server_base.cc:909] This appears to be a new deployment of Kudu; creating new FS layout
I20260710 11:09:57.427726 17750 fs_manager.cc:1068] Generated new instance metadata in path /tmp/dist-test-task2KcbYd/test-tmp/auto_leader_rebalancer-test.0.LeaderRebalancerTest.AddTserver.1783681774156173-17750-0/minicluster-data/ts-1-root/instance:
uuid: "f7133bfb8e444e20be106eb0e654769c"
format_stamp: "Formatted at 2026-07-10 11:09:57 on dist-test-slave-pwgs"
I20260710 11:09:57.429507 18875 heartbeater.cc:344] Connected to a master server at 127.17.85.190:35647
I20260710 11:09:57.429816 18875 heartbeater.cc:461] Registering TS with master...
I20260710 11:09:57.430464 18875 heartbeater.cc:507] Master 127.17.85.190:35647 requested a full tablet report, sending...
I20260710 11:09:57.432379 17750 fs_manager.cc:696] Time spent creating directory manager: real 0.004s	user 0.004s	sys 0.000s
I20260710 11:09:57.432593 18748 ts_manager.cc:194] Registered new tserver with Master: 70a1625d5b704a409abd28ebdc614a2b (127.17.85.129:42097)
I20260710 11:09:57.434240 18748 master_service.cc:502] Signed X509 certificate for tserver {username='slave'} at 127.0.0.1:49356
I20260710 11:09:57.435576 18887 log_block_manager.cc:4127] Time spent loading block containers with low live blocks: real 0.000s	user 0.000s	sys 0.000s
I20260710 11:09:57.436353 17750 fs_manager.cc:730] Time spent opening block manager: real 0.002s	user 0.001s	sys 0.000s
I20260710 11:09:57.436586 17750 fs_manager.cc:647] Opened local filesystem: /tmp/dist-test-task2KcbYd/test-tmp/auto_leader_rebalancer-test.0.LeaderRebalancerTest.AddTserver.1783681774156173-17750-0/minicluster-data/ts-1-root
uuid: "f7133bfb8e444e20be106eb0e654769c"
format_stamp: "Formatted at 2026-07-10 11:09:57 on dist-test-slave-pwgs"
