I20260710 11:10:03.153849  7694 pending_rounds.cc:77] T 02d6b89120e1460fa7ab1279411c3a4d P 9408b8f4d84b4d97a611e8011043c040: Aborting op as it isn't in flight: id { term: 1 index: 3 } timestamp: 7305960664363307008 op_type: CHANGE_CONFIG_OP change_config_record { tablet_id: "02d6b89120e1460fa7ab1279411c3a4d" old_config { opid_index: 2 OBSOLETE_local: false peers { permanent_uuid: "9408b8f4d84b4d97a611e8011043c040" member_type: VOTER last_known_addr { host: "127.5.233.193" port: 32893 } attrs { replace: true } } peers { permanent_uuid: "d9f140bc591044bab14d096f7c00fba7" member_type: VOTER last_known_addr { host: "127.5.233.194" port: 36385 } } peers { permanent_uuid: "ef88ee002341425aa1045345352b4b32" member_type: VOTER last_known_addr { host: "127.5.233.195" port: 42713 } } peers { permanent_uuid: "1b53d4328b274bbab8c78e5e3ed1ebbf" member_type: NON_VOTER last_known_addr { host: "127.5.233.196" port: 34473 } attrs { promote: true } } } new_config { opid_index: 3 OBSOLETE_local: false peers { permanent_uuid: "9408b8f4d84b4d97a611e8011043c040" member_type: VOTER last_known_addr { host: "127.5.233.193" port: 32893 } attrs { replace: true } } peers { permanent_uuid: "d9f140bc591044bab14d096f7c00fba7" member_type: VOTER last_known_addr { host: "127.5.233.194" port: 36385 } } peers { permanent_uuid: "ef88ee002341425aa1045345352b4b32" member_type: VOTER last_known_addr { host: "127.5.233.195" port: 42713 } } peers { permanent_uuid: "1b53d4328b274bbab8c78e5e3ed1ebbf" member_type: VOTER last_known_addr { host: "127.5.233.196" port: 34473 } attrs { promote: false } } } }
I20260710 11:10:03.154745  7694 raft_consensus.cc:2917] T 02d6b89120e1460fa7ab1279411c3a4d P 9408b8f4d84b4d97a611e8011043c040 [term 1 FOLLOWER]: Aborting config change with OpId 1.3: Aborted: Op aborted
I20260710 11:10:03.155121  7694 raft_consensus.cc:2889] T 02d6b89120e1460fa7ab1279411c3a4d P 9408b8f4d84b4d97a611e8011043c040 [term 1 FOLLOWER]: CHANGE_CONFIG_OP replication failed: Aborted: Op aborted
I20260710 11:10:03.155467  7694 raft_consensus.cc:2272] T 02d6b89120e1460fa7ab1279411c3a4d P 9408b8f4d84b4d97a611e8011043c040 [term 1 FOLLOWER]: Raft consensus is shut down!
I20260710 11:10:03.159667  7694 ts_tablet_manager.cc:1916] T 02d6b89120e1460fa7ab1279411c3a4d P 9408b8f4d84b4d97a611e8011043c040: Deleting tablet data with delete state TABLET_DATA_TOMBSTONED
I20260710 11:10:03.161624  7312 tablet_service.cc:1558] Processing DeleteTablet for tablet 931f1aa54cf04abda095f59003da93ed with delete_type TABLET_DATA_TOMBSTONED (TS ef88ee002341425aa1045345352b4b32 not found in new config with opid_index 4) from {username='slave'} at 127.0.0.1:44020
I20260710 11:10:03.165074  7243 tablet_service.cc:1558] Processing DeleteTablet for tablet 306eba77796440b38d34bc82f250f60a with delete_type TABLET_DATA_TOMBSTONED (TS d9f140bc591044bab14d096f7c00fba7 not found in new config with opid_index 4) from {username='slave'} at 127.0.0.1:36062
I20260710 11:10:03.170300  7078 catalog_manager.cc:5697] T 8e20fea3d8804f079a8f31feecc28ede P 1b53d4328b274bbab8c78e5e3ed1ebbf reported cstate change: config changed from index 3 to 4, VOTER d9f140bc591044bab14d096f7c00fba7 (127.5.233.194) evicted. New cstate: current_term: 1 leader_uuid: "9408b8f4d84b4d97a611e8011043c040" committed_config { opid_index: 4 OBSOLETE_local: false peers { permanent_uuid: "9408b8f4d84b4d97a611e8011043c040" member_type: VOTER last_known_addr { host: "127.5.233.193" port: 32893 } } peers { permanent_uuid: "ef88ee002341425aa1045345352b4b32" member_type: VOTER last_known_addr { host: "127.5.233.195" port: 42713 } } peers { permanent_uuid: "1b53d4328b274bbab8c78e5e3ed1ebbf" member_type: VOTER last_known_addr { host: "127.5.233.196" port: 34473 } attrs { promote: false } } }
I20260710 11:10:03.174702  7694 ts_tablet_manager.cc:1929] T 02d6b89120e1460fa7ab1279411c3a4d P 9408b8f4d84b4d97a611e8011043c040: tablet deleted with delete type TABLET_DATA_TOMBSTONED: last-logged OpId 1.3
I20260710 11:10:03.175189  7694 log.cc:1199] T 02d6b89120e1460fa7ab1279411c3a4d P 9408b8f4d84b4d97a611e8011043c040: Deleting WAL directory at /tmp/dist-test-taskx1mPE9/test-tmp/auto_leader_rebalancer-test.0.LeaderRebalancerTest.AddTserver.1783681773685425-6055-0/minicluster-data/ts-0-root/wals/02d6b89120e1460fa7ab1279411c3a4d
I20260710 11:10:03.176863  7066 catalog_manager.cc:5028] TS 9408b8f4d84b4d97a611e8011043c040 (127.5.233.193:32893): tablet 02d6b89120e1460fa7ab1279411c3a4d (table test-workload [id=4de7723df01f42ceb5582e81bdcba6f1]) successfully deleted
I20260710 11:10:03.177088  7696 tablet_replica.cc:333] T 306eba77796440b38d34bc82f250f60a P d9f140bc591044bab14d096f7c00fba7: stopping tablet replica
I20260710 11:10:03.179447  7696 raft_consensus.cc:2243] T 306eba77796440b38d34bc82f250f60a P d9f140bc591044bab14d096f7c00fba7 [term 1 FOLLOWER]: Raft consensus shutting down.
I20260710 11:10:03.180163  7696 raft_consensus.cc:2272] T 306eba77796440b38d34bc82f250f60a P d9f140bc591044bab14d096f7c00fba7 [term 1 FOLLOWER]: Raft consensus is shut down!
I20260710 11:10:03.184479  7695 tablet_replica.cc:333] T 931f1aa54cf04abda095f59003da93ed P ef88ee002341425aa1045345352b4b32: stopping tablet replica
I20260710 11:10:03.185463  7695 raft_consensus.cc:2243] T 931f1aa54cf04abda095f59003da93ed P ef88ee002341425aa1045345352b4b32 [term 1 FOLLOWER]: Raft consensus shutting down.
I20260710 11:10:03.185636  7696 ts_tablet_manager.cc:1916] T 306eba77796440b38d34bc82f250f60a P d9f140bc591044bab14d096f7c00fba7: Deleting tablet data with delete state TABLET_DATA_TOMBSTONED
I20260710 11:10:03.186093  7695 raft_consensus.cc:2272] T 931f1aa54cf04abda095f59003da93ed P ef88ee002341425aa1045345352b4b32 [term 1 FOLLOWER]: Raft consensus is shut down!
I20260710 11:10:03.189100  7695 ts_tablet_manager.cc:1916] T 931f1aa54cf04abda095f59003da93ed P ef88ee002341425aa1045345352b4b32: Deleting tablet data with delete state TABLET_DATA_TOMBSTONED
I20260710 11:10:03.192108  7243 tablet_service.cc:1558] Processing DeleteTablet for tablet 8e20fea3d8804f079a8f31feecc28ede with delete_type TABLET_DATA_TOMBSTONED (TS d9f140bc591044bab14d096f7c00fba7 not found in new config with opid_index 4) from {username='slave'} at 127.0.0.1:36062
I20260710 11:10:03.199831  7696 ts_tablet_manager.cc:1929] T 306eba77796440b38d34bc82f250f60a P d9f140bc591044bab14d096f7c00fba7: tablet deleted with delete type TABLET_DATA_TOMBSTONED: last-logged OpId 1.3
I20260710 11:10:03.200233  7696 log.cc:1199] T 306eba77796440b38d34bc82f250f60a P d9f140bc591044bab14d096f7c00fba7: Deleting WAL directory at /tmp/dist-test-taskx1mPE9/test-tmp/auto_leader_rebalancer-test.0.LeaderRebalancerTest.AddTserver.1783681773685425-6055-0/minicluster-data/ts-1-root/wals/306eba77796440b38d34bc82f250f60a
I20260710 11:10:03.200960  7695 ts_tablet_manager.cc:1929] T 931f1aa54cf04abda095f59003da93ed P ef88ee002341425aa1045345352b4b32: tablet deleted with delete type TABLET_DATA_TOMBSTONED: last-logged OpId 1.3
I20260710 11:10:03.201335  7695 log.cc:1199] T 931f1aa54cf04abda095f59003da93ed P ef88ee002341425aa1045345352b4b32: Deleting WAL directory at /tmp/dist-test-taskx1mPE9/test-tmp/auto_leader_rebalancer-test.0.LeaderRebalancerTest.AddTserver.1783681773685425-6055-0/minicluster-data/ts-2-root/wals/931f1aa54cf04abda095f59003da93ed
I20260710 11:10:03.201732  7696 tablet_replica.cc:333] T 8e20fea3d8804f079a8f31feecc28ede P d9f140bc591044bab14d096f7c00fba7: stopping tablet replica
I20260710 11:10:03.201627  7067 catalog_manager.cc:5028] TS d9f140bc591044bab14d096f7c00fba7 (127.5.233.194:36385): tablet 306eba77796440b38d34bc82f250f60a (table test-workload [id=4de7723df01f42ceb5582e81bdcba6f1]) successfully deleted
I20260710 11:10:03.202677  7696 raft_consensus.cc:2243] T 8e20fea3d8804f079a8f31feecc28ede P d9f140bc591044bab14d096f7c00fba7 [term 1 FOLLOWER]: Raft consensus shutting down.
I20260710 11:10:03.202636  7067 catalog_manager.cc:5028] TS ef88ee002341425aa1045345352b4b32 (127.5.233.195:42713): tablet 931f1aa54cf04abda095f59003da93ed (table test-workload [id=4de7723df01f42ceb5582e81bdcba6f1]) successfully deleted
I20260710 11:10:03.203330  7696 pending_rounds.cc:70] T 8e20fea3d8804f079a8f31feecc28ede P d9f140bc591044bab14d096f7c00fba7: Trying to abort 1 pending ops.
I20260710 11:10:03.203578  7696 pending_rounds.cc:77] T 8e20fea3d8804f079a8f31feecc28ede P d9f140bc591044bab14d096f7c00fba7: Aborting op as it isn't in flight: id { term: 1 index: 3 } timestamp: 7305960664517541888 op_type: CHANGE_CONFIG_OP change_config_record { tablet_id: "8e20fea3d8804f079a8f31feecc28ede" old_config { opid_index: 2 OBSOLETE_local: false peers { permanent_uuid: "9408b8f4d84b4d97a611e8011043c040" member_type: VOTER last_known_addr { host: "127.5.233.193" port: 32893 } } peers { permanent_uuid: "d9f140bc591044bab14d096f7c00fba7" member_type: VOTER last_known_addr { host: "127.5.233.194" port: 36385 } attrs { replace: true } } peers { permanent_uuid: "ef88ee002341425aa1045345352b4b32" member_type: VOTER last_known_addr { host: "127.5.233.195" port: 42713 } } peers { permanent_uuid: "1b53d4328b274bbab8c78e5e3ed1ebbf" member_type: NON_VOTER last_known_addr { host: "127.5.233.196" port: 34473 } attrs { promote: true } } } new_config { opid_index: 3 OBSOLETE_local: false peers { permanent_uuid: "9408b8f4d84b4d97a611e8011043c040" member_type: VOTER last_known_addr { host: "127.5.233.193" port: 32893 } } peers { permanent_uuid: "d9f140bc591044bab14d096f7c00fba7" member_type: VOTER last_known_addr { host: "127.5.233.194" port: 36385 } attrs { replace: true } } peers { permanent_uuid: "ef88ee002341425aa1045345352b4b32" member_type: VOTER last_known_addr { host: "127.5.233.195" port: 42713 } } peers { permanent_uuid: "1b53d4328b274bbab8c78e5e3ed1ebbf" member_type: VOTER last_known_addr { host: "127.5.233.196" port: 34473 } attrs { promote: false } } } }
I20260710 11:10:03.204324  7696 raft_consensus.cc:2917] T 8e20fea3d8804f079a8f31feecc28ede P d9f140bc591044bab14d096f7c00fba7 [term 1 FOLLOWER]: Aborting config change with OpId 1.3: Aborted: Op aborted
I20260710 11:10:03.204624  7696 raft_consensus.cc:2889] T 8e20fea3d8804f079a8f31feecc28ede P d9f140bc591044bab14d096f7c00fba7 [term 1 FOLLOWER]: CHANGE_CONFIG_OP replication failed: Aborted: Op aborted
I20260710 11:10:03.204895  7696 raft_consensus.cc:2272] T 8e20fea3d8804f079a8f31feecc28ede P d9f140bc591044bab14d096f7c00fba7 [term 1 FOLLOWER]: Raft consensus is shut down!
I20260710 11:10:03.207122  7696 ts_tablet_manager.cc:1916] T 8e20fea3d8804f079a8f31feecc28ede P d9f140bc591044bab14d096f7c00fba7: Deleting tablet data with delete state TABLET_DATA_TOMBSTONED
I20260710 11:10:03.217374  7696 ts_tablet_manager.cc:1929] T 8e20fea3d8804f079a8f31feecc28ede P d9f140bc591044bab14d096f7c00fba7: tablet deleted with delete type TABLET_DATA_TOMBSTONED: last-logged OpId 1.3
I20260710 11:10:03.217698  7696 log.cc:1199] T 8e20fea3d8804f079a8f31feecc28ede P d9f140bc591044bab14d096f7c00fba7: Deleting WAL directory at /tmp/dist-test-taskx1mPE9/test-tmp/auto_leader_rebalancer-test.0.LeaderRebalancerTest.AddTserver.1783681773685425-6055-0/minicluster-data/ts-1-root/wals/8e20fea3d8804f079a8f31feecc28ede
I20260710 11:10:03.218894  7067 catalog_manager.cc:5028] TS d9f140bc591044bab14d096f7c00fba7 (127.5.233.194:36385): tablet 8e20fea3d8804f079a8f31feecc28ede (table test-workload [id=4de7723df01f42ceb5582e81bdcba6f1]) successfully deleted
I20260710 11:10:04.319775  7256 consensus_queue.cc:237] T a265644aa6864be3900742962ede345b P d9f140bc591044bab14d096f7c00fba7 [LEADER]: Queue going to LEADER mode. State: All replicated index: 0, Majority replicated index: 1, Committed index: 1, Last appended: 1.1, Last appended by leader: 0, Current term: 1, Majority size: 2, State: 0, Mode: LEADER, active raft config: opid_index: 2 OBSOLETE_local: false peers { permanent_uuid: "9408b8f4d84b4d97a611e8011043c040" member_type: VOTER last_known_addr { host: "127.5.233.193" port: 32893 } } peers { permanent_uuid: "d9f140bc591044bab14d096f7c00fba7" member_type: VOTER last_known_addr { host: "127.5.233.194" port: 36385 } } peers { permanent_uuid: "ef88ee002341425aa1045345352b4b32" member_type: VOTER last_known_addr { host: "127.5.233.195" port: 42713 } attrs { replace: true } } peers { permanent_uuid: "1b53d4328b274bbab8c78e5e3ed1ebbf" member_type: NON_VOTER last_known_addr { host: "127.5.233.196" port: 34473 } attrs { promote: true } }
W20260710 11:10:04.796777  7223 consensus_peers.cc:597] T a265644aa6864be3900742962ede345b P d9f140bc591044bab14d096f7c00fba7 -> Peer 1b53d4328b274bbab8c78e5e3ed1ebbf (127.5.233.196:34473): Couldn't send request to peer 1b53d4328b274bbab8c78e5e3ed1ebbf. Error code: TABLET_NOT_FOUND (6). Status: Not found: Tablet not found: a265644aa6864be3900742962ede345b. This is attempt 1: this message will repeat every 5th retry.
I20260710 11:10:04.808645  7182 raft_consensus.cc:1275] T a265644aa6864be3900742962ede345b P 9408b8f4d84b4d97a611e8011043c040 [term 1 FOLLOWER]: Refusing update from remote peer d9f140bc591044bab14d096f7c00fba7: Log matching property violated. Preceding OpId in replica: term: 1 index: 1. Preceding OpId from leader: term: 1 index: 2. (index mismatch)
I20260710 11:10:04.810645  7700 consensus_queue.cc:1048] T a265644aa6864be3900742962ede345b P d9f140bc591044bab14d096f7c00fba7 [LEADER]: Connected to new peer: Peer: permanent_uuid: "9408b8f4d84b4d97a611e8011043c040" member_type: VOTER last_known_addr { host: "127.5.233.193" port: 32893 }, Status: LMP_MISMATCH, Last received: 0.0, Next index: 2, Last known committed idx: 1, Time since last communication: 0.001s
I20260710 11:10:04.820935  7330 raft_consensus.cc:1275] T a265644aa6864be3900742962ede345b P ef88ee002341425aa1045345352b4b32 [term 1 FOLLOWER]: Refusing update from remote peer d9f140bc591044bab14d096f7c00fba7: Log matching property violated. Preceding OpId in replica: term: 1 index: 1. Preceding OpId from leader: term: 1 index: 2. (index mismatch)
I20260710 11:10:04.821978  7706 raft_consensus.cc:2955] T a265644aa6864be3900742962ede345b P d9f140bc591044bab14d096f7c00fba7 [term 1 LEADER]: Committing config change with OpId 1.2: config changed from index -1 to 2, NON_VOTER 1b53d4328b274bbab8c78e5e3ed1ebbf (127.5.233.196) added. New config: { opid_index: 2 OBSOLETE_local: false peers { permanent_uuid: "9408b8f4d84b4d97a611e8011043c040" member_type: VOTER last_known_addr { host: "127.5.233.193" port: 32893 } } peers { permanent_uuid: "d9f140bc591044bab14d096f7c00fba7" member_type: VOTER last_known_addr { host: "127.5.233.194" port: 36385 } } peers { permanent_uuid: "ef88ee002341425aa1045345352b4b32" member_type: VOTER last_known_addr { host: "127.5.233.195" port: 42713 } attrs { replace: true } } peers { permanent_uuid: "1b53d4328b274bbab8c78e5e3ed1ebbf" member_type: NON_VOTER last_known_addr { host: "127.5.233.196" port: 34473 } attrs { promote: true } } }
I20260710 11:10:04.824563  7182 raft_consensus.cc:2955] T a265644aa6864be3900742962ede345b P 9408b8f4d84b4d97a611e8011043c040 [term 1 FOLLOWER]: Committing config change with OpId 1.2: config changed from index -1 to 2, NON_VOTER 1b53d4328b274bbab8c78e5e3ed1ebbf (127.5.233.196) added. New config: { opid_index: 2 OBSOLETE_local: false peers { permanent_uuid: "9408b8f4d84b4d97a611e8011043c040" member_type: VOTER last_known_addr { host: "127.5.233.193" port: 32893 } } peers { permanent_uuid: "d9f140bc591044bab14d096f7c00fba7" member_type: VOTER last_known_addr { host: "127.5.233.194" port: 36385 } } peers { permanent_uuid: "ef88ee002341425aa1045345352b4b32" member_type: VOTER last_known_addr { host: "127.5.233.195" port: 42713 } attrs { replace: true } } peers { permanent_uuid: "1b53d4328b274bbab8c78e5e3ed1ebbf" member_type: NON_VOTER last_known_addr { host: "127.5.233.196" port: 34473 } attrs { promote: true } } }
I20260710 11:10:04.837167  7684 consensus_queue.cc:1048] T a265644aa6864be3900742962ede345b P d9f140bc591044bab14d096f7c00fba7 [LEADER]: Connected to new peer: Peer: permanent_uuid: "ef88ee002341425aa1045345352b4b32" member_type: VOTER last_known_addr { host: "127.5.233.195" port: 42713 } attrs { replace: true }, Status: LMP_MISMATCH, Last received: 0.0, Next index: 2, Last known committed idx: 1, Time since last communication: 0.001s
I20260710 11:10:04.849841  7327 raft_consensus.cc:2955] T a265644aa6864be3900742962ede345b P ef88ee002341425aa1045345352b4b32 [term 1 FOLLOWER]: Committing config change with OpId 1.2: config changed from index -1 to 2, NON_VOTER 1b53d4328b274bbab8c78e5e3ed1ebbf (127.5.233.196) added. New config: { opid_index: 2 OBSOLETE_local: false peers { permanent_uuid: "9408b8f4d84b4d97a611e8011043c040" member_type: VOTER last_known_addr { host: "127.5.233.193" port: 32893 } } peers { permanent_uuid: "d9f140bc591044bab14d096f7c00fba7" member_type: VOTER last_known_addr { host: "127.5.233.194" port: 36385 } } peers { permanent_uuid: "ef88ee002341425aa1045345352b4b32" member_type: VOTER last_known_addr { host: "127.5.233.195" port: 42713 } attrs { replace: true } } peers { permanent_uuid: "1b53d4328b274bbab8c78e5e3ed1ebbf" member_type: NON_VOTER last_known_addr { host: "127.5.233.196" port: 34473 } attrs { promote: true } } }
I20260710 11:10:04.857024  7078 catalog_manager.cc:5697] T a265644aa6864be3900742962ede345b P 9408b8f4d84b4d97a611e8011043c040 reported cstate change: config changed from index -1 to 2, NON_VOTER 1b53d4328b274bbab8c78e5e3ed1ebbf (127.5.233.196) added. New cstate: current_term: 1 leader_uuid: "d9f140bc591044bab14d096f7c00fba7" committed_config { opid_index: 2 OBSOLETE_local: false peers { permanent_uuid: "9408b8f4d84b4d97a611e8011043c040" member_type: VOTER last_known_addr { host: "127.5.233.193" port: 32893 } } peers { permanent_uuid: "d9f140bc591044bab14d096f7c00fba7" member_type: VOTER last_known_addr { host: "127.5.233.194" port: 36385 } } peers { permanent_uuid: "ef88ee002341425aa1045345352b4b32" member_type: VOTER last_known_addr { host: "127.5.233.195" port: 42713 } attrs { replace: true } } peers { permanent_uuid: "1b53d4328b274bbab8c78e5e3ed1ebbf" member_type: NON_VOTER last_known_addr { host: "127.5.233.196" port: 34473 } attrs { promote: true } } }
I20260710 11:10:04.879019  7327 consensus_queue.cc:237] T 224b3512563a4177b159f3f90bc1c721 P ef88ee002341425aa1045345352b4b32 [LEADER]: Queue going to LEADER mode. State: All replicated index: 0, Majority replicated index: 1, Committed index: 1, Last appended: 1.1, Last appended by leader: 0, Current term: 1, Majority size: 2, State: 0, Mode: LEADER, active raft config: opid_index: 2 OBSOLETE_local: false peers { permanent_uuid: "9408b8f4d84b4d97a611e8011043c040" member_type: VOTER last_known_addr { host: "127.5.233.193" port: 32893 } attrs { replace: true } } peers { permanent_uuid: "d9f140bc591044bab14d096f7c00fba7" member_type: VOTER last_known_addr { host: "127.5.233.194" port: 36385 } } peers { permanent_uuid: "ef88ee002341425aa1045345352b4b32" member_type: VOTER last_known_addr { host: "127.5.233.195" port: 42713 } } peers { permanent_uuid: "1b53d4328b274bbab8c78e5e3ed1ebbf" member_type: NON_VOTER last_known_addr { host: "127.5.233.196" port: 34473 } attrs { promote: true } }
I20260710 11:10:04.893625  7182 raft_consensus.cc:1275] T 224b3512563a4177b159f3f90bc1c721 P 9408b8f4d84b4d97a611e8011043c040 [term 1 FOLLOWER]: Refusing update from remote peer ef88ee002341425aa1045345352b4b32: Log matching property violated. Preceding OpId in replica: term: 1 index: 1. Preceding OpId from leader: term: 1 index: 2. (index mismatch)
I20260710 11:10:04.895200  7711 consensus_queue.cc:1048] T 224b3512563a4177b159f3f90bc1c721 P ef88ee002341425aa1045345352b4b32 [LEADER]: Connected to new peer: Peer: permanent_uuid: "9408b8f4d84b4d97a611e8011043c040" member_type: VOTER last_known_addr { host: "127.5.233.193" port: 32893 } attrs { replace: true }, Status: LMP_MISMATCH, Last received: 0.0, Next index: 2, Last known committed idx: 1, Time since last communication: 0.001s
I20260710 11:10:04.895983  7254 raft_consensus.cc:1275] T 224b3512563a4177b159f3f90bc1c721 P d9f140bc591044bab14d096f7c00fba7 [term 1 FOLLOWER]: Refusing update from remote peer ef88ee002341425aa1045345352b4b32: Log matching property violated. Preceding OpId in replica: term: 1 index: 1. Preceding OpId from leader: term: 1 index: 2. (index mismatch)
I20260710 11:10:04.897481  7709 consensus_queue.cc:1048] T 224b3512563a4177b159f3f90bc1c721 P ef88ee002341425aa1045345352b4b32 [LEADER]: Connected to new peer: Peer: permanent_uuid: "d9f140bc591044bab14d096f7c00fba7" member_type: VOTER last_known_addr { host: "127.5.233.194" port: 36385 }, Status: LMP_MISMATCH, Last received: 0.0, Next index: 2, Last known committed idx: 1, Time since last communication: 0.001s
W20260710 11:10:04.918538  7297 consensus_peers.cc:597] T 224b3512563a4177b159f3f90bc1c721 P ef88ee002341425aa1045345352b4b32 -> Peer 1b53d4328b274bbab8c78e5e3ed1ebbf (127.5.233.196:34473): Couldn't send request to peer 1b53d4328b274bbab8c78e5e3ed1ebbf. Error code: TABLET_NOT_FOUND (6). Status: Not found: Tablet not found: 224b3512563a4177b159f3f90bc1c721. This is attempt 1: this message will repeat every 5th retry.
I20260710 11:10:04.922026  7711 raft_consensus.cc:2955] T 224b3512563a4177b159f3f90bc1c721 P ef88ee002341425aa1045345352b4b32 [term 1 LEADER]: Committing config change with OpId 1.2: config changed from index -1 to 2, NON_VOTER 1b53d4328b274bbab8c78e5e3ed1ebbf (127.5.233.196) added. New config: { opid_index: 2 OBSOLETE_local: false peers { permanent_uuid: "9408b8f4d84b4d97a611e8011043c040" member_type: VOTER last_known_addr { host: "127.5.233.193" port: 32893 } attrs { replace: true } } peers { permanent_uuid: "d9f140bc591044bab14d096f7c00fba7" member_type: VOTER last_known_addr { host: "127.5.233.194" port: 36385 } } peers { permanent_uuid: "ef88ee002341425aa1045345352b4b32" member_type: VOTER last_known_addr { host: "127.5.233.195" port: 42713 } } peers { permanent_uuid: "1b53d4328b274bbab8c78e5e3ed1ebbf" member_type: NON_VOTER last_known_addr { host: "127.5.233.196" port: 34473 } attrs { promote: true } } }
I20260710 11:10:04.923624  7182 raft_consensus.cc:2955] T 224b3512563a4177b159f3f90bc1c721 P 9408b8f4d84b4d97a611e8011043c040 [term 1 FOLLOWER]: Committing config change with OpId 1.2: config changed from index -1 to 2, NON_VOTER 1b53d4328b274bbab8c78e5e3ed1ebbf (127.5.233.196) added. New config: { opid_index: 2 OBSOLETE_local: false peers { permanent_uuid: "9408b8f4d84b4d97a611e8011043c040" member_type: VOTER last_known_addr { host: "127.5.233.193" port: 32893 } attrs { replace: true } } peers { permanent_uuid: "d9f140bc591044bab14d096f7c00fba7" member_type: VOTER last_known_addr { host: "127.5.233.194" port: 36385 } } peers { permanent_uuid: "ef88ee002341425aa1045345352b4b32" member_type: VOTER last_known_addr { host: "127.5.233.195" port: 42713 } } peers { permanent_uuid: "1b53d4328b274bbab8c78e5e3ed1ebbf" member_type: NON_VOTER last_known_addr { host: "127.5.233.196" port: 34473 } attrs { promote: true } } }
I20260710 11:10:04.927124  7254 raft_consensus.cc:2955] T 224b3512563a4177b159f3f90bc1c721 P d9f140bc591044bab14d096f7c00fba7 [term 1 FOLLOWER]: Committing config change with OpId 1.2: config changed from index -1 to 2, NON_VOTER 1b53d4328b274bbab8c78e5e3ed1ebbf (127.5.233.196) added. New config: { opid_index: 2 OBSOLETE_local: false peers { permanent_uuid: "9408b8f4d84b4d97a611e8011043c040" member_type: VOTER last_known_addr { host: "127.5.233.193" port: 32893 } attrs { replace: true } } peers { permanent_uuid: "d9f140bc591044bab14d096f7c00fba7" member_type: VOTER last_known_addr { host: "127.5.233.194" port: 36385 } } peers { permanent_uuid: "ef88ee002341425aa1045345352b4b32" member_type: VOTER last_known_addr { host: "127.5.233.195" port: 42713 } } peers { permanent_uuid: "1b53d4328b274bbab8c78e5e3ed1ebbf" member_type: NON_VOTER last_known_addr { host: "127.5.233.196" port: 34473 } attrs { promote: true } } }
I20260710 11:10:04.942214  7077 catalog_manager.cc:5697] T 224b3512563a4177b159f3f90bc1c721 P ef88ee002341425aa1045345352b4b32 reported cstate change: config changed from index -1 to 2, NON_VOTER 1b53d4328b274bbab8c78e5e3ed1ebbf (127.5.233.196) added. New cstate: current_term: 1 leader_uuid: "ef88ee002341425aa1045345352b4b32" committed_config { opid_index: 2 OBSOLETE_local: false peers { permanent_uuid: "9408b8f4d84b4d97a611e8011043c040" member_type: VOTER last_known_addr { host: "127.5.233.193" port: 32893 } attrs { replace: true } health_report { overall_health: HEALTHY } } peers { permanent_uuid: "d9f140bc591044bab14d096f7c00fba7" member_type: VOTER last_known_addr { host: "127.5.233.194" port: 36385 } health_report { overall_health: HEALTHY } } peers { permanent_uuid: "ef88ee002341425aa1045345352b4b32" member_type: VOTER last_known_addr { host: "127.5.233.195" port: 42713 } health_report { overall_health: HEALTHY } } peers { permanent_uuid: "1b53d4328b274bbab8c78e5e3ed1ebbf" member_type: NON_VOTER last_known_addr { host: "127.5.233.196" port: 34473 } attrs { promote: true } health_report { overall_health: UNKNOWN } } }
I20260710 11:10:04.946979  7254 consensus_queue.cc:237] T 81c486f5fb514cb38cb5e98ad48dbbb9 P d9f140bc591044bab14d096f7c00fba7 [LEADER]: Queue going to LEADER mode. State: All replicated index: 0, Majority replicated index: 1, Committed index: 1, Last appended: 1.1, Last appended by leader: 0, Current term: 1, Majority size: 2, State: 0, Mode: LEADER, active raft config: opid_index: 2 OBSOLETE_local: false peers { permanent_uuid: "9408b8f4d84b4d97a611e8011043c040" member_type: VOTER last_known_addr { host: "127.5.233.193" port: 32893 } } peers { permanent_uuid: "d9f140bc591044bab14d096f7c00fba7" member_type: VOTER last_known_addr { host: "127.5.233.194" port: 36385 } } peers { permanent_uuid: "ef88ee002341425aa1045345352b4b32" member_type: VOTER last_known_addr { host: "127.5.233.195" port: 42713 } attrs { replace: true } } peers { permanent_uuid: "1b53d4328b274bbab8c78e5e3ed1ebbf" member_type: NON_VOTER last_known_addr { host: "127.5.233.196" port: 34473 } attrs { promote: true } }
W20260710 11:10:04.956585  7223 consensus_peers.cc:597] T 81c486f5fb514cb38cb5e98ad48dbbb9 P d9f140bc591044bab14d096f7c00fba7 -> Peer 1b53d4328b274bbab8c78e5e3ed1ebbf (127.5.233.196:34473): Couldn't send request to peer 1b53d4328b274bbab8c78e5e3ed1ebbf. Error code: TABLET_NOT_FOUND (6). Status: Not found: Tablet not found: 81c486f5fb514cb38cb5e98ad48dbbb9. This is attempt 1: this message will repeat every 5th retry.
I20260710 11:10:04.957675  7327 raft_consensus.cc:1275] T 81c486f5fb514cb38cb5e98ad48dbbb9 P ef88ee002341425aa1045345352b4b32 [term 1 FOLLOWER]: Refusing update from remote peer d9f140bc591044bab14d096f7c00fba7: Log matching property violated. Preceding OpId in replica: term: 1 index: 1. Preceding OpId from leader: term: 1 index: 2. (index mismatch)
I20260710 11:10:04.959956  7182 raft_consensus.cc:1275] T 81c486f5fb514cb38cb5e98ad48dbbb9 P 9408b8f4d84b4d97a611e8011043c040 [term 1 FOLLOWER]: Refusing update from remote peer d9f140bc591044bab14d096f7c00fba7: Log matching property violated. Preceding OpId in replica: term: 1 index: 1. Preceding OpId from leader: term: 1 index: 2. (index mismatch)
I20260710 11:10:04.962482  7684 consensus_queue.cc:1048] T 81c486f5fb514cb38cb5e98ad48dbbb9 P d9f140bc591044bab14d096f7c00fba7 [LEADER]: Connected to new peer: Peer: permanent_uuid: "9408b8f4d84b4d97a611e8011043c040" member_type: VOTER last_known_addr { host: "127.5.233.193" port: 32893 }, Status: LMP_MISMATCH, Last received: 0.0, Next index: 2, Last known committed idx: 1, Time since last communication: 0.000s
I20260710 11:10:04.969369  7706 consensus_queue.cc:1048] T 81c486f5fb514cb38cb5e98ad48dbbb9 P d9f140bc591044bab14d096f7c00fba7 [LEADER]: Connected to new peer: Peer: permanent_uuid: "ef88ee002341425aa1045345352b4b32" member_type: VOTER last_known_addr { host: "127.5.233.195" port: 42713 } attrs { replace: true }, Status: LMP_MISMATCH, Last received: 0.0, Next index: 2, Last known committed idx: 1, Time since last communication: 0.000s
I20260710 11:10:04.977504  7705 raft_consensus.cc:2955] T 81c486f5fb514cb38cb5e98ad48dbbb9 P d9f140bc591044bab14d096f7c00fba7 [term 1 LEADER]: Committing config change with OpId 1.2: config changed from index -1 to 2, NON_VOTER 1b53d4328b274bbab8c78e5e3ed1ebbf (127.5.233.196) added. New config: { opid_index: 2 OBSOLETE_local: false peers { permanent_uuid: "9408b8f4d84b4d97a611e8011043c040" member_type: VOTER last_known_addr { host: "127.5.233.193" port: 32893 } } peers { permanent_uuid: "d9f140bc591044bab14d096f7c00fba7" member_type: VOTER last_known_addr { host: "127.5.233.194" port: 36385 } } peers { permanent_uuid: "ef88ee002341425aa1045345352b4b32" member_type: VOTER last_known_addr { host: "127.5.233.195" port: 42713 } attrs { replace: true } } peers { permanent_uuid: "1b53d4328b274bbab8c78e5e3ed1ebbf" member_type: NON_VOTER last_known_addr { host: "127.5.233.196" port: 34473 } attrs { promote: true } } }
I20260710 11:10:04.979674  7181 raft_consensus.cc:2955] T 81c486f5fb514cb38cb5e98ad48dbbb9 P 9408b8f4d84b4d97a611e8011043c040 [term 1 FOLLOWER]: Committing config change with OpId 1.2: config changed from index -1 to 2, NON_VOTER 1b53d4328b274bbab8c78e5e3ed1ebbf (127.5.233.196) added. New config: { opid_index: 2 OBSOLETE_local: false peers { permanent_uuid: "9408b8f4d84b4d97a611e8011043c040" member_type: VOTER last_known_addr { host: "127.5.233.193" port: 32893 } } peers { permanent_uuid: "d9f140bc591044bab14d096f7c00fba7" member_type: VOTER last_known_addr { host: "127.5.233.194" port: 36385 } } peers { permanent_uuid: "ef88ee002341425aa1045345352b4b32" member_type: VOTER last_known_addr { host: "127.5.233.195" port: 42713 } attrs { replace: true } } peers { permanent_uuid: "1b53d4328b274bbab8c78e5e3ed1ebbf" member_type: NON_VOTER last_known_addr { host: "127.5.233.196" port: 34473 } attrs { promote: true } } }
I20260710 11:10:04.990540  7182 consensus_queue.cc:237] T 20e43f6cb8b742369ac129a16f095cf0 P 9408b8f4d84b4d97a611e8011043c040 [LEADER]: Queue going to LEADER mode. State: All replicated index: 0, Majority replicated index: 1, Committed index: 1, Last appended: 1.1, Last appended by leader: 0, Current term: 1, Majority size: 2, State: 0, Mode: LEADER, active raft config: opid_index: 2 OBSOLETE_local: false peers { permanent_uuid: "9408b8f4d84b4d97a611e8011043c040" member_type: VOTER last_known_addr { host: "127.5.233.193" port: 32893 } } peers { permanent_uuid: "d9f140bc591044bab14d096f7c00fba7" member_type: VOTER last_known_addr { host: "127.5.233.194" port: 36385 } attrs { replace: true } } peers { permanent_uuid: "ef88ee002341425aa1045345352b4b32" member_type: VOTER last_known_addr { host: "127.5.233.195" port: 42713 } } peers { permanent_uuid: "1b53d4328b274bbab8c78e5e3ed1ebbf" member_type: NON_VOTER last_known_addr { host: "127.5.233.196" port: 34473 } attrs { promote: true } }
I20260710 11:10:04.995708  7078 catalog_manager.cc:5697] T 81c486f5fb514cb38cb5e98ad48dbbb9 P d9f140bc591044bab14d096f7c00fba7 reported cstate change: config changed from index -1 to 2, NON_VOTER 1b53d4328b274bbab8c78e5e3ed1ebbf (127.5.233.196) added. New cstate: current_term: 1 leader_uuid: "d9f140bc591044bab14d096f7c00fba7" committed_config { opid_index: 2 OBSOLETE_local: false peers { permanent_uuid: "9408b8f4d84b4d97a611e8011043c040" member_type: VOTER last_known_addr { host: "127.5.233.193" port: 32893 } health_report { overall_health: HEALTHY } } peers { permanent_uuid: "d9f140bc591044bab14d096f7c00fba7" member_type: VOTER last_known_addr { host: "127.5.233.194" port: 36385 } health_report { overall_health: HEALTHY } } peers { permanent_uuid: "ef88ee002341425aa1045345352b4b32" member_type: VOTER last_known_addr { host: "127.5.233.195" port: 42713 } attrs { replace: true } health_report { overall_health: UNKNOWN } } peers { permanent_uuid: "1b53d4328b274bbab8c78e5e3ed1ebbf" member_type: NON_VOTER last_known_addr { host: "127.5.233.196" port: 34473 } attrs { promote: true } health_report { overall_health: UNKNOWN } } }
I20260710 11:10:05.001715  7327 raft_consensus.cc:2955] T 81c486f5fb514cb38cb5e98ad48dbbb9 P ef88ee002341425aa1045345352b4b32 [term 1 FOLLOWER]: Committing config change with OpId 1.2: config changed from index -1 to 2, NON_VOTER 1b53d4328b274bbab8c78e5e3ed1ebbf (127.5.233.196) added. New config: { opid_index: 2 OBSOLETE_local: false peers { permanent_uuid: "9408b8f4d84b4d97a611e8011043c040" member_type: VOTER last_known_addr { host: "127.5.233.193" port: 32893 } } peers { permanent_uuid: "d9f140bc591044bab14d096f7c00fba7" member_type: VOTER last_known_addr { host: "127.5.233.194" port: 36385 } } peers { permanent_uuid: "ef88ee002341425aa1045345352b4b32" member_type: VOTER last_known_addr { host: "127.5.233.195" port: 42713 } attrs { replace: true } } peers { permanent_uuid: "1b53d4328b274bbab8c78e5e3ed1ebbf" member_type: NON_VOTER last_known_addr { host: "127.5.233.196" port: 34473 } attrs { promote: true } } }
I20260710 11:10:05.011735  7329 raft_consensus.cc:1275] T 20e43f6cb8b742369ac129a16f095cf0 P ef88ee002341425aa1045345352b4b32 [term 1 FOLLOWER]: Refusing update from remote peer 9408b8f4d84b4d97a611e8011043c040: Log matching property violated. Preceding OpId in replica: term: 1 index: 1. Preceding OpId from leader: term: 1 index: 2. (index mismatch)
W20260710 11:10:05.011860  7148 consensus_peers.cc:597] T 20e43f6cb8b742369ac129a16f095cf0 P 9408b8f4d84b4d97a611e8011043c040 -> Peer 1b53d4328b274bbab8c78e5e3ed1ebbf (127.5.233.196:34473): Couldn't send request to peer 1b53d4328b274bbab8c78e5e3ed1ebbf. Error code: TABLET_NOT_FOUND (6). Status: Not found: Tablet not found: 20e43f6cb8b742369ac129a16f095cf0. This is attempt 1: this message will repeat every 5th retry.
I20260710 11:10:05.013669  7254 raft_consensus.cc:1275] T 20e43f6cb8b742369ac129a16f095cf0 P d9f140bc591044bab14d096f7c00fba7 [term 1 FOLLOWER]: Refusing update from remote peer 9408b8f4d84b4d97a611e8011043c040: Log matching property violated. Preceding OpId in replica: term: 1 index: 1. Preceding OpId from leader: term: 1 index: 2. (index mismatch)
I20260710 11:10:05.015293  7701 consensus_queue.cc:1048] T 20e43f6cb8b742369ac129a16f095cf0 P 9408b8f4d84b4d97a611e8011043c040 [LEADER]: Connected to new peer: Peer: permanent_uuid: "ef88ee002341425aa1045345352b4b32" member_type: VOTER last_known_addr { host: "127.5.233.195" port: 42713 }, Status: LMP_MISMATCH, Last received: 0.0, Next index: 2, Last known committed idx: 1, Time since last communication: 0.001s
I20260710 11:10:05.017463  7457 consensus_queue.cc:1048] T 20e43f6cb8b742369ac129a16f095cf0 P 9408b8f4d84b4d97a611e8011043c040 [LEADER]: Connected to new peer: Peer: permanent_uuid: "d9f140bc591044bab14d096f7c00fba7" member_type: VOTER last_known_addr { host: "127.5.233.194" port: 36385 } attrs { replace: true }, Status: LMP_MISMATCH, Last received: 0.0, Next index: 2, Last known committed idx: 1, Time since last communication: 0.001s
I20260710 11:10:05.034284  7701 raft_consensus.cc:2955] T 20e43f6cb8b742369ac129a16f095cf0 P 9408b8f4d84b4d97a611e8011043c040 [term 1 LEADER]: Committing config change with OpId 1.2: config changed from index -1 to 2, NON_VOTER 1b53d4328b274bbab8c78e5e3ed1ebbf (127.5.233.196) added. New config: { opid_index: 2 OBSOLETE_local: false peers { permanent_uuid: "9408b8f4d84b4d97a611e8011043c040" member_type: VOTER last_known_addr { host: "127.5.233.193" port: 32893 } } peers { permanent_uuid: "d9f140bc591044bab14d096f7c00fba7" member_type: VOTER last_known_addr { host: "127.5.233.194" port: 36385 } attrs { replace: true } } peers { permanent_uuid: "ef88ee002341425aa1045345352b4b32" member_type: VOTER last_known_addr { host: "127.5.233.195" port: 42713 } } peers { permanent_uuid: "1b53d4328b274bbab8c78e5e3ed1ebbf" member_type: NON_VOTER last_known_addr { host: "127.5.233.196" port: 34473 } attrs { promote: true } } }
I20260710 11:10:05.036484  7254 raft_consensus.cc:2955] T 20e43f6cb8b742369ac129a16f095cf0 P d9f140bc591044bab14d096f7c00fba7 [term 1 FOLLOWER]: Committing config change with OpId 1.2: config changed from index -1 to 2, NON_VOTER 1b53d4328b274bbab8c78e5e3ed1ebbf (127.5.233.196) added. New config: { opid_index: 2 OBSOLETE_local: false peers { permanent_uuid: "9408b8f4d84b4d97a611e8011043c040" member_type: VOTER last_known_addr { host: "127.5.233.193" port: 32893 } } peers { permanent_uuid: "d9f140bc591044bab14d096f7c00fba7" member_type: VOTER last_known_addr { host: "127.5.233.194" port: 36385 } attrs { replace: true } } peers { permanent_uuid: "ef88ee002341425aa1045345352b4b32" member_type: VOTER last_known_addr { host: "127.5.233.195" port: 42713 } } peers { permanent_uuid: "1b53d4328b274bbab8c78e5e3ed1ebbf" member_type: NON_VOTER last_known_addr { host: "127.5.233.196" port: 34473 } attrs { promote: true } } }
I20260710 11:10:05.040488  7327 raft_consensus.cc:2955] T 20e43f6cb8b742369ac129a16f095cf0 P ef88ee002341425aa1045345352b4b32 [term 1 FOLLOWER]: Committing config change with OpId 1.2: config changed from index -1 to 2, NON_VOTER 1b53d4328b274bbab8c78e5e3ed1ebbf (127.5.233.196) added. New config: { opid_index: 2 OBSOLETE_local: false peers { permanent_uuid: "9408b8f4d84b4d97a611e8011043c040" member_type: VOTER last_known_addr { host: "127.5.233.193" port: 32893 } } peers { permanent_uuid: "d9f140bc591044bab14d096f7c00fba7" member_type: VOTER last_known_addr { host: "127.5.233.194" port: 36385 } attrs { replace: true } } peers { permanent_uuid: "ef88ee002341425aa1045345352b4b32" member_type: VOTER last_known_addr { host: "127.5.233.195" port: 42713 } } peers { permanent_uuid: "1b53d4328b274bbab8c78e5e3ed1ebbf" member_type: NON_VOTER last_known_addr { host: "127.5.233.196" port: 34473 } attrs { promote: true } } }
I20260710 11:10:05.051476  7078 catalog_manager.cc:5697] T 20e43f6cb8b742369ac129a16f095cf0 P 9408b8f4d84b4d97a611e8011043c040 reported cstate change: config changed from index -1 to 2, NON_VOTER 1b53d4328b274bbab8c78e5e3ed1ebbf (127.5.233.196) added. New cstate: current_term: 1 leader_uuid: "9408b8f4d84b4d97a611e8011043c040" committed_config { opid_index: 2 OBSOLETE_local: false peers { permanent_uuid: "9408b8f4d84b4d97a611e8011043c040" member_type: VOTER last_known_addr { host: "127.5.233.193" port: 32893 } health_report { overall_health: HEALTHY } } peers { permanent_uuid: "d9f140bc591044bab14d096f7c00fba7" member_type: VOTER last_known_addr { host: "127.5.233.194" port: 36385 } attrs { replace: true } health_report { overall_health: HEALTHY } } peers { permanent_uuid: "ef88ee002341425aa1045345352b4b32" member_type: VOTER last_known_addr { host: "127.5.233.195" port: 42713 } health_report { overall_health: HEALTHY } } peers { permanent_uuid: "1b53d4328b274bbab8c78e5e3ed1ebbf" member_type: NON_VOTER last_known_addr { host: "127.5.233.196" port: 34473 } attrs { promote: true } health_report { overall_health: UNKNOWN } } }
I20260710 11:10:05.296891  7731 ts_tablet_manager.cc:933] T a265644aa6864be3900742962ede345b P 1b53d4328b274bbab8c78e5e3ed1ebbf: Initiating tablet copy from peer d9f140bc591044bab14d096f7c00fba7 (127.5.233.194:36385)
I20260710 11:10:05.298825  7731 tablet_copy_client.cc:323] T a265644aa6864be3900742962ede345b P 1b53d4328b274bbab8c78e5e3ed1ebbf: tablet copy: Beginning tablet copy session from remote peer at address 127.5.233.194:36385
I20260710 11:10:05.300680  7267 tablet_copy_service.cc:140] P d9f140bc591044bab14d096f7c00fba7: Received BeginTabletCopySession request for tablet a265644aa6864be3900742962ede345b from peer 1b53d4328b274bbab8c78e5e3ed1ebbf ({username='slave'} at 127.0.0.1:44412)
I20260710 11:10:05.301295  7267 tablet_copy_service.cc:161] P d9f140bc591044bab14d096f7c00fba7: Beginning new tablet copy session on tablet a265644aa6864be3900742962ede345b from peer 1b53d4328b274bbab8c78e5e3ed1ebbf at {username='slave'} at 127.0.0.1:44412: session id = 1b53d4328b274bbab8c78e5e3ed1ebbf-a265644aa6864be3900742962ede345b
W20260710 11:10:05.305053  7278 debug-util.cc:398] Leaking SignalData structure 0x7b08000c54c0 after lost signal to thread 6058
W20260710 11:10:05.306166  7278 debug-util.cc:398] Leaking SignalData structure 0x7b080009c7c0 after lost signal to thread 7114
W20260710 11:10:05.307296  7278 debug-util.cc:398] Leaking SignalData structure 0x7b080027c560 after lost signal to thread 7206
I20260710 11:10:05.308022  7267 tablet_copy_source_session.cc:215] T a265644aa6864be3900742962ede345b P d9f140bc591044bab14d096f7c00fba7: Tablet Copy: opened 0 blocks and 1 log segments
W20260710 11:10:05.308323  7278 debug-util.cc:398] Leaking SignalData structure 0x7b080003b700 after lost signal to thread 7281
I20260710 11:10:05.311666  7731 data_dirs.cc:400] Could only allocate 1 dirs of requested 3 for tablet a265644aa6864be3900742962ede345b. 1 dirs total, 0 dirs full, 0 dirs failed
I20260710 11:10:05.330331  7731 tablet_copy_client.cc:806] T a265644aa6864be3900742962ede345b P 1b53d4328b274bbab8c78e5e3ed1ebbf: tablet copy: Starting download of 0 data blocks...
I20260710 11:10:05.331111  7731 tablet_copy_client.cc:670] T a265644aa6864be3900742962ede345b P 1b53d4328b274bbab8c78e5e3ed1ebbf: tablet copy: Starting download of 1 WAL segments...
I20260710 11:10:05.340376  7731 tablet_copy_client.cc:538] T a265644aa6864be3900742962ede345b P 1b53d4328b274bbab8c78e5e3ed1ebbf: tablet copy: Tablet Copy complete. Replacing tablet superblock.
I20260710 11:10:05.350798  7731 tablet_bootstrap.cc:492] T a265644aa6864be3900742962ede345b P 1b53d4328b274bbab8c78e5e3ed1ebbf: Bootstrap starting.
I20260710 11:10:05.375340  7731 tablet_bootstrap.cc:492] T a265644aa6864be3900742962ede345b P 1b53d4328b274bbab8c78e5e3ed1ebbf: Bootstrap replayed 1/1 log segments. Stats: ops{read=2 overwritten=0 applied=2 ignored=0} inserts{seen=0 ignored=0} mutations{seen=0 ignored=0} orphaned_commits=0. Pending: 0 replicates
I20260710 11:10:05.376616  7731 tablet_bootstrap.cc:492] T a265644aa6864be3900742962ede345b P 1b53d4328b274bbab8c78e5e3ed1ebbf: Bootstrap complete.
I20260710 11:10:05.377458  7731 ts_tablet_manager.cc:1403] T a265644aa6864be3900742962ede345b P 1b53d4328b274bbab8c78e5e3ed1ebbf: Time spent bootstrapping tablet: real 0.027s	user 0.014s	sys 0.013s
I20260710 11:10:05.380810  7731 raft_consensus.cc:359] T a265644aa6864be3900742962ede345b P 1b53d4328b274bbab8c78e5e3ed1ebbf [term 1 LEARNER]: Replica starting. Triggering 0 pending ops. Active config: opid_index: 2 OBSOLETE_local: false peers { permanent_uuid: "9408b8f4d84b4d97a611e8011043c040" member_type: VOTER last_known_addr { host: "127.5.233.193" port: 32893 } } peers { permanent_uuid: "d9f140bc591044bab14d096f7c00fba7" member_type: VOTER last_known_addr { host: "127.5.233.194" port: 36385 } } peers { permanent_uuid: "ef88ee002341425aa1045345352b4b32" member_type: VOTER last_known_addr { host: "127.5.233.195" port: 42713 } attrs { replace: true } } peers { permanent_uuid: "1b53d4328b274bbab8c78e5e3ed1ebbf" member_type: NON_VOTER last_known_addr { host: "127.5.233.196" port: 34473 } attrs { promote: true } }
I20260710 11:10:05.381769  7731 raft_consensus.cc:740] T a265644aa6864be3900742962ede345b P 1b53d4328b274bbab8c78e5e3ed1ebbf [term 1 LEARNER]: Becoming Follower/Learner. State: Replica: 1b53d4328b274bbab8c78e5e3ed1ebbf, State: Initialized, Role: LEARNER
I20260710 11:10:05.382544  7731 consensus_queue.cc:260] T a265644aa6864be3900742962ede345b P 1b53d4328b274bbab8c78e5e3ed1ebbf [NON_LEADER]: Queue going to NON_LEADER mode. State: All replicated index: 0, Majority replicated index: 0, Committed index: 2, Last appended: 1.2, Last appended by leader: 2, Current term: 0, Majority size: -1, State: 0, Mode: NON_LEADER, active raft config: opid_index: 2 OBSOLETE_local: false peers { permanent_uuid: "9408b8f4d84b4d97a611e8011043c040" member_type: VOTER last_known_addr { host: "127.5.233.193" port: 32893 } } peers { permanent_uuid: "d9f140bc591044bab14d096f7c00fba7" member_type: VOTER last_known_addr { host: "127.5.233.194" port: 36385 } } peers { permanent_uuid: "ef88ee002341425aa1045345352b4b32" member_type: VOTER last_known_addr { host: "127.5.233.195" port: 42713 } attrs { replace: true } } peers { permanent_uuid: "1b53d4328b274bbab8c78e5e3ed1ebbf" member_type: NON_VOTER last_known_addr { host: "127.5.233.196" port: 34473 } attrs { promote: true } }
I20260710 11:10:05.385958  7731 ts_tablet_manager.cc:1434] T a265644aa6864be3900742962ede345b P 1b53d4328b274bbab8c78e5e3ed1ebbf: Time spent starting tablet: real 0.008s	user 0.004s	sys 0.004s
I20260710 11:10:05.388412  7267 tablet_copy_service.cc:342] P d9f140bc591044bab14d096f7c00fba7: Request end of tablet copy session 1b53d4328b274bbab8c78e5e3ed1ebbf-a265644aa6864be3900742962ede345b received from {username='slave'} at 127.0.0.1:44412
I20260710 11:10:05.388931  7267 tablet_copy_service.cc:434] P d9f140bc591044bab14d096f7c00fba7: ending tablet copy session 1b53d4328b274bbab8c78e5e3ed1ebbf-a265644aa6864be3900742962ede345b on tablet a265644aa6864be3900742962ede345b with peer 1b53d4328b274bbab8c78e5e3ed1ebbf
I20260710 11:10:05.426987  7731 ts_tablet_manager.cc:933] T 81c486f5fb514cb38cb5e98ad48dbbb9 P 1b53d4328b274bbab8c78e5e3ed1ebbf: Initiating tablet copy from peer d9f140bc591044bab14d096f7c00fba7 (127.5.233.194:36385)
I20260710 11:10:05.431035  7731 tablet_copy_client.cc:323] T 81c486f5fb514cb38cb5e98ad48dbbb9 P 1b53d4328b274bbab8c78e5e3ed1ebbf: tablet copy: Beginning tablet copy session from remote peer at address 127.5.233.194:36385
I20260710 11:10:05.432760  7267 tablet_copy_service.cc:140] P d9f140bc591044bab14d096f7c00fba7: Received BeginTabletCopySession request for tablet 81c486f5fb514cb38cb5e98ad48dbbb9 from peer 1b53d4328b274bbab8c78e5e3ed1ebbf ({username='slave'} at 127.0.0.1:44412)
I20260710 11:10:05.433375  7267 tablet_copy_service.cc:161] P d9f140bc591044bab14d096f7c00fba7: Beginning new tablet copy session on tablet 81c486f5fb514cb38cb5e98ad48dbbb9 from peer 1b53d4328b274bbab8c78e5e3ed1ebbf at {username='slave'} at 127.0.0.1:44412: session id = 1b53d4328b274bbab8c78e5e3ed1ebbf-81c486f5fb514cb38cb5e98ad48dbbb9
I20260710 11:10:05.444996  7267 tablet_copy_source_session.cc:215] T 81c486f5fb514cb38cb5e98ad48dbbb9 P d9f140bc591044bab14d096f7c00fba7: Tablet Copy: opened 0 blocks and 1 log segments
I20260710 11:10:05.449055  7731 data_dirs.cc:400] Could only allocate 1 dirs of requested 3 for tablet 81c486f5fb514cb38cb5e98ad48dbbb9. 1 dirs total, 0 dirs full, 0 dirs failed
I20260710 11:10:05.468713  7731 tablet_copy_client.cc:806] T 81c486f5fb514cb38cb5e98ad48dbbb9 P 1b53d4328b274bbab8c78e5e3ed1ebbf: tablet copy: Starting download of 0 data blocks...
I20260710 11:10:05.469424  7731 tablet_copy_client.cc:670] T 81c486f5fb514cb38cb5e98ad48dbbb9 P 1b53d4328b274bbab8c78e5e3ed1ebbf: tablet copy: Starting download of 1 WAL segments...
I20260710 11:10:05.473243  7736 ts_tablet_manager.cc:933] T 224b3512563a4177b159f3f90bc1c721 P 1b53d4328b274bbab8c78e5e3ed1ebbf: Initiating tablet copy from peer ef88ee002341425aa1045345352b4b32 (127.5.233.195:42713)
I20260710 11:10:05.473513  7731 tablet_copy_client.cc:538] T 81c486f5fb514cb38cb5e98ad48dbbb9 P 1b53d4328b274bbab8c78e5e3ed1ebbf: tablet copy: Tablet Copy complete. Replacing tablet superblock.
I20260710 11:10:05.483492  7731 tablet_bootstrap.cc:492] T 81c486f5fb514cb38cb5e98ad48dbbb9 P 1b53d4328b274bbab8c78e5e3ed1ebbf: Bootstrap starting.
I20260710 11:10:05.488080  7736 tablet_copy_client.cc:323] T 224b3512563a4177b159f3f90bc1c721 P 1b53d4328b274bbab8c78e5e3ed1ebbf: tablet copy: Beginning tablet copy session from remote peer at address 127.5.233.195:42713
I20260710 11:10:05.531041  7341 tablet_copy_service.cc:140] P ef88ee002341425aa1045345352b4b32: Received BeginTabletCopySession request for tablet 224b3512563a4177b159f3f90bc1c721 from peer 1b53d4328b274bbab8c78e5e3ed1ebbf ({username='slave'} at 127.0.0.1:50284)
I20260710 11:10:05.531729  7341 tablet_copy_service.cc:161] P ef88ee002341425aa1045345352b4b32: Beginning new tablet copy session on tablet 224b3512563a4177b159f3f90bc1c721 from peer 1b53d4328b274bbab8c78e5e3ed1ebbf at {username='slave'} at 127.0.0.1:50284: session id = 1b53d4328b274bbab8c78e5e3ed1ebbf-224b3512563a4177b159f3f90bc1c721
I20260710 11:10:05.541457  7341 tablet_copy_source_session.cc:215] T 224b3512563a4177b159f3f90bc1c721 P ef88ee002341425aa1045345352b4b32: Tablet Copy: opened 0 blocks and 1 log segments
I20260710 11:10:05.545655  7736 data_dirs.cc:400] Could only allocate 1 dirs of requested 3 for tablet 224b3512563a4177b159f3f90bc1c721. 1 dirs total, 0 dirs full, 0 dirs failed
I20260710 11:10:05.546543  7741 ts_tablet_manager.cc:933] T 20e43f6cb8b742369ac129a16f095cf0 P 1b53d4328b274bbab8c78e5e3ed1ebbf: Initiating tablet copy from peer 9408b8f4d84b4d97a611e8011043c040 (127.5.233.193:32893)
I20260710 11:10:05.569682  7731 tablet_bootstrap.cc:492] T 81c486f5fb514cb38cb5e98ad48dbbb9 P 1b53d4328b274bbab8c78e5e3ed1ebbf: Bootstrap replayed 1/1 log segments. Stats: ops{read=2 overwritten=0 applied=2 ignored=0} inserts{seen=0 ignored=0} mutations{seen=0 ignored=0} orphaned_commits=0. Pending: 0 replicates
I20260710 11:10:05.570741  7731 tablet_bootstrap.cc:492] T 81c486f5fb514cb38cb5e98ad48dbbb9 P 1b53d4328b274bbab8c78e5e3ed1ebbf: Bootstrap complete.
I20260710 11:10:05.571530  7731 ts_tablet_manager.cc:1403] T 81c486f5fb514cb38cb5e98ad48dbbb9 P 1b53d4328b274bbab8c78e5e3ed1ebbf: Time spent bootstrapping tablet: real 0.088s	user 0.030s	sys 0.011s
I20260710 11:10:05.582710  7741 tablet_copy_client.cc:323] T 20e43f6cb8b742369ac129a16f095cf0 P 1b53d4328b274bbab8c78e5e3ed1ebbf: tablet copy: Beginning tablet copy session from remote peer at address 127.5.233.193:32893
I20260710 11:10:05.584882  7192 tablet_copy_service.cc:140] P 9408b8f4d84b4d97a611e8011043c040: Received BeginTabletCopySession request for tablet 20e43f6cb8b742369ac129a16f095cf0 from peer 1b53d4328b274bbab8c78e5e3ed1ebbf ({username='slave'} at 127.0.0.1:52828)
