I20260710 11:09:57.314527  2214 tablet_bootstrap.cc:492] T c84841211da148e183e63d0991ef6b37 P bfd58c5bcc7649dea06bb29e94274dd9: Bootstrap starting.
I20260710 11:09:57.318843  2021 tablet_service.cc:1917] Received RequestConsensusVote() RPC: tablet_id: "8ba282d31a25467dbc00b14f9f6a76cf" candidate_uuid: "bfd58c5bcc7649dea06bb29e94274dd9" candidate_term: 1 candidate_status { last_received { term: 0 index: 0 } } ignore_live_leader: false dest_uuid: "5a808b858e7a4917b922894b94ccceab" is_pre_election: true
I20260710 11:09:57.320317  2021 raft_consensus.cc:2468] T 8ba282d31a25467dbc00b14f9f6a76cf P 5a808b858e7a4917b922894b94ccceab [term 0 FOLLOWER]: Leader pre-election vote request: Granting yes vote for candidate bfd58c5bcc7649dea06bb29e94274dd9 in term 0.
I20260710 11:09:57.326586  2064 leader_election.cc:304] T 0089d1bc37f44feeae9e9500b1f7715f P bfd58c5bcc7649dea06bb29e94274dd9 [CANDIDATE]: Term 1 pre-election: Election decided. Result: candidate lost. Election summary: received 3 responses out of 3 voters: 1 yes votes; 2 no votes. yes voters: bfd58c5bcc7649dea06bb29e94274dd9; no voters: 3ea880022ad64040885bf44642137e6a, 5a808b858e7a4917b922894b94ccceab
I20260710 11:09:57.326263  1921 catalog_manager.cc:5697] T c84841211da148e183e63d0991ef6b37 P 5a808b858e7a4917b922894b94ccceab reported cstate change: term changed from 0 to 1, leader changed from <none> to 5a808b858e7a4917b922894b94ccceab (127.0.231.1). New cstate: current_term: 1 leader_uuid: "5a808b858e7a4917b922894b94ccceab" committed_config { opid_index: -1 OBSOLETE_local: false peers { permanent_uuid: "5a808b858e7a4917b922894b94ccceab" member_type: VOTER last_known_addr { host: "127.0.231.1" port: 37253 } health_report { overall_health: HEALTHY } } peers { permanent_uuid: "bfd58c5bcc7649dea06bb29e94274dd9" member_type: VOTER last_known_addr { host: "127.0.231.2" port: 37175 } health_report { overall_health: UNKNOWN } } peers { permanent_uuid: "3ea880022ad64040885bf44642137e6a" member_type: VOTER last_known_addr { host: "127.0.231.3" port: 37927 } health_report { overall_health: UNKNOWN } } }
I20260710 11:09:57.327875  2297 raft_consensus.cc:3060] T 0089d1bc37f44feeae9e9500b1f7715f P bfd58c5bcc7649dea06bb29e94274dd9 [term 0 FOLLOWER]: Advancing to term 1
W20260710 11:09:57.328308  2064 consensus_peers.cc:597] T 704955a4599b4e9cb6bb7c4ef1875a67 P bfd58c5bcc7649dea06bb29e94274dd9 -> Peer 3ea880022ad64040885bf44642137e6a (127.0.231.3:37927): Couldn't send request to peer 3ea880022ad64040885bf44642137e6a. Error code: TABLET_NOT_RUNNING (12). Status: Illegal state: Tablet not RUNNING: BOOTSTRAPPING. This is attempt 1: this message will repeat every 5th retry.
I20260710 11:09:57.327268  2172 tablet_service.cc:1917] Received RequestConsensusVote() RPC: tablet_id: "8ba282d31a25467dbc00b14f9f6a76cf" candidate_uuid: "bfd58c5bcc7649dea06bb29e94274dd9" candidate_term: 1 candidate_status { last_received { term: 0 index: 0 } } ignore_live_leader: false dest_uuid: "3ea880022ad64040885bf44642137e6a" is_pre_election: true
I20260710 11:09:57.351836  2221 consensus_queue.cc:1048] T 704955a4599b4e9cb6bb7c4ef1875a67 P bfd58c5bcc7649dea06bb29e94274dd9 [LEADER]: Connected to new peer: Peer: permanent_uuid: "5a808b858e7a4917b922894b94ccceab" member_type: VOTER last_known_addr { host: "127.0.231.1" port: 37253 }, Status: LMP_MISMATCH, Last received: 0.0, Next index: 1, Last known committed idx: 0, Time since last communication: 0.001s
I20260710 11:09:57.354086  2064 leader_election.cc:304] T 8ba282d31a25467dbc00b14f9f6a76cf P bfd58c5bcc7649dea06bb29e94274dd9 [CANDIDATE]: Term 1 pre-election: Election decided. Result: candidate won. Election summary: received 2 responses out of 3 voters: 2 yes votes; 0 no votes. yes voters: 5a808b858e7a4917b922894b94ccceab, bfd58c5bcc7649dea06bb29e94274dd9; no voters: 
I20260710 11:09:57.354907  2214 tablet_bootstrap.cc:654] T c84841211da148e183e63d0991ef6b37 P bfd58c5bcc7649dea06bb29e94274dd9: Neither blocks nor log segments found. Creating new log.
I20260710 11:09:57.355543  2221 raft_consensus.cc:2804] T 8ba282d31a25467dbc00b14f9f6a76cf P bfd58c5bcc7649dea06bb29e94274dd9 [term 0 FOLLOWER]: Leader pre-election won for term 1
I20260710 11:09:57.355952  2221 raft_consensus.cc:493] T 8ba282d31a25467dbc00b14f9f6a76cf P bfd58c5bcc7649dea06bb29e94274dd9 [term 0 FOLLOWER]: Starting leader election (no leader contacted us within the election timeout)
I20260710 11:09:57.356326  2221 raft_consensus.cc:3060] T 8ba282d31a25467dbc00b14f9f6a76cf P bfd58c5bcc7649dea06bb29e94274dd9 [term 0 FOLLOWER]: Advancing to term 1
W20260710 11:09:57.355639  2064 leader_election.cc:343] T 8ba282d31a25467dbc00b14f9f6a76cf P bfd58c5bcc7649dea06bb29e94274dd9 [CANDIDATE]: Term 1 pre-election: Tablet error from VoteRequest() call to peer 3ea880022ad64040885bf44642137e6a (127.0.231.3:37927): Illegal state: must be running to vote when last-logged opid is not known
I20260710 11:09:57.366912  2297 raft_consensus.cc:2749] T 0089d1bc37f44feeae9e9500b1f7715f P bfd58c5bcc7649dea06bb29e94274dd9 [term 1 FOLLOWER]: Leader pre-election lost for term 1. Reason: could not achieve majority
I20260710 11:09:57.379961  2221 raft_consensus.cc:515] T 8ba282d31a25467dbc00b14f9f6a76cf P bfd58c5bcc7649dea06bb29e94274dd9 [term 1 FOLLOWER]: Starting leader election with config: opid_index: -1 OBSOLETE_local: false peers { permanent_uuid: "5a808b858e7a4917b922894b94ccceab" member_type: VOTER last_known_addr { host: "127.0.231.1" port: 37253 } } peers { permanent_uuid: "bfd58c5bcc7649dea06bb29e94274dd9" member_type: VOTER last_known_addr { host: "127.0.231.2" port: 37175 } } peers { permanent_uuid: "3ea880022ad64040885bf44642137e6a" member_type: VOTER last_known_addr { host: "127.0.231.3" port: 37927 } }
I20260710 11:09:57.382543  2213 tablet_bootstrap.cc:492] T 826c2475568848b1a143851d1a088cac P 5a808b858e7a4917b922894b94ccceab: No bootstrap required, opened a new log
I20260710 11:09:57.382990  2213 ts_tablet_manager.cc:1403] T 826c2475568848b1a143851d1a088cac P 5a808b858e7a4917b922894b94ccceab: Time spent bootstrapping tablet: real 0.126s	user 0.027s	sys 0.014s
I20260710 11:09:57.385125  2221 leader_election.cc:290] T 8ba282d31a25467dbc00b14f9f6a76cf P bfd58c5bcc7649dea06bb29e94274dd9 [CANDIDATE]: Term 1 election: Requested vote from peers 5a808b858e7a4917b922894b94ccceab (127.0.231.1:37253), 3ea880022ad64040885bf44642137e6a (127.0.231.3:37927)
I20260710 11:09:57.385521  2212 tablet_bootstrap.cc:492] T 704955a4599b4e9cb6bb7c4ef1875a67 P 3ea880022ad64040885bf44642137e6a: No bootstrap required, opened a new log
I20260710 11:09:57.385993  2212 ts_tablet_manager.cc:1403] T 704955a4599b4e9cb6bb7c4ef1875a67 P 3ea880022ad64040885bf44642137e6a: Time spent bootstrapping tablet: real 0.112s	user 0.010s	sys 0.002s
I20260710 11:09:57.387539  2251 consensus_queue.cc:1048] T 527616994c28484a8d8d8c950c97e09f P bfd58c5bcc7649dea06bb29e94274dd9 [LEADER]: Connected to new peer: Peer: permanent_uuid: "3ea880022ad64040885bf44642137e6a" member_type: VOTER last_known_addr { host: "127.0.231.3" port: 37927 }, Status: LMP_MISMATCH, Last received: 0.0, Next index: 1, Last known committed idx: 0, Time since last communication: 0.000s
I20260710 11:09:57.388422  2023 tablet_service.cc:1917] Received RequestConsensusVote() RPC: tablet_id: "8ba282d31a25467dbc00b14f9f6a76cf" candidate_uuid: "bfd58c5bcc7649dea06bb29e94274dd9" candidate_term: 1 candidate_status { last_received { term: 0 index: 0 } } ignore_live_leader: false dest_uuid: "5a808b858e7a4917b922894b94ccceab"
I20260710 11:09:57.388619  2212 raft_consensus.cc:359] T 704955a4599b4e9cb6bb7c4ef1875a67 P 3ea880022ad64040885bf44642137e6a [term 0 FOLLOWER]: Replica starting. Triggering 0 pending ops. Active config: opid_index: -1 OBSOLETE_local: false peers { permanent_uuid: "5a808b858e7a4917b922894b94ccceab" member_type: VOTER last_known_addr { host: "127.0.231.1" port: 37253 } } peers { permanent_uuid: "bfd58c5bcc7649dea06bb29e94274dd9" member_type: VOTER last_known_addr { host: "127.0.231.2" port: 37175 } } peers { permanent_uuid: "3ea880022ad64040885bf44642137e6a" member_type: VOTER last_known_addr { host: "127.0.231.3" port: 37927 } }
I20260710 11:09:57.389068  2023 raft_consensus.cc:3060] T 8ba282d31a25467dbc00b14f9f6a76cf P 5a808b858e7a4917b922894b94ccceab [term 0 FOLLOWER]: Advancing to term 1
I20260710 11:09:57.389379  2212 raft_consensus.cc:385] T 704955a4599b4e9cb6bb7c4ef1875a67 P 3ea880022ad64040885bf44642137e6a [term 0 FOLLOWER]: Consensus starting up: Expiring failure detector timer to make a prompt election more likely
I20260710 11:09:57.389781  2212 raft_consensus.cc:740] T 704955a4599b4e9cb6bb7c4ef1875a67 P 3ea880022ad64040885bf44642137e6a [term 0 FOLLOWER]: Becoming Follower/Learner. State: Replica: 3ea880022ad64040885bf44642137e6a, State: Initialized, Role: FOLLOWER
I20260710 11:09:57.392855  2212 consensus_queue.cc:260] T 704955a4599b4e9cb6bb7c4ef1875a67 P 3ea880022ad64040885bf44642137e6a [NON_LEADER]: Queue going to NON_LEADER mode. State: All replicated index: 0, Majority replicated index: 0, Committed index: 0, Last appended: 0.0, Last appended by leader: 0, Current term: 0, Majority size: -1, State: 0, Mode: NON_LEADER, active raft config: opid_index: -1 OBSOLETE_local: false peers { permanent_uuid: "5a808b858e7a4917b922894b94ccceab" member_type: VOTER last_known_addr { host: "127.0.231.1" port: 37253 } } peers { permanent_uuid: "bfd58c5bcc7649dea06bb29e94274dd9" member_type: VOTER last_known_addr { host: "127.0.231.2" port: 37175 } } peers { permanent_uuid: "3ea880022ad64040885bf44642137e6a" member_type: VOTER last_known_addr { host: "127.0.231.3" port: 37927 } }
I20260710 11:09:57.393877  2023 raft_consensus.cc:2468] T 8ba282d31a25467dbc00b14f9f6a76cf P 5a808b858e7a4917b922894b94ccceab [term 1 FOLLOWER]: Leader election vote request: Granting yes vote for candidate bfd58c5bcc7649dea06bb29e94274dd9 in term 1.
I20260710 11:09:57.396040  2170 tablet_service.cc:1917] Received RequestConsensusVote() RPC: tablet_id: "8ba282d31a25467dbc00b14f9f6a76cf" candidate_uuid: "bfd58c5bcc7649dea06bb29e94274dd9" candidate_term: 1 candidate_status { last_received { term: 0 index: 0 } } ignore_live_leader: false dest_uuid: "3ea880022ad64040885bf44642137e6a"
I20260710 11:09:57.399611  2213 raft_consensus.cc:359] T 826c2475568848b1a143851d1a088cac P 5a808b858e7a4917b922894b94ccceab [term 0 FOLLOWER]: Replica starting. Triggering 0 pending ops. Active config: opid_index: -1 OBSOLETE_local: false peers { permanent_uuid: "5a808b858e7a4917b922894b94ccceab" member_type: VOTER last_known_addr { host: "127.0.231.1" port: 37253 } } peers { permanent_uuid: "bfd58c5bcc7649dea06bb29e94274dd9" member_type: VOTER last_known_addr { host: "127.0.231.2" port: 37175 } } peers { permanent_uuid: "3ea880022ad64040885bf44642137e6a" member_type: VOTER last_known_addr { host: "127.0.231.3" port: 37927 } }
I20260710 11:09:57.400507  2213 raft_consensus.cc:385] T 826c2475568848b1a143851d1a088cac P 5a808b858e7a4917b922894b94ccceab [term 0 FOLLOWER]: Consensus starting up: Expiring failure detector timer to make a prompt election more likely
I20260710 11:09:57.400838  2213 raft_consensus.cc:740] T 826c2475568848b1a143851d1a088cac P 5a808b858e7a4917b922894b94ccceab [term 0 FOLLOWER]: Becoming Follower/Learner. State: Replica: 5a808b858e7a4917b922894b94ccceab, State: Initialized, Role: FOLLOWER
I20260710 11:09:57.395813  2064 leader_election.cc:304] T 8ba282d31a25467dbc00b14f9f6a76cf P bfd58c5bcc7649dea06bb29e94274dd9 [CANDIDATE]: Term 1 election: Election decided. Result: candidate won. Election summary: received 2 responses out of 3 voters: 2 yes votes; 0 no votes. yes voters: 5a808b858e7a4917b922894b94ccceab, bfd58c5bcc7649dea06bb29e94274dd9; no voters: 
I20260710 11:09:57.402298  2297 raft_consensus.cc:2804] T 8ba282d31a25467dbc00b14f9f6a76cf P bfd58c5bcc7649dea06bb29e94274dd9 [term 1 FOLLOWER]: Leader election won for term 1
I20260710 11:09:57.402897  2297 raft_consensus.cc:697] T 8ba282d31a25467dbc00b14f9f6a76cf P bfd58c5bcc7649dea06bb29e94274dd9 [term 1 LEADER]: Becoming Leader. State: Replica: bfd58c5bcc7649dea06bb29e94274dd9, State: Running, Role: LEADER
I20260710 11:09:57.403961  2297 consensus_queue.cc:237] T 8ba282d31a25467dbc00b14f9f6a76cf P bfd58c5bcc7649dea06bb29e94274dd9 [LEADER]: Queue going to LEADER mode. State: All replicated index: 0, Majority replicated index: 0, Committed index: 0, Last appended: 0.0, Last appended by leader: 0, Current term: 1, Majority size: 2, State: 0, Mode: LEADER, active raft config: opid_index: -1 OBSOLETE_local: false peers { permanent_uuid: "5a808b858e7a4917b922894b94ccceab" member_type: VOTER last_known_addr { host: "127.0.231.1" port: 37253 } } peers { permanent_uuid: "bfd58c5bcc7649dea06bb29e94274dd9" member_type: VOTER last_known_addr { host: "127.0.231.2" port: 37175 } } peers { permanent_uuid: "3ea880022ad64040885bf44642137e6a" member_type: VOTER last_known_addr { host: "127.0.231.3" port: 37927 } }
I20260710 11:09:57.406241  2276 raft_consensus.cc:493] T 2921f56310704edf801e8de1ca695cb0 P 5a808b858e7a4917b922894b94ccceab [term 0 FOLLOWER]: Starting pre-election (no leader contacted us within the election timeout)
I20260710 11:09:57.406888  2276 raft_consensus.cc:515] T 2921f56310704edf801e8de1ca695cb0 P 5a808b858e7a4917b922894b94ccceab [term 0 FOLLOWER]: Starting pre-election with config: opid_index: -1 OBSOLETE_local: false peers { permanent_uuid: "5a808b858e7a4917b922894b94ccceab" member_type: VOTER last_known_addr { host: "127.0.231.1" port: 37253 } } peers { permanent_uuid: "bfd58c5bcc7649dea06bb29e94274dd9" member_type: VOTER last_known_addr { host: "127.0.231.2" port: 37175 } } peers { permanent_uuid: "3ea880022ad64040885bf44642137e6a" member_type: VOTER last_known_addr { host: "127.0.231.3" port: 37927 } }
I20260710 11:09:57.410826  2276 leader_election.cc:290] T 2921f56310704edf801e8de1ca695cb0 P 5a808b858e7a4917b922894b94ccceab [CANDIDATE]: Term 1 pre-election: Requested pre-vote from peers bfd58c5bcc7649dea06bb29e94274dd9 (127.0.231.2:37175), 3ea880022ad64040885bf44642137e6a (127.0.231.3:37927)
I20260710 11:09:57.411039  2096 tablet_service.cc:1917] Received RequestConsensusVote() RPC: tablet_id: "2921f56310704edf801e8de1ca695cb0" candidate_uuid: "5a808b858e7a4917b922894b94ccceab" candidate_term: 1 candidate_status { last_received { term: 0 index: 0 } } ignore_live_leader: false dest_uuid: "bfd58c5bcc7649dea06bb29e94274dd9" is_pre_election: true
W20260710 11:09:57.411579  2064 leader_election.cc:343] T 8ba282d31a25467dbc00b14f9f6a76cf P bfd58c5bcc7649dea06bb29e94274dd9 [CANDIDATE]: Term 1 election: Tablet error from VoteRequest() call to peer 3ea880022ad64040885bf44642137e6a (127.0.231.3:37927): Illegal state: must be running to vote when last-logged opid is not known
I20260710 11:09:57.411679  2171 tablet_service.cc:1917] Received RequestConsensusVote() RPC: tablet_id: "2921f56310704edf801e8de1ca695cb0" candidate_uuid: "5a808b858e7a4917b922894b94ccceab" candidate_term: 1 candidate_status { last_received { term: 0 index: 0 } } ignore_live_leader: false dest_uuid: "3ea880022ad64040885bf44642137e6a" is_pre_election: true
W20260710 11:09:57.412500  1988 leader_election.cc:343] T 2921f56310704edf801e8de1ca695cb0 P 5a808b858e7a4917b922894b94ccceab [CANDIDATE]: Term 1 pre-election: Tablet error from VoteRequest() call to peer bfd58c5bcc7649dea06bb29e94274dd9 (127.0.231.2:37175): Illegal state: must be running to vote when last-logged opid is not known
W20260710 11:09:57.413075  1989 leader_election.cc:343] T 2921f56310704edf801e8de1ca695cb0 P 5a808b858e7a4917b922894b94ccceab [CANDIDATE]: Term 1 pre-election: Tablet error from VoteRequest() call to peer 3ea880022ad64040885bf44642137e6a (127.0.231.3:37927): Illegal state: must be running to vote when last-logged opid is not known
I20260710 11:09:57.413514  1989 leader_election.cc:304] T 2921f56310704edf801e8de1ca695cb0 P 5a808b858e7a4917b922894b94ccceab [CANDIDATE]: Term 1 pre-election: Election decided. Result: candidate lost. Election summary: received 3 responses out of 3 voters: 1 yes votes; 2 no votes. yes voters: 5a808b858e7a4917b922894b94ccceab; no voters: 3ea880022ad64040885bf44642137e6a, bfd58c5bcc7649dea06bb29e94274dd9
I20260710 11:09:57.414366  2276 raft_consensus.cc:2749] T 2921f56310704edf801e8de1ca695cb0 P 5a808b858e7a4917b922894b94ccceab [term 0 FOLLOWER]: Leader pre-election lost for term 1. Reason: could not achieve majority
I20260710 11:09:57.415637  2214 tablet_bootstrap.cc:492] T c84841211da148e183e63d0991ef6b37 P bfd58c5bcc7649dea06bb29e94274dd9: No bootstrap required, opened a new log
I20260710 11:09:57.416060  2214 ts_tablet_manager.cc:1403] T c84841211da148e183e63d0991ef6b37 P bfd58c5bcc7649dea06bb29e94274dd9: Time spent bootstrapping tablet: real 0.102s	user 0.012s	sys 0.018s
I20260710 11:09:57.417908  2212 ts_tablet_manager.cc:1434] T 704955a4599b4e9cb6bb7c4ef1875a67 P 3ea880022ad64040885bf44642137e6a: Time spent starting tablet: real 0.032s	user 0.007s	sys 0.000s
I20260710 11:09:57.418778  2212 tablet_bootstrap.cc:492] T 8ba282d31a25467dbc00b14f9f6a76cf P 3ea880022ad64040885bf44642137e6a: Bootstrap starting.
I20260710 11:09:57.424526  2212 tablet_bootstrap.cc:654] T 8ba282d31a25467dbc00b14f9f6a76cf P 3ea880022ad64040885bf44642137e6a: Neither blocks nor log segments found. Creating new log.
I20260710 11:09:57.424137  2213 consensus_queue.cc:260] T 826c2475568848b1a143851d1a088cac P 5a808b858e7a4917b922894b94ccceab [NON_LEADER]: Queue going to NON_LEADER mode. State: All replicated index: 0, Majority replicated index: 0, Committed index: 0, Last appended: 0.0, Last appended by leader: 0, Current term: 0, Majority size: -1, State: 0, Mode: NON_LEADER, active raft config: opid_index: -1 OBSOLETE_local: false peers { permanent_uuid: "5a808b858e7a4917b922894b94ccceab" member_type: VOTER last_known_addr { host: "127.0.231.1" port: 37253 } } peers { permanent_uuid: "bfd58c5bcc7649dea06bb29e94274dd9" member_type: VOTER last_known_addr { host: "127.0.231.2" port: 37175 } } peers { permanent_uuid: "3ea880022ad64040885bf44642137e6a" member_type: VOTER last_known_addr { host: "127.0.231.3" port: 37927 } }
I20260710 11:09:57.426883  2213 ts_tablet_manager.cc:1434] T 826c2475568848b1a143851d1a088cac P 5a808b858e7a4917b922894b94ccceab: Time spent starting tablet: real 0.044s	user 0.006s	sys 0.002s
I20260710 11:09:57.427701  2251 consensus_queue.cc:1048] T 527616994c28484a8d8d8c950c97e09f P bfd58c5bcc7649dea06bb29e94274dd9 [LEADER]: Connected to new peer: Peer: permanent_uuid: "5a808b858e7a4917b922894b94ccceab" member_type: VOTER last_known_addr { host: "127.0.231.1" port: 37253 }, Status: LMP_MISMATCH, Last received: 0.0, Next index: 1, Last known committed idx: 0, Time since last communication: 0.000s
I20260710 11:09:57.427723  2213 tablet_bootstrap.cc:492] T 0e71575a8ca64c6092e93cf07bb23959 P 5a808b858e7a4917b922894b94ccceab: Bootstrap starting.
I20260710 11:09:57.433274  2214 raft_consensus.cc:359] T c84841211da148e183e63d0991ef6b37 P bfd58c5bcc7649dea06bb29e94274dd9 [term 0 FOLLOWER]: Replica starting. Triggering 0 pending ops. Active config: opid_index: -1 OBSOLETE_local: false peers { permanent_uuid: "5a808b858e7a4917b922894b94ccceab" member_type: VOTER last_known_addr { host: "127.0.231.1" port: 37253 } } peers { permanent_uuid: "bfd58c5bcc7649dea06bb29e94274dd9" member_type: VOTER last_known_addr { host: "127.0.231.2" port: 37175 } } peers { permanent_uuid: "3ea880022ad64040885bf44642137e6a" member_type: VOTER last_known_addr { host: "127.0.231.3" port: 37927 } }
I20260710 11:09:57.433972  2214 raft_consensus.cc:385] T c84841211da148e183e63d0991ef6b37 P bfd58c5bcc7649dea06bb29e94274dd9 [term 0 FOLLOWER]: Consensus starting up: Expiring failure detector timer to make a prompt election more likely
I20260710 11:09:57.434233  2214 raft_consensus.cc:740] T c84841211da148e183e63d0991ef6b37 P bfd58c5bcc7649dea06bb29e94274dd9 [term 0 FOLLOWER]: Becoming Follower/Learner. State: Replica: bfd58c5bcc7649dea06bb29e94274dd9, State: Initialized, Role: FOLLOWER
I20260710 11:09:57.434814  2214 consensus_queue.cc:260] T c84841211da148e183e63d0991ef6b37 P bfd58c5bcc7649dea06bb29e94274dd9 [NON_LEADER]: Queue going to NON_LEADER mode. State: All replicated index: 0, Majority replicated index: 0, Committed index: 0, Last appended: 0.0, Last appended by leader: 0, Current term: 0, Majority size: -1, State: 0, Mode: NON_LEADER, active raft config: opid_index: -1 OBSOLETE_local: false peers { permanent_uuid: "5a808b858e7a4917b922894b94ccceab" member_type: VOTER last_known_addr { host: "127.0.231.1" port: 37253 } } peers { permanent_uuid: "bfd58c5bcc7649dea06bb29e94274dd9" member_type: VOTER last_known_addr { host: "127.0.231.2" port: 37175 } } peers { permanent_uuid: "3ea880022ad64040885bf44642137e6a" member_type: VOTER last_known_addr { host: "127.0.231.3" port: 37927 } }
I20260710 11:09:57.436492  2214 ts_tablet_manager.cc:1434] T c84841211da148e183e63d0991ef6b37 P bfd58c5bcc7649dea06bb29e94274dd9: Time spent starting tablet: real 0.020s	user 0.005s	sys 0.000s
I20260710 11:09:57.437310  2214 tablet_bootstrap.cc:492] T 34d97cd43642420d83d916bfd86092ce P bfd58c5bcc7649dea06bb29e94274dd9: Bootstrap starting.
I20260710 11:09:57.441838  2276 consensus_queue.cc:1048] T 0089d1bc37f44feeae9e9500b1f7715f P 5a808b858e7a4917b922894b94ccceab [LEADER]: Connected to new peer: Peer: permanent_uuid: "bfd58c5bcc7649dea06bb29e94274dd9" member_type: VOTER last_known_addr { host: "127.0.231.2" port: 37175 }, Status: LMP_MISMATCH, Last received: 0.0, Next index: 1, Last known committed idx: 0, Time since last communication: 0.001s
I20260710 11:09:57.443799  2276 consensus_queue.cc:1048] T 7c28df138a464811bb8aad101a702d69 P 5a808b858e7a4917b922894b94ccceab [LEADER]: Connected to new peer: Peer: permanent_uuid: "3ea880022ad64040885bf44642137e6a" member_type: VOTER last_known_addr { host: "127.0.231.3" port: 37927 }, Status: LMP_MISMATCH, Last received: 0.0, Next index: 1, Last known committed idx: 0, Time since last communication: 0.000s
I20260710 11:09:57.445988  2213 tablet_bootstrap.cc:654] T 0e71575a8ca64c6092e93cf07bb23959 P 5a808b858e7a4917b922894b94ccceab: Neither blocks nor log segments found. Creating new log.
I20260710 11:09:57.446147  1921 catalog_manager.cc:5697] T 8ba282d31a25467dbc00b14f9f6a76cf P bfd58c5bcc7649dea06bb29e94274dd9 reported cstate change: term changed from 0 to 1, leader changed from <none> to bfd58c5bcc7649dea06bb29e94274dd9 (127.0.231.2). New cstate: current_term: 1 leader_uuid: "bfd58c5bcc7649dea06bb29e94274dd9" committed_config { opid_index: -1 OBSOLETE_local: false peers { permanent_uuid: "5a808b858e7a4917b922894b94ccceab" member_type: VOTER last_known_addr { host: "127.0.231.1" port: 37253 } health_report { overall_health: UNKNOWN } } peers { permanent_uuid: "bfd58c5bcc7649dea06bb29e94274dd9" member_type: VOTER last_known_addr { host: "127.0.231.2" port: 37175 } health_report { overall_health: HEALTHY } } peers { permanent_uuid: "3ea880022ad64040885bf44642137e6a" member_type: VOTER last_known_addr { host: "127.0.231.3" port: 37927 } health_report { overall_health: UNKNOWN } } }
I20260710 11:09:57.457894  2238 consensus_queue.cc:1048] T 1ccad4b697cd40d2a29516473c54c4b5 P 3ea880022ad64040885bf44642137e6a [LEADER]: Connected to new peer: Peer: permanent_uuid: "bfd58c5bcc7649dea06bb29e94274dd9" member_type: VOTER last_known_addr { host: "127.0.231.2" port: 37175 }, Status: LMP_MISMATCH, Last received: 0.0, Next index: 1, Last known committed idx: 0, Time since last communication: 0.001s
I20260710 11:09:57.467247  2276 consensus_queue.cc:1048] T 0089d1bc37f44feeae9e9500b1f7715f P 5a808b858e7a4917b922894b94ccceab [LEADER]: Connected to new peer: Peer: permanent_uuid: "3ea880022ad64040885bf44642137e6a" member_type: VOTER last_known_addr { host: "127.0.231.3" port: 37927 }, Status: LMP_MISMATCH, Last received: 0.0, Next index: 1, Last known committed idx: 0, Time since last communication: 0.000s
I20260710 11:09:57.474659  2214 tablet_bootstrap.cc:654] T 34d97cd43642420d83d916bfd86092ce P bfd58c5bcc7649dea06bb29e94274dd9: Neither blocks nor log segments found. Creating new log.
I20260710 11:09:57.494524  2239 raft_consensus.cc:493] T c9227f50df854618b68691f8e6016eba P 3ea880022ad64040885bf44642137e6a [term 0 FOLLOWER]: Starting pre-election (no leader contacted us within the election timeout)
I20260710 11:09:57.495005  2239 raft_consensus.cc:515] T c9227f50df854618b68691f8e6016eba P 3ea880022ad64040885bf44642137e6a [term 0 FOLLOWER]: Starting pre-election with config: opid_index: -1 OBSOLETE_local: false peers { permanent_uuid: "5a808b858e7a4917b922894b94ccceab" member_type: VOTER last_known_addr { host: "127.0.231.1" port: 37253 } } peers { permanent_uuid: "bfd58c5bcc7649dea06bb29e94274dd9" member_type: VOTER last_known_addr { host: "127.0.231.2" port: 37175 } } peers { permanent_uuid: "3ea880022ad64040885bf44642137e6a" member_type: VOTER last_known_addr { host: "127.0.231.3" port: 37927 } }
I20260710 11:09:57.496879  2239 leader_election.cc:290] T c9227f50df854618b68691f8e6016eba P 3ea880022ad64040885bf44642137e6a [CANDIDATE]: Term 1 pre-election: Requested pre-vote from peers 5a808b858e7a4917b922894b94ccceab (127.0.231.1:37253), bfd58c5bcc7649dea06bb29e94274dd9 (127.0.231.2:37175)
I20260710 11:09:57.496999  2214 tablet_bootstrap.cc:492] T 34d97cd43642420d83d916bfd86092ce P bfd58c5bcc7649dea06bb29e94274dd9: No bootstrap required, opened a new log
I20260710 11:09:57.497699  2214 ts_tablet_manager.cc:1403] T 34d97cd43642420d83d916bfd86092ce P bfd58c5bcc7649dea06bb29e94274dd9: Time spent bootstrapping tablet: real 0.061s	user 0.014s	sys 0.000s
I20260710 11:09:57.497995  2097 tablet_service.cc:1917] Received RequestConsensusVote() RPC: tablet_id: "c9227f50df854618b68691f8e6016eba" candidate_uuid: "3ea880022ad64040885bf44642137e6a" candidate_term: 1 candidate_status { last_received { term: 0 index: 0 } } ignore_live_leader: false dest_uuid: "bfd58c5bcc7649dea06bb29e94274dd9" is_pre_election: true
W20260710 11:09:57.499238  2137 leader_election.cc:343] T c9227f50df854618b68691f8e6016eba P 3ea880022ad64040885bf44642137e6a [CANDIDATE]: Term 1 pre-election: Tablet error from VoteRequest() call to peer bfd58c5bcc7649dea06bb29e94274dd9 (127.0.231.2:37175): Illegal state: must be running to vote when last-logged opid is not known
I20260710 11:09:57.501384  2021 tablet_service.cc:1917] Received RequestConsensusVote() RPC: tablet_id: "c9227f50df854618b68691f8e6016eba" candidate_uuid: "3ea880022ad64040885bf44642137e6a" candidate_term: 1 candidate_status { last_received { term: 0 index: 0 } } ignore_live_leader: false dest_uuid: "5a808b858e7a4917b922894b94ccceab" is_pre_election: true
I20260710 11:09:57.503257  2212 tablet_bootstrap.cc:492] T 8ba282d31a25467dbc00b14f9f6a76cf P 3ea880022ad64040885bf44642137e6a: No bootstrap required, opened a new log
I20260710 11:09:57.503732  2212 ts_tablet_manager.cc:1403] T 8ba282d31a25467dbc00b14f9f6a76cf P 3ea880022ad64040885bf44642137e6a: Time spent bootstrapping tablet: real 0.085s	user 0.025s	sys 0.030s
W20260710 11:09:57.504895  2138 leader_election.cc:343] T c9227f50df854618b68691f8e6016eba P 3ea880022ad64040885bf44642137e6a [CANDIDATE]: Term 1 pre-election: Tablet error from VoteRequest() call to peer 5a808b858e7a4917b922894b94ccceab (127.0.231.1:37253): Illegal state: must be running to vote when last-logged opid is not known
I20260710 11:09:57.506358  2138 leader_election.cc:304] T c9227f50df854618b68691f8e6016eba P 3ea880022ad64040885bf44642137e6a [CANDIDATE]: Term 1 pre-election: Election decided. Result: candidate lost. Election summary: received 3 responses out of 3 voters: 1 yes votes; 2 no votes. yes voters: 3ea880022ad64040885bf44642137e6a; no voters: 5a808b858e7a4917b922894b94ccceab, bfd58c5bcc7649dea06bb29e94274dd9
I20260710 11:09:57.508260  2220 raft_consensus.cc:2749] T c9227f50df854618b68691f8e6016eba P 3ea880022ad64040885bf44642137e6a [term 0 FOLLOWER]: Leader pre-election lost for term 1. Reason: could not achieve majority
I20260710 11:09:57.510715  2214 raft_consensus.cc:359] T 34d97cd43642420d83d916bfd86092ce P bfd58c5bcc7649dea06bb29e94274dd9 [term 0 FOLLOWER]: Replica starting. Triggering 0 pending ops. Active config: opid_index: -1 OBSOLETE_local: false peers { permanent_uuid: "5a808b858e7a4917b922894b94ccceab" member_type: VOTER last_known_addr { host: "127.0.231.1" port: 37253 } } peers { permanent_uuid: "bfd58c5bcc7649dea06bb29e94274dd9" member_type: VOTER last_known_addr { host: "127.0.231.2" port: 37175 } } peers { permanent_uuid: "3ea880022ad64040885bf44642137e6a" member_type: VOTER last_known_addr { host: "127.0.231.3" port: 37927 } }
I20260710 11:09:57.511466  2214 raft_consensus.cc:385] T 34d97cd43642420d83d916bfd86092ce P bfd58c5bcc7649dea06bb29e94274dd9 [term 0 FOLLOWER]: Consensus starting up: Expiring failure detector timer to make a prompt election more likely
I20260710 11:09:57.511322  2212 raft_consensus.cc:359] T 8ba282d31a25467dbc00b14f9f6a76cf P 3ea880022ad64040885bf44642137e6a [term 0 FOLLOWER]: Replica starting. Triggering 0 pending ops. Active config: opid_index: -1 OBSOLETE_local: false peers { permanent_uuid: "5a808b858e7a4917b922894b94ccceab" member_type: VOTER last_known_addr { host: "127.0.231.1" port: 37253 } } peers { permanent_uuid: "bfd58c5bcc7649dea06bb29e94274dd9" member_type: VOTER last_known_addr { host: "127.0.231.2" port: 37175 } } peers { permanent_uuid: "3ea880022ad64040885bf44642137e6a" member_type: VOTER last_known_addr { host: "127.0.231.3" port: 37927 } }
I20260710 11:09:57.511829  2214 raft_consensus.cc:740] T 34d97cd43642420d83d916bfd86092ce P bfd58c5bcc7649dea06bb29e94274dd9 [term 0 FOLLOWER]: Becoming Follower/Learner. State: Replica: bfd58c5bcc7649dea06bb29e94274dd9, State: Initialized, Role: FOLLOWER
I20260710 11:09:57.513003  2214 consensus_queue.cc:260] T 34d97cd43642420d83d916bfd86092ce P bfd58c5bcc7649dea06bb29e94274dd9 [NON_LEADER]: Queue going to NON_LEADER mode. State: All replicated index: 0, Majority replicated index: 0, Committed index: 0, Last appended: 0.0, Last appended by leader: 0, Current term: 0, Majority size: -1, State: 0, Mode: NON_LEADER, active raft config: opid_index: -1 OBSOLETE_local: false peers { permanent_uuid: "5a808b858e7a4917b922894b94ccceab" member_type: VOTER last_known_addr { host: "127.0.231.1" port: 37253 } } peers { permanent_uuid: "bfd58c5bcc7649dea06bb29e94274dd9" member_type: VOTER last_known_addr { host: "127.0.231.2" port: 37175 } } peers { permanent_uuid: "3ea880022ad64040885bf44642137e6a" member_type: VOTER last_known_addr { host: "127.0.231.3" port: 37927 } }
I20260710 11:09:57.514451  2214 ts_tablet_manager.cc:1434] T 34d97cd43642420d83d916bfd86092ce P bfd58c5bcc7649dea06bb29e94274dd9: Time spent starting tablet: real 0.016s	user 0.001s	sys 0.004s
I20260710 11:09:57.515287  2214 tablet_bootstrap.cc:492] T 0e71575a8ca64c6092e93cf07bb23959 P bfd58c5bcc7649dea06bb29e94274dd9: Bootstrap starting.
I20260710 11:09:57.512025  2212 raft_consensus.cc:385] T 8ba282d31a25467dbc00b14f9f6a76cf P 3ea880022ad64040885bf44642137e6a [term 0 FOLLOWER]: Consensus starting up: Expiring failure detector timer to make a prompt election more likely
I20260710 11:09:57.518484  2212 raft_consensus.cc:740] T 8ba282d31a25467dbc00b14f9f6a76cf P 3ea880022ad64040885bf44642137e6a [term 0 FOLLOWER]: Becoming Follower/Learner. State: Replica: 3ea880022ad64040885bf44642137e6a, State: Initialized, Role: FOLLOWER
I20260710 11:09:57.519347  2212 consensus_queue.cc:260] T 8ba282d31a25467dbc00b14f9f6a76cf P 3ea880022ad64040885bf44642137e6a [NON_LEADER]: Queue going to NON_LEADER mode. State: All replicated index: 0, Majority replicated index: 0, Committed index: 0, Last appended: 0.0, Last appended by leader: 0, Current term: 0, Majority size: -1, State: 0, Mode: NON_LEADER, active raft config: opid_index: -1 OBSOLETE_local: false peers { permanent_uuid: "5a808b858e7a4917b922894b94ccceab" member_type: VOTER last_known_addr { host: "127.0.231.1" port: 37253 } } peers { permanent_uuid: "bfd58c5bcc7649dea06bb29e94274dd9" member_type: VOTER last_known_addr { host: "127.0.231.2" port: 37175 } } peers { permanent_uuid: "3ea880022ad64040885bf44642137e6a" member_type: VOTER last_known_addr { host: "127.0.231.3" port: 37927 } }
I20260710 11:09:57.521560  2212 ts_tablet_manager.cc:1434] T 8ba282d31a25467dbc00b14f9f6a76cf P 3ea880022ad64040885bf44642137e6a: Time spent starting tablet: real 0.017s	user 0.002s	sys 0.006s
I20260710 11:09:57.521564  2307 raft_consensus.cc:493] T c6fa545144304e1f9469db8f24a7fba6 P bfd58c5bcc7649dea06bb29e94274dd9 [term 0 FOLLOWER]: Starting pre-election (no leader contacted us within the election timeout)
I20260710 11:09:57.522758  2212 tablet_bootstrap.cc:492] T c6fa545144304e1f9469db8f24a7fba6 P 3ea880022ad64040885bf44642137e6a: Bootstrap starting.
I20260710 11:09:57.522754  2307 raft_consensus.cc:515] T c6fa545144304e1f9469db8f24a7fba6 P bfd58c5bcc7649dea06bb29e94274dd9 [term 0 FOLLOWER]: Starting pre-election with config: opid_index: -1 OBSOLETE_local: false peers { permanent_uuid: "5a808b858e7a4917b922894b94ccceab" member_type: VOTER last_known_addr { host: "127.0.231.1" port: 37253 } } peers { permanent_uuid: "bfd58c5bcc7649dea06bb29e94274dd9" member_type: VOTER last_known_addr { host: "127.0.231.2" port: 37175 } } peers { permanent_uuid: "3ea880022ad64040885bf44642137e6a" member_type: VOTER last_known_addr { host: "127.0.231.3" port: 37927 } }
I20260710 11:09:57.524000  2213 tablet_bootstrap.cc:492] T 0e71575a8ca64c6092e93cf07bb23959 P 5a808b858e7a4917b922894b94ccceab: No bootstrap required, opened a new log
I20260710 11:09:57.524431  2213 ts_tablet_manager.cc:1403] T 0e71575a8ca64c6092e93cf07bb23959 P 5a808b858e7a4917b922894b94ccceab: Time spent bootstrapping tablet: real 0.097s	user 0.007s	sys 0.012s
I20260710 11:09:57.526190  2307 leader_election.cc:290] T c6fa545144304e1f9469db8f24a7fba6 P bfd58c5bcc7649dea06bb29e94274dd9 [CANDIDATE]: Term 1 pre-election: Requested pre-vote from peers 5a808b858e7a4917b922894b94ccceab (127.0.231.1:37253), 3ea880022ad64040885bf44642137e6a (127.0.231.3:37927)
I20260710 11:09:57.527196  2023 tablet_service.cc:1917] Received RequestConsensusVote() RPC: tablet_id: "c6fa545144304e1f9469db8f24a7fba6" candidate_uuid: "bfd58c5bcc7649dea06bb29e94274dd9" candidate_term: 1 candidate_status { last_received { term: 0 index: 0 } } ignore_live_leader: false dest_uuid: "5a808b858e7a4917b922894b94ccceab" is_pre_election: true
I20260710 11:09:57.529489  2170 tablet_service.cc:1917] Received RequestConsensusVote() RPC: tablet_id: "c6fa545144304e1f9469db8f24a7fba6" candidate_uuid: "bfd58c5bcc7649dea06bb29e94274dd9" candidate_term: 1 candidate_status { last_received { term: 0 index: 0 } } ignore_live_leader: false dest_uuid: "3ea880022ad64040885bf44642137e6a" is_pre_election: true
W20260710 11:09:57.530321  2064 leader_election.cc:343] T c6fa545144304e1f9469db8f24a7fba6 P bfd58c5bcc7649dea06bb29e94274dd9 [CANDIDATE]: Term 1 pre-election: Tablet error from VoteRequest() call to peer 5a808b858e7a4917b922894b94ccceab (127.0.231.1:37253): Illegal state: must be running to vote when last-logged opid is not known
W20260710 11:09:57.530993  2064 leader_election.cc:343] T c6fa545144304e1f9469db8f24a7fba6 P bfd58c5bcc7649dea06bb29e94274dd9 [CANDIDATE]: Term 1 pre-election: Tablet error from VoteRequest() call to peer 3ea880022ad64040885bf44642137e6a (127.0.231.3:37927): Illegal state: must be running to vote when last-logged opid is not known
I20260710 11:09:57.531117  2213 raft_consensus.cc:359] T 0e71575a8ca64c6092e93cf07bb23959 P 5a808b858e7a4917b922894b94ccceab [term 0 FOLLOWER]: Replica starting. Triggering 0 pending ops. Active config: opid_index: -1 OBSOLETE_local: false peers { permanent_uuid: "5a808b858e7a4917b922894b94ccceab" member_type: VOTER last_known_addr { host: "127.0.231.1" port: 37253 } } peers { permanent_uuid: "bfd58c5bcc7649dea06bb29e94274dd9" member_type: VOTER last_known_addr { host: "127.0.231.2" port: 37175 } } peers { permanent_uuid: "3ea880022ad64040885bf44642137e6a" member_type: VOTER last_known_addr { host: "127.0.231.3" port: 37927 } }
I20260710 11:09:57.531383  2064 leader_election.cc:304] T c6fa545144304e1f9469db8f24a7fba6 P bfd58c5bcc7649dea06bb29e94274dd9 [CANDIDATE]: Term 1 pre-election: Election decided. Result: candidate lost. Election summary: received 3 responses out of 3 voters: 1 yes votes; 2 no votes. yes voters: bfd58c5bcc7649dea06bb29e94274dd9; no voters: 3ea880022ad64040885bf44642137e6a, 5a808b858e7a4917b922894b94ccceab
I20260710 11:09:57.531744  2213 raft_consensus.cc:385] T 0e71575a8ca64c6092e93cf07bb23959 P 5a808b858e7a4917b922894b94ccceab [term 0 FOLLOWER]: Consensus starting up: Expiring failure detector timer to make a prompt election more likely
I20260710 11:09:57.532021  2213 raft_consensus.cc:740] T 0e71575a8ca64c6092e93cf07bb23959 P 5a808b858e7a4917b922894b94ccceab [term 0 FOLLOWER]: Becoming Follower/Learner. State: Replica: 5a808b858e7a4917b922894b94ccceab, State: Initialized, Role: FOLLOWER
I20260710 11:09:57.532644  2213 consensus_queue.cc:260] T 0e71575a8ca64c6092e93cf07bb23959 P 5a808b858e7a4917b922894b94ccceab [NON_LEADER]: Queue going to NON_LEADER mode. State: All replicated index: 0, Majority replicated index: 0, Committed index: 0, Last appended: 0.0, Last appended by leader: 0, Current term: 0, Majority size: -1, State: 0, Mode: NON_LEADER, active raft config: opid_index: -1 OBSOLETE_local: false peers { permanent_uuid: "5a808b858e7a4917b922894b94ccceab" member_type: VOTER last_known_addr { host: "127.0.231.1" port: 37253 } } peers { permanent_uuid: "bfd58c5bcc7649dea06bb29e94274dd9" member_type: VOTER last_known_addr { host: "127.0.231.2" port: 37175 } } peers { permanent_uuid: "3ea880022ad64040885bf44642137e6a" member_type: VOTER last_known_addr { host: "127.0.231.3" port: 37927 } }
I20260710 11:09:57.534737  2213 ts_tablet_manager.cc:1434] T 0e71575a8ca64c6092e93cf07bb23959 P 5a808b858e7a4917b922894b94ccceab: Time spent starting tablet: real 0.010s	user 0.006s	sys 0.000s
I20260710 11:09:57.535215  2307 raft_consensus.cc:2749] T c6fa545144304e1f9469db8f24a7fba6 P bfd58c5bcc7649dea06bb29e94274dd9 [term 0 FOLLOWER]: Leader pre-election lost for term 1. Reason: could not achieve majority
I20260710 11:09:57.535584  2213 tablet_bootstrap.cc:492] T c9227f50df854618b68691f8e6016eba P 5a808b858e7a4917b922894b94ccceab: Bootstrap starting.
I20260710 11:09:57.545142  2212 tablet_bootstrap.cc:654] T c6fa545144304e1f9469db8f24a7fba6 P 3ea880022ad64040885bf44642137e6a: Neither blocks nor log segments found. Creating new log.
I20260710 11:09:57.546559  2220 consensus_queue.cc:1048] T 1ccad4b697cd40d2a29516473c54c4b5 P 3ea880022ad64040885bf44642137e6a [LEADER]: Connected to new peer: Peer: permanent_uuid: "5a808b858e7a4917b922894b94ccceab" member_type: VOTER last_known_addr { host: "127.0.231.1" port: 37253 }, Status: LMP_MISMATCH, Last received: 0.0, Next index: 1, Last known committed idx: 0, Time since last communication: 0.000s
I20260710 11:09:57.548435  2276 consensus_queue.cc:1048] T 7c28df138a464811bb8aad101a702d69 P 5a808b858e7a4917b922894b94ccceab [LEADER]: Connected to new peer: Peer: permanent_uuid: "bfd58c5bcc7649dea06bb29e94274dd9" member_type: VOTER last_known_addr { host: "127.0.231.2" port: 37175 }, Status: LMP_MISMATCH, Last received: 0.0, Next index: 1, Last known committed idx: 0, Time since last communication: 0.001s
I20260710 11:09:57.549933  2213 tablet_bootstrap.cc:654] T c9227f50df854618b68691f8e6016eba P 5a808b858e7a4917b922894b94ccceab: Neither blocks nor log segments found. Creating new log.
I20260710 11:09:57.560235  2214 tablet_bootstrap.cc:654] T 0e71575a8ca64c6092e93cf07bb23959 P bfd58c5bcc7649dea06bb29e94274dd9: Neither blocks nor log segments found. Creating new log.
I20260710 11:09:57.581158  2212 tablet_bootstrap.cc:492] T c6fa545144304e1f9469db8f24a7fba6 P 3ea880022ad64040885bf44642137e6a: No bootstrap required, opened a new log
I20260710 11:09:57.581640  2212 ts_tablet_manager.cc:1403] T c6fa545144304e1f9469db8f24a7fba6 P 3ea880022ad64040885bf44642137e6a: Time spent bootstrapping tablet: real 0.059s	user 0.007s	sys 0.015s
I20260710 11:09:57.584286  2212 raft_consensus.cc:359] T c6fa545144304e1f9469db8f24a7fba6 P 3ea880022ad64040885bf44642137e6a [term 0 FOLLOWER]: Replica starting. Triggering 0 pending ops. Active config: opid_index: -1 OBSOLETE_local: false peers { permanent_uuid: "5a808b858e7a4917b922894b94ccceab" member_type: VOTER last_known_addr { host: "127.0.231.1" port: 37253 } } peers { permanent_uuid: "bfd58c5bcc7649dea06bb29e94274dd9" member_type: VOTER last_known_addr { host: "127.0.231.2" port: 37175 } } peers { permanent_uuid: "3ea880022ad64040885bf44642137e6a" member_type: VOTER last_known_addr { host: "127.0.231.3" port: 37927 } }
I20260710 11:09:57.584940  2212 raft_consensus.cc:385] T c6fa545144304e1f9469db8f24a7fba6 P 3ea880022ad64040885bf44642137e6a [term 0 FOLLOWER]: Consensus starting up: Expiring failure detector timer to make a prompt election more likely
I20260710 11:09:57.585214  2212 raft_consensus.cc:740] T c6fa545144304e1f9469db8f24a7fba6 P 3ea880022ad64040885bf44642137e6a [term 0 FOLLOWER]: Becoming Follower/Learner. State: Replica: 3ea880022ad64040885bf44642137e6a, State: Initialized, Role: FOLLOWER
I20260710 11:09:57.586002  2212 consensus_queue.cc:260] T c6fa545144304e1f9469db8f24a7fba6 P 3ea880022ad64040885bf44642137e6a [NON_LEADER]: Queue going to NON_LEADER mode. State: All replicated index: 0, Majority replicated index: 0, Committed index: 0, Last appended: 0.0, Last appended by leader: 0, Current term: 0, Majority size: -1, State: 0, Mode: NON_LEADER, active raft config: opid_index: -1 OBSOLETE_local: false peers { permanent_uuid: "5a808b858e7a4917b922894b94ccceab" member_type: VOTER last_known_addr { host: "127.0.231.1" port: 37253 } } peers { permanent_uuid: "bfd58c5bcc7649dea06bb29e94274dd9" member_type: VOTER last_known_addr { host: "127.0.231.2" port: 37175 } } peers { permanent_uuid: "3ea880022ad64040885bf44642137e6a" member_type: VOTER last_known_addr { host: "127.0.231.3" port: 37927 } }
I20260710 11:09:57.587970  2212 ts_tablet_manager.cc:1434] T c6fa545144304e1f9469db8f24a7fba6 P 3ea880022ad64040885bf44642137e6a: Time spent starting tablet: real 0.006s	user 0.003s	sys 0.001s
I20260710 11:09:57.588869  2212 tablet_bootstrap.cc:492] T 826c2475568848b1a143851d1a088cac P 3ea880022ad64040885bf44642137e6a: Bootstrap starting.
I20260710 11:09:57.594419  2212 tablet_bootstrap.cc:654] T 826c2475568848b1a143851d1a088cac P 3ea880022ad64040885bf44642137e6a: Neither blocks nor log segments found. Creating new log.
I20260710 11:09:57.597288  2214 tablet_bootstrap.cc:492] T 0e71575a8ca64c6092e93cf07bb23959 P bfd58c5bcc7649dea06bb29e94274dd9: No bootstrap required, opened a new log
I20260710 11:09:57.597819  2214 ts_tablet_manager.cc:1403] T 0e71575a8ca64c6092e93cf07bb23959 P bfd58c5bcc7649dea06bb29e94274dd9: Time spent bootstrapping tablet: real 0.083s	user 0.011s	sys 0.006s
I20260710 11:09:57.599409  2213 tablet_bootstrap.cc:492] T c9227f50df854618b68691f8e6016eba P 5a808b858e7a4917b922894b94ccceab: No bootstrap required, opened a new log
I20260710 11:09:57.599804  2213 ts_tablet_manager.cc:1403] T c9227f50df854618b68691f8e6016eba P 5a808b858e7a4917b922894b94ccceab: Time spent bootstrapping tablet: real 0.064s	user 0.007s	sys 0.019s
I20260710 11:09:57.600764  2214 raft_consensus.cc:359] T 0e71575a8ca64c6092e93cf07bb23959 P bfd58c5bcc7649dea06bb29e94274dd9 [term 0 FOLLOWER]: Replica starting. Triggering 0 pending ops. Active config: opid_index: -1 OBSOLETE_local: false peers { permanent_uuid: "5a808b858e7a4917b922894b94ccceab" member_type: VOTER last_known_addr { host: "127.0.231.1" port: 37253 } } peers { permanent_uuid: "bfd58c5bcc7649dea06bb29e94274dd9" member_type: VOTER last_known_addr { host: "127.0.231.2" port: 37175 } } peers { permanent_uuid: "3ea880022ad64040885bf44642137e6a" member_type: VOTER last_known_addr { host: "127.0.231.3" port: 37927 } }
I20260710 11:09:57.601388  2214 raft_consensus.cc:385] T 0e71575a8ca64c6092e93cf07bb23959 P bfd58c5bcc7649dea06bb29e94274dd9 [term 0 FOLLOWER]: Consensus starting up: Expiring failure detector timer to make a prompt election more likely
I20260710 11:09:57.601660  2214 raft_consensus.cc:740] T 0e71575a8ca64c6092e93cf07bb23959 P bfd58c5bcc7649dea06bb29e94274dd9 [term 0 FOLLOWER]: Becoming Follower/Learner. State: Replica: bfd58c5bcc7649dea06bb29e94274dd9, State: Initialized, Role: FOLLOWER
I20260710 11:09:57.601691  2213 raft_consensus.cc:359] T c9227f50df854618b68691f8e6016eba P 5a808b858e7a4917b922894b94ccceab [term 0 FOLLOWER]: Replica starting. Triggering 0 pending ops. Active config: opid_index: -1 OBSOLETE_local: false peers { permanent_uuid: "5a808b858e7a4917b922894b94ccceab" member_type: VOTER last_known_addr { host: "127.0.231.1" port: 37253 } } peers { permanent_uuid: "bfd58c5bcc7649dea06bb29e94274dd9" member_type: VOTER last_known_addr { host: "127.0.231.2" port: 37175 } } peers { permanent_uuid: "3ea880022ad64040885bf44642137e6a" member_type: VOTER last_known_addr { host: "127.0.231.3" port: 37927 } }
I20260710 11:09:57.602320  2213 raft_consensus.cc:385] T c9227f50df854618b68691f8e6016eba P 5a808b858e7a4917b922894b94ccceab [term 0 FOLLOWER]: Consensus starting up: Expiring failure detector timer to make a prompt election more likely
I20260710 11:09:57.602566  2213 raft_consensus.cc:740] T c9227f50df854618b68691f8e6016eba P 5a808b858e7a4917b922894b94ccceab [term 0 FOLLOWER]: Becoming Follower/Learner. State: Replica: 5a808b858e7a4917b922894b94ccceab, State: Initialized, Role: FOLLOWER
I20260710 11:09:57.602468  2214 consensus_queue.cc:260] T 0e71575a8ca64c6092e93cf07bb23959 P bfd58c5bcc7649dea06bb29e94274dd9 [NON_LEADER]: Queue going to NON_LEADER mode. State: All replicated index: 0, Majority replicated index: 0, Committed index: 0, Last appended: 0.0, Last appended by leader: 0, Current term: 0, Majority size: -1, State: 0, Mode: NON_LEADER, active raft config: opid_index: -1 OBSOLETE_local: false peers { permanent_uuid: "5a808b858e7a4917b922894b94ccceab" member_type: VOTER last_known_addr { host: "127.0.231.1" port: 37253 } } peers { permanent_uuid: "bfd58c5bcc7649dea06bb29e94274dd9" member_type: VOTER last_known_addr { host: "127.0.231.2" port: 37175 } } peers { permanent_uuid: "3ea880022ad64040885bf44642137e6a" member_type: VOTER last_known_addr { host: "127.0.231.3" port: 37927 } }
I20260710 11:09:57.603189  2213 consensus_queue.cc:260] T c9227f50df854618b68691f8e6016eba P 5a808b858e7a4917b922894b94ccceab [NON_LEADER]: Queue going to NON_LEADER mode. State: All replicated index: 0, Majority replicated index: 0, Committed index: 0, Last appended: 0.0, Last appended by leader: 0, Current term: 0, Majority size: -1, State: 0, Mode: NON_LEADER, active raft config: opid_index: -1 OBSOLETE_local: false peers { permanent_uuid: "5a808b858e7a4917b922894b94ccceab" member_type: VOTER last_known_addr { host: "127.0.231.1" port: 37253 } } peers { permanent_uuid: "bfd58c5bcc7649dea06bb29e94274dd9" member_type: VOTER last_known_addr { host: "127.0.231.2" port: 37175 } } peers { permanent_uuid: "3ea880022ad64040885bf44642137e6a" member_type: VOTER last_known_addr { host: "127.0.231.3" port: 37927 } }
I20260710 11:09:57.603840  2212 tablet_bootstrap.cc:492] T 826c2475568848b1a143851d1a088cac P 3ea880022ad64040885bf44642137e6a: No bootstrap required, opened a new log
I20260710 11:09:57.604298  2212 ts_tablet_manager.cc:1403] T 826c2475568848b1a143851d1a088cac P 3ea880022ad64040885bf44642137e6a: Time spent bootstrapping tablet: real 0.016s	user 0.010s	sys 0.001s
I20260710 11:09:57.604599  2214 ts_tablet_manager.cc:1434] T 0e71575a8ca64c6092e93cf07bb23959 P bfd58c5bcc7649dea06bb29e94274dd9: Time spent starting tablet: real 0.006s	user 0.003s	sys 0.000s
I20260710 11:09:57.605016  2213 ts_tablet_manager.cc:1434] T c9227f50df854618b68691f8e6016eba P 5a808b858e7a4917b922894b94ccceab: Time spent starting tablet: real 0.005s	user 0.000s	sys 0.003s
I20260710 11:09:57.605814  2214 tablet_bootstrap.cc:492] T c9227f50df854618b68691f8e6016eba P bfd58c5bcc7649dea06bb29e94274dd9: Bootstrap starting.
I20260710 11:09:57.606770  2212 raft_consensus.cc:359] T 826c2475568848b1a143851d1a088cac P 3ea880022ad64040885bf44642137e6a [term 0 FOLLOWER]: Replica starting. Triggering 0 pending ops. Active config: opid_index: -1 OBSOLETE_local: false peers { permanent_uuid: "5a808b858e7a4917b922894b94ccceab" member_type: VOTER last_known_addr { host: "127.0.231.1" port: 37253 } } peers { permanent_uuid: "bfd58c5bcc7649dea06bb29e94274dd9" member_type: VOTER last_known_addr { host: "127.0.231.2" port: 37175 } } peers { permanent_uuid: "3ea880022ad64040885bf44642137e6a" member_type: VOTER last_known_addr { host: "127.0.231.3" port: 37927 } }
I20260710 11:09:57.607431  2212 raft_consensus.cc:385] T 826c2475568848b1a143851d1a088cac P 3ea880022ad64040885bf44642137e6a [term 0 FOLLOWER]: Consensus starting up: Expiring failure detector timer to make a prompt election more likely
I20260710 11:09:57.607736  2212 raft_consensus.cc:740] T 826c2475568848b1a143851d1a088cac P 3ea880022ad64040885bf44642137e6a [term 0 FOLLOWER]: Becoming Follower/Learner. State: Replica: 3ea880022ad64040885bf44642137e6a, State: Initialized, Role: FOLLOWER
I20260710 11:09:57.608328  2213 tablet_bootstrap.cc:492] T 34d97cd43642420d83d916bfd86092ce P 5a808b858e7a4917b922894b94ccceab: Bootstrap starting.
