I20260710 11:09:55.401360  4439 tablet_service.cc:1917] Received RequestConsensusVote() RPC: tablet_id: "1d5b8b0c1c734857ab96aa173948ad08" candidate_uuid: "dd631fa8c28d487787ff010f36248a13" candidate_term: 1 candidate_status { last_received { term: 0 index: 0 } } ignore_live_leader: false dest_uuid: "2e3aa935083c4324a24d0d76e481331a"
I20260710 11:09:55.401984  4439 raft_consensus.cc:3060] T 1d5b8b0c1c734857ab96aa173948ad08 P 2e3aa935083c4324a24d0d76e481331a [term 0 FOLLOWER]: Advancing to term 1
I20260710 11:09:55.404551  4555 tablet_bootstrap.cc:654] T 0fe6302298444e9f8bc4ea7758252d82 P 2e3aa935083c4324a24d0d76e481331a: Neither blocks nor log segments found. Creating new log.
I20260710 11:09:55.411335  4561 raft_consensus.cc:493] T 29556ac8587140788683d76e0c5594a2 P 3839fc6b302941dbacec9ebbda8ea114 [term 0 FOLLOWER]: Starting pre-election (no leader contacted us within the election timeout)
I20260710 11:09:55.412034  4561 raft_consensus.cc:515] T 29556ac8587140788683d76e0c5594a2 P 3839fc6b302941dbacec9ebbda8ea114 [term 0 FOLLOWER]: Starting pre-election with config: opid_index: -1 OBSOLETE_local: false peers { permanent_uuid: "dd631fa8c28d487787ff010f36248a13" member_type: VOTER last_known_addr { host: "127.3.47.193" port: 42059 } } peers { permanent_uuid: "2e3aa935083c4324a24d0d76e481331a" member_type: VOTER last_known_addr { host: "127.3.47.194" port: 33459 } } peers { permanent_uuid: "3839fc6b302941dbacec9ebbda8ea114" member_type: VOTER last_known_addr { host: "127.3.47.195" port: 46551 } }
I20260710 11:09:55.416128  4363 tablet_service.cc:1917] Received RequestConsensusVote() RPC: tablet_id: "29556ac8587140788683d76e0c5594a2" candidate_uuid: "3839fc6b302941dbacec9ebbda8ea114" candidate_term: 1 candidate_status { last_received { term: 0 index: 0 } } ignore_live_leader: false dest_uuid: "dd631fa8c28d487787ff010f36248a13" is_pre_election: true
I20260710 11:09:55.416978  4561 leader_election.cc:290] T 29556ac8587140788683d76e0c5594a2 P 3839fc6b302941dbacec9ebbda8ea114 [CANDIDATE]: Term 1 pre-election: Requested pre-vote from peers dd631fa8c28d487787ff010f36248a13 (127.3.47.193:42059), 2e3aa935083c4324a24d0d76e481331a (127.3.47.194:33459)
I20260710 11:09:55.418665  4437 tablet_service.cc:1917] Received RequestConsensusVote() RPC: tablet_id: "29556ac8587140788683d76e0c5594a2" candidate_uuid: "3839fc6b302941dbacec9ebbda8ea114" candidate_term: 1 candidate_status { last_received { term: 0 index: 0 } } ignore_live_leader: false dest_uuid: "2e3aa935083c4324a24d0d76e481331a" is_pre_election: true
I20260710 11:09:55.419579  4437 raft_consensus.cc:2468] T 29556ac8587140788683d76e0c5594a2 P 2e3aa935083c4324a24d0d76e481331a [term 0 FOLLOWER]: Leader pre-election vote request: Granting yes vote for candidate 3839fc6b302941dbacec9ebbda8ea114 in term 0.
I20260710 11:09:55.420873  4555 tablet_bootstrap.cc:492] T 0fe6302298444e9f8bc4ea7758252d82 P 2e3aa935083c4324a24d0d76e481331a: No bootstrap required, opened a new log
I20260710 11:09:55.421432  4555 ts_tablet_manager.cc:1403] T 0fe6302298444e9f8bc4ea7758252d82 P 2e3aa935083c4324a24d0d76e481331a: Time spent bootstrapping tablet: real 0.025s	user 0.015s	sys 0.003s
I20260710 11:09:55.421497  4478 leader_election.cc:304] T 29556ac8587140788683d76e0c5594a2 P 3839fc6b302941dbacec9ebbda8ea114 [CANDIDATE]: Term 1 pre-election: Election decided. Result: candidate won. Election summary: received 2 responses out of 3 voters: 2 yes votes; 0 no votes. yes voters: 2e3aa935083c4324a24d0d76e481331a, 3839fc6b302941dbacec9ebbda8ea114; no voters: 
I20260710 11:09:55.422848  4561 raft_consensus.cc:2804] T 29556ac8587140788683d76e0c5594a2 P 3839fc6b302941dbacec9ebbda8ea114 [term 0 FOLLOWER]: Leader pre-election won for term 1
I20260710 11:09:55.423411  4561 raft_consensus.cc:493] T 29556ac8587140788683d76e0c5594a2 P 3839fc6b302941dbacec9ebbda8ea114 [term 0 FOLLOWER]: Starting leader election (no leader contacted us within the election timeout)
I20260710 11:09:55.423911  4561 raft_consensus.cc:3060] T 29556ac8587140788683d76e0c5594a2 P 3839fc6b302941dbacec9ebbda8ea114 [term 0 FOLLOWER]: Advancing to term 1
I20260710 11:09:55.424909  4555 raft_consensus.cc:359] T 0fe6302298444e9f8bc4ea7758252d82 P 2e3aa935083c4324a24d0d76e481331a [term 0 FOLLOWER]: Replica starting. Triggering 0 pending ops. Active config: opid_index: -1 OBSOLETE_local: false peers { permanent_uuid: "dd631fa8c28d487787ff010f36248a13" member_type: VOTER last_known_addr { host: "127.3.47.193" port: 42059 } } peers { permanent_uuid: "2e3aa935083c4324a24d0d76e481331a" member_type: VOTER last_known_addr { host: "127.3.47.194" port: 33459 } } peers { permanent_uuid: "3839fc6b302941dbacec9ebbda8ea114" member_type: VOTER last_known_addr { host: "127.3.47.195" port: 46551 } }
I20260710 11:09:55.425782  4555 raft_consensus.cc:385] T 0fe6302298444e9f8bc4ea7758252d82 P 2e3aa935083c4324a24d0d76e481331a [term 0 FOLLOWER]: Consensus starting up: Expiring failure detector timer to make a prompt election more likely
I20260710 11:09:55.426402  4555 raft_consensus.cc:740] T 0fe6302298444e9f8bc4ea7758252d82 P 2e3aa935083c4324a24d0d76e481331a [term 0 FOLLOWER]: Becoming Follower/Learner. State: Replica: 2e3aa935083c4324a24d0d76e481331a, State: Initialized, Role: FOLLOWER
I20260710 11:09:55.417011  4363 raft_consensus.cc:2468] T 29556ac8587140788683d76e0c5594a2 P dd631fa8c28d487787ff010f36248a13 [term 0 FOLLOWER]: Leader pre-election vote request: Granting yes vote for candidate 3839fc6b302941dbacec9ebbda8ea114 in term 0.
I20260710 11:09:55.427395  4555 consensus_queue.cc:260] T 0fe6302298444e9f8bc4ea7758252d82 P 2e3aa935083c4324a24d0d76e481331a [NON_LEADER]: Queue going to NON_LEADER mode. State: All replicated index: 0, Majority replicated index: 0, Committed index: 0, Last appended: 0.0, Last appended by leader: 0, Current term: 0, Majority size: -1, State: 0, Mode: NON_LEADER, active raft config: opid_index: -1 OBSOLETE_local: false peers { permanent_uuid: "dd631fa8c28d487787ff010f36248a13" member_type: VOTER last_known_addr { host: "127.3.47.193" port: 42059 } } peers { permanent_uuid: "2e3aa935083c4324a24d0d76e481331a" member_type: VOTER last_known_addr { host: "127.3.47.194" port: 33459 } } peers { permanent_uuid: "3839fc6b302941dbacec9ebbda8ea114" member_type: VOTER last_known_addr { host: "127.3.47.195" port: 46551 } }
I20260710 11:09:55.430284  4555 ts_tablet_manager.cc:1434] T 0fe6302298444e9f8bc4ea7758252d82 P 2e3aa935083c4324a24d0d76e481331a: Time spent starting tablet: real 0.008s	user 0.009s	sys 0.000s
I20260710 11:09:55.431447  4555 tablet_bootstrap.cc:492] T ef23fc59cde947ddaefaf9a222bcc424 P 2e3aa935083c4324a24d0d76e481331a: Bootstrap starting.
I20260710 11:09:55.439270  4555 tablet_bootstrap.cc:654] T ef23fc59cde947ddaefaf9a222bcc424 P 2e3aa935083c4324a24d0d76e481331a: Neither blocks nor log segments found. Creating new log.
I20260710 11:09:55.442417  4560 raft_consensus.cc:493] T 150ea50ebe0a486caafb45465ab37b47 P 2e3aa935083c4324a24d0d76e481331a [term 0 FOLLOWER]: Starting pre-election (no leader contacted us within the election timeout)
I20260710 11:09:55.443136  4560 raft_consensus.cc:515] T 150ea50ebe0a486caafb45465ab37b47 P 2e3aa935083c4324a24d0d76e481331a [term 0 FOLLOWER]: Starting pre-election with config: opid_index: -1 OBSOLETE_local: false peers { permanent_uuid: "dd631fa8c28d487787ff010f36248a13" member_type: VOTER last_known_addr { host: "127.3.47.193" port: 42059 } } peers { permanent_uuid: "2e3aa935083c4324a24d0d76e481331a" member_type: VOTER last_known_addr { host: "127.3.47.194" port: 33459 } } peers { permanent_uuid: "3839fc6b302941dbacec9ebbda8ea114" member_type: VOTER last_known_addr { host: "127.3.47.195" port: 46551 } }
I20260710 11:09:55.447464  4560 leader_election.cc:290] T 150ea50ebe0a486caafb45465ab37b47 P 2e3aa935083c4324a24d0d76e481331a [CANDIDATE]: Term 1 pre-election: Requested pre-vote from peers dd631fa8c28d487787ff010f36248a13 (127.3.47.193:42059), 3839fc6b302941dbacec9ebbda8ea114 (127.3.47.195:46551)
I20260710 11:09:55.449666  4511 tablet_service.cc:1917] Received RequestConsensusVote() RPC: tablet_id: "150ea50ebe0a486caafb45465ab37b47" candidate_uuid: "2e3aa935083c4324a24d0d76e481331a" candidate_term: 1 candidate_status { last_received { term: 0 index: 0 } } ignore_live_leader: false dest_uuid: "3839fc6b302941dbacec9ebbda8ea114" is_pre_election: true
I20260710 11:09:55.451073  4555 tablet_bootstrap.cc:492] T ef23fc59cde947ddaefaf9a222bcc424 P 2e3aa935083c4324a24d0d76e481331a: No bootstrap required, opened a new log
I20260710 11:09:55.451671  4555 ts_tablet_manager.cc:1403] T ef23fc59cde947ddaefaf9a222bcc424 P 2e3aa935083c4324a24d0d76e481331a: Time spent bootstrapping tablet: real 0.020s	user 0.011s	sys 0.008s
W20260710 11:09:55.451643  4405 leader_election.cc:343] T 150ea50ebe0a486caafb45465ab37b47 P 2e3aa935083c4324a24d0d76e481331a [CANDIDATE]: Term 1 pre-election: Tablet error from VoteRequest() call to peer 3839fc6b302941dbacec9ebbda8ea114 (127.3.47.195:46551): Illegal state: must be running to vote when last-logged opid is not known
I20260710 11:09:55.452983  4363 tablet_service.cc:1917] Received RequestConsensusVote() RPC: tablet_id: "150ea50ebe0a486caafb45465ab37b47" candidate_uuid: "2e3aa935083c4324a24d0d76e481331a" candidate_term: 1 candidate_status { last_received { term: 0 index: 0 } } ignore_live_leader: false dest_uuid: "dd631fa8c28d487787ff010f36248a13" is_pre_election: true
I20260710 11:09:55.453843  4363 raft_consensus.cc:2468] T 150ea50ebe0a486caafb45465ab37b47 P dd631fa8c28d487787ff010f36248a13 [term 0 FOLLOWER]: Leader pre-election vote request: Granting yes vote for candidate 2e3aa935083c4324a24d0d76e481331a in term 0.
I20260710 11:09:55.455415  4402 leader_election.cc:304] T 150ea50ebe0a486caafb45465ab37b47 P 2e3aa935083c4324a24d0d76e481331a [CANDIDATE]: Term 1 pre-election: Election decided. Result: candidate won. Election summary: received 3 responses out of 3 voters: 2 yes votes; 1 no votes. yes voters: 2e3aa935083c4324a24d0d76e481331a, dd631fa8c28d487787ff010f36248a13; no voters: 3839fc6b302941dbacec9ebbda8ea114
I20260710 11:09:55.456830  4560 raft_consensus.cc:2804] T 150ea50ebe0a486caafb45465ab37b47 P 2e3aa935083c4324a24d0d76e481331a [term 0 FOLLOWER]: Leader pre-election won for term 1
I20260710 11:09:55.457273  4560 raft_consensus.cc:493] T 150ea50ebe0a486caafb45465ab37b47 P 2e3aa935083c4324a24d0d76e481331a [term 0 FOLLOWER]: Starting leader election (no leader contacted us within the election timeout)
I20260710 11:09:55.457778  4560 raft_consensus.cc:3060] T 150ea50ebe0a486caafb45465ab37b47 P 2e3aa935083c4324a24d0d76e481331a [term 0 FOLLOWER]: Advancing to term 1
I20260710 11:09:55.459115  4511 tablet_service.cc:1917] Received RequestConsensusVote() RPC: tablet_id: "1d5b8b0c1c734857ab96aa173948ad08" candidate_uuid: "dd631fa8c28d487787ff010f36248a13" candidate_term: 1 candidate_status { last_received { term: 0 index: 0 } } ignore_live_leader: false dest_uuid: "3839fc6b302941dbacec9ebbda8ea114"
I20260710 11:09:55.459734  4511 raft_consensus.cc:3060] T 1d5b8b0c1c734857ab96aa173948ad08 P 3839fc6b302941dbacec9ebbda8ea114 [term 0 FOLLOWER]: Advancing to term 1
I20260710 11:09:55.455399  4555 raft_consensus.cc:359] T ef23fc59cde947ddaefaf9a222bcc424 P 2e3aa935083c4324a24d0d76e481331a [term 0 FOLLOWER]: Replica starting. Triggering 0 pending ops. Active config: opid_index: -1 OBSOLETE_local: false peers { permanent_uuid: "dd631fa8c28d487787ff010f36248a13" member_type: VOTER last_known_addr { host: "127.3.47.193" port: 42059 } } peers { permanent_uuid: "2e3aa935083c4324a24d0d76e481331a" member_type: VOTER last_known_addr { host: "127.3.47.194" port: 33459 } } peers { permanent_uuid: "3839fc6b302941dbacec9ebbda8ea114" member_type: VOTER last_known_addr { host: "127.3.47.195" port: 46551 } }
I20260710 11:09:55.462155  4555 raft_consensus.cc:385] T ef23fc59cde947ddaefaf9a222bcc424 P 2e3aa935083c4324a24d0d76e481331a [term 0 FOLLOWER]: Consensus starting up: Expiring failure detector timer to make a prompt election more likely
I20260710 11:09:55.462471  4555 raft_consensus.cc:740] T ef23fc59cde947ddaefaf9a222bcc424 P 2e3aa935083c4324a24d0d76e481331a [term 0 FOLLOWER]: Becoming Follower/Learner. State: Replica: 2e3aa935083c4324a24d0d76e481331a, State: Initialized, Role: FOLLOWER
I20260710 11:09:55.463335  4555 consensus_queue.cc:260] T ef23fc59cde947ddaefaf9a222bcc424 P 2e3aa935083c4324a24d0d76e481331a [NON_LEADER]: Queue going to NON_LEADER mode. State: All replicated index: 0, Majority replicated index: 0, Committed index: 0, Last appended: 0.0, Last appended by leader: 0, Current term: 0, Majority size: -1, State: 0, Mode: NON_LEADER, active raft config: opid_index: -1 OBSOLETE_local: false peers { permanent_uuid: "dd631fa8c28d487787ff010f36248a13" member_type: VOTER last_known_addr { host: "127.3.47.193" port: 42059 } } peers { permanent_uuid: "2e3aa935083c4324a24d0d76e481331a" member_type: VOTER last_known_addr { host: "127.3.47.194" port: 33459 } } peers { permanent_uuid: "3839fc6b302941dbacec9ebbda8ea114" member_type: VOTER last_known_addr { host: "127.3.47.195" port: 46551 } }
I20260710 11:09:55.470392  4563 raft_consensus.cc:515] T 25737df71e5a4c129781831ce813b187 P 2e3aa935083c4324a24d0d76e481331a [term 1 FOLLOWER]: Starting leader election with config: opid_index: -1 OBSOLETE_local: false peers { permanent_uuid: "dd631fa8c28d487787ff010f36248a13" member_type: VOTER last_known_addr { host: "127.3.47.193" port: 42059 } } peers { permanent_uuid: "2e3aa935083c4324a24d0d76e481331a" member_type: VOTER last_known_addr { host: "127.3.47.194" port: 33459 } } peers { permanent_uuid: "3839fc6b302941dbacec9ebbda8ea114" member_type: VOTER last_known_addr { host: "127.3.47.195" port: 46551 } }
I20260710 11:09:55.474841  4513 tablet_service.cc:1917] Received RequestConsensusVote() RPC: tablet_id: "25737df71e5a4c129781831ce813b187" candidate_uuid: "2e3aa935083c4324a24d0d76e481331a" candidate_term: 1 candidate_status { last_received { term: 0 index: 0 } } ignore_live_leader: false dest_uuid: "3839fc6b302941dbacec9ebbda8ea114"
I20260710 11:09:55.475498  4513 raft_consensus.cc:3060] T 25737df71e5a4c129781831ce813b187 P 3839fc6b302941dbacec9ebbda8ea114 [term 0 FOLLOWER]: Advancing to term 1
I20260710 11:09:55.477155  4363 tablet_service.cc:1917] Received RequestConsensusVote() RPC: tablet_id: "25737df71e5a4c129781831ce813b187" candidate_uuid: "2e3aa935083c4324a24d0d76e481331a" candidate_term: 1 candidate_status { last_received { term: 0 index: 0 } } ignore_live_leader: false dest_uuid: "dd631fa8c28d487787ff010f36248a13"
I20260710 11:09:55.479805  4363 raft_consensus.cc:3060] T 25737df71e5a4c129781831ce813b187 P dd631fa8c28d487787ff010f36248a13 [term 0 FOLLOWER]: Advancing to term 1
I20260710 11:09:55.487890  4561 raft_consensus.cc:515] T 29556ac8587140788683d76e0c5594a2 P 3839fc6b302941dbacec9ebbda8ea114 [term 1 FOLLOWER]: Starting leader election with config: opid_index: -1 OBSOLETE_local: false peers { permanent_uuid: "dd631fa8c28d487787ff010f36248a13" member_type: VOTER last_known_addr { host: "127.3.47.193" port: 42059 } } peers { permanent_uuid: "2e3aa935083c4324a24d0d76e481331a" member_type: VOTER last_known_addr { host: "127.3.47.194" port: 33459 } } peers { permanent_uuid: "3839fc6b302941dbacec9ebbda8ea114" member_type: VOTER last_known_addr { host: "127.3.47.195" port: 46551 } }
I20260710 11:09:55.491117  4363 raft_consensus.cc:2468] T 25737df71e5a4c129781831ce813b187 P dd631fa8c28d487787ff010f36248a13 [term 1 FOLLOWER]: Leader election vote request: Granting yes vote for candidate 2e3aa935083c4324a24d0d76e481331a in term 1.
I20260710 11:09:55.491634  4364 tablet_service.cc:1917] Received RequestConsensusVote() RPC: tablet_id: "29556ac8587140788683d76e0c5594a2" candidate_uuid: "3839fc6b302941dbacec9ebbda8ea114" candidate_term: 1 candidate_status { last_received { term: 0 index: 0 } } ignore_live_leader: false dest_uuid: "dd631fa8c28d487787ff010f36248a13"
I20260710 11:09:55.491914  4437 tablet_service.cc:1917] Received RequestConsensusVote() RPC: tablet_id: "29556ac8587140788683d76e0c5594a2" candidate_uuid: "3839fc6b302941dbacec9ebbda8ea114" candidate_term: 1 candidate_status { last_received { term: 0 index: 0 } } ignore_live_leader: false dest_uuid: "2e3aa935083c4324a24d0d76e481331a"
I20260710 11:09:55.492309  4364 raft_consensus.cc:3060] T 29556ac8587140788683d76e0c5594a2 P dd631fa8c28d487787ff010f36248a13 [term 0 FOLLOWER]: Advancing to term 1
I20260710 11:09:55.492456  4437 raft_consensus.cc:3060] T 29556ac8587140788683d76e0c5594a2 P 2e3aa935083c4324a24d0d76e481331a [term 0 FOLLOWER]: Advancing to term 1
I20260710 11:09:55.496157  4402 leader_election.cc:304] T 25737df71e5a4c129781831ce813b187 P 2e3aa935083c4324a24d0d76e481331a [CANDIDATE]: Term 1 election: Election decided. Result: candidate won. Election summary: received 2 responses out of 3 voters: 2 yes votes; 0 no votes. yes voters: 2e3aa935083c4324a24d0d76e481331a, dd631fa8c28d487787ff010f36248a13; no voters: 
I20260710 11:09:55.463285  4559 leader_election.cc:290] T 1d5b8b0c1c734857ab96aa173948ad08 P dd631fa8c28d487787ff010f36248a13 [CANDIDATE]: Term 1 election: Requested vote from peers 2e3aa935083c4324a24d0d76e481331a (127.3.47.194:33459), 3839fc6b302941dbacec9ebbda8ea114 (127.3.47.195:46551)
I20260710 11:09:55.504252  4561 leader_election.cc:290] T 29556ac8587140788683d76e0c5594a2 P 3839fc6b302941dbacec9ebbda8ea114 [CANDIDATE]: Term 1 election: Requested vote from peers dd631fa8c28d487787ff010f36248a13 (127.3.47.193:42059), 2e3aa935083c4324a24d0d76e481331a (127.3.47.194:33459)
I20260710 11:09:55.505215  4601 raft_consensus.cc:2804] T 25737df71e5a4c129781831ce813b187 P 2e3aa935083c4324a24d0d76e481331a [term 1 FOLLOWER]: Leader election won for term 1
I20260710 11:09:55.505971  4555 ts_tablet_manager.cc:1434] T ef23fc59cde947ddaefaf9a222bcc424 P 2e3aa935083c4324a24d0d76e481331a: Time spent starting tablet: real 0.054s	user 0.010s	sys 0.009s
I20260710 11:09:55.505877  4601 raft_consensus.cc:697] T 25737df71e5a4c129781831ce813b187 P 2e3aa935083c4324a24d0d76e481331a [term 1 LEADER]: Becoming Leader. State: Replica: 2e3aa935083c4324a24d0d76e481331a, State: Running, Role: LEADER
I20260710 11:09:55.507257  4555 tablet_bootstrap.cc:492] T 60d62f45fac444f08a229e297acc82bf P 2e3aa935083c4324a24d0d76e481331a: Bootstrap starting.
I20260710 11:09:55.507210  4601 consensus_queue.cc:237] T 25737df71e5a4c129781831ce813b187 P 2e3aa935083c4324a24d0d76e481331a [LEADER]: Queue going to LEADER mode. State: All replicated index: 0, Majority replicated index: 0, Committed index: 0, Last appended: 0.0, Last appended by leader: 0, Current term: 1, Majority size: 2, State: 0, Mode: LEADER, active raft config: opid_index: -1 OBSOLETE_local: false peers { permanent_uuid: "dd631fa8c28d487787ff010f36248a13" member_type: VOTER last_known_addr { host: "127.3.47.193" port: 42059 } } peers { permanent_uuid: "2e3aa935083c4324a24d0d76e481331a" member_type: VOTER last_known_addr { host: "127.3.47.194" port: 33459 } } peers { permanent_uuid: "3839fc6b302941dbacec9ebbda8ea114" member_type: VOTER last_known_addr { host: "127.3.47.195" port: 46551 } }
I20260710 11:09:55.502085  4563 leader_election.cc:290] T 25737df71e5a4c129781831ce813b187 P 2e3aa935083c4324a24d0d76e481331a [CANDIDATE]: Term 1 election: Requested vote from peers dd631fa8c28d487787ff010f36248a13 (127.3.47.193:42059), 3839fc6b302941dbacec9ebbda8ea114 (127.3.47.195:46551)
I20260710 11:09:55.508759  4439 raft_consensus.cc:2468] T 1d5b8b0c1c734857ab96aa173948ad08 P 2e3aa935083c4324a24d0d76e481331a [term 1 FOLLOWER]: Leader election vote request: Granting yes vote for candidate dd631fa8c28d487787ff010f36248a13 in term 1.
I20260710 11:09:55.509793  4513 raft_consensus.cc:2468] T 25737df71e5a4c129781831ce813b187 P 3839fc6b302941dbacec9ebbda8ea114 [term 1 FOLLOWER]: Leader election vote request: Granting yes vote for candidate 2e3aa935083c4324a24d0d76e481331a in term 1.
I20260710 11:09:55.469908  4560 raft_consensus.cc:515] T 150ea50ebe0a486caafb45465ab37b47 P 2e3aa935083c4324a24d0d76e481331a [term 1 FOLLOWER]: Starting leader election with config: opid_index: -1 OBSOLETE_local: false peers { permanent_uuid: "dd631fa8c28d487787ff010f36248a13" member_type: VOTER last_known_addr { host: "127.3.47.193" port: 42059 } } peers { permanent_uuid: "2e3aa935083c4324a24d0d76e481331a" member_type: VOTER last_known_addr { host: "127.3.47.194" port: 33459 } } peers { permanent_uuid: "3839fc6b302941dbacec9ebbda8ea114" member_type: VOTER last_known_addr { host: "127.3.47.195" port: 46551 } }
I20260710 11:09:55.511916  4329 leader_election.cc:304] T 1d5b8b0c1c734857ab96aa173948ad08 P dd631fa8c28d487787ff010f36248a13 [CANDIDATE]: Term 1 election: Election decided. Result: candidate won. Election summary: received 2 responses out of 3 voters: 2 yes votes; 0 no votes. yes voters: 2e3aa935083c4324a24d0d76e481331a, dd631fa8c28d487787ff010f36248a13; no voters: 
I20260710 11:09:55.512161  4560 leader_election.cc:290] T 150ea50ebe0a486caafb45465ab37b47 P 2e3aa935083c4324a24d0d76e481331a [CANDIDATE]: Term 1 election: Requested vote from peers dd631fa8c28d487787ff010f36248a13 (127.3.47.193:42059), 3839fc6b302941dbacec9ebbda8ea114 (127.3.47.195:46551)
I20260710 11:09:55.513008  4364 raft_consensus.cc:2468] T 29556ac8587140788683d76e0c5594a2 P dd631fa8c28d487787ff010f36248a13 [term 1 FOLLOWER]: Leader election vote request: Granting yes vote for candidate 3839fc6b302941dbacec9ebbda8ea114 in term 1.
I20260710 11:09:55.513986  4363 tablet_service.cc:1917] Received RequestConsensusVote() RPC: tablet_id: "150ea50ebe0a486caafb45465ab37b47" candidate_uuid: "2e3aa935083c4324a24d0d76e481331a" candidate_term: 1 candidate_status { last_received { term: 0 index: 0 } } ignore_live_leader: false dest_uuid: "dd631fa8c28d487787ff010f36248a13"
I20260710 11:09:55.514223  4476 leader_election.cc:304] T 29556ac8587140788683d76e0c5594a2 P 3839fc6b302941dbacec9ebbda8ea114 [CANDIDATE]: Term 1 election: Election decided. Result: candidate won. Election summary: received 2 responses out of 3 voters: 2 yes votes; 0 no votes. yes voters: 3839fc6b302941dbacec9ebbda8ea114, dd631fa8c28d487787ff010f36248a13; no voters: 
I20260710 11:09:55.514526  4363 raft_consensus.cc:3060] T 150ea50ebe0a486caafb45465ab37b47 P dd631fa8c28d487787ff010f36248a13 [term 0 FOLLOWER]: Advancing to term 1
I20260710 11:09:55.515122  4553 tablet_bootstrap.cc:492] T 0fe6302298444e9f8bc4ea7758252d82 P dd631fa8c28d487787ff010f36248a13: No bootstrap required, opened a new log
I20260710 11:09:55.515308  4561 raft_consensus.cc:2804] T 29556ac8587140788683d76e0c5594a2 P 3839fc6b302941dbacec9ebbda8ea114 [term 1 FOLLOWER]: Leader election won for term 1
I20260710 11:09:55.515641  4553 ts_tablet_manager.cc:1403] T 0fe6302298444e9f8bc4ea7758252d82 P dd631fa8c28d487787ff010f36248a13: Time spent bootstrapping tablet: real 0.130s	user 0.051s	sys 0.066s
I20260710 11:09:55.516692  4559 raft_consensus.cc:2804] T 1d5b8b0c1c734857ab96aa173948ad08 P dd631fa8c28d487787ff010f36248a13 [term 1 FOLLOWER]: Leader election won for term 1
I20260710 11:09:55.517366  4559 raft_consensus.cc:697] T 1d5b8b0c1c734857ab96aa173948ad08 P dd631fa8c28d487787ff010f36248a13 [term 1 LEADER]: Becoming Leader. State: Replica: dd631fa8c28d487787ff010f36248a13, State: Running, Role: LEADER
I20260710 11:09:55.518164  4559 consensus_queue.cc:237] T 1d5b8b0c1c734857ab96aa173948ad08 P dd631fa8c28d487787ff010f36248a13 [LEADER]: Queue going to LEADER mode. State: All replicated index: 0, Majority replicated index: 0, Committed index: 0, Last appended: 0.0, Last appended by leader: 0, Current term: 1, Majority size: 2, State: 0, Mode: LEADER, active raft config: opid_index: -1 OBSOLETE_local: false peers { permanent_uuid: "dd631fa8c28d487787ff010f36248a13" member_type: VOTER last_known_addr { host: "127.3.47.193" port: 42059 } } peers { permanent_uuid: "2e3aa935083c4324a24d0d76e481331a" member_type: VOTER last_known_addr { host: "127.3.47.194" port: 33459 } } peers { permanent_uuid: "3839fc6b302941dbacec9ebbda8ea114" member_type: VOTER last_known_addr { host: "127.3.47.195" port: 46551 } }
I20260710 11:09:55.518757  4437 raft_consensus.cc:2468] T 29556ac8587140788683d76e0c5594a2 P 2e3aa935083c4324a24d0d76e481331a [term 1 FOLLOWER]: Leader election vote request: Granting yes vote for candidate 3839fc6b302941dbacec9ebbda8ea114 in term 1.
I20260710 11:09:55.519088  4553 raft_consensus.cc:359] T 0fe6302298444e9f8bc4ea7758252d82 P dd631fa8c28d487787ff010f36248a13 [term 0 FOLLOWER]: Replica starting. Triggering 0 pending ops. Active config: opid_index: -1 OBSOLETE_local: false peers { permanent_uuid: "dd631fa8c28d487787ff010f36248a13" member_type: VOTER last_known_addr { host: "127.3.47.193" port: 42059 } } peers { permanent_uuid: "2e3aa935083c4324a24d0d76e481331a" member_type: VOTER last_known_addr { host: "127.3.47.194" port: 33459 } } peers { permanent_uuid: "3839fc6b302941dbacec9ebbda8ea114" member_type: VOTER last_known_addr { host: "127.3.47.195" port: 46551 } }
I20260710 11:09:55.519814  4553 raft_consensus.cc:385] T 0fe6302298444e9f8bc4ea7758252d82 P dd631fa8c28d487787ff010f36248a13 [term 0 FOLLOWER]: Consensus starting up: Expiring failure detector timer to make a prompt election more likely
I20260710 11:09:55.520170  4553 raft_consensus.cc:740] T 0fe6302298444e9f8bc4ea7758252d82 P dd631fa8c28d487787ff010f36248a13 [term 0 FOLLOWER]: Becoming Follower/Learner. State: Replica: dd631fa8c28d487787ff010f36248a13, State: Initialized, Role: FOLLOWER
I20260710 11:09:55.520807  4513 tablet_service.cc:1917] Received RequestConsensusVote() RPC: tablet_id: "150ea50ebe0a486caafb45465ab37b47" candidate_uuid: "2e3aa935083c4324a24d0d76e481331a" candidate_term: 1 candidate_status { last_received { term: 0 index: 0 } } ignore_live_leader: false dest_uuid: "3839fc6b302941dbacec9ebbda8ea114"
I20260710 11:09:55.521027  4553 consensus_queue.cc:260] T 0fe6302298444e9f8bc4ea7758252d82 P dd631fa8c28d487787ff010f36248a13 [NON_LEADER]: Queue going to NON_LEADER mode. State: All replicated index: 0, Majority replicated index: 0, Committed index: 0, Last appended: 0.0, Last appended by leader: 0, Current term: 0, Majority size: -1, State: 0, Mode: NON_LEADER, active raft config: opid_index: -1 OBSOLETE_local: false peers { permanent_uuid: "dd631fa8c28d487787ff010f36248a13" member_type: VOTER last_known_addr { host: "127.3.47.193" port: 42059 } } peers { permanent_uuid: "2e3aa935083c4324a24d0d76e481331a" member_type: VOTER last_known_addr { host: "127.3.47.194" port: 33459 } } peers { permanent_uuid: "3839fc6b302941dbacec9ebbda8ea114" member_type: VOTER last_known_addr { host: "127.3.47.195" port: 46551 } }
I20260710 11:09:55.523425  4553 ts_tablet_manager.cc:1434] T 0fe6302298444e9f8bc4ea7758252d82 P dd631fa8c28d487787ff010f36248a13: Time spent starting tablet: real 0.007s	user 0.006s	sys 0.000s
I20260710 11:09:55.516330  4561 raft_consensus.cc:697] T 29556ac8587140788683d76e0c5594a2 P 3839fc6b302941dbacec9ebbda8ea114 [term 1 LEADER]: Becoming Leader. State: Replica: 3839fc6b302941dbacec9ebbda8ea114, State: Running, Role: LEADER
W20260710 11:09:55.524266  4405 leader_election.cc:343] T 150ea50ebe0a486caafb45465ab37b47 P 2e3aa935083c4324a24d0d76e481331a [CANDIDATE]: Term 1 election: Tablet error from VoteRequest() call to peer 3839fc6b302941dbacec9ebbda8ea114 (127.3.47.195:46551): Illegal state: must be running to vote when last-logged opid is not known
I20260710 11:09:55.524482  4553 tablet_bootstrap.cc:492] T 60d62f45fac444f08a229e297acc82bf P dd631fa8c28d487787ff010f36248a13: Bootstrap starting.
I20260710 11:09:55.525458  4511 raft_consensus.cc:2468] T 1d5b8b0c1c734857ab96aa173948ad08 P 3839fc6b302941dbacec9ebbda8ea114 [term 1 FOLLOWER]: Leader election vote request: Granting yes vote for candidate dd631fa8c28d487787ff010f36248a13 in term 1.
I20260710 11:09:55.528801  4363 raft_consensus.cc:2468] T 150ea50ebe0a486caafb45465ab37b47 P dd631fa8c28d487787ff010f36248a13 [term 1 FOLLOWER]: Leader election vote request: Granting yes vote for candidate 2e3aa935083c4324a24d0d76e481331a in term 1.
I20260710 11:09:55.529165  4555 tablet_bootstrap.cc:654] T 60d62f45fac444f08a229e297acc82bf P 2e3aa935083c4324a24d0d76e481331a: Neither blocks nor log segments found. Creating new log.
I20260710 11:09:55.524263  4561 consensus_queue.cc:237] T 29556ac8587140788683d76e0c5594a2 P 3839fc6b302941dbacec9ebbda8ea114 [LEADER]: Queue going to LEADER mode. State: All replicated index: 0, Majority replicated index: 0, Committed index: 0, Last appended: 0.0, Last appended by leader: 0, Current term: 1, Majority size: 2, State: 0, Mode: LEADER, active raft config: opid_index: -1 OBSOLETE_local: false peers { permanent_uuid: "dd631fa8c28d487787ff010f36248a13" member_type: VOTER last_known_addr { host: "127.3.47.193" port: 42059 } } peers { permanent_uuid: "2e3aa935083c4324a24d0d76e481331a" member_type: VOTER last_known_addr { host: "127.3.47.194" port: 33459 } } peers { permanent_uuid: "3839fc6b302941dbacec9ebbda8ea114" member_type: VOTER last_known_addr { host: "127.3.47.195" port: 46551 } }
I20260710 11:09:55.531100  4553 tablet_bootstrap.cc:654] T 60d62f45fac444f08a229e297acc82bf P dd631fa8c28d487787ff010f36248a13: Neither blocks nor log segments found. Creating new log.
I20260710 11:09:55.531881  4402 leader_election.cc:304] T 150ea50ebe0a486caafb45465ab37b47 P 2e3aa935083c4324a24d0d76e481331a [CANDIDATE]: Term 1 election: Election decided. Result: candidate won. Election summary: received 3 responses out of 3 voters: 2 yes votes; 1 no votes. yes voters: 2e3aa935083c4324a24d0d76e481331a, dd631fa8c28d487787ff010f36248a13; no voters: 3839fc6b302941dbacec9ebbda8ea114
I20260710 11:09:55.533095  4554 tablet_bootstrap.cc:492] T 150ea50ebe0a486caafb45465ab37b47 P 3839fc6b302941dbacec9ebbda8ea114: No bootstrap required, opened a new log
I20260710 11:09:55.533227  4602 raft_consensus.cc:2804] T 150ea50ebe0a486caafb45465ab37b47 P 2e3aa935083c4324a24d0d76e481331a [term 1 FOLLOWER]: Leader election won for term 1
I20260710 11:09:55.533617  4554 ts_tablet_manager.cc:1403] T 150ea50ebe0a486caafb45465ab37b47 P 3839fc6b302941dbacec9ebbda8ea114: Time spent bootstrapping tablet: real 0.142s	user 0.049s	sys 0.052s
I20260710 11:09:55.534384  4602 raft_consensus.cc:697] T 150ea50ebe0a486caafb45465ab37b47 P 2e3aa935083c4324a24d0d76e481331a [term 1 LEADER]: Becoming Leader. State: Replica: 2e3aa935083c4324a24d0d76e481331a, State: Running, Role: LEADER
I20260710 11:09:55.535341  4602 consensus_queue.cc:237] T 150ea50ebe0a486caafb45465ab37b47 P 2e3aa935083c4324a24d0d76e481331a [LEADER]: Queue going to LEADER mode. State: All replicated index: 0, Majority replicated index: 0, Committed index: 0, Last appended: 0.0, Last appended by leader: 0, Current term: 1, Majority size: 2, State: 0, Mode: LEADER, active raft config: opid_index: -1 OBSOLETE_local: false peers { permanent_uuid: "dd631fa8c28d487787ff010f36248a13" member_type: VOTER last_known_addr { host: "127.3.47.193" port: 42059 } } peers { permanent_uuid: "2e3aa935083c4324a24d0d76e481331a" member_type: VOTER last_known_addr { host: "127.3.47.194" port: 33459 } } peers { permanent_uuid: "3839fc6b302941dbacec9ebbda8ea114" member_type: VOTER last_known_addr { host: "127.3.47.195" port: 46551 } }
I20260710 11:09:55.536942  4554 raft_consensus.cc:359] T 150ea50ebe0a486caafb45465ab37b47 P 3839fc6b302941dbacec9ebbda8ea114 [term 0 FOLLOWER]: Replica starting. Triggering 0 pending ops. Active config: opid_index: -1 OBSOLETE_local: false peers { permanent_uuid: "dd631fa8c28d487787ff010f36248a13" member_type: VOTER last_known_addr { host: "127.3.47.193" port: 42059 } } peers { permanent_uuid: "2e3aa935083c4324a24d0d76e481331a" member_type: VOTER last_known_addr { host: "127.3.47.194" port: 33459 } } peers { permanent_uuid: "3839fc6b302941dbacec9ebbda8ea114" member_type: VOTER last_known_addr { host: "127.3.47.195" port: 46551 } }
I20260710 11:09:55.537719  4554 raft_consensus.cc:385] T 150ea50ebe0a486caafb45465ab37b47 P 3839fc6b302941dbacec9ebbda8ea114 [term 0 FOLLOWER]: Consensus starting up: Expiring failure detector timer to make a prompt election more likely
I20260710 11:09:55.538048  4554 raft_consensus.cc:740] T 150ea50ebe0a486caafb45465ab37b47 P 3839fc6b302941dbacec9ebbda8ea114 [term 0 FOLLOWER]: Becoming Follower/Learner. State: Replica: 3839fc6b302941dbacec9ebbda8ea114, State: Initialized, Role: FOLLOWER
I20260710 11:09:55.538106  4595 raft_consensus.cc:493] T 5bfb41b6090840b097f7c9487aaa1e43 P dd631fa8c28d487787ff010f36248a13 [term 0 FOLLOWER]: Starting pre-election (no leader contacted us within the election timeout)
I20260710 11:09:55.539011  4554 consensus_queue.cc:260] T 150ea50ebe0a486caafb45465ab37b47 P 3839fc6b302941dbacec9ebbda8ea114 [NON_LEADER]: Queue going to NON_LEADER mode. State: All replicated index: 0, Majority replicated index: 0, Committed index: 0, Last appended: 0.0, Last appended by leader: 0, Current term: 0, Majority size: -1, State: 0, Mode: NON_LEADER, active raft config: opid_index: -1 OBSOLETE_local: false peers { permanent_uuid: "dd631fa8c28d487787ff010f36248a13" member_type: VOTER last_known_addr { host: "127.3.47.193" port: 42059 } } peers { permanent_uuid: "2e3aa935083c4324a24d0d76e481331a" member_type: VOTER last_known_addr { host: "127.3.47.194" port: 33459 } } peers { permanent_uuid: "3839fc6b302941dbacec9ebbda8ea114" member_type: VOTER last_known_addr { host: "127.3.47.195" port: 46551 } }
I20260710 11:09:55.542217  4554 ts_tablet_manager.cc:1434] T 150ea50ebe0a486caafb45465ab37b47 P 3839fc6b302941dbacec9ebbda8ea114: Time spent starting tablet: real 0.008s	user 0.007s	sys 0.000s
I20260710 11:09:55.542992  4553 tablet_bootstrap.cc:492] T 60d62f45fac444f08a229e297acc82bf P dd631fa8c28d487787ff010f36248a13: No bootstrap required, opened a new log
I20260710 11:09:55.543390  4554 tablet_bootstrap.cc:492] T 0fe6302298444e9f8bc4ea7758252d82 P 3839fc6b302941dbacec9ebbda8ea114: Bootstrap starting.
I20260710 11:09:55.538822  4595 raft_consensus.cc:515] T 5bfb41b6090840b097f7c9487aaa1e43 P dd631fa8c28d487787ff010f36248a13 [term 0 FOLLOWER]: Starting pre-election with config: opid_index: -1 OBSOLETE_local: false peers { permanent_uuid: "dd631fa8c28d487787ff010f36248a13" member_type: VOTER last_known_addr { host: "127.3.47.193" port: 42059 } } peers { permanent_uuid: "2e3aa935083c4324a24d0d76e481331a" member_type: VOTER last_known_addr { host: "127.3.47.194" port: 33459 } } peers { permanent_uuid: "3839fc6b302941dbacec9ebbda8ea114" member_type: VOTER last_known_addr { host: "127.3.47.195" port: 46551 } }
I20260710 11:09:55.547742  4555 tablet_bootstrap.cc:492] T 60d62f45fac444f08a229e297acc82bf P 2e3aa935083c4324a24d0d76e481331a: No bootstrap required, opened a new log
I20260710 11:09:55.548295  4555 ts_tablet_manager.cc:1403] T 60d62f45fac444f08a229e297acc82bf P 2e3aa935083c4324a24d0d76e481331a: Time spent bootstrapping tablet: real 0.041s	user 0.008s	sys 0.006s
I20260710 11:09:55.549921  4511 tablet_service.cc:1917] Received RequestConsensusVote() RPC: tablet_id: "5bfb41b6090840b097f7c9487aaa1e43" candidate_uuid: "dd631fa8c28d487787ff010f36248a13" candidate_term: 1 candidate_status { last_received { term: 0 index: 0 } } ignore_live_leader: false dest_uuid: "3839fc6b302941dbacec9ebbda8ea114" is_pre_election: true
I20260710 11:09:55.543473  4553 ts_tablet_manager.cc:1403] T 60d62f45fac444f08a229e297acc82bf P dd631fa8c28d487787ff010f36248a13: Time spent bootstrapping tablet: real 0.019s	user 0.011s	sys 0.007s
I20260710 11:09:55.551213  4555 raft_consensus.cc:359] T 60d62f45fac444f08a229e297acc82bf P 2e3aa935083c4324a24d0d76e481331a [term 0 FOLLOWER]: Replica starting. Triggering 0 pending ops. Active config: opid_index: -1 OBSOLETE_local: false peers { permanent_uuid: "dd631fa8c28d487787ff010f36248a13" member_type: VOTER last_known_addr { host: "127.3.47.193" port: 42059 } } peers { permanent_uuid: "2e3aa935083c4324a24d0d76e481331a" member_type: VOTER last_known_addr { host: "127.3.47.194" port: 33459 } } peers { permanent_uuid: "3839fc6b302941dbacec9ebbda8ea114" member_type: VOTER last_known_addr { host: "127.3.47.195" port: 46551 } }
I20260710 11:09:55.551980  4555 raft_consensus.cc:385] T 60d62f45fac444f08a229e297acc82bf P 2e3aa935083c4324a24d0d76e481331a [term 0 FOLLOWER]: Consensus starting up: Expiring failure detector timer to make a prompt election more likely
I20260710 11:09:55.552222  4437 tablet_service.cc:1917] Received RequestConsensusVote() RPC: tablet_id: "5bfb41b6090840b097f7c9487aaa1e43" candidate_uuid: "dd631fa8c28d487787ff010f36248a13" candidate_term: 1 candidate_status { last_received { term: 0 index: 0 } } ignore_live_leader: false dest_uuid: "2e3aa935083c4324a24d0d76e481331a" is_pre_election: true
I20260710 11:09:55.552913  4437 raft_consensus.cc:2468] T 5bfb41b6090840b097f7c9487aaa1e43 P 2e3aa935083c4324a24d0d76e481331a [term 0 FOLLOWER]: Leader pre-election vote request: Granting yes vote for candidate dd631fa8c28d487787ff010f36248a13 in term 0.
I20260710 11:09:55.550568  4511 raft_consensus.cc:2468] T 5bfb41b6090840b097f7c9487aaa1e43 P 3839fc6b302941dbacec9ebbda8ea114 [term 0 FOLLOWER]: Leader pre-election vote request: Granting yes vote for candidate dd631fa8c28d487787ff010f36248a13 in term 0.
I20260710 11:09:55.554085  4329 leader_election.cc:304] T 5bfb41b6090840b097f7c9487aaa1e43 P dd631fa8c28d487787ff010f36248a13 [CANDIDATE]: Term 1 pre-election: Election decided. Result: candidate won. Election summary: received 2 responses out of 3 voters: 2 yes votes; 0 no votes. yes voters: 2e3aa935083c4324a24d0d76e481331a, dd631fa8c28d487787ff010f36248a13; no voters: 
I20260710 11:09:55.553996  4553 raft_consensus.cc:359] T 60d62f45fac444f08a229e297acc82bf P dd631fa8c28d487787ff010f36248a13 [term 0 FOLLOWER]: Replica starting. Triggering 0 pending ops. Active config: opid_index: -1 OBSOLETE_local: false peers { permanent_uuid: "dd631fa8c28d487787ff010f36248a13" member_type: VOTER last_known_addr { host: "127.3.47.193" port: 42059 } } peers { permanent_uuid: "2e3aa935083c4324a24d0d76e481331a" member_type: VOTER last_known_addr { host: "127.3.47.194" port: 33459 } } peers { permanent_uuid: "3839fc6b302941dbacec9ebbda8ea114" member_type: VOTER last_known_addr { host: "127.3.47.195" port: 46551 } }
I20260710 11:09:55.554715  4595 leader_election.cc:290] T 5bfb41b6090840b097f7c9487aaa1e43 P dd631fa8c28d487787ff010f36248a13 [CANDIDATE]: Term 1 pre-election: Requested pre-vote from peers 2e3aa935083c4324a24d0d76e481331a (127.3.47.194:33459), 3839fc6b302941dbacec9ebbda8ea114 (127.3.47.195:46551)
I20260710 11:09:55.545329  4260 catalog_manager.cc:5697] T 1d5b8b0c1c734857ab96aa173948ad08 P dd631fa8c28d487787ff010f36248a13 reported cstate change: term changed from 0 to 1, leader changed from <none> to dd631fa8c28d487787ff010f36248a13 (127.3.47.193). New cstate: current_term: 1 leader_uuid: "dd631fa8c28d487787ff010f36248a13" committed_config { opid_index: -1 OBSOLETE_local: false peers { permanent_uuid: "dd631fa8c28d487787ff010f36248a13" member_type: VOTER last_known_addr { host: "127.3.47.193" port: 42059 } health_report { overall_health: HEALTHY } } peers { permanent_uuid: "2e3aa935083c4324a24d0d76e481331a" member_type: VOTER last_known_addr { host: "127.3.47.194" port: 33459 } health_report { overall_health: UNKNOWN } } peers { permanent_uuid: "3839fc6b302941dbacec9ebbda8ea114" member_type: VOTER last_known_addr { host: "127.3.47.195" port: 46551 } health_report { overall_health: UNKNOWN } } }
I20260710 11:09:55.554914  4553 raft_consensus.cc:385] T 60d62f45fac444f08a229e297acc82bf P dd631fa8c28d487787ff010f36248a13 [term 0 FOLLOWER]: Consensus starting up: Expiring failure detector timer to make a prompt election more likely
I20260710 11:09:55.555570  4553 raft_consensus.cc:740] T 60d62f45fac444f08a229e297acc82bf P dd631fa8c28d487787ff010f36248a13 [term 0 FOLLOWER]: Becoming Follower/Learner. State: Replica: dd631fa8c28d487787ff010f36248a13, State: Initialized, Role: FOLLOWER
I20260710 11:09:55.555115  4559 raft_consensus.cc:2804] T 5bfb41b6090840b097f7c9487aaa1e43 P dd631fa8c28d487787ff010f36248a13 [term 0 FOLLOWER]: Leader pre-election won for term 1
I20260710 11:09:55.556160  4559 raft_consensus.cc:493] T 5bfb41b6090840b097f7c9487aaa1e43 P dd631fa8c28d487787ff010f36248a13 [term 0 FOLLOWER]: Starting leader election (no leader contacted us within the election timeout)
I20260710 11:09:55.556568  4559 raft_consensus.cc:3060] T 5bfb41b6090840b097f7c9487aaa1e43 P dd631fa8c28d487787ff010f36248a13 [term 0 FOLLOWER]: Advancing to term 1
I20260710 11:09:55.560441  4554 tablet_bootstrap.cc:654] T 0fe6302298444e9f8bc4ea7758252d82 P 3839fc6b302941dbacec9ebbda8ea114: Neither blocks nor log segments found. Creating new log.
I20260710 11:09:55.564819  4559 raft_consensus.cc:515] T 5bfb41b6090840b097f7c9487aaa1e43 P dd631fa8c28d487787ff010f36248a13 [term 1 FOLLOWER]: Starting leader election with config: opid_index: -1 OBSOLETE_local: false peers { permanent_uuid: "dd631fa8c28d487787ff010f36248a13" member_type: VOTER last_known_addr { host: "127.3.47.193" port: 42059 } } peers { permanent_uuid: "2e3aa935083c4324a24d0d76e481331a" member_type: VOTER last_known_addr { host: "127.3.47.194" port: 33459 } } peers { permanent_uuid: "3839fc6b302941dbacec9ebbda8ea114" member_type: VOTER last_known_addr { host: "127.3.47.195" port: 46551 } }
I20260710 11:09:55.556530  4553 consensus_queue.cc:260] T 60d62f45fac444f08a229e297acc82bf P dd631fa8c28d487787ff010f36248a13 [NON_LEADER]: Queue going to NON_LEADER mode. State: All replicated index: 0, Majority replicated index: 0, Committed index: 0, Last appended: 0.0, Last appended by leader: 0, Current term: 0, Majority size: -1, State: 0, Mode: NON_LEADER, active raft config: opid_index: -1 OBSOLETE_local: false peers { permanent_uuid: "dd631fa8c28d487787ff010f36248a13" member_type: VOTER last_known_addr { host: "127.3.47.193" port: 42059 } } peers { permanent_uuid: "2e3aa935083c4324a24d0d76e481331a" member_type: VOTER last_known_addr { host: "127.3.47.194" port: 33459 } } peers { permanent_uuid: "3839fc6b302941dbacec9ebbda8ea114" member_type: VOTER last_known_addr { host: "127.3.47.195" port: 46551 } }
I20260710 11:09:55.569545  4553 ts_tablet_manager.cc:1434] T 60d62f45fac444f08a229e297acc82bf P dd631fa8c28d487787ff010f36248a13: Time spent starting tablet: real 0.019s	user 0.002s	sys 0.004s
I20260710 11:09:55.570415  4553 tablet_bootstrap.cc:492] T ef23fc59cde947ddaefaf9a222bcc424 P dd631fa8c28d487787ff010f36248a13: Bootstrap starting.
I20260710 11:09:55.571192  4437 tablet_service.cc:1917] Received RequestConsensusVote() RPC: tablet_id: "5bfb41b6090840b097f7c9487aaa1e43" candidate_uuid: "dd631fa8c28d487787ff010f36248a13" candidate_term: 1 candidate_status { last_received { term: 0 index: 0 } } ignore_live_leader: false dest_uuid: "2e3aa935083c4324a24d0d76e481331a"
I20260710 11:09:55.571843  4437 raft_consensus.cc:3060] T 5bfb41b6090840b097f7c9487aaa1e43 P 2e3aa935083c4324a24d0d76e481331a [term 0 FOLLOWER]: Advancing to term 1
I20260710 11:09:55.552359  4555 raft_consensus.cc:740] T 60d62f45fac444f08a229e297acc82bf P 2e3aa935083c4324a24d0d76e481331a [term 0 FOLLOWER]: Becoming Follower/Learner. State: Replica: 2e3aa935083c4324a24d0d76e481331a, State: Initialized, Role: FOLLOWER
I20260710 11:09:55.576830  4555 consensus_queue.cc:260] T 60d62f45fac444f08a229e297acc82bf P 2e3aa935083c4324a24d0d76e481331a [NON_LEADER]: Queue going to NON_LEADER mode. State: All replicated index: 0, Majority replicated index: 0, Committed index: 0, Last appended: 0.0, Last appended by leader: 0, Current term: 0, Majority size: -1, State: 0, Mode: NON_LEADER, active raft config: opid_index: -1 OBSOLETE_local: false peers { permanent_uuid: "dd631fa8c28d487787ff010f36248a13" member_type: VOTER last_known_addr { host: "127.3.47.193" port: 42059 } } peers { permanent_uuid: "2e3aa935083c4324a24d0d76e481331a" member_type: VOTER last_known_addr { host: "127.3.47.194" port: 33459 } } peers { permanent_uuid: "3839fc6b302941dbacec9ebbda8ea114" member_type: VOTER last_known_addr { host: "127.3.47.195" port: 46551 } }
I20260710 11:09:55.579234  4555 ts_tablet_manager.cc:1434] T 60d62f45fac444f08a229e297acc82bf P 2e3aa935083c4324a24d0d76e481331a: Time spent starting tablet: real 0.031s	user 0.007s	sys 0.000s
I20260710 11:09:55.580174  4555 tablet_bootstrap.cc:492] T 2acfe9efc2444a63b021884a125e8832 P 2e3aa935083c4324a24d0d76e481331a: Bootstrap starting.
I20260710 11:09:55.584157  4559 leader_election.cc:290] T 5bfb41b6090840b097f7c9487aaa1e43 P dd631fa8c28d487787ff010f36248a13 [CANDIDATE]: Term 1 election: Requested vote from peers 2e3aa935083c4324a24d0d76e481331a (127.3.47.194:33459), 3839fc6b302941dbacec9ebbda8ea114 (127.3.47.195:46551)
I20260710 11:09:55.586026  4553 tablet_bootstrap.cc:654] T ef23fc59cde947ddaefaf9a222bcc424 P dd631fa8c28d487787ff010f36248a13: Neither blocks nor log segments found. Creating new log.
I20260710 11:09:55.588176  4511 tablet_service.cc:1917] Received RequestConsensusVote() RPC: tablet_id: "5bfb41b6090840b097f7c9487aaa1e43" candidate_uuid: "dd631fa8c28d487787ff010f36248a13" candidate_term: 1 candidate_status { last_received { term: 0 index: 0 } } ignore_live_leader: false dest_uuid: "3839fc6b302941dbacec9ebbda8ea114"
I20260710 11:09:55.588793  4511 raft_consensus.cc:3060] T 5bfb41b6090840b097f7c9487aaa1e43 P 3839fc6b302941dbacec9ebbda8ea114 [term 0 FOLLOWER]: Advancing to term 1
I20260710 11:09:55.589694  4555 tablet_bootstrap.cc:654] T 2acfe9efc2444a63b021884a125e8832 P 2e3aa935083c4324a24d0d76e481331a: Neither blocks nor log segments found. Creating new log.
I20260710 11:09:55.597788  4511 raft_consensus.cc:2468] T 5bfb41b6090840b097f7c9487aaa1e43 P 3839fc6b302941dbacec9ebbda8ea114 [term 1 FOLLOWER]: Leader election vote request: Granting yes vote for candidate dd631fa8c28d487787ff010f36248a13 in term 1.
W20260710 11:09:55.600312  4603 log.cc:927] Time spent T 1d5b8b0c1c734857ab96aa173948ad08 P dd631fa8c28d487787ff010f36248a13: Append to log took a long time: real 0.065s	user 0.001s	sys 0.000s
I20260710 11:09:55.603983  4555 tablet_bootstrap.cc:492] T 2acfe9efc2444a63b021884a125e8832 P 2e3aa935083c4324a24d0d76e481331a: No bootstrap required, opened a new log
I20260710 11:09:55.604472  4555 ts_tablet_manager.cc:1403] T 2acfe9efc2444a63b021884a125e8832 P 2e3aa935083c4324a24d0d76e481331a: Time spent bootstrapping tablet: real 0.024s	user 0.014s	sys 0.000s
I20260710 11:09:55.607363  4555 raft_consensus.cc:359] T 2acfe9efc2444a63b021884a125e8832 P 2e3aa935083c4324a24d0d76e481331a [term 0 FOLLOWER]: Replica starting. Triggering 0 pending ops. Active config: opid_index: -1 OBSOLETE_local: false peers { permanent_uuid: "dd631fa8c28d487787ff010f36248a13" member_type: VOTER last_known_addr { host: "127.3.47.193" port: 42059 } } peers { permanent_uuid: "2e3aa935083c4324a24d0d76e481331a" member_type: VOTER last_known_addr { host: "127.3.47.194" port: 33459 } } peers { permanent_uuid: "3839fc6b302941dbacec9ebbda8ea114" member_type: VOTER last_known_addr { host: "127.3.47.195" port: 46551 } }
I20260710 11:09:55.608044  4555 raft_consensus.cc:385] T 2acfe9efc2444a63b021884a125e8832 P 2e3aa935083c4324a24d0d76e481331a [term 0 FOLLOWER]: Consensus starting up: Expiring failure detector timer to make a prompt election more likely
I20260710 11:09:55.608381  4555 raft_consensus.cc:740] T 2acfe9efc2444a63b021884a125e8832 P 2e3aa935083c4324a24d0d76e481331a [term 0 FOLLOWER]: Becoming Follower/Learner. State: Replica: 2e3aa935083c4324a24d0d76e481331a, State: Initialized, Role: FOLLOWER
I20260710 11:09:55.608443  4437 raft_consensus.cc:2468] T 5bfb41b6090840b097f7c9487aaa1e43 P 2e3aa935083c4324a24d0d76e481331a [term 1 FOLLOWER]: Leader election vote request: Granting yes vote for candidate dd631fa8c28d487787ff010f36248a13 in term 1.
I20260710 11:09:55.609856  4330 leader_election.cc:304] T 5bfb41b6090840b097f7c9487aaa1e43 P dd631fa8c28d487787ff010f36248a13 [CANDIDATE]: Term 1 election: Election decided. Result: candidate won. Election summary: received 2 responses out of 3 voters: 2 yes votes; 0 no votes. yes voters: 3839fc6b302941dbacec9ebbda8ea114, dd631fa8c28d487787ff010f36248a13; no voters: 
I20260710 11:09:55.610828  4559 raft_consensus.cc:2804] T 5bfb41b6090840b097f7c9487aaa1e43 P dd631fa8c28d487787ff010f36248a13 [term 1 FOLLOWER]: Leader election won for term 1
I20260710 11:09:55.611382  4559 raft_consensus.cc:697] T 5bfb41b6090840b097f7c9487aaa1e43 P dd631fa8c28d487787ff010f36248a13 [term 1 LEADER]: Becoming Leader. State: Replica: dd631fa8c28d487787ff010f36248a13, State: Running, Role: LEADER
I20260710 11:09:55.611285  4555 consensus_queue.cc:260] T 2acfe9efc2444a63b021884a125e8832 P 2e3aa935083c4324a24d0d76e481331a [NON_LEADER]: Queue going to NON_LEADER mode. State: All replicated index: 0, Majority replicated index: 0, Committed index: 0, Last appended: 0.0, Last appended by leader: 0, Current term: 0, Majority size: -1, State: 0, Mode: NON_LEADER, active raft config: opid_index: -1 OBSOLETE_local: false peers { permanent_uuid: "dd631fa8c28d487787ff010f36248a13" member_type: VOTER last_known_addr { host: "127.3.47.193" port: 42059 } } peers { permanent_uuid: "2e3aa935083c4324a24d0d76e481331a" member_type: VOTER last_known_addr { host: "127.3.47.194" port: 33459 } } peers { permanent_uuid: "3839fc6b302941dbacec9ebbda8ea114" member_type: VOTER last_known_addr { host: "127.3.47.195" port: 46551 } }
