I20260710 11:10:07.067130 31087 consensus_queue.cc:1048] T 545eb69e25124cf48004929dd41ed02d P a156f4bf1b374be3a5c6a943198940e5 [LEADER]: Connected to new peer: Peer: permanent_uuid: "6dcc3d09bd8a48049d0b5c41c5c48e22" member_type: VOTER last_known_addr { host: "127.28.167.67" port: 41557 }, Status: LMP_MISMATCH, Last received: 0.0, Next index: 2, Last known committed idx: 1, Time since last communication: 0.001s
I20260710 11:10:07.069481 30499 raft_consensus.cc:1275] T 545eb69e25124cf48004929dd41ed02d P 2bfec461cd82431795a50de08cb5de3b [term 1 FOLLOWER]: Refusing update from remote peer a156f4bf1b374be3a5c6a943198940e5: Log matching property violated. Preceding OpId in replica: term: 1 index: 1. Preceding OpId from leader: term: 1 index: 2. (index mismatch)
W20260710 11:10:07.070600 30537 consensus_peers.cc:597] T 545eb69e25124cf48004929dd41ed02d P a156f4bf1b374be3a5c6a943198940e5 -> Peer 68a0ba595dc54feebb4c6ea339fa6be2 (127.28.167.68:42875): Couldn't send request to peer 68a0ba595dc54feebb4c6ea339fa6be2. Error code: TABLET_NOT_FOUND (6). Status: Not found: Tablet not found: 545eb69e25124cf48004929dd41ed02d. This is attempt 1: this message will repeat every 5th retry.
I20260710 11:10:07.071942 31087 consensus_queue.cc:1048] T 545eb69e25124cf48004929dd41ed02d P a156f4bf1b374be3a5c6a943198940e5 [LEADER]: Connected to new peer: Peer: permanent_uuid: "2bfec461cd82431795a50de08cb5de3b" member_type: VOTER last_known_addr { host: "127.28.167.65" port: 33147 } attrs { replace: true }, Status: LMP_MISMATCH, Last received: 0.0, Next index: 2, Last known committed idx: 1, Time since last communication: 0.000s
I20260710 11:10:07.079361 31083 raft_consensus.cc:2955] T 545eb69e25124cf48004929dd41ed02d P a156f4bf1b374be3a5c6a943198940e5 [term 1 LEADER]: Committing config change with OpId 1.2: config changed from index -1 to 2, NON_VOTER 68a0ba595dc54feebb4c6ea339fa6be2 (127.28.167.68) added. New config: { opid_index: 2 OBSOLETE_local: false peers { permanent_uuid: "a156f4bf1b374be3a5c6a943198940e5" member_type: VOTER last_known_addr { host: "127.28.167.66" port: 38445 } } peers { permanent_uuid: "6dcc3d09bd8a48049d0b5c41c5c48e22" member_type: VOTER last_known_addr { host: "127.28.167.67" port: 41557 } } peers { permanent_uuid: "2bfec461cd82431795a50de08cb5de3b" member_type: VOTER last_known_addr { host: "127.28.167.65" port: 33147 } attrs { replace: true } } peers { permanent_uuid: "68a0ba595dc54feebb4c6ea339fa6be2" member_type: NON_VOTER last_known_addr { host: "127.28.167.68" port: 42875 } attrs { promote: true } } }
I20260710 11:10:07.080946 30644 raft_consensus.cc:2955] T 545eb69e25124cf48004929dd41ed02d P 6dcc3d09bd8a48049d0b5c41c5c48e22 [term 1 FOLLOWER]: Committing config change with OpId 1.2: config changed from index -1 to 2, NON_VOTER 68a0ba595dc54feebb4c6ea339fa6be2 (127.28.167.68) added. New config: { opid_index: 2 OBSOLETE_local: false peers { permanent_uuid: "a156f4bf1b374be3a5c6a943198940e5" member_type: VOTER last_known_addr { host: "127.28.167.66" port: 38445 } } peers { permanent_uuid: "6dcc3d09bd8a48049d0b5c41c5c48e22" member_type: VOTER last_known_addr { host: "127.28.167.67" port: 41557 } } peers { permanent_uuid: "2bfec461cd82431795a50de08cb5de3b" member_type: VOTER last_known_addr { host: "127.28.167.65" port: 33147 } attrs { replace: true } } peers { permanent_uuid: "68a0ba595dc54feebb4c6ea339fa6be2" member_type: NON_VOTER last_known_addr { host: "127.28.167.68" port: 42875 } attrs { promote: true } } }
I20260710 11:10:07.087029 30499 raft_consensus.cc:2955] T 545eb69e25124cf48004929dd41ed02d P 2bfec461cd82431795a50de08cb5de3b [term 1 FOLLOWER]: Committing config change with OpId 1.2: config changed from index -1 to 2, NON_VOTER 68a0ba595dc54feebb4c6ea339fa6be2 (127.28.167.68) added. New config: { opid_index: 2 OBSOLETE_local: false peers { permanent_uuid: "a156f4bf1b374be3a5c6a943198940e5" member_type: VOTER last_known_addr { host: "127.28.167.66" port: 38445 } } peers { permanent_uuid: "6dcc3d09bd8a48049d0b5c41c5c48e22" member_type: VOTER last_known_addr { host: "127.28.167.67" port: 41557 } } peers { permanent_uuid: "2bfec461cd82431795a50de08cb5de3b" member_type: VOTER last_known_addr { host: "127.28.167.65" port: 33147 } attrs { replace: true } } peers { permanent_uuid: "68a0ba595dc54feebb4c6ea339fa6be2" member_type: NON_VOTER last_known_addr { host: "127.28.167.68" port: 42875 } attrs { promote: true } } }
I20260710 11:10:07.095479 30397 catalog_manager.cc:5697] T 545eb69e25124cf48004929dd41ed02d P 6dcc3d09bd8a48049d0b5c41c5c48e22 reported cstate change: config changed from index -1 to 2, NON_VOTER 68a0ba595dc54feebb4c6ea339fa6be2 (127.28.167.68) added. New cstate: current_term: 1 leader_uuid: "a156f4bf1b374be3a5c6a943198940e5" committed_config { opid_index: 2 OBSOLETE_local: false peers { permanent_uuid: "a156f4bf1b374be3a5c6a943198940e5" member_type: VOTER last_known_addr { host: "127.28.167.66" port: 38445 } } peers { permanent_uuid: "6dcc3d09bd8a48049d0b5c41c5c48e22" member_type: VOTER last_known_addr { host: "127.28.167.67" port: 41557 } } peers { permanent_uuid: "2bfec461cd82431795a50de08cb5de3b" member_type: VOTER last_known_addr { host: "127.28.167.65" port: 33147 } attrs { replace: true } } peers { permanent_uuid: "68a0ba595dc54feebb4c6ea339fa6be2" member_type: NON_VOTER last_known_addr { host: "127.28.167.68" port: 42875 } attrs { promote: true } } }
I20260710 11:10:07.248943 31102 ts_tablet_manager.cc:933] T 5ed11bdb81b142a7847e7803451dfe3b P 68a0ba595dc54feebb4c6ea339fa6be2: Initiating tablet copy from peer a156f4bf1b374be3a5c6a943198940e5 (127.28.167.66:38445)
I20260710 11:10:07.250927 31102 tablet_copy_client.cc:323] T 5ed11bdb81b142a7847e7803451dfe3b P 68a0ba595dc54feebb4c6ea339fa6be2: tablet copy: Beginning tablet copy session from remote peer at address 127.28.167.66:38445
I20260710 11:10:07.252413 30584 tablet_copy_service.cc:140] P a156f4bf1b374be3a5c6a943198940e5: Received BeginTabletCopySession request for tablet 5ed11bdb81b142a7847e7803451dfe3b from peer 68a0ba595dc54feebb4c6ea339fa6be2 ({username='slave'} at 127.0.0.1:53768)
I20260710 11:10:07.252843 30584 tablet_copy_service.cc:161] P a156f4bf1b374be3a5c6a943198940e5: Beginning new tablet copy session on tablet 5ed11bdb81b142a7847e7803451dfe3b from peer 68a0ba595dc54feebb4c6ea339fa6be2 at {username='slave'} at 127.0.0.1:53768: session id = 68a0ba595dc54feebb4c6ea339fa6be2-5ed11bdb81b142a7847e7803451dfe3b
I20260710 11:10:07.257891 30584 tablet_copy_source_session.cc:215] T 5ed11bdb81b142a7847e7803451dfe3b P a156f4bf1b374be3a5c6a943198940e5: Tablet Copy: opened 0 blocks and 1 log segments
I20260710 11:10:07.260272 31102 data_dirs.cc:400] Could only allocate 1 dirs of requested 3 for tablet 5ed11bdb81b142a7847e7803451dfe3b. 1 dirs total, 0 dirs full, 0 dirs failed
I20260710 11:10:07.274957 31102 tablet_copy_client.cc:806] T 5ed11bdb81b142a7847e7803451dfe3b P 68a0ba595dc54feebb4c6ea339fa6be2: tablet copy: Starting download of 0 data blocks...
I20260710 11:10:07.275507 31102 tablet_copy_client.cc:670] T 5ed11bdb81b142a7847e7803451dfe3b P 68a0ba595dc54feebb4c6ea339fa6be2: tablet copy: Starting download of 1 WAL segments...
I20260710 11:10:07.281037 31102 tablet_copy_client.cc:538] T 5ed11bdb81b142a7847e7803451dfe3b P 68a0ba595dc54feebb4c6ea339fa6be2: tablet copy: Tablet Copy complete. Replacing tablet superblock.
I20260710 11:10:07.288764 31102 tablet_bootstrap.cc:492] T 5ed11bdb81b142a7847e7803451dfe3b P 68a0ba595dc54feebb4c6ea339fa6be2: Bootstrap starting.
I20260710 11:10:07.310192 31104 ts_tablet_manager.cc:933] T bc3d3b3533b14db68c608729bd995629 P 68a0ba595dc54feebb4c6ea339fa6be2: Initiating tablet copy from peer a156f4bf1b374be3a5c6a943198940e5 (127.28.167.66:38445)
I20260710 11:10:07.319747 31102 tablet_bootstrap.cc:492] T 5ed11bdb81b142a7847e7803451dfe3b P 68a0ba595dc54feebb4c6ea339fa6be2: Bootstrap replayed 1/1 log segments. Stats: ops{read=2 overwritten=0 applied=2 ignored=0} inserts{seen=0 ignored=0} mutations{seen=0 ignored=0} orphaned_commits=0. Pending: 0 replicates
I20260710 11:10:07.320704 31102 tablet_bootstrap.cc:492] T 5ed11bdb81b142a7847e7803451dfe3b P 68a0ba595dc54feebb4c6ea339fa6be2: Bootstrap complete.
I20260710 11:10:07.321637 31102 ts_tablet_manager.cc:1403] T 5ed11bdb81b142a7847e7803451dfe3b P 68a0ba595dc54feebb4c6ea339fa6be2: Time spent bootstrapping tablet: real 0.033s	user 0.017s	sys 0.014s
I20260710 11:10:07.325788 31102 raft_consensus.cc:359] T 5ed11bdb81b142a7847e7803451dfe3b P 68a0ba595dc54feebb4c6ea339fa6be2 [term 1 LEARNER]: Replica starting. Triggering 0 pending ops. Active config: opid_index: 2 OBSOLETE_local: false peers { permanent_uuid: "2bfec461cd82431795a50de08cb5de3b" member_type: VOTER last_known_addr { host: "127.28.167.65" port: 33147 } attrs { replace: true } } peers { permanent_uuid: "a156f4bf1b374be3a5c6a943198940e5" member_type: VOTER last_known_addr { host: "127.28.167.66" port: 38445 } } peers { permanent_uuid: "6dcc3d09bd8a48049d0b5c41c5c48e22" member_type: VOTER last_known_addr { host: "127.28.167.67" port: 41557 } } peers { permanent_uuid: "68a0ba595dc54feebb4c6ea339fa6be2" member_type: NON_VOTER last_known_addr { host: "127.28.167.68" port: 42875 } attrs { promote: true } }
I20260710 11:10:07.327809 31102 raft_consensus.cc:740] T 5ed11bdb81b142a7847e7803451dfe3b P 68a0ba595dc54feebb4c6ea339fa6be2 [term 1 LEARNER]: Becoming Follower/Learner. State: Replica: 68a0ba595dc54feebb4c6ea339fa6be2, State: Initialized, Role: LEARNER
I20260710 11:10:07.327992 31104 tablet_copy_client.cc:323] T bc3d3b3533b14db68c608729bd995629 P 68a0ba595dc54feebb4c6ea339fa6be2: tablet copy: Beginning tablet copy session from remote peer at address 127.28.167.66:38445
I20260710 11:10:07.328598 31102 consensus_queue.cc:260] T 5ed11bdb81b142a7847e7803451dfe3b P 68a0ba595dc54feebb4c6ea339fa6be2 [NON_LEADER]: Queue going to NON_LEADER mode. State: All replicated index: 0, Majority replicated index: 0, Committed index: 2, Last appended: 1.2, Last appended by leader: 2, Current term: 0, Majority size: -1, State: 0, Mode: NON_LEADER, active raft config: opid_index: 2 OBSOLETE_local: false peers { permanent_uuid: "2bfec461cd82431795a50de08cb5de3b" member_type: VOTER last_known_addr { host: "127.28.167.65" port: 33147 } attrs { replace: true } } peers { permanent_uuid: "a156f4bf1b374be3a5c6a943198940e5" member_type: VOTER last_known_addr { host: "127.28.167.66" port: 38445 } } peers { permanent_uuid: "6dcc3d09bd8a48049d0b5c41c5c48e22" member_type: VOTER last_known_addr { host: "127.28.167.67" port: 41557 } } peers { permanent_uuid: "68a0ba595dc54feebb4c6ea339fa6be2" member_type: NON_VOTER last_known_addr { host: "127.28.167.68" port: 42875 } attrs { promote: true } }
I20260710 11:10:07.329808 30584 tablet_copy_service.cc:140] P a156f4bf1b374be3a5c6a943198940e5: Received BeginTabletCopySession request for tablet bc3d3b3533b14db68c608729bd995629 from peer 68a0ba595dc54feebb4c6ea339fa6be2 ({username='slave'} at 127.0.0.1:53768)
I20260710 11:10:07.330513 30584 tablet_copy_service.cc:161] P a156f4bf1b374be3a5c6a943198940e5: Beginning new tablet copy session on tablet bc3d3b3533b14db68c608729bd995629 from peer 68a0ba595dc54feebb4c6ea339fa6be2 at {username='slave'} at 127.0.0.1:53768: session id = 68a0ba595dc54feebb4c6ea339fa6be2-bc3d3b3533b14db68c608729bd995629
I20260710 11:10:07.338356 31102 ts_tablet_manager.cc:1434] T 5ed11bdb81b142a7847e7803451dfe3b P 68a0ba595dc54feebb4c6ea339fa6be2: Time spent starting tablet: real 0.016s	user 0.009s	sys 0.004s
I20260710 11:10:07.341609 30583 tablet_copy_service.cc:342] P a156f4bf1b374be3a5c6a943198940e5: Request end of tablet copy session 68a0ba595dc54feebb4c6ea339fa6be2-5ed11bdb81b142a7847e7803451dfe3b received from {username='slave'} at 127.0.0.1:53768
I20260710 11:10:07.342064 30583 tablet_copy_service.cc:434] P a156f4bf1b374be3a5c6a943198940e5: ending tablet copy session 68a0ba595dc54feebb4c6ea339fa6be2-5ed11bdb81b142a7847e7803451dfe3b on tablet 5ed11bdb81b142a7847e7803451dfe3b with peer 68a0ba595dc54feebb4c6ea339fa6be2
I20260710 11:10:07.348202 30584 tablet_copy_source_session.cc:215] T bc3d3b3533b14db68c608729bd995629 P a156f4bf1b374be3a5c6a943198940e5: Tablet Copy: opened 0 blocks and 1 log segments
I20260710 11:10:07.351920 31104 data_dirs.cc:400] Could only allocate 1 dirs of requested 3 for tablet bc3d3b3533b14db68c608729bd995629. 1 dirs total, 0 dirs full, 0 dirs failed
I20260710 11:10:07.367911 31104 tablet_copy_client.cc:806] T bc3d3b3533b14db68c608729bd995629 P 68a0ba595dc54feebb4c6ea339fa6be2: tablet copy: Starting download of 0 data blocks...
I20260710 11:10:07.368568 31104 tablet_copy_client.cc:670] T bc3d3b3533b14db68c608729bd995629 P 68a0ba595dc54feebb4c6ea339fa6be2: tablet copy: Starting download of 1 WAL segments...
I20260710 11:10:07.372531 31104 tablet_copy_client.cc:538] T bc3d3b3533b14db68c608729bd995629 P 68a0ba595dc54feebb4c6ea339fa6be2: tablet copy: Tablet Copy complete. Replacing tablet superblock.
I20260710 11:10:07.388484 31104 tablet_bootstrap.cc:492] T bc3d3b3533b14db68c608729bd995629 P 68a0ba595dc54feebb4c6ea339fa6be2: Bootstrap starting.
I20260710 11:10:07.394922 31102 ts_tablet_manager.cc:933] T c74e6064ca8643e9b55f3bc979dfcc89 P 68a0ba595dc54feebb4c6ea339fa6be2: Initiating tablet copy from peer 2bfec461cd82431795a50de08cb5de3b (127.28.167.65:33147)
I20260710 11:10:07.424528 31102 tablet_copy_client.cc:323] T c74e6064ca8643e9b55f3bc979dfcc89 P 68a0ba595dc54feebb4c6ea339fa6be2: tablet copy: Beginning tablet copy session from remote peer at address 127.28.167.65:33147
I20260710 11:10:07.426112 30509 tablet_copy_service.cc:140] P 2bfec461cd82431795a50de08cb5de3b: Received BeginTabletCopySession request for tablet c74e6064ca8643e9b55f3bc979dfcc89 from peer 68a0ba595dc54feebb4c6ea339fa6be2 ({username='slave'} at 127.0.0.1:53152)
I20260710 11:10:07.426628 30509 tablet_copy_service.cc:161] P 2bfec461cd82431795a50de08cb5de3b: Beginning new tablet copy session on tablet c74e6064ca8643e9b55f3bc979dfcc89 from peer 68a0ba595dc54feebb4c6ea339fa6be2 at {username='slave'} at 127.0.0.1:53152: session id = 68a0ba595dc54feebb4c6ea339fa6be2-c74e6064ca8643e9b55f3bc979dfcc89
I20260710 11:10:07.442623 30509 tablet_copy_source_session.cc:215] T c74e6064ca8643e9b55f3bc979dfcc89 P 2bfec461cd82431795a50de08cb5de3b: Tablet Copy: opened 0 blocks and 1 log segments
I20260710 11:10:07.447901 31102 data_dirs.cc:400] Could only allocate 1 dirs of requested 3 for tablet c74e6064ca8643e9b55f3bc979dfcc89. 1 dirs total, 0 dirs full, 0 dirs failed
I20260710 11:10:07.464583 31104 tablet_bootstrap.cc:492] T bc3d3b3533b14db68c608729bd995629 P 68a0ba595dc54feebb4c6ea339fa6be2: Bootstrap replayed 1/1 log segments. Stats: ops{read=2 overwritten=0 applied=2 ignored=0} inserts{seen=0 ignored=0} mutations{seen=0 ignored=0} orphaned_commits=0. Pending: 0 replicates
I20260710 11:10:07.465520 31104 tablet_bootstrap.cc:492] T bc3d3b3533b14db68c608729bd995629 P 68a0ba595dc54feebb4c6ea339fa6be2: Bootstrap complete.
I20260710 11:10:07.466248 31104 ts_tablet_manager.cc:1403] T bc3d3b3533b14db68c608729bd995629 P 68a0ba595dc54feebb4c6ea339fa6be2: Time spent bootstrapping tablet: real 0.078s	user 0.035s	sys 0.027s
I20260710 11:10:07.468648 31102 tablet_copy_client.cc:806] T c74e6064ca8643e9b55f3bc979dfcc89 P 68a0ba595dc54feebb4c6ea339fa6be2: tablet copy: Starting download of 0 data blocks...
I20260710 11:10:07.469237 31102 tablet_copy_client.cc:670] T c74e6064ca8643e9b55f3bc979dfcc89 P 68a0ba595dc54feebb4c6ea339fa6be2: tablet copy: Starting download of 1 WAL segments...
I20260710 11:10:07.469321 31104 raft_consensus.cc:359] T bc3d3b3533b14db68c608729bd995629 P 68a0ba595dc54feebb4c6ea339fa6be2 [term 1 LEARNER]: Replica starting. Triggering 0 pending ops. Active config: opid_index: 2 OBSOLETE_local: false peers { permanent_uuid: "2bfec461cd82431795a50de08cb5de3b" member_type: VOTER last_known_addr { host: "127.28.167.65" port: 33147 } } peers { permanent_uuid: "a156f4bf1b374be3a5c6a943198940e5" member_type: VOTER last_known_addr { host: "127.28.167.66" port: 38445 } } peers { permanent_uuid: "6dcc3d09bd8a48049d0b5c41c5c48e22" member_type: VOTER last_known_addr { host: "127.28.167.67" port: 41557 } attrs { replace: true } } peers { permanent_uuid: "68a0ba595dc54feebb4c6ea339fa6be2" member_type: NON_VOTER last_known_addr { host: "127.28.167.68" port: 42875 } attrs { promote: true } }
I20260710 11:10:07.470321 31104 raft_consensus.cc:740] T bc3d3b3533b14db68c608729bd995629 P 68a0ba595dc54feebb4c6ea339fa6be2 [term 1 LEARNER]: Becoming Follower/Learner. State: Replica: 68a0ba595dc54feebb4c6ea339fa6be2, State: Initialized, Role: LEARNER
I20260710 11:10:07.471052 31104 consensus_queue.cc:260] T bc3d3b3533b14db68c608729bd995629 P 68a0ba595dc54feebb4c6ea339fa6be2 [NON_LEADER]: Queue going to NON_LEADER mode. State: All replicated index: 0, Majority replicated index: 0, Committed index: 2, Last appended: 1.2, Last appended by leader: 2, Current term: 0, Majority size: -1, State: 0, Mode: NON_LEADER, active raft config: opid_index: 2 OBSOLETE_local: false peers { permanent_uuid: "2bfec461cd82431795a50de08cb5de3b" member_type: VOTER last_known_addr { host: "127.28.167.65" port: 33147 } } peers { permanent_uuid: "a156f4bf1b374be3a5c6a943198940e5" member_type: VOTER last_known_addr { host: "127.28.167.66" port: 38445 } } peers { permanent_uuid: "6dcc3d09bd8a48049d0b5c41c5c48e22" member_type: VOTER last_known_addr { host: "127.28.167.67" port: 41557 } attrs { replace: true } } peers { permanent_uuid: "68a0ba595dc54feebb4c6ea339fa6be2" member_type: NON_VOTER last_known_addr { host: "127.28.167.68" port: 42875 } attrs { promote: true } }
I20260710 11:10:07.473826 31104 ts_tablet_manager.cc:1434] T bc3d3b3533b14db68c608729bd995629 P 68a0ba595dc54feebb4c6ea339fa6be2: Time spent starting tablet: real 0.007s	user 0.005s	sys 0.000s
I20260710 11:10:07.481201 31102 tablet_copy_client.cc:538] T c74e6064ca8643e9b55f3bc979dfcc89 P 68a0ba595dc54feebb4c6ea339fa6be2: tablet copy: Tablet Copy complete. Replacing tablet superblock.
I20260710 11:10:07.481582 30584 tablet_copy_service.cc:342] P a156f4bf1b374be3a5c6a943198940e5: Request end of tablet copy session 68a0ba595dc54feebb4c6ea339fa6be2-bc3d3b3533b14db68c608729bd995629 received from {username='slave'} at 127.0.0.1:53768
I20260710 11:10:07.482002 30584 tablet_copy_service.cc:434] P a156f4bf1b374be3a5c6a943198940e5: ending tablet copy session 68a0ba595dc54feebb4c6ea339fa6be2-bc3d3b3533b14db68c608729bd995629 on tablet bc3d3b3533b14db68c608729bd995629 with peer 68a0ba595dc54feebb4c6ea339fa6be2
I20260710 11:10:07.491585 31102 tablet_bootstrap.cc:492] T c74e6064ca8643e9b55f3bc979dfcc89 P 68a0ba595dc54feebb4c6ea339fa6be2: Bootstrap starting.
I20260710 11:10:07.522310 31104 ts_tablet_manager.cc:933] T 545eb69e25124cf48004929dd41ed02d P 68a0ba595dc54feebb4c6ea339fa6be2: Initiating tablet copy from peer a156f4bf1b374be3a5c6a943198940e5 (127.28.167.66:38445)
I20260710 11:10:07.523110 31102 tablet_bootstrap.cc:492] T c74e6064ca8643e9b55f3bc979dfcc89 P 68a0ba595dc54feebb4c6ea339fa6be2: Bootstrap replayed 1/1 log segments. Stats: ops{read=2 overwritten=0 applied=2 ignored=0} inserts{seen=0 ignored=0} mutations{seen=0 ignored=0} orphaned_commits=0. Pending: 0 replicates
I20260710 11:10:07.524049 31102 tablet_bootstrap.cc:492] T c74e6064ca8643e9b55f3bc979dfcc89 P 68a0ba595dc54feebb4c6ea339fa6be2: Bootstrap complete.
I20260710 11:10:07.524730 31102 ts_tablet_manager.cc:1403] T c74e6064ca8643e9b55f3bc979dfcc89 P 68a0ba595dc54feebb4c6ea339fa6be2: Time spent bootstrapping tablet: real 0.033s	user 0.025s	sys 0.006s
I20260710 11:10:07.527750 31102 raft_consensus.cc:359] T c74e6064ca8643e9b55f3bc979dfcc89 P 68a0ba595dc54feebb4c6ea339fa6be2 [term 1 LEARNER]: Replica starting. Triggering 0 pending ops. Active config: opid_index: 2 OBSOLETE_local: false peers { permanent_uuid: "2bfec461cd82431795a50de08cb5de3b" member_type: VOTER last_known_addr { host: "127.28.167.65" port: 33147 } } peers { permanent_uuid: "a156f4bf1b374be3a5c6a943198940e5" member_type: VOTER last_known_addr { host: "127.28.167.66" port: 38445 } attrs { replace: true } } peers { permanent_uuid: "6dcc3d09bd8a48049d0b5c41c5c48e22" member_type: VOTER last_known_addr { host: "127.28.167.67" port: 41557 } } peers { permanent_uuid: "68a0ba595dc54feebb4c6ea339fa6be2" member_type: NON_VOTER last_known_addr { host: "127.28.167.68" port: 42875 } attrs { promote: true } }
I20260710 11:10:07.528630 31102 raft_consensus.cc:740] T c74e6064ca8643e9b55f3bc979dfcc89 P 68a0ba595dc54feebb4c6ea339fa6be2 [term 1 LEARNER]: Becoming Follower/Learner. State: Replica: 68a0ba595dc54feebb4c6ea339fa6be2, State: Initialized, Role: LEARNER
I20260710 11:10:07.529356 31102 consensus_queue.cc:260] T c74e6064ca8643e9b55f3bc979dfcc89 P 68a0ba595dc54feebb4c6ea339fa6be2 [NON_LEADER]: Queue going to NON_LEADER mode. State: All replicated index: 0, Majority replicated index: 0, Committed index: 2, Last appended: 1.2, Last appended by leader: 2, Current term: 0, Majority size: -1, State: 0, Mode: NON_LEADER, active raft config: opid_index: 2 OBSOLETE_local: false peers { permanent_uuid: "2bfec461cd82431795a50de08cb5de3b" member_type: VOTER last_known_addr { host: "127.28.167.65" port: 33147 } } peers { permanent_uuid: "a156f4bf1b374be3a5c6a943198940e5" member_type: VOTER last_known_addr { host: "127.28.167.66" port: 38445 } attrs { replace: true } } peers { permanent_uuid: "6dcc3d09bd8a48049d0b5c41c5c48e22" member_type: VOTER last_known_addr { host: "127.28.167.67" port: 41557 } } peers { permanent_uuid: "68a0ba595dc54feebb4c6ea339fa6be2" member_type: NON_VOTER last_known_addr { host: "127.28.167.68" port: 42875 } attrs { promote: true } }
I20260710 11:10:07.534493 31102 ts_tablet_manager.cc:1434] T c74e6064ca8643e9b55f3bc979dfcc89 P 68a0ba595dc54feebb4c6ea339fa6be2: Time spent starting tablet: real 0.009s	user 0.005s	sys 0.000s
I20260710 11:10:07.536728 30509 tablet_copy_service.cc:342] P 2bfec461cd82431795a50de08cb5de3b: Request end of tablet copy session 68a0ba595dc54feebb4c6ea339fa6be2-c74e6064ca8643e9b55f3bc979dfcc89 received from {username='slave'} at 127.0.0.1:53152
I20260710 11:10:07.537184 30509 tablet_copy_service.cc:434] P 2bfec461cd82431795a50de08cb5de3b: ending tablet copy session 68a0ba595dc54feebb4c6ea339fa6be2-c74e6064ca8643e9b55f3bc979dfcc89 on tablet c74e6064ca8643e9b55f3bc979dfcc89 with peer 68a0ba595dc54feebb4c6ea339fa6be2
I20260710 11:10:07.539083 31104 tablet_copy_client.cc:323] T 545eb69e25124cf48004929dd41ed02d P 68a0ba595dc54feebb4c6ea339fa6be2: tablet copy: Beginning tablet copy session from remote peer at address 127.28.167.66:38445
I20260710 11:10:07.541829 30584 tablet_copy_service.cc:140] P a156f4bf1b374be3a5c6a943198940e5: Received BeginTabletCopySession request for tablet 545eb69e25124cf48004929dd41ed02d from peer 68a0ba595dc54feebb4c6ea339fa6be2 ({username='slave'} at 127.0.0.1:53768)
I20260710 11:10:07.542412 30584 tablet_copy_service.cc:161] P a156f4bf1b374be3a5c6a943198940e5: Beginning new tablet copy session on tablet 545eb69e25124cf48004929dd41ed02d from peer 68a0ba595dc54feebb4c6ea339fa6be2 at {username='slave'} at 127.0.0.1:53768: session id = 68a0ba595dc54feebb4c6ea339fa6be2-545eb69e25124cf48004929dd41ed02d
I20260710 11:10:07.552956 30584 tablet_copy_source_session.cc:215] T 545eb69e25124cf48004929dd41ed02d P a156f4bf1b374be3a5c6a943198940e5: Tablet Copy: opened 0 blocks and 1 log segments
I20260710 11:10:07.556061 31104 data_dirs.cc:400] Could only allocate 1 dirs of requested 3 for tablet 545eb69e25124cf48004929dd41ed02d. 1 dirs total, 0 dirs full, 0 dirs failed
I20260710 11:10:07.570353 31104 tablet_copy_client.cc:806] T 545eb69e25124cf48004929dd41ed02d P 68a0ba595dc54feebb4c6ea339fa6be2: tablet copy: Starting download of 0 data blocks...
I20260710 11:10:07.570886 31104 tablet_copy_client.cc:670] T 545eb69e25124cf48004929dd41ed02d P 68a0ba595dc54feebb4c6ea339fa6be2: tablet copy: Starting download of 1 WAL segments...
I20260710 11:10:07.575003 31104 tablet_copy_client.cc:538] T 545eb69e25124cf48004929dd41ed02d P 68a0ba595dc54feebb4c6ea339fa6be2: tablet copy: Tablet Copy complete. Replacing tablet superblock.
I20260710 11:10:07.582796 31104 tablet_bootstrap.cc:492] T 545eb69e25124cf48004929dd41ed02d P 68a0ba595dc54feebb4c6ea339fa6be2: Bootstrap starting.
I20260710 11:10:07.602068 31104 tablet_bootstrap.cc:492] T 545eb69e25124cf48004929dd41ed02d P 68a0ba595dc54feebb4c6ea339fa6be2: Bootstrap replayed 1/1 log segments. Stats: ops{read=2 overwritten=0 applied=2 ignored=0} inserts{seen=0 ignored=0} mutations{seen=0 ignored=0} orphaned_commits=0. Pending: 0 replicates
I20260710 11:10:07.602896 31104 tablet_bootstrap.cc:492] T 545eb69e25124cf48004929dd41ed02d P 68a0ba595dc54feebb4c6ea339fa6be2: Bootstrap complete.
I20260710 11:10:07.603545 31104 ts_tablet_manager.cc:1403] T 545eb69e25124cf48004929dd41ed02d P 68a0ba595dc54feebb4c6ea339fa6be2: Time spent bootstrapping tablet: real 0.021s	user 0.022s	sys 0.001s
I20260710 11:10:07.606372 31104 raft_consensus.cc:359] T 545eb69e25124cf48004929dd41ed02d P 68a0ba595dc54feebb4c6ea339fa6be2 [term 1 LEARNER]: Replica starting. Triggering 0 pending ops. Active config: opid_index: 2 OBSOLETE_local: false peers { permanent_uuid: "a156f4bf1b374be3a5c6a943198940e5" member_type: VOTER last_known_addr { host: "127.28.167.66" port: 38445 } } peers { permanent_uuid: "6dcc3d09bd8a48049d0b5c41c5c48e22" member_type: VOTER last_known_addr { host: "127.28.167.67" port: 41557 } } peers { permanent_uuid: "2bfec461cd82431795a50de08cb5de3b" member_type: VOTER last_known_addr { host: "127.28.167.65" port: 33147 } attrs { replace: true } } peers { permanent_uuid: "68a0ba595dc54feebb4c6ea339fa6be2" member_type: NON_VOTER last_known_addr { host: "127.28.167.68" port: 42875 } attrs { promote: true } }
I20260710 11:10:07.607201 31104 raft_consensus.cc:740] T 545eb69e25124cf48004929dd41ed02d P 68a0ba595dc54feebb4c6ea339fa6be2 [term 1 LEARNER]: Becoming Follower/Learner. State: Replica: 68a0ba595dc54feebb4c6ea339fa6be2, State: Initialized, Role: LEARNER
I20260710 11:10:07.607879 31104 consensus_queue.cc:260] T 545eb69e25124cf48004929dd41ed02d P 68a0ba595dc54feebb4c6ea339fa6be2 [NON_LEADER]: Queue going to NON_LEADER mode. State: All replicated index: 0, Majority replicated index: 0, Committed index: 2, Last appended: 1.2, Last appended by leader: 2, Current term: 0, Majority size: -1, State: 0, Mode: NON_LEADER, active raft config: opid_index: 2 OBSOLETE_local: false peers { permanent_uuid: "a156f4bf1b374be3a5c6a943198940e5" member_type: VOTER last_known_addr { host: "127.28.167.66" port: 38445 } } peers { permanent_uuid: "6dcc3d09bd8a48049d0b5c41c5c48e22" member_type: VOTER last_known_addr { host: "127.28.167.67" port: 41557 } } peers { permanent_uuid: "2bfec461cd82431795a50de08cb5de3b" member_type: VOTER last_known_addr { host: "127.28.167.65" port: 33147 } attrs { replace: true } } peers { permanent_uuid: "68a0ba595dc54feebb4c6ea339fa6be2" member_type: NON_VOTER last_known_addr { host: "127.28.167.68" port: 42875 } attrs { promote: true } }
I20260710 11:10:07.610146 31104 ts_tablet_manager.cc:1434] T 545eb69e25124cf48004929dd41ed02d P 68a0ba595dc54feebb4c6ea339fa6be2: Time spent starting tablet: real 0.006s	user 0.002s	sys 0.002s
I20260710 11:10:07.614562 30584 tablet_copy_service.cc:342] P a156f4bf1b374be3a5c6a943198940e5: Request end of tablet copy session 68a0ba595dc54feebb4c6ea339fa6be2-545eb69e25124cf48004929dd41ed02d received from {username='slave'} at 127.0.0.1:53768
I20260710 11:10:07.614969 30584 tablet_copy_service.cc:434] P a156f4bf1b374be3a5c6a943198940e5: ending tablet copy session 68a0ba595dc54feebb4c6ea339fa6be2-545eb69e25124cf48004929dd41ed02d on tablet 545eb69e25124cf48004929dd41ed02d with peer 68a0ba595dc54feebb4c6ea339fa6be2
I20260710 11:10:07.830118 30897 raft_consensus.cc:1217] T 5ed11bdb81b142a7847e7803451dfe3b P 68a0ba595dc54feebb4c6ea339fa6be2 [term 1 LEARNER]: Deduplicated request from leader. Original: 1.1->[1.2-1.2]   Dedup: 1.2->[]
I20260710 11:10:07.856541 30897 raft_consensus.cc:1217] T c74e6064ca8643e9b55f3bc979dfcc89 P 68a0ba595dc54feebb4c6ea339fa6be2 [term 1 LEARNER]: Deduplicated request from leader. Original: 1.1->[1.2-1.2]   Dedup: 1.2->[]
I20260710 11:10:07.871582 30897 raft_consensus.cc:1217] T bc3d3b3533b14db68c608729bd995629 P 68a0ba595dc54feebb4c6ea339fa6be2 [term 1 LEARNER]: Deduplicated request from leader. Original: 1.1->[1.2-1.2]   Dedup: 1.2->[]
I20260710 11:10:07.986158 30897 raft_consensus.cc:1217] T 545eb69e25124cf48004929dd41ed02d P 68a0ba595dc54feebb4c6ea339fa6be2 [term 1 LEARNER]: Deduplicated request from leader. Original: 1.1->[1.2-1.2]   Dedup: 1.2->[]
I20260710 11:10:08.268280 31098 raft_consensus.cc:1064] T c74e6064ca8643e9b55f3bc979dfcc89 P 2bfec461cd82431795a50de08cb5de3b: attempting to promote NON_VOTER 68a0ba595dc54feebb4c6ea339fa6be2 to VOTER
I20260710 11:10:08.270226 31098 consensus_queue.cc:237] T c74e6064ca8643e9b55f3bc979dfcc89 P 2bfec461cd82431795a50de08cb5de3b [LEADER]: Queue going to LEADER mode. State: All replicated index: 0, Majority replicated index: 2, Committed index: 2, Last appended: 1.2, Last appended by leader: 0, Current term: 1, Majority size: 3, State: 0, Mode: LEADER, active raft config: opid_index: 3 OBSOLETE_local: false peers { permanent_uuid: "2bfec461cd82431795a50de08cb5de3b" member_type: VOTER last_known_addr { host: "127.28.167.65" port: 33147 } } peers { permanent_uuid: "a156f4bf1b374be3a5c6a943198940e5" member_type: VOTER last_known_addr { host: "127.28.167.66" port: 38445 } attrs { replace: true } } peers { permanent_uuid: "6dcc3d09bd8a48049d0b5c41c5c48e22" member_type: VOTER last_known_addr { host: "127.28.167.67" port: 41557 } } peers { permanent_uuid: "68a0ba595dc54feebb4c6ea339fa6be2" member_type: VOTER last_known_addr { host: "127.28.167.68" port: 42875 } attrs { promote: false } }
I20260710 11:10:08.278573 31116 raft_consensus.cc:1064] T 5ed11bdb81b142a7847e7803451dfe3b P a156f4bf1b374be3a5c6a943198940e5: attempting to promote NON_VOTER 68a0ba595dc54feebb4c6ea339fa6be2 to VOTER
I20260710 11:10:08.288332 31116 consensus_queue.cc:237] T 5ed11bdb81b142a7847e7803451dfe3b P a156f4bf1b374be3a5c6a943198940e5 [LEADER]: Queue going to LEADER mode. State: All replicated index: 0, Majority replicated index: 2, Committed index: 2, Last appended: 1.2, Last appended by leader: 0, Current term: 1, Majority size: 3, State: 0, Mode: LEADER, active raft config: opid_index: 3 OBSOLETE_local: false peers { permanent_uuid: "2bfec461cd82431795a50de08cb5de3b" member_type: VOTER last_known_addr { host: "127.28.167.65" port: 33147 } attrs { replace: true } } peers { permanent_uuid: "a156f4bf1b374be3a5c6a943198940e5" member_type: VOTER last_known_addr { host: "127.28.167.66" port: 38445 } } peers { permanent_uuid: "6dcc3d09bd8a48049d0b5c41c5c48e22" member_type: VOTER last_known_addr { host: "127.28.167.67" port: 41557 } } peers { permanent_uuid: "68a0ba595dc54feebb4c6ea339fa6be2" member_type: VOTER last_known_addr { host: "127.28.167.68" port: 42875 } attrs { promote: false } }
I20260710 11:10:08.291263 30897 raft_consensus.cc:1275] T c74e6064ca8643e9b55f3bc979dfcc89 P 68a0ba595dc54feebb4c6ea339fa6be2 [term 1 LEARNER]: Refusing update from remote peer 2bfec461cd82431795a50de08cb5de3b: Log matching property violated. Preceding OpId in replica: term: 1 index: 2. Preceding OpId from leader: term: 1 index: 3. (index mismatch)
I20260710 11:10:08.293778 31069 consensus_queue.cc:1048] T c74e6064ca8643e9b55f3bc979dfcc89 P 2bfec461cd82431795a50de08cb5de3b [LEADER]: Connected to new peer: Peer: permanent_uuid: "68a0ba595dc54feebb4c6ea339fa6be2" member_type: VOTER last_known_addr { host: "127.28.167.68" port: 42875 } attrs { promote: false }, Status: LMP_MISMATCH, Last received: 0.0, Next index: 3, Last known committed idx: 2, Time since last communication: 0.001s
I20260710 11:10:08.306614 30571 raft_consensus.cc:1275] T c74e6064ca8643e9b55f3bc979dfcc89 P a156f4bf1b374be3a5c6a943198940e5 [term 1 FOLLOWER]: Refusing update from remote peer 2bfec461cd82431795a50de08cb5de3b: Log matching property violated. Preceding OpId in replica: term: 1 index: 2. Preceding OpId from leader: term: 1 index: 3. (index mismatch)
I20260710 11:10:08.309929 31069 consensus_queue.cc:1048] T c74e6064ca8643e9b55f3bc979dfcc89 P 2bfec461cd82431795a50de08cb5de3b [LEADER]: Connected to new peer: Peer: permanent_uuid: "a156f4bf1b374be3a5c6a943198940e5" member_type: VOTER last_known_addr { host: "127.28.167.66" port: 38445 } attrs { replace: true }, Status: LMP_MISMATCH, Last received: 0.0, Next index: 3, Last known committed idx: 2, Time since last communication: 0.001s
I20260710 11:10:08.332317 31117 raft_consensus.cc:2955] T c74e6064ca8643e9b55f3bc979dfcc89 P 2bfec461cd82431795a50de08cb5de3b [term 1 LEADER]: Committing config change with OpId 1.3: config changed from index 2 to 3, 68a0ba595dc54feebb4c6ea339fa6be2 (127.28.167.68) changed from NON_VOTER to VOTER. New config: { opid_index: 3 OBSOLETE_local: false peers { permanent_uuid: "2bfec461cd82431795a50de08cb5de3b" member_type: VOTER last_known_addr { host: "127.28.167.65" port: 33147 } } peers { permanent_uuid: "a156f4bf1b374be3a5c6a943198940e5" member_type: VOTER last_known_addr { host: "127.28.167.66" port: 38445 } attrs { replace: true } } peers { permanent_uuid: "6dcc3d09bd8a48049d0b5c41c5c48e22" member_type: VOTER last_known_addr { host: "127.28.167.67" port: 41557 } } peers { permanent_uuid: "68a0ba595dc54feebb4c6ea339fa6be2" member_type: VOTER last_known_addr { host: "127.28.167.68" port: 42875 } attrs { promote: false } } }
I20260710 11:10:08.345413 30571 raft_consensus.cc:2955] T c74e6064ca8643e9b55f3bc979dfcc89 P a156f4bf1b374be3a5c6a943198940e5 [term 1 FOLLOWER]: Committing config change with OpId 1.3: config changed from index 2 to 3, 68a0ba595dc54feebb4c6ea339fa6be2 (127.28.167.68) changed from NON_VOTER to VOTER. New config: { opid_index: 3 OBSOLETE_local: false peers { permanent_uuid: "2bfec461cd82431795a50de08cb5de3b" member_type: VOTER last_known_addr { host: "127.28.167.65" port: 33147 } } peers { permanent_uuid: "a156f4bf1b374be3a5c6a943198940e5" member_type: VOTER last_known_addr { host: "127.28.167.66" port: 38445 } attrs { replace: true } } peers { permanent_uuid: "6dcc3d09bd8a48049d0b5c41c5c48e22" member_type: VOTER last_known_addr { host: "127.28.167.67" port: 41557 } } peers { permanent_uuid: "68a0ba595dc54feebb4c6ea339fa6be2" member_type: VOTER last_known_addr { host: "127.28.167.68" port: 42875 } attrs { promote: false } } }
I20260710 11:10:08.367087 31113 raft_consensus.cc:1064] T bc3d3b3533b14db68c608729bd995629 P a156f4bf1b374be3a5c6a943198940e5: attempting to promote NON_VOTER 68a0ba595dc54feebb4c6ea339fa6be2 to VOTER
I20260710 11:10:08.374614 30646 raft_consensus.cc:1275] T c74e6064ca8643e9b55f3bc979dfcc89 P 6dcc3d09bd8a48049d0b5c41c5c48e22 [term 1 FOLLOWER]: Refusing update from remote peer 2bfec461cd82431795a50de08cb5de3b: Log matching property violated. Preceding OpId in replica: term: 1 index: 2. Preceding OpId from leader: term: 1 index: 3. (index mismatch)
I20260710 11:10:08.381443 31113 consensus_queue.cc:237] T bc3d3b3533b14db68c608729bd995629 P a156f4bf1b374be3a5c6a943198940e5 [LEADER]: Queue going to LEADER mode. State: All replicated index: 0, Majority replicated index: 2, Committed index: 2, Last appended: 1.2, Last appended by leader: 0, Current term: 1, Majority size: 3, State: 0, Mode: LEADER, active raft config: opid_index: 3 OBSOLETE_local: false peers { permanent_uuid: "2bfec461cd82431795a50de08cb5de3b" member_type: VOTER last_known_addr { host: "127.28.167.65" port: 33147 } } peers { permanent_uuid: "a156f4bf1b374be3a5c6a943198940e5" member_type: VOTER last_known_addr { host: "127.28.167.66" port: 38445 } } peers { permanent_uuid: "6dcc3d09bd8a48049d0b5c41c5c48e22" member_type: VOTER last_known_addr { host: "127.28.167.67" port: 41557 } attrs { replace: true } } peers { permanent_uuid: "68a0ba595dc54feebb4c6ea339fa6be2" member_type: VOTER last_known_addr { host: "127.28.167.68" port: 42875 } attrs { promote: false } }
I20260710 11:10:08.385145 30393 catalog_manager.cc:5697] T c74e6064ca8643e9b55f3bc979dfcc89 P a156f4bf1b374be3a5c6a943198940e5 reported cstate change: config changed from index 2 to 3, 68a0ba595dc54feebb4c6ea339fa6be2 (127.28.167.68) changed from NON_VOTER to VOTER. New cstate: current_term: 1 leader_uuid: "2bfec461cd82431795a50de08cb5de3b" committed_config { opid_index: 3 OBSOLETE_local: false peers { permanent_uuid: "2bfec461cd82431795a50de08cb5de3b" member_type: VOTER last_known_addr { host: "127.28.167.65" port: 33147 } } peers { permanent_uuid: "a156f4bf1b374be3a5c6a943198940e5" member_type: VOTER last_known_addr { host: "127.28.167.66" port: 38445 } attrs { replace: true } } peers { permanent_uuid: "6dcc3d09bd8a48049d0b5c41c5c48e22" member_type: VOTER last_known_addr { host: "127.28.167.67" port: 41557 } } peers { permanent_uuid: "68a0ba595dc54feebb4c6ea339fa6be2" member_type: VOTER last_known_addr { host: "127.28.167.68" port: 42875 } attrs { promote: false } } }
I20260710 11:10:08.405604 31095 consensus_queue.cc:1048] T c74e6064ca8643e9b55f3bc979dfcc89 P 2bfec461cd82431795a50de08cb5de3b [LEADER]: Connected to new peer: Peer: permanent_uuid: "6dcc3d09bd8a48049d0b5c41c5c48e22" member_type: VOTER last_known_addr { host: "127.28.167.67" port: 41557 }, Status: LMP_MISMATCH, Last received: 0.0, Next index: 3, Last known committed idx: 2, Time since last communication: 0.000s
I20260710 11:10:08.390846 30897 raft_consensus.cc:2955] T c74e6064ca8643e9b55f3bc979dfcc89 P 68a0ba595dc54feebb4c6ea339fa6be2 [term 1 FOLLOWER]: Committing config change with OpId 1.3: config changed from index 2 to 3, 68a0ba595dc54feebb4c6ea339fa6be2 (127.28.167.68) changed from NON_VOTER to VOTER. New config: { opid_index: 3 OBSOLETE_local: false peers { permanent_uuid: "2bfec461cd82431795a50de08cb5de3b" member_type: VOTER last_known_addr { host: "127.28.167.65" port: 33147 } } peers { permanent_uuid: "a156f4bf1b374be3a5c6a943198940e5" member_type: VOTER last_known_addr { host: "127.28.167.66" port: 38445 } attrs { replace: true } } peers { permanent_uuid: "6dcc3d09bd8a48049d0b5c41c5c48e22" member_type: VOTER last_known_addr { host: "127.28.167.67" port: 41557 } } peers { permanent_uuid: "68a0ba595dc54feebb4c6ea339fa6be2" member_type: VOTER last_known_addr { host: "127.28.167.68" port: 42875 } attrs { promote: false } } }
I20260710 11:10:08.431717 30648 raft_consensus.cc:2955] T c74e6064ca8643e9b55f3bc979dfcc89 P 6dcc3d09bd8a48049d0b5c41c5c48e22 [term 1 FOLLOWER]: Committing config change with OpId 1.3: config changed from index 2 to 3, 68a0ba595dc54feebb4c6ea339fa6be2 (127.28.167.68) changed from NON_VOTER to VOTER. New config: { opid_index: 3 OBSOLETE_local: false peers { permanent_uuid: "2bfec461cd82431795a50de08cb5de3b" member_type: VOTER last_known_addr { host: "127.28.167.65" port: 33147 } } peers { permanent_uuid: "a156f4bf1b374be3a5c6a943198940e5" member_type: VOTER last_known_addr { host: "127.28.167.66" port: 38445 } attrs { replace: true } } peers { permanent_uuid: "6dcc3d09bd8a48049d0b5c41c5c48e22" member_type: VOTER last_known_addr { host: "127.28.167.67" port: 41557 } } peers { permanent_uuid: "68a0ba595dc54feebb4c6ea339fa6be2" member_type: VOTER last_known_addr { host: "127.28.167.68" port: 42875 } attrs { promote: false } } }
I20260710 11:10:08.437685 30898 raft_consensus.cc:1275] T 5ed11bdb81b142a7847e7803451dfe3b P 68a0ba595dc54feebb4c6ea339fa6be2 [term 1 LEARNER]: Refusing update from remote peer a156f4bf1b374be3a5c6a943198940e5: Log matching property violated. Preceding OpId in replica: term: 1 index: 2. Preceding OpId from leader: term: 1 index: 3. (index mismatch)
I20260710 11:10:08.440165 30499 raft_consensus.cc:1275] T 5ed11bdb81b142a7847e7803451dfe3b P 2bfec461cd82431795a50de08cb5de3b [term 1 FOLLOWER]: Refusing update from remote peer a156f4bf1b374be3a5c6a943198940e5: Log matching property violated. Preceding OpId in replica: term: 1 index: 2. Preceding OpId from leader: term: 1 index: 3. (index mismatch)
I20260710 11:10:08.442162 30646 raft_consensus.cc:1275] T 5ed11bdb81b142a7847e7803451dfe3b P 6dcc3d09bd8a48049d0b5c41c5c48e22 [term 1 FOLLOWER]: Refusing update from remote peer a156f4bf1b374be3a5c6a943198940e5: Log matching property violated. Preceding OpId in replica: term: 1 index: 2. Preceding OpId from leader: term: 1 index: 3. (index mismatch)
I20260710 11:10:08.443377 31116 consensus_queue.cc:1048] T 5ed11bdb81b142a7847e7803451dfe3b P a156f4bf1b374be3a5c6a943198940e5 [LEADER]: Connected to new peer: Peer: permanent_uuid: "6dcc3d09bd8a48049d0b5c41c5c48e22" member_type: VOTER last_known_addr { host: "127.28.167.67" port: 41557 }, Status: LMP_MISMATCH, Last received: 0.0, Next index: 3, Last known committed idx: 2, Time since last communication: 0.000s
I20260710 11:10:08.444454 31115 consensus_queue.cc:1048] T 5ed11bdb81b142a7847e7803451dfe3b P a156f4bf1b374be3a5c6a943198940e5 [LEADER]: Connected to new peer: Peer: permanent_uuid: "68a0ba595dc54feebb4c6ea339fa6be2" member_type: VOTER last_known_addr { host: "127.28.167.68" port: 42875 } attrs { promote: false }, Status: LMP_MISMATCH, Last received: 0.0, Next index: 3, Last known committed idx: 2, Time since last communication: 0.000s
I20260710 11:10:08.445143 31087 consensus_queue.cc:1048] T 5ed11bdb81b142a7847e7803451dfe3b P a156f4bf1b374be3a5c6a943198940e5 [LEADER]: Connected to new peer: Peer: permanent_uuid: "2bfec461cd82431795a50de08cb5de3b" member_type: VOTER last_known_addr { host: "127.28.167.65" port: 33147 } attrs { replace: true }, Status: LMP_MISMATCH, Last received: 0.0, Next index: 3, Last known committed idx: 2, Time since last communication: 0.000s
I20260710 11:10:08.467907 31087 raft_consensus.cc:2955] T 5ed11bdb81b142a7847e7803451dfe3b P a156f4bf1b374be3a5c6a943198940e5 [term 1 LEADER]: Committing config change with OpId 1.3: config changed from index 2 to 3, 68a0ba595dc54feebb4c6ea339fa6be2 (127.28.167.68) changed from NON_VOTER to VOTER. New config: { opid_index: 3 OBSOLETE_local: false peers { permanent_uuid: "2bfec461cd82431795a50de08cb5de3b" member_type: VOTER last_known_addr { host: "127.28.167.65" port: 33147 } attrs { replace: true } } peers { permanent_uuid: "a156f4bf1b374be3a5c6a943198940e5" member_type: VOTER last_known_addr { host: "127.28.167.66" port: 38445 } } peers { permanent_uuid: "6dcc3d09bd8a48049d0b5c41c5c48e22" member_type: VOTER last_known_addr { host: "127.28.167.67" port: 41557 } } peers { permanent_uuid: "68a0ba595dc54feebb4c6ea339fa6be2" member_type: VOTER last_known_addr { host: "127.28.167.68" port: 42875 } attrs { promote: false } } }
I20260710 11:10:08.478739 31115 raft_consensus.cc:1064] T 545eb69e25124cf48004929dd41ed02d P a156f4bf1b374be3a5c6a943198940e5: attempting to promote NON_VOTER 68a0ba595dc54feebb4c6ea339fa6be2 to VOTER
I20260710 11:10:08.482577 30646 raft_consensus.cc:2955] T 5ed11bdb81b142a7847e7803451dfe3b P 6dcc3d09bd8a48049d0b5c41c5c48e22 [term 1 FOLLOWER]: Committing config change with OpId 1.3: config changed from index 2 to 3, 68a0ba595dc54feebb4c6ea339fa6be2 (127.28.167.68) changed from NON_VOTER to VOTER. New config: { opid_index: 3 OBSOLETE_local: false peers { permanent_uuid: "2bfec461cd82431795a50de08cb5de3b" member_type: VOTER last_known_addr { host: "127.28.167.65" port: 33147 } attrs { replace: true } } peers { permanent_uuid: "a156f4bf1b374be3a5c6a943198940e5" member_type: VOTER last_known_addr { host: "127.28.167.66" port: 38445 } } peers { permanent_uuid: "6dcc3d09bd8a48049d0b5c41c5c48e22" member_type: VOTER last_known_addr { host: "127.28.167.67" port: 41557 } } peers { permanent_uuid: "68a0ba595dc54feebb4c6ea339fa6be2" member_type: VOTER last_known_addr { host: "127.28.167.68" port: 42875 } attrs { promote: false } } }
I20260710 11:10:08.481307 31115 consensus_queue.cc:237] T 545eb69e25124cf48004929dd41ed02d P a156f4bf1b374be3a5c6a943198940e5 [LEADER]: Queue going to LEADER mode. State: All replicated index: 0, Majority replicated index: 2, Committed index: 2, Last appended: 1.2, Last appended by leader: 0, Current term: 1, Majority size: 3, State: 0, Mode: LEADER, active raft config: opid_index: 3 OBSOLETE_local: false peers { permanent_uuid: "a156f4bf1b374be3a5c6a943198940e5" member_type: VOTER last_known_addr { host: "127.28.167.66" port: 38445 } } peers { permanent_uuid: "6dcc3d09bd8a48049d0b5c41c5c48e22" member_type: VOTER last_known_addr { host: "127.28.167.67" port: 41557 } } peers { permanent_uuid: "2bfec461cd82431795a50de08cb5de3b" member_type: VOTER last_known_addr { host: "127.28.167.65" port: 33147 } attrs { replace: true } } peers { permanent_uuid: "68a0ba595dc54feebb4c6ea339fa6be2" member_type: VOTER last_known_addr { host: "127.28.167.68" port: 42875 } attrs { promote: false } }
I20260710 11:10:08.489249 30499 raft_consensus.cc:2955] T 5ed11bdb81b142a7847e7803451dfe3b P 2bfec461cd82431795a50de08cb5de3b [term 1 FOLLOWER]: Committing config change with OpId 1.3: config changed from index 2 to 3, 68a0ba595dc54feebb4c6ea339fa6be2 (127.28.167.68) changed from NON_VOTER to VOTER. New config: { opid_index: 3 OBSOLETE_local: false peers { permanent_uuid: "2bfec461cd82431795a50de08cb5de3b" member_type: VOTER last_known_addr { host: "127.28.167.65" port: 33147 } attrs { replace: true } } peers { permanent_uuid: "a156f4bf1b374be3a5c6a943198940e5" member_type: VOTER last_known_addr { host: "127.28.167.66" port: 38445 } } peers { permanent_uuid: "6dcc3d09bd8a48049d0b5c41c5c48e22" member_type: VOTER last_known_addr { host: "127.28.167.67" port: 41557 } } peers { permanent_uuid: "68a0ba595dc54feebb4c6ea339fa6be2" member_type: VOTER last_known_addr { host: "127.28.167.68" port: 42875 } attrs { promote: false } } }
I20260710 11:10:08.496829 30898 raft_consensus.cc:2955] T 5ed11bdb81b142a7847e7803451dfe3b P 68a0ba595dc54feebb4c6ea339fa6be2 [term 1 FOLLOWER]: Committing config change with OpId 1.3: config changed from index 2 to 3, 68a0ba595dc54feebb4c6ea339fa6be2 (127.28.167.68) changed from NON_VOTER to VOTER. New config: { opid_index: 3 OBSOLETE_local: false peers { permanent_uuid: "2bfec461cd82431795a50de08cb5de3b" member_type: VOTER last_known_addr { host: "127.28.167.65" port: 33147 } attrs { replace: true } } peers { permanent_uuid: "a156f4bf1b374be3a5c6a943198940e5" member_type: VOTER last_known_addr { host: "127.28.167.66" port: 38445 } } peers { permanent_uuid: "6dcc3d09bd8a48049d0b5c41c5c48e22" member_type: VOTER last_known_addr { host: "127.28.167.67" port: 41557 } } peers { permanent_uuid: "68a0ba595dc54feebb4c6ea339fa6be2" member_type: VOTER last_known_addr { host: "127.28.167.68" port: 42875 } attrs { promote: false } } }
I20260710 11:10:08.499792 30498 raft_consensus.cc:1275] T bc3d3b3533b14db68c608729bd995629 P 2bfec461cd82431795a50de08cb5de3b [term 1 FOLLOWER]: Refusing update from remote peer a156f4bf1b374be3a5c6a943198940e5: Log matching property violated. Preceding OpId in replica: term: 1 index: 2. Preceding OpId from leader: term: 1 index: 3. (index mismatch)
I20260710 11:10:08.501412 31132 consensus_queue.cc:1048] T bc3d3b3533b14db68c608729bd995629 P a156f4bf1b374be3a5c6a943198940e5 [LEADER]: Connected to new peer: Peer: permanent_uuid: "2bfec461cd82431795a50de08cb5de3b" member_type: VOTER last_known_addr { host: "127.28.167.65" port: 33147 }, Status: LMP_MISMATCH, Last received: 0.0, Next index: 3, Last known committed idx: 2, Time since last communication: 0.000s
I20260710 11:10:08.508383 30897 raft_consensus.cc:1275] T bc3d3b3533b14db68c608729bd995629 P 68a0ba595dc54feebb4c6ea339fa6be2 [term 1 LEARNER]: Refusing update from remote peer a156f4bf1b374be3a5c6a943198940e5: Log matching property violated. Preceding OpId in replica: term: 1 index: 2. Preceding OpId from leader: term: 1 index: 3. (index mismatch)
I20260710 11:10:08.509796 31132 consensus_queue.cc:1048] T bc3d3b3533b14db68c608729bd995629 P a156f4bf1b374be3a5c6a943198940e5 [LEADER]: Connected to new peer: Peer: permanent_uuid: "68a0ba595dc54feebb4c6ea339fa6be2" member_type: VOTER last_known_addr { host: "127.28.167.68" port: 42875 } attrs { promote: false }, Status: LMP_MISMATCH, Last received: 0.0, Next index: 3, Last known committed idx: 2, Time since last communication: 0.000s
I20260710 11:10:08.518026 30648 raft_consensus.cc:1275] T bc3d3b3533b14db68c608729bd995629 P 6dcc3d09bd8a48049d0b5c41c5c48e22 [term 1 FOLLOWER]: Refusing update from remote peer a156f4bf1b374be3a5c6a943198940e5: Log matching property violated. Preceding OpId in replica: term: 1 index: 2. Preceding OpId from leader: term: 1 index: 3. (index mismatch)
I20260710 11:10:08.521593 31132 consensus_queue.cc:1048] T bc3d3b3533b14db68c608729bd995629 P a156f4bf1b374be3a5c6a943198940e5 [LEADER]: Connected to new peer: Peer: permanent_uuid: "6dcc3d09bd8a48049d0b5c41c5c48e22" member_type: VOTER last_known_addr { host: "127.28.167.67" port: 41557 } attrs { replace: true }, Status: LMP_MISMATCH, Last received: 0.0, Next index: 3, Last known committed idx: 2, Time since last communication: 0.000s
I20260710 11:10:08.545763 30897 raft_consensus.cc:1275] T 545eb69e25124cf48004929dd41ed02d P 68a0ba595dc54feebb4c6ea339fa6be2 [term 1 LEARNER]: Refusing update from remote peer a156f4bf1b374be3a5c6a943198940e5: Log matching property violated. Preceding OpId in replica: term: 1 index: 2. Preceding OpId from leader: term: 1 index: 3. (index mismatch)
I20260710 11:10:08.547472 31130 consensus_queue.cc:1048] T 545eb69e25124cf48004929dd41ed02d P a156f4bf1b374be3a5c6a943198940e5 [LEADER]: Connected to new peer: Peer: permanent_uuid: "68a0ba595dc54feebb4c6ea339fa6be2" member_type: VOTER last_known_addr { host: "127.28.167.68" port: 42875 } attrs { promote: false }, Status: LMP_MISMATCH, Last received: 0.0, Next index: 3, Last known committed idx: 2, Time since last communication: 0.001s
