I20260710 11:10:14.567276 25978 tablet_bootstrap.cc:492] T 383d608e96314880994c39ff95776a7e P db2b37e4763a436e9a172d99085eff75: Bootstrap replayed 1/1 log segments. Stats: ops{read=2 overwritten=0 applied=2 ignored=0} inserts{seen=0 ignored=0} mutations{seen=0 ignored=0} orphaned_commits=0. Pending: 0 replicates
I20260710 11:10:14.567759 25980 data_dirs.cc:400] Could only allocate 1 dirs of requested 3 for tablet 06f4383bd7e0410ca05d72325579600d. 1 dirs total, 0 dirs full, 0 dirs failed
I20260710 11:10:14.568375 25978 tablet_bootstrap.cc:492] T 383d608e96314880994c39ff95776a7e P db2b37e4763a436e9a172d99085eff75: Bootstrap complete.
I20260710 11:10:14.569181 25978 ts_tablet_manager.cc:1403] T 383d608e96314880994c39ff95776a7e P db2b37e4763a436e9a172d99085eff75: Time spent bootstrapping tablet: real 0.038s	user 0.023s	sys 0.015s
I20260710 11:10:14.572432 25978 raft_consensus.cc:359] T 383d608e96314880994c39ff95776a7e P db2b37e4763a436e9a172d99085eff75 [term 1 LEARNER]: Replica starting. Triggering 0 pending ops. Active config: opid_index: 2 OBSOLETE_local: false peers { permanent_uuid: "76176621a2814c9f8ef50c8d4fd4f13e" member_type: VOTER last_known_addr { host: "127.23.135.129" port: 37847 } } peers { permanent_uuid: "0e63b562085f4e33969184366ec49057" member_type: VOTER last_known_addr { host: "127.23.135.130" port: 41003 } attrs { replace: true } } peers { permanent_uuid: "e5e9e9d7ef174cf8b9d37e997e855690" member_type: VOTER last_known_addr { host: "127.23.135.131" port: 43397 } } peers { permanent_uuid: "db2b37e4763a436e9a172d99085eff75" member_type: NON_VOTER last_known_addr { host: "127.23.135.132" port: 40883 } attrs { promote: true } }
I20260710 11:10:14.573328 25978 raft_consensus.cc:740] T 383d608e96314880994c39ff95776a7e P db2b37e4763a436e9a172d99085eff75 [term 1 LEARNER]: Becoming Follower/Learner. State: Replica: db2b37e4763a436e9a172d99085eff75, State: Initialized, Role: LEARNER
I20260710 11:10:14.574036 25978 consensus_queue.cc:260] T 383d608e96314880994c39ff95776a7e P db2b37e4763a436e9a172d99085eff75 [NON_LEADER]: Queue going to NON_LEADER mode. State: All replicated index: 0, Majority replicated index: 0, Committed index: 2, Last appended: 1.2, Last appended by leader: 2, Current term: 0, Majority size: -1, State: 0, Mode: NON_LEADER, active raft config: opid_index: 2 OBSOLETE_local: false peers { permanent_uuid: "76176621a2814c9f8ef50c8d4fd4f13e" member_type: VOTER last_known_addr { host: "127.23.135.129" port: 37847 } } peers { permanent_uuid: "0e63b562085f4e33969184366ec49057" member_type: VOTER last_known_addr { host: "127.23.135.130" port: 41003 } attrs { replace: true } } peers { permanent_uuid: "e5e9e9d7ef174cf8b9d37e997e855690" member_type: VOTER last_known_addr { host: "127.23.135.131" port: 43397 } } peers { permanent_uuid: "db2b37e4763a436e9a172d99085eff75" member_type: NON_VOTER last_known_addr { host: "127.23.135.132" port: 40883 } attrs { promote: true } }
I20260710 11:10:14.594463 25978 ts_tablet_manager.cc:1434] T 383d608e96314880994c39ff95776a7e P db2b37e4763a436e9a172d99085eff75: Time spent starting tablet: real 0.025s	user 0.008s	sys 0.015s
I20260710 11:10:14.601670 25980 tablet_copy_client.cc:806] T 06f4383bd7e0410ca05d72325579600d P db2b37e4763a436e9a172d99085eff75: tablet copy: Starting download of 0 data blocks...
I20260710 11:10:14.602630 25980 tablet_copy_client.cc:670] T 06f4383bd7e0410ca05d72325579600d P db2b37e4763a436e9a172d99085eff75: tablet copy: Starting download of 1 WAL segments...
I20260710 11:10:14.607507 25980 tablet_copy_client.cc:538] T 06f4383bd7e0410ca05d72325579600d P db2b37e4763a436e9a172d99085eff75: tablet copy: Tablet Copy complete. Replacing tablet superblock.
I20260710 11:10:14.609016 25407 tablet_copy_service.cc:342] P e5e9e9d7ef174cf8b9d37e997e855690: Request end of tablet copy session db2b37e4763a436e9a172d99085eff75-383d608e96314880994c39ff95776a7e received from {username='slave'} at 127.0.0.1:45060
I20260710 11:10:14.609614 25407 tablet_copy_service.cc:434] P e5e9e9d7ef174cf8b9d37e997e855690: ending tablet copy session db2b37e4763a436e9a172d99085eff75-383d608e96314880994c39ff95776a7e on tablet 383d608e96314880994c39ff95776a7e with peer db2b37e4763a436e9a172d99085eff75
I20260710 11:10:14.617427 25980 tablet_bootstrap.cc:492] T 06f4383bd7e0410ca05d72325579600d P db2b37e4763a436e9a172d99085eff75: Bootstrap starting.
I20260710 11:10:14.647601 25980 tablet_bootstrap.cc:492] T 06f4383bd7e0410ca05d72325579600d P db2b37e4763a436e9a172d99085eff75: Bootstrap replayed 1/1 log segments. Stats: ops{read=2 overwritten=0 applied=2 ignored=0} inserts{seen=0 ignored=0} mutations{seen=0 ignored=0} orphaned_commits=0. Pending: 0 replicates
I20260710 11:10:14.648479 25980 tablet_bootstrap.cc:492] T 06f4383bd7e0410ca05d72325579600d P db2b37e4763a436e9a172d99085eff75: Bootstrap complete.
I20260710 11:10:14.649055 25980 ts_tablet_manager.cc:1403] T 06f4383bd7e0410ca05d72325579600d P db2b37e4763a436e9a172d99085eff75: Time spent bootstrapping tablet: real 0.032s	user 0.016s	sys 0.016s
I20260710 11:10:14.651396 25980 raft_consensus.cc:359] T 06f4383bd7e0410ca05d72325579600d P db2b37e4763a436e9a172d99085eff75 [term 1 LEARNER]: Replica starting. Triggering 0 pending ops. Active config: opid_index: 2 OBSOLETE_local: false peers { permanent_uuid: "76176621a2814c9f8ef50c8d4fd4f13e" member_type: VOTER last_known_addr { host: "127.23.135.129" port: 37847 } attrs { replace: true } } peers { permanent_uuid: "0e63b562085f4e33969184366ec49057" member_type: VOTER last_known_addr { host: "127.23.135.130" port: 41003 } } peers { permanent_uuid: "e5e9e9d7ef174cf8b9d37e997e855690" member_type: VOTER last_known_addr { host: "127.23.135.131" port: 43397 } } peers { permanent_uuid: "db2b37e4763a436e9a172d99085eff75" member_type: NON_VOTER last_known_addr { host: "127.23.135.132" port: 40883 } attrs { promote: true } }
I20260710 11:10:14.652065 25980 raft_consensus.cc:740] T 06f4383bd7e0410ca05d72325579600d P db2b37e4763a436e9a172d99085eff75 [term 1 LEARNER]: Becoming Follower/Learner. State: Replica: db2b37e4763a436e9a172d99085eff75, State: Initialized, Role: LEARNER
I20260710 11:10:14.652671 25980 consensus_queue.cc:260] T 06f4383bd7e0410ca05d72325579600d P db2b37e4763a436e9a172d99085eff75 [NON_LEADER]: Queue going to NON_LEADER mode. State: All replicated index: 0, Majority replicated index: 0, Committed index: 2, Last appended: 1.2, Last appended by leader: 2, Current term: 0, Majority size: -1, State: 0, Mode: NON_LEADER, active raft config: opid_index: 2 OBSOLETE_local: false peers { permanent_uuid: "76176621a2814c9f8ef50c8d4fd4f13e" member_type: VOTER last_known_addr { host: "127.23.135.129" port: 37847 } attrs { replace: true } } peers { permanent_uuid: "0e63b562085f4e33969184366ec49057" member_type: VOTER last_known_addr { host: "127.23.135.130" port: 41003 } } peers { permanent_uuid: "e5e9e9d7ef174cf8b9d37e997e855690" member_type: VOTER last_known_addr { host: "127.23.135.131" port: 43397 } } peers { permanent_uuid: "db2b37e4763a436e9a172d99085eff75" member_type: NON_VOTER last_known_addr { host: "127.23.135.132" port: 40883 } attrs { promote: true } }
I20260710 11:10:14.654722 25980 ts_tablet_manager.cc:1434] T 06f4383bd7e0410ca05d72325579600d P db2b37e4763a436e9a172d99085eff75: Time spent starting tablet: real 0.005s	user 0.004s	sys 0.000s
I20260710 11:10:14.657609 25407 tablet_copy_service.cc:342] P e5e9e9d7ef174cf8b9d37e997e855690: Request end of tablet copy session db2b37e4763a436e9a172d99085eff75-06f4383bd7e0410ca05d72325579600d received from {username='slave'} at 127.0.0.1:45060
I20260710 11:10:14.658061 25407 tablet_copy_service.cc:434] P e5e9e9d7ef174cf8b9d37e997e855690: ending tablet copy session db2b37e4763a436e9a172d99085eff75-06f4383bd7e0410ca05d72325579600d on tablet 06f4383bd7e0410ca05d72325579600d with peer db2b37e4763a436e9a172d99085eff75
I20260710 11:10:14.859287 25661 raft_consensus.cc:1217] T 383d608e96314880994c39ff95776a7e P db2b37e4763a436e9a172d99085eff75 [term 1 LEARNER]: Deduplicated request from leader. Original: 1.1->[1.2-1.2]   Dedup: 1.2->[]
I20260710 11:10:14.970934 25661 raft_consensus.cc:1217] T 06f4383bd7e0410ca05d72325579600d P db2b37e4763a436e9a172d99085eff75 [term 1 LEARNER]: Deduplicated request from leader. Original: 1.1->[1.2-1.2]   Dedup: 1.2->[]
I20260710 11:10:15.388585 25967 raft_consensus.cc:1064] T 383d608e96314880994c39ff95776a7e P e5e9e9d7ef174cf8b9d37e997e855690: attempting to promote NON_VOTER db2b37e4763a436e9a172d99085eff75 to VOTER
I20260710 11:10:15.391535 25967 consensus_queue.cc:237] T 383d608e96314880994c39ff95776a7e P e5e9e9d7ef174cf8b9d37e997e855690 [LEADER]: Queue going to LEADER mode. State: All replicated index: 0, Majority replicated index: 2, Committed index: 2, Last appended: 1.2, Last appended by leader: 0, Current term: 1, Majority size: 3, State: 0, Mode: LEADER, active raft config: opid_index: 3 OBSOLETE_local: false peers { permanent_uuid: "76176621a2814c9f8ef50c8d4fd4f13e" member_type: VOTER last_known_addr { host: "127.23.135.129" port: 37847 } } peers { permanent_uuid: "0e63b562085f4e33969184366ec49057" member_type: VOTER last_known_addr { host: "127.23.135.130" port: 41003 } attrs { replace: true } } peers { permanent_uuid: "e5e9e9d7ef174cf8b9d37e997e855690" member_type: VOTER last_known_addr { host: "127.23.135.131" port: 43397 } } peers { permanent_uuid: "db2b37e4763a436e9a172d99085eff75" member_type: VOTER last_known_addr { host: "127.23.135.132" port: 40883 } attrs { promote: false } }
I20260710 11:10:15.400243 25661 raft_consensus.cc:1275] T 383d608e96314880994c39ff95776a7e P db2b37e4763a436e9a172d99085eff75 [term 1 LEARNER]: Refusing update from remote peer e5e9e9d7ef174cf8b9d37e997e855690: Log matching property violated. Preceding OpId in replica: term: 1 index: 2. Preceding OpId from leader: term: 1 index: 3. (index mismatch)
I20260710 11:10:15.401883 25248 raft_consensus.cc:1275] T 383d608e96314880994c39ff95776a7e P 76176621a2814c9f8ef50c8d4fd4f13e [term 1 FOLLOWER]: Refusing update from remote peer e5e9e9d7ef174cf8b9d37e997e855690: Log matching property violated. Preceding OpId in replica: term: 1 index: 2. Preceding OpId from leader: term: 1 index: 3. (index mismatch)
I20260710 11:10:15.404186 25324 raft_consensus.cc:1275] T 383d608e96314880994c39ff95776a7e P 0e63b562085f4e33969184366ec49057 [term 1 FOLLOWER]: Refusing update from remote peer e5e9e9d7ef174cf8b9d37e997e855690: Log matching property violated. Preceding OpId in replica: term: 1 index: 2. Preceding OpId from leader: term: 1 index: 3. (index mismatch)
I20260710 11:10:15.403488 25967 consensus_queue.cc:1048] T 383d608e96314880994c39ff95776a7e P e5e9e9d7ef174cf8b9d37e997e855690 [LEADER]: Connected to new peer: Peer: permanent_uuid: "76176621a2814c9f8ef50c8d4fd4f13e" member_type: VOTER last_known_addr { host: "127.23.135.129" port: 37847 }, Status: LMP_MISMATCH, Last received: 0.0, Next index: 3, Last known committed idx: 2, Time since last communication: 0.001s
I20260710 11:10:15.405813 25932 consensus_queue.cc:1048] T 383d608e96314880994c39ff95776a7e P e5e9e9d7ef174cf8b9d37e997e855690 [LEADER]: Connected to new peer: Peer: permanent_uuid: "db2b37e4763a436e9a172d99085eff75" member_type: VOTER last_known_addr { host: "127.23.135.132" port: 40883 } attrs { promote: false }, Status: LMP_MISMATCH, Last received: 0.0, Next index: 3, Last known committed idx: 2, Time since last communication: 0.000s
I20260710 11:10:15.406893 25946 consensus_queue.cc:1048] T 383d608e96314880994c39ff95776a7e P e5e9e9d7ef174cf8b9d37e997e855690 [LEADER]: Connected to new peer: Peer: permanent_uuid: "0e63b562085f4e33969184366ec49057" member_type: VOTER last_known_addr { host: "127.23.135.130" port: 41003 } attrs { replace: true }, Status: LMP_MISMATCH, Last received: 0.0, Next index: 3, Last known committed idx: 2, Time since last communication: 0.000s
I20260710 11:10:15.433243 25967 raft_consensus.cc:2955] T 383d608e96314880994c39ff95776a7e P e5e9e9d7ef174cf8b9d37e997e855690 [term 1 LEADER]: Committing config change with OpId 1.3: config changed from index 2 to 3, db2b37e4763a436e9a172d99085eff75 (127.23.135.132) changed from NON_VOTER to VOTER. New config: { opid_index: 3 OBSOLETE_local: false peers { permanent_uuid: "76176621a2814c9f8ef50c8d4fd4f13e" member_type: VOTER last_known_addr { host: "127.23.135.129" port: 37847 } } peers { permanent_uuid: "0e63b562085f4e33969184366ec49057" member_type: VOTER last_known_addr { host: "127.23.135.130" port: 41003 } attrs { replace: true } } peers { permanent_uuid: "e5e9e9d7ef174cf8b9d37e997e855690" member_type: VOTER last_known_addr { host: "127.23.135.131" port: 43397 } } peers { permanent_uuid: "db2b37e4763a436e9a172d99085eff75" member_type: VOTER last_known_addr { host: "127.23.135.132" port: 40883 } attrs { promote: false } } }
I20260710 11:10:15.437909 25324 raft_consensus.cc:2955] T 383d608e96314880994c39ff95776a7e P 0e63b562085f4e33969184366ec49057 [term 1 FOLLOWER]: Committing config change with OpId 1.3: config changed from index 2 to 3, db2b37e4763a436e9a172d99085eff75 (127.23.135.132) changed from NON_VOTER to VOTER. New config: { opid_index: 3 OBSOLETE_local: false peers { permanent_uuid: "76176621a2814c9f8ef50c8d4fd4f13e" member_type: VOTER last_known_addr { host: "127.23.135.129" port: 37847 } } peers { permanent_uuid: "0e63b562085f4e33969184366ec49057" member_type: VOTER last_known_addr { host: "127.23.135.130" port: 41003 } attrs { replace: true } } peers { permanent_uuid: "e5e9e9d7ef174cf8b9d37e997e855690" member_type: VOTER last_known_addr { host: "127.23.135.131" port: 43397 } } peers { permanent_uuid: "db2b37e4763a436e9a172d99085eff75" member_type: VOTER last_known_addr { host: "127.23.135.132" port: 40883 } attrs { promote: false } } }
I20260710 11:10:15.449808 25661 raft_consensus.cc:2955] T 383d608e96314880994c39ff95776a7e P db2b37e4763a436e9a172d99085eff75 [term 1 FOLLOWER]: Committing config change with OpId 1.3: config changed from index 2 to 3, db2b37e4763a436e9a172d99085eff75 (127.23.135.132) changed from NON_VOTER to VOTER. New config: { opid_index: 3 OBSOLETE_local: false peers { permanent_uuid: "76176621a2814c9f8ef50c8d4fd4f13e" member_type: VOTER last_known_addr { host: "127.23.135.129" port: 37847 } } peers { permanent_uuid: "0e63b562085f4e33969184366ec49057" member_type: VOTER last_known_addr { host: "127.23.135.130" port: 41003 } attrs { replace: true } } peers { permanent_uuid: "e5e9e9d7ef174cf8b9d37e997e855690" member_type: VOTER last_known_addr { host: "127.23.135.131" port: 43397 } } peers { permanent_uuid: "db2b37e4763a436e9a172d99085eff75" member_type: VOTER last_known_addr { host: "127.23.135.132" port: 40883 } attrs { promote: false } } }
I20260710 11:10:15.457509 25248 raft_consensus.cc:2955] T 383d608e96314880994c39ff95776a7e P 76176621a2814c9f8ef50c8d4fd4f13e [term 1 FOLLOWER]: Committing config change with OpId 1.3: config changed from index 2 to 3, db2b37e4763a436e9a172d99085eff75 (127.23.135.132) changed from NON_VOTER to VOTER. New config: { opid_index: 3 OBSOLETE_local: false peers { permanent_uuid: "76176621a2814c9f8ef50c8d4fd4f13e" member_type: VOTER last_known_addr { host: "127.23.135.129" port: 37847 } } peers { permanent_uuid: "0e63b562085f4e33969184366ec49057" member_type: VOTER last_known_addr { host: "127.23.135.130" port: 41003 } attrs { replace: true } } peers { permanent_uuid: "e5e9e9d7ef174cf8b9d37e997e855690" member_type: VOTER last_known_addr { host: "127.23.135.131" port: 43397 } } peers { permanent_uuid: "db2b37e4763a436e9a172d99085eff75" member_type: VOTER last_known_addr { host: "127.23.135.132" port: 40883 } attrs { promote: false } } }
I20260710 11:10:15.468511 25145 catalog_manager.cc:5697] T 383d608e96314880994c39ff95776a7e P e5e9e9d7ef174cf8b9d37e997e855690 reported cstate change: config changed from index 2 to 3, db2b37e4763a436e9a172d99085eff75 (127.23.135.132) changed from NON_VOTER to VOTER. New cstate: current_term: 1 leader_uuid: "e5e9e9d7ef174cf8b9d37e997e855690" committed_config { opid_index: 3 OBSOLETE_local: false peers { permanent_uuid: "76176621a2814c9f8ef50c8d4fd4f13e" member_type: VOTER last_known_addr { host: "127.23.135.129" port: 37847 } health_report { overall_health: HEALTHY } } peers { permanent_uuid: "0e63b562085f4e33969184366ec49057" member_type: VOTER last_known_addr { host: "127.23.135.130" port: 41003 } attrs { replace: true } health_report { overall_health: HEALTHY } } peers { permanent_uuid: "e5e9e9d7ef174cf8b9d37e997e855690" member_type: VOTER last_known_addr { host: "127.23.135.131" port: 43397 } health_report { overall_health: HEALTHY } } peers { permanent_uuid: "db2b37e4763a436e9a172d99085eff75" member_type: VOTER last_known_addr { host: "127.23.135.132" port: 40883 } attrs { promote: false } health_report { overall_health: HEALTHY } } }
I20260710 11:10:15.497337 25396 consensus_queue.cc:237] T 383d608e96314880994c39ff95776a7e P e5e9e9d7ef174cf8b9d37e997e855690 [LEADER]: Queue going to LEADER mode. State: All replicated index: 0, Majority replicated index: 3, Committed index: 3, Last appended: 1.3, Last appended by leader: 0, Current term: 1, Majority size: 2, State: 0, Mode: LEADER, active raft config: opid_index: 4 OBSOLETE_local: false peers { permanent_uuid: "76176621a2814c9f8ef50c8d4fd4f13e" member_type: VOTER last_known_addr { host: "127.23.135.129" port: 37847 } } peers { permanent_uuid: "e5e9e9d7ef174cf8b9d37e997e855690" member_type: VOTER last_known_addr { host: "127.23.135.131" port: 43397 } } peers { permanent_uuid: "db2b37e4763a436e9a172d99085eff75" member_type: VOTER last_known_addr { host: "127.23.135.132" port: 40883 } attrs { promote: false } }
I20260710 11:10:15.511475 25661 raft_consensus.cc:1275] T 383d608e96314880994c39ff95776a7e P db2b37e4763a436e9a172d99085eff75 [term 1 FOLLOWER]: Refusing update from remote peer e5e9e9d7ef174cf8b9d37e997e855690: Log matching property violated. Preceding OpId in replica: term: 1 index: 3. Preceding OpId from leader: term: 1 index: 4. (index mismatch)
I20260710 11:10:15.513139 25248 raft_consensus.cc:1275] T 383d608e96314880994c39ff95776a7e P 76176621a2814c9f8ef50c8d4fd4f13e [term 1 FOLLOWER]: Refusing update from remote peer e5e9e9d7ef174cf8b9d37e997e855690: Log matching property violated. Preceding OpId in replica: term: 1 index: 3. Preceding OpId from leader: term: 1 index: 4. (index mismatch)
I20260710 11:10:15.513383 25967 consensus_queue.cc:1048] T 383d608e96314880994c39ff95776a7e P e5e9e9d7ef174cf8b9d37e997e855690 [LEADER]: Connected to new peer: Peer: permanent_uuid: "db2b37e4763a436e9a172d99085eff75" member_type: VOTER last_known_addr { host: "127.23.135.132" port: 40883 } attrs { promote: false }, Status: LMP_MISMATCH, Last received: 0.0, Next index: 4, Last known committed idx: 3, Time since last communication: 0.001s
I20260710 11:10:15.514925 25932 consensus_queue.cc:1048] T 383d608e96314880994c39ff95776a7e P e5e9e9d7ef174cf8b9d37e997e855690 [LEADER]: Connected to new peer: Peer: permanent_uuid: "76176621a2814c9f8ef50c8d4fd4f13e" member_type: VOTER last_known_addr { host: "127.23.135.129" port: 37847 }, Status: LMP_MISMATCH, Last received: 0.0, Next index: 4, Last known committed idx: 3, Time since last communication: 0.000s
I20260710 11:10:15.522383 25932 raft_consensus.cc:2955] T 383d608e96314880994c39ff95776a7e P e5e9e9d7ef174cf8b9d37e997e855690 [term 1 LEADER]: Committing config change with OpId 1.4: config changed from index 3 to 4, VOTER 0e63b562085f4e33969184366ec49057 (127.23.135.130) evicted. New config: { opid_index: 4 OBSOLETE_local: false peers { permanent_uuid: "76176621a2814c9f8ef50c8d4fd4f13e" member_type: VOTER last_known_addr { host: "127.23.135.129" port: 37847 } } peers { permanent_uuid: "e5e9e9d7ef174cf8b9d37e997e855690" member_type: VOTER last_known_addr { host: "127.23.135.131" port: 43397 } } peers { permanent_uuid: "db2b37e4763a436e9a172d99085eff75" member_type: VOTER last_known_addr { host: "127.23.135.132" port: 40883 } attrs { promote: false } } }
I20260710 11:10:15.526618 25248 raft_consensus.cc:2955] T 383d608e96314880994c39ff95776a7e P 76176621a2814c9f8ef50c8d4fd4f13e [term 1 FOLLOWER]: Committing config change with OpId 1.4: config changed from index 3 to 4, VOTER 0e63b562085f4e33969184366ec49057 (127.23.135.130) evicted. New config: { opid_index: 4 OBSOLETE_local: false peers { permanent_uuid: "76176621a2814c9f8ef50c8d4fd4f13e" member_type: VOTER last_known_addr { host: "127.23.135.129" port: 37847 } } peers { permanent_uuid: "e5e9e9d7ef174cf8b9d37e997e855690" member_type: VOTER last_known_addr { host: "127.23.135.131" port: 43397 } } peers { permanent_uuid: "db2b37e4763a436e9a172d99085eff75" member_type: VOTER last_known_addr { host: "127.23.135.132" port: 40883 } attrs { promote: false } } }
I20260710 11:10:15.529121 25662 raft_consensus.cc:2955] T 383d608e96314880994c39ff95776a7e P db2b37e4763a436e9a172d99085eff75 [term 1 FOLLOWER]: Committing config change with OpId 1.4: config changed from index 3 to 4, VOTER 0e63b562085f4e33969184366ec49057 (127.23.135.130) evicted. New config: { opid_index: 4 OBSOLETE_local: false peers { permanent_uuid: "76176621a2814c9f8ef50c8d4fd4f13e" member_type: VOTER last_known_addr { host: "127.23.135.129" port: 37847 } } peers { permanent_uuid: "e5e9e9d7ef174cf8b9d37e997e855690" member_type: VOTER last_known_addr { host: "127.23.135.131" port: 43397 } } peers { permanent_uuid: "db2b37e4763a436e9a172d99085eff75" member_type: VOTER last_known_addr { host: "127.23.135.132" port: 40883 } attrs { promote: false } } }
I20260710 11:10:15.550536 25147 catalog_manager.cc:5697] T 383d608e96314880994c39ff95776a7e P 76176621a2814c9f8ef50c8d4fd4f13e reported cstate change: config changed from index 3 to 4, VOTER 0e63b562085f4e33969184366ec49057 (127.23.135.130) evicted. New cstate: current_term: 1 leader_uuid: "e5e9e9d7ef174cf8b9d37e997e855690" committed_config { opid_index: 4 OBSOLETE_local: false peers { permanent_uuid: "76176621a2814c9f8ef50c8d4fd4f13e" member_type: VOTER last_known_addr { host: "127.23.135.129" port: 37847 } } peers { permanent_uuid: "e5e9e9d7ef174cf8b9d37e997e855690" member_type: VOTER last_known_addr { host: "127.23.135.131" port: 43397 } } peers { permanent_uuid: "db2b37e4763a436e9a172d99085eff75" member_type: VOTER last_known_addr { host: "127.23.135.132" port: 40883 } attrs { promote: false } } }
I20260710 11:10:15.556766 25134 catalog_manager.cc:5210] ChangeConfig:REMOVE_PEER RPC for tablet 383d608e96314880994c39ff95776a7e with cas_config_opid_index 3: ChangeConfig:REMOVE_PEER succeeded (attempt 1)
I20260710 11:10:15.565214 25308 tablet_service.cc:1558] Processing DeleteTablet for tablet 383d608e96314880994c39ff95776a7e with delete_type TABLET_DATA_TOMBSTONED (TS 0e63b562085f4e33969184366ec49057 not found in new config with opid_index 4) from {username='slave'} at 127.0.0.1:43642
I20260710 11:10:15.583480 25967 raft_consensus.cc:1064] T 06f4383bd7e0410ca05d72325579600d P e5e9e9d7ef174cf8b9d37e997e855690: attempting to promote NON_VOTER db2b37e4763a436e9a172d99085eff75 to VOTER
I20260710 11:10:15.583528 25994 tablet_replica.cc:333] T 383d608e96314880994c39ff95776a7e P 0e63b562085f4e33969184366ec49057: stopping tablet replica
I20260710 11:10:15.584758 25994 raft_consensus.cc:2243] T 383d608e96314880994c39ff95776a7e P 0e63b562085f4e33969184366ec49057 [term 1 FOLLOWER]: Raft consensus shutting down.
I20260710 11:10:15.585536 25994 raft_consensus.cc:2272] T 383d608e96314880994c39ff95776a7e P 0e63b562085f4e33969184366ec49057 [term 1 FOLLOWER]: Raft consensus is shut down!
I20260710 11:10:15.586117 25967 consensus_queue.cc:237] T 06f4383bd7e0410ca05d72325579600d P e5e9e9d7ef174cf8b9d37e997e855690 [LEADER]: Queue going to LEADER mode. State: All replicated index: 0, Majority replicated index: 2, Committed index: 2, Last appended: 1.2, Last appended by leader: 0, Current term: 1, Majority size: 3, State: 0, Mode: LEADER, active raft config: opid_index: 3 OBSOLETE_local: false peers { permanent_uuid: "76176621a2814c9f8ef50c8d4fd4f13e" member_type: VOTER last_known_addr { host: "127.23.135.129" port: 37847 } attrs { replace: true } } peers { permanent_uuid: "0e63b562085f4e33969184366ec49057" member_type: VOTER last_known_addr { host: "127.23.135.130" port: 41003 } } peers { permanent_uuid: "e5e9e9d7ef174cf8b9d37e997e855690" member_type: VOTER last_known_addr { host: "127.23.135.131" port: 43397 } } peers { permanent_uuid: "db2b37e4763a436e9a172d99085eff75" member_type: VOTER last_known_addr { host: "127.23.135.132" port: 40883 } attrs { promote: false } }
I20260710 11:10:15.589123 25994 ts_tablet_manager.cc:1916] T 383d608e96314880994c39ff95776a7e P 0e63b562085f4e33969184366ec49057: Deleting tablet data with delete state TABLET_DATA_TOMBSTONED
I20260710 11:10:15.603446 25662 raft_consensus.cc:1275] T 06f4383bd7e0410ca05d72325579600d P db2b37e4763a436e9a172d99085eff75 [term 1 LEARNER]: Refusing update from remote peer e5e9e9d7ef174cf8b9d37e997e855690: Log matching property violated. Preceding OpId in replica: term: 1 index: 2. Preceding OpId from leader: term: 1 index: 3. (index mismatch)
I20260710 11:10:15.605219 25932 consensus_queue.cc:1048] T 06f4383bd7e0410ca05d72325579600d P e5e9e9d7ef174cf8b9d37e997e855690 [LEADER]: Connected to new peer: Peer: permanent_uuid: "db2b37e4763a436e9a172d99085eff75" member_type: VOTER last_known_addr { host: "127.23.135.132" port: 40883 } attrs { promote: false }, Status: LMP_MISMATCH, Last received: 0.0, Next index: 3, Last known committed idx: 2, Time since last communication: 0.000s
I20260710 11:10:15.611667 25248 raft_consensus.cc:1275] T 06f4383bd7e0410ca05d72325579600d P 76176621a2814c9f8ef50c8d4fd4f13e [term 1 FOLLOWER]: Refusing update from remote peer e5e9e9d7ef174cf8b9d37e997e855690: Log matching property violated. Preceding OpId in replica: term: 1 index: 2. Preceding OpId from leader: term: 1 index: 3. (index mismatch)
I20260710 11:10:15.612165 25324 raft_consensus.cc:1275] T 06f4383bd7e0410ca05d72325579600d P 0e63b562085f4e33969184366ec49057 [term 1 FOLLOWER]: Refusing update from remote peer e5e9e9d7ef174cf8b9d37e997e855690: Log matching property violated. Preceding OpId in replica: term: 1 index: 2. Preceding OpId from leader: term: 1 index: 3. (index mismatch)
I20260710 11:10:15.614562 25932 consensus_queue.cc:1048] T 06f4383bd7e0410ca05d72325579600d P e5e9e9d7ef174cf8b9d37e997e855690 [LEADER]: Connected to new peer: Peer: permanent_uuid: "76176621a2814c9f8ef50c8d4fd4f13e" member_type: VOTER last_known_addr { host: "127.23.135.129" port: 37847 } attrs { replace: true }, Status: LMP_MISMATCH, Last received: 0.0, Next index: 3, Last known committed idx: 2, Time since last communication: 0.001s
I20260710 11:10:15.620867 25932 consensus_queue.cc:1048] T 06f4383bd7e0410ca05d72325579600d P e5e9e9d7ef174cf8b9d37e997e855690 [LEADER]: Connected to new peer: Peer: permanent_uuid: "0e63b562085f4e33969184366ec49057" member_type: VOTER last_known_addr { host: "127.23.135.130" port: 41003 }, Status: LMP_MISMATCH, Last received: 0.0, Next index: 3, Last known committed idx: 2, Time since last communication: 0.001s
I20260710 11:10:15.636305 25932 raft_consensus.cc:2955] T 06f4383bd7e0410ca05d72325579600d P e5e9e9d7ef174cf8b9d37e997e855690 [term 1 LEADER]: Committing config change with OpId 1.3: config changed from index 2 to 3, db2b37e4763a436e9a172d99085eff75 (127.23.135.132) changed from NON_VOTER to VOTER. New config: { opid_index: 3 OBSOLETE_local: false peers { permanent_uuid: "76176621a2814c9f8ef50c8d4fd4f13e" member_type: VOTER last_known_addr { host: "127.23.135.129" port: 37847 } attrs { replace: true } } peers { permanent_uuid: "0e63b562085f4e33969184366ec49057" member_type: VOTER last_known_addr { host: "127.23.135.130" port: 41003 } } peers { permanent_uuid: "e5e9e9d7ef174cf8b9d37e997e855690" member_type: VOTER last_known_addr { host: "127.23.135.131" port: 43397 } } peers { permanent_uuid: "db2b37e4763a436e9a172d99085eff75" member_type: VOTER last_known_addr { host: "127.23.135.132" port: 40883 } attrs { promote: false } } }
I20260710 11:10:15.639325 25994 ts_tablet_manager.cc:1929] T 383d608e96314880994c39ff95776a7e P 0e63b562085f4e33969184366ec49057: tablet deleted with delete type TABLET_DATA_TOMBSTONED: last-logged OpId 1.3
I20260710 11:10:15.639895 25994 log.cc:1199] T 383d608e96314880994c39ff95776a7e P 0e63b562085f4e33969184366ec49057: Deleting WAL directory at /tmp/dist-test-tasklhTQTr/test-tmp/auto_leader_rebalancer-test.0.LeaderRebalancerTest.AddTserver.1783681770652021-24094-0/minicluster-data/ts-1-root/wals/383d608e96314880994c39ff95776a7e
I20260710 11:10:15.641811 25134 catalog_manager.cc:5028] TS 0e63b562085f4e33969184366ec49057 (127.23.135.130:41003): tablet 383d608e96314880994c39ff95776a7e (table test-workload [id=656562c20f8d4c38acf85178044b3723]) successfully deleted
I20260710 11:10:15.645035 25324 raft_consensus.cc:2955] T 06f4383bd7e0410ca05d72325579600d P 0e63b562085f4e33969184366ec49057 [term 1 FOLLOWER]: Committing config change with OpId 1.3: config changed from index 2 to 3, db2b37e4763a436e9a172d99085eff75 (127.23.135.132) changed from NON_VOTER to VOTER. New config: { opid_index: 3 OBSOLETE_local: false peers { permanent_uuid: "76176621a2814c9f8ef50c8d4fd4f13e" member_type: VOTER last_known_addr { host: "127.23.135.129" port: 37847 } attrs { replace: true } } peers { permanent_uuid: "0e63b562085f4e33969184366ec49057" member_type: VOTER last_known_addr { host: "127.23.135.130" port: 41003 } } peers { permanent_uuid: "e5e9e9d7ef174cf8b9d37e997e855690" member_type: VOTER last_known_addr { host: "127.23.135.131" port: 43397 } } peers { permanent_uuid: "db2b37e4763a436e9a172d99085eff75" member_type: VOTER last_known_addr { host: "127.23.135.132" port: 40883 } attrs { promote: false } } }
I20260710 11:10:15.646025 25665 raft_consensus.cc:2955] T 06f4383bd7e0410ca05d72325579600d P db2b37e4763a436e9a172d99085eff75 [term 1 FOLLOWER]: Committing config change with OpId 1.3: config changed from index 2 to 3, db2b37e4763a436e9a172d99085eff75 (127.23.135.132) changed from NON_VOTER to VOTER. New config: { opid_index: 3 OBSOLETE_local: false peers { permanent_uuid: "76176621a2814c9f8ef50c8d4fd4f13e" member_type: VOTER last_known_addr { host: "127.23.135.129" port: 37847 } attrs { replace: true } } peers { permanent_uuid: "0e63b562085f4e33969184366ec49057" member_type: VOTER last_known_addr { host: "127.23.135.130" port: 41003 } } peers { permanent_uuid: "e5e9e9d7ef174cf8b9d37e997e855690" member_type: VOTER last_known_addr { host: "127.23.135.131" port: 43397 } } peers { permanent_uuid: "db2b37e4763a436e9a172d99085eff75" member_type: VOTER last_known_addr { host: "127.23.135.132" port: 40883 } attrs { promote: false } } }
I20260710 11:10:15.662806 25144 catalog_manager.cc:5697] T 06f4383bd7e0410ca05d72325579600d P 0e63b562085f4e33969184366ec49057 reported cstate change: config changed from index 2 to 3, db2b37e4763a436e9a172d99085eff75 (127.23.135.132) changed from NON_VOTER to VOTER. New cstate: current_term: 1 leader_uuid: "e5e9e9d7ef174cf8b9d37e997e855690" committed_config { opid_index: 3 OBSOLETE_local: false peers { permanent_uuid: "76176621a2814c9f8ef50c8d4fd4f13e" member_type: VOTER last_known_addr { host: "127.23.135.129" port: 37847 } attrs { replace: true } } peers { permanent_uuid: "0e63b562085f4e33969184366ec49057" member_type: VOTER last_known_addr { host: "127.23.135.130" port: 41003 } } peers { permanent_uuid: "e5e9e9d7ef174cf8b9d37e997e855690" member_type: VOTER last_known_addr { host: "127.23.135.131" port: 43397 } } peers { permanent_uuid: "db2b37e4763a436e9a172d99085eff75" member_type: VOTER last_known_addr { host: "127.23.135.132" port: 40883 } attrs { promote: false } } }
I20260710 11:10:15.663252 25248 raft_consensus.cc:2955] T 06f4383bd7e0410ca05d72325579600d P 76176621a2814c9f8ef50c8d4fd4f13e [term 1 FOLLOWER]: Committing config change with OpId 1.3: config changed from index 2 to 3, db2b37e4763a436e9a172d99085eff75 (127.23.135.132) changed from NON_VOTER to VOTER. New config: { opid_index: 3 OBSOLETE_local: false peers { permanent_uuid: "76176621a2814c9f8ef50c8d4fd4f13e" member_type: VOTER last_known_addr { host: "127.23.135.129" port: 37847 } attrs { replace: true } } peers { permanent_uuid: "0e63b562085f4e33969184366ec49057" member_type: VOTER last_known_addr { host: "127.23.135.130" port: 41003 } } peers { permanent_uuid: "e5e9e9d7ef174cf8b9d37e997e855690" member_type: VOTER last_known_addr { host: "127.23.135.131" port: 43397 } } peers { permanent_uuid: "db2b37e4763a436e9a172d99085eff75" member_type: VOTER last_known_addr { host: "127.23.135.132" port: 40883 } attrs { promote: false } } }
I20260710 11:10:15.679356 25396 consensus_queue.cc:237] T 06f4383bd7e0410ca05d72325579600d P e5e9e9d7ef174cf8b9d37e997e855690 [LEADER]: Queue going to LEADER mode. State: All replicated index: 0, Majority replicated index: 3, Committed index: 3, Last appended: 1.3, Last appended by leader: 0, Current term: 1, Majority size: 2, State: 0, Mode: LEADER, active raft config: opid_index: 4 OBSOLETE_local: false peers { permanent_uuid: "0e63b562085f4e33969184366ec49057" member_type: VOTER last_known_addr { host: "127.23.135.130" port: 41003 } } peers { permanent_uuid: "e5e9e9d7ef174cf8b9d37e997e855690" member_type: VOTER last_known_addr { host: "127.23.135.131" port: 43397 } } peers { permanent_uuid: "db2b37e4763a436e9a172d99085eff75" member_type: VOTER last_known_addr { host: "127.23.135.132" port: 40883 } attrs { promote: false } }
I20260710 11:10:15.685858 25665 raft_consensus.cc:1275] T 06f4383bd7e0410ca05d72325579600d P db2b37e4763a436e9a172d99085eff75 [term 1 FOLLOWER]: Refusing update from remote peer e5e9e9d7ef174cf8b9d37e997e855690: Log matching property violated. Preceding OpId in replica: term: 1 index: 3. Preceding OpId from leader: term: 1 index: 4. (index mismatch)
I20260710 11:10:15.688202 25321 raft_consensus.cc:1275] T 06f4383bd7e0410ca05d72325579600d P 0e63b562085f4e33969184366ec49057 [term 1 FOLLOWER]: Refusing update from remote peer e5e9e9d7ef174cf8b9d37e997e855690: Log matching property violated. Preceding OpId in replica: term: 1 index: 3. Preceding OpId from leader: term: 1 index: 4. (index mismatch)
I20260710 11:10:15.689803 25946 consensus_queue.cc:1048] T 06f4383bd7e0410ca05d72325579600d P e5e9e9d7ef174cf8b9d37e997e855690 [LEADER]: Connected to new peer: Peer: permanent_uuid: "0e63b562085f4e33969184366ec49057" member_type: VOTER last_known_addr { host: "127.23.135.130" port: 41003 }, Status: LMP_MISMATCH, Last received: 0.0, Next index: 4, Last known committed idx: 3, Time since last communication: 0.000s
I20260710 11:10:15.690512 25932 consensus_queue.cc:1048] T 06f4383bd7e0410ca05d72325579600d P e5e9e9d7ef174cf8b9d37e997e855690 [LEADER]: Connected to new peer: Peer: permanent_uuid: "db2b37e4763a436e9a172d99085eff75" member_type: VOTER last_known_addr { host: "127.23.135.132" port: 40883 } attrs { promote: false }, Status: LMP_MISMATCH, Last received: 0.0, Next index: 4, Last known committed idx: 3, Time since last communication: 0.000s
I20260710 11:10:15.699837 25967 raft_consensus.cc:2955] T 06f4383bd7e0410ca05d72325579600d P e5e9e9d7ef174cf8b9d37e997e855690 [term 1 LEADER]: Committing config change with OpId 1.4: config changed from index 3 to 4, VOTER 76176621a2814c9f8ef50c8d4fd4f13e (127.23.135.129) evicted. New config: { opid_index: 4 OBSOLETE_local: false peers { permanent_uuid: "0e63b562085f4e33969184366ec49057" member_type: VOTER last_known_addr { host: "127.23.135.130" port: 41003 } } peers { permanent_uuid: "e5e9e9d7ef174cf8b9d37e997e855690" member_type: VOTER last_known_addr { host: "127.23.135.131" port: 43397 } } peers { permanent_uuid: "db2b37e4763a436e9a172d99085eff75" member_type: VOTER last_known_addr { host: "127.23.135.132" port: 40883 } attrs { promote: false } } }
I20260710 11:10:15.702960 25661 raft_consensus.cc:2955] T 06f4383bd7e0410ca05d72325579600d P db2b37e4763a436e9a172d99085eff75 [term 1 FOLLOWER]: Committing config change with OpId 1.4: config changed from index 3 to 4, VOTER 76176621a2814c9f8ef50c8d4fd4f13e (127.23.135.129) evicted. New config: { opid_index: 4 OBSOLETE_local: false peers { permanent_uuid: "0e63b562085f4e33969184366ec49057" member_type: VOTER last_known_addr { host: "127.23.135.130" port: 41003 } } peers { permanent_uuid: "e5e9e9d7ef174cf8b9d37e997e855690" member_type: VOTER last_known_addr { host: "127.23.135.131" port: 43397 } } peers { permanent_uuid: "db2b37e4763a436e9a172d99085eff75" member_type: VOTER last_known_addr { host: "127.23.135.132" port: 40883 } attrs { promote: false } } }
I20260710 11:10:15.710660 25321 raft_consensus.cc:2955] T 06f4383bd7e0410ca05d72325579600d P 0e63b562085f4e33969184366ec49057 [term 1 FOLLOWER]: Committing config change with OpId 1.4: config changed from index 3 to 4, VOTER 76176621a2814c9f8ef50c8d4fd4f13e (127.23.135.129) evicted. New config: { opid_index: 4 OBSOLETE_local: false peers { permanent_uuid: "0e63b562085f4e33969184366ec49057" member_type: VOTER last_known_addr { host: "127.23.135.130" port: 41003 } } peers { permanent_uuid: "e5e9e9d7ef174cf8b9d37e997e855690" member_type: VOTER last_known_addr { host: "127.23.135.131" port: 43397 } } peers { permanent_uuid: "db2b37e4763a436e9a172d99085eff75" member_type: VOTER last_known_addr { host: "127.23.135.132" port: 40883 } attrs { promote: false } } }
I20260710 11:10:15.716974 25134 catalog_manager.cc:5210] ChangeConfig:REMOVE_PEER RPC for tablet 06f4383bd7e0410ca05d72325579600d with cas_config_opid_index 3: ChangeConfig:REMOVE_PEER succeeded (attempt 1)
I20260710 11:10:15.719084 25147 catalog_manager.cc:5697] T 06f4383bd7e0410ca05d72325579600d P e5e9e9d7ef174cf8b9d37e997e855690 reported cstate change: config changed from index 3 to 4, VOTER 76176621a2814c9f8ef50c8d4fd4f13e (127.23.135.129) evicted. New cstate: current_term: 1 leader_uuid: "e5e9e9d7ef174cf8b9d37e997e855690" committed_config { opid_index: 4 OBSOLETE_local: false peers { permanent_uuid: "0e63b562085f4e33969184366ec49057" member_type: VOTER last_known_addr { host: "127.23.135.130" port: 41003 } health_report { overall_health: HEALTHY } } peers { permanent_uuid: "e5e9e9d7ef174cf8b9d37e997e855690" member_type: VOTER last_known_addr { host: "127.23.135.131" port: 43397 } health_report { overall_health: HEALTHY } } peers { permanent_uuid: "db2b37e4763a436e9a172d99085eff75" member_type: VOTER last_known_addr { host: "127.23.135.132" port: 40883 } attrs { promote: false } health_report { overall_health: HEALTHY } } }
I20260710 11:10:15.732723 25233 tablet_service.cc:1558] Processing DeleteTablet for tablet 06f4383bd7e0410ca05d72325579600d with delete_type TABLET_DATA_TOMBSTONED (TS 76176621a2814c9f8ef50c8d4fd4f13e not found in new config with opid_index 4) from {username='slave'} at 127.0.0.1:39978
I20260710 11:10:15.745389 26000 tablet_replica.cc:333] T 06f4383bd7e0410ca05d72325579600d P 76176621a2814c9f8ef50c8d4fd4f13e: stopping tablet replica
I20260710 11:10:15.746510 26000 raft_consensus.cc:2243] T 06f4383bd7e0410ca05d72325579600d P 76176621a2814c9f8ef50c8d4fd4f13e [term 1 FOLLOWER]: Raft consensus shutting down.
I20260710 11:10:15.747293 26000 raft_consensus.cc:2272] T 06f4383bd7e0410ca05d72325579600d P 76176621a2814c9f8ef50c8d4fd4f13e [term 1 FOLLOWER]: Raft consensus is shut down!
I20260710 11:10:15.750571 26000 ts_tablet_manager.cc:1916] T 06f4383bd7e0410ca05d72325579600d P 76176621a2814c9f8ef50c8d4fd4f13e: Deleting tablet data with delete state TABLET_DATA_TOMBSTONED
I20260710 11:10:15.768427 26000 ts_tablet_manager.cc:1929] T 06f4383bd7e0410ca05d72325579600d P 76176621a2814c9f8ef50c8d4fd4f13e: tablet deleted with delete type TABLET_DATA_TOMBSTONED: last-logged OpId 1.3
I20260710 11:10:15.768862 26000 log.cc:1199] T 06f4383bd7e0410ca05d72325579600d P 76176621a2814c9f8ef50c8d4fd4f13e: Deleting WAL directory at /tmp/dist-test-tasklhTQTr/test-tmp/auto_leader_rebalancer-test.0.LeaderRebalancerTest.AddTserver.1783681770652021-24094-0/minicluster-data/ts-0-root/wals/06f4383bd7e0410ca05d72325579600d
I20260710 11:10:15.770918 25132 catalog_manager.cc:5028] TS 76176621a2814c9f8ef50c8d4fd4f13e (127.23.135.129:37847): tablet 06f4383bd7e0410ca05d72325579600d (table test-workload [id=656562c20f8d4c38acf85178044b3723]) successfully deleted
I20260710 11:10:21.242735 24094 auto_leader_rebalancer.cc:141] leader rebalance for table test-workload
I20260710 11:10:21.327754 25321 tablet_service.cc:2072] Received LeaderStepDown RPC: tablet_id: "12617d4c594845a1aa0a1ecafaf68108"
dest_uuid: "0e63b562085f4e33969184366ec49057"
mode: GRACEFUL
new_leader_uuid: "db2b37e4763a436e9a172d99085eff75"
 from {username='slave'} at 127.0.0.1:34552
I20260710 11:10:21.328569 25321 raft_consensus.cc:606] T 12617d4c594845a1aa0a1ecafaf68108 P 0e63b562085f4e33969184366ec49057 [term 1 LEADER]: Received request to transfer leadership to TS db2b37e4763a436e9a172d99085eff75
I20260710 11:10:21.346081 25397 tablet_service.cc:2072] Received LeaderStepDown RPC: tablet_id: "93a189651c4b40aeb67b2e8b0612370e"
dest_uuid: "e5e9e9d7ef174cf8b9d37e997e855690"
mode: GRACEFUL
new_leader_uuid: "db2b37e4763a436e9a172d99085eff75"
 from {username='slave'} at 127.0.0.1:45248
I20260710 11:10:21.346733 25397 raft_consensus.cc:606] T 93a189651c4b40aeb67b2e8b0612370e P e5e9e9d7ef174cf8b9d37e997e855690 [term 1 LEADER]: Received request to transfer leadership to TS db2b37e4763a436e9a172d99085eff75
I20260710 11:10:21.349179 25321 tablet_service.cc:2072] Received LeaderStepDown RPC: tablet_id: "a35f33ca0a17435c935e65597a4303be"
dest_uuid: "0e63b562085f4e33969184366ec49057"
mode: GRACEFUL
new_leader_uuid: "76176621a2814c9f8ef50c8d4fd4f13e"
 from {username='slave'} at 127.0.0.1:34552
I20260710 11:10:21.349628 25321 raft_consensus.cc:606] T a35f33ca0a17435c935e65597a4303be P 0e63b562085f4e33969184366ec49057 [term 1 LEADER]: Received request to transfer leadership to TS 76176621a2814c9f8ef50c8d4fd4f13e
I20260710 11:10:21.351907 25321 tablet_service.cc:2072] Received LeaderStepDown RPC: tablet_id: "b3c395946c84478abdbc387eeaea2320"
dest_uuid: "0e63b562085f4e33969184366ec49057"
mode: GRACEFUL
new_leader_uuid: "db2b37e4763a436e9a172d99085eff75"
 from {username='slave'} at 127.0.0.1:34552
I20260710 11:10:21.352291 25321 raft_consensus.cc:606] T b3c395946c84478abdbc387eeaea2320 P 0e63b562085f4e33969184366ec49057 [term 1 LEADER]: Received request to transfer leadership to TS db2b37e4763a436e9a172d99085eff75
I20260710 11:10:21.354664 25321 tablet_service.cc:2072] Received LeaderStepDown RPC: tablet_id: "e135b5e82d434e41aa2c35d97409b9c1"
dest_uuid: "0e63b562085f4e33969184366ec49057"
mode: GRACEFUL
new_leader_uuid: "db2b37e4763a436e9a172d99085eff75"
 from {username='slave'} at 127.0.0.1:34552
I20260710 11:10:21.355091 25321 raft_consensus.cc:606] T e135b5e82d434e41aa2c35d97409b9c1 P 0e63b562085f4e33969184366ec49057 [term 1 LEADER]: Received request to transfer leadership to TS db2b37e4763a436e9a172d99085eff75
I20260710 11:10:21.356818 24094 auto_leader_rebalancer.cc:452] table: test-workload, leader rebalance finish, leader transfer count: 5
I20260710 11:10:21.357965 24094 auto_leader_rebalancer.cc:527] All tables' leader rebalancing finished this round
I20260710 11:10:21.395787 26008 raft_consensus.cc:993] T a35f33ca0a17435c935e65597a4303be P 0e63b562085f4e33969184366ec49057: : Instructing follower 76176621a2814c9f8ef50c8d4fd4f13e to start an election
I20260710 11:10:21.396498 26003 raft_consensus.cc:1081] T a35f33ca0a17435c935e65597a4303be P 0e63b562085f4e33969184366ec49057 [term 1 LEADER]: Signalling peer 76176621a2814c9f8ef50c8d4fd4f13e to start an election
I20260710 11:10:21.398058 25248 tablet_service.cc:2044] Received Run Leader Election RPC: tablet_id: "a35f33ca0a17435c935e65597a4303be"
dest_uuid: "76176621a2814c9f8ef50c8d4fd4f13e"
 from {username='slave'} at 127.0.0.1:39982
I20260710 11:10:21.398530 25248 raft_consensus.cc:493] T a35f33ca0a17435c935e65597a4303be P 76176621a2814c9f8ef50c8d4fd4f13e [term 1 FOLLOWER]: Starting forced leader election (received explicit request)
I20260710 11:10:21.398779 25248 raft_consensus.cc:3060] T a35f33ca0a17435c935e65597a4303be P 76176621a2814c9f8ef50c8d4fd4f13e [term 1 FOLLOWER]: Advancing to term 2
I20260710 11:10:21.404532 25248 raft_consensus.cc:515] T a35f33ca0a17435c935e65597a4303be P 76176621a2814c9f8ef50c8d4fd4f13e [term 2 FOLLOWER]: Starting forced leader election with config: opid_index: -1 OBSOLETE_local: false peers { permanent_uuid: "76176621a2814c9f8ef50c8d4fd4f13e" member_type: VOTER last_known_addr { host: "127.23.135.129" port: 37847 } } peers { permanent_uuid: "0e63b562085f4e33969184366ec49057" member_type: VOTER last_known_addr { host: "127.23.135.130" port: 41003 } } peers { permanent_uuid: "e5e9e9d7ef174cf8b9d37e997e855690" member_type: VOTER last_known_addr { host: "127.23.135.131" port: 43397 } }
I20260710 11:10:21.406415 25248 leader_election.cc:290] T a35f33ca0a17435c935e65597a4303be P 76176621a2814c9f8ef50c8d4fd4f13e [CANDIDATE]: Term 2 election: Requested vote from peers 0e63b562085f4e33969184366ec49057 (127.23.135.130:41003), e5e9e9d7ef174cf8b9d37e997e855690 (127.23.135.131:43397)
I20260710 11:10:21.407552 25397 tablet_service.cc:1917] Received RequestConsensusVote() RPC: tablet_id: "a35f33ca0a17435c935e65597a4303be" candidate_uuid: "76176621a2814c9f8ef50c8d4fd4f13e" candidate_term: 2 candidate_status { last_received { term: 1 index: 1 } } ignore_live_leader: true dest_uuid: "e5e9e9d7ef174cf8b9d37e997e855690"
I20260710 11:10:21.407415 25321 tablet_service.cc:1917] Received RequestConsensusVote() RPC: tablet_id: "a35f33ca0a17435c935e65597a4303be" candidate_uuid: "76176621a2814c9f8ef50c8d4fd4f13e" candidate_term: 2 candidate_status { last_received { term: 1 index: 1 } } ignore_live_leader: true dest_uuid: "0e63b562085f4e33969184366ec49057"
I20260710 11:10:21.408313 25397 raft_consensus.cc:3060] T a35f33ca0a17435c935e65597a4303be P e5e9e9d7ef174cf8b9d37e997e855690 [term 1 FOLLOWER]: Advancing to term 2
I20260710 11:10:21.408398 25321 raft_consensus.cc:3055] T a35f33ca0a17435c935e65597a4303be P 0e63b562085f4e33969184366ec49057 [term 1 LEADER]: Stepping down as leader of term 1
I20260710 11:10:21.409044 25321 raft_consensus.cc:740] T a35f33ca0a17435c935e65597a4303be P 0e63b562085f4e33969184366ec49057 [term 1 LEADER]: Becoming Follower/Learner. State: Replica: 0e63b562085f4e33969184366ec49057, State: Running, Role: LEADER
I20260710 11:10:21.410243 25321 consensus_queue.cc:260] T a35f33ca0a17435c935e65597a4303be P 0e63b562085f4e33969184366ec49057 [NON_LEADER]: Queue going to NON_LEADER mode. State: All replicated index: 0, Majority replicated index: 1, Committed index: 1, Last appended: 1.1, Last appended by leader: 1, Current term: 1, Majority size: -1, State: 0, Mode: NON_LEADER, active raft config: opid_index: -1 OBSOLETE_local: false peers { permanent_uuid: "76176621a2814c9f8ef50c8d4fd4f13e" member_type: VOTER last_known_addr { host: "127.23.135.129" port: 37847 } } peers { permanent_uuid: "0e63b562085f4e33969184366ec49057" member_type: VOTER last_known_addr { host: "127.23.135.130" port: 41003 } } peers { permanent_uuid: "e5e9e9d7ef174cf8b9d37e997e855690" member_type: VOTER last_known_addr { host: "127.23.135.131" port: 43397 } }
I20260710 11:10:21.411687 25321 raft_consensus.cc:3060] T a35f33ca0a17435c935e65597a4303be P 0e63b562085f4e33969184366ec49057 [term 1 FOLLOWER]: Advancing to term 2
I20260710 11:10:21.417019 25397 raft_consensus.cc:2468] T a35f33ca0a17435c935e65597a4303be P e5e9e9d7ef174cf8b9d37e997e855690 [term 2 FOLLOWER]: Leader election vote request: Granting yes vote for candidate 76176621a2814c9f8ef50c8d4fd4f13e in term 2.
I20260710 11:10:21.418555 25215 leader_election.cc:304] T a35f33ca0a17435c935e65597a4303be P 76176621a2814c9f8ef50c8d4fd4f13e [CANDIDATE]: Term 2 election: Election decided. Result: candidate won. Election summary: received 2 responses out of 3 voters: 2 yes votes; 0 no votes. yes voters: 76176621a2814c9f8ef50c8d4fd4f13e, e5e9e9d7ef174cf8b9d37e997e855690; no voters: 
I20260710 11:10:21.419349 26002 raft_consensus.cc:2804] T a35f33ca0a17435c935e65597a4303be P 76176621a2814c9f8ef50c8d4fd4f13e [term 2 FOLLOWER]: Leader election won for term 2
I20260710 11:10:21.419514 25321 raft_consensus.cc:2468] T a35f33ca0a17435c935e65597a4303be P 0e63b562085f4e33969184366ec49057 [term 2 FOLLOWER]: Leader election vote request: Granting yes vote for candidate 76176621a2814c9f8ef50c8d4fd4f13e in term 2.
I20260710 11:10:21.419750 26002 raft_consensus.cc:697] T a35f33ca0a17435c935e65597a4303be P 76176621a2814c9f8ef50c8d4fd4f13e [term 2 LEADER]: Becoming Leader. State: Replica: 76176621a2814c9f8ef50c8d4fd4f13e, State: Running, Role: LEADER
I20260710 11:10:21.420970 26002 consensus_queue.cc:237] T a35f33ca0a17435c935e65597a4303be P 76176621a2814c9f8ef50c8d4fd4f13e [LEADER]: Queue going to LEADER mode. State: All replicated index: 0, Majority replicated index: 1, Committed index: 1, Last appended: 1.1, Last appended by leader: 1, Current term: 2, Majority size: 2, State: 0, Mode: LEADER, active raft config: opid_index: -1 OBSOLETE_local: false peers { permanent_uuid: "76176621a2814c9f8ef50c8d4fd4f13e" member_type: VOTER last_known_addr { host: "127.23.135.129" port: 37847 } } peers { permanent_uuid: "0e63b562085f4e33969184366ec49057" member_type: VOTER last_known_addr { host: "127.23.135.130" port: 41003 } } peers { permanent_uuid: "e5e9e9d7ef174cf8b9d37e997e855690" member_type: VOTER last_known_addr { host: "127.23.135.131" port: 43397 } }
