I20260710 11:09:33.716774 30302 tablet_service.cc:1917] Received RequestConsensusVote() RPC: tablet_id: "4968413c92e949158da9a63c4de8dd9c" candidate_uuid: "0c0893c3794f4ef49e985fcc3d2bec51" candidate_term: 1 candidate_status { last_received { term: 0 index: 0 } } ignore_live_leader: false dest_uuid: "1c1d7165e0f8418189db9d7280f456d7" is_pre_election: true
I20260710 11:09:33.717381 30450 tablet_service.cc:1917] Received RequestConsensusVote() RPC: tablet_id: "4968413c92e949158da9a63c4de8dd9c" candidate_uuid: "0c0893c3794f4ef49e985fcc3d2bec51" candidate_term: 1 candidate_status { last_received { term: 0 index: 0 } } ignore_live_leader: false dest_uuid: "09cd93bd30ce46c6a5184fd71c5d161e" is_pre_election: true
I20260710 11:09:33.718022 30450 raft_consensus.cc:2468] T 4968413c92e949158da9a63c4de8dd9c P 09cd93bd30ce46c6a5184fd71c5d161e [term 0 FOLLOWER]: Leader pre-election vote request: Granting yes vote for candidate 0c0893c3794f4ef49e985fcc3d2bec51 in term 0.
I20260710 11:09:33.717401 30302 raft_consensus.cc:2468] T 4968413c92e949158da9a63c4de8dd9c P 1c1d7165e0f8418189db9d7280f456d7 [term 0 FOLLOWER]: Leader pre-election vote request: Granting yes vote for candidate 0c0893c3794f4ef49e985fcc3d2bec51 in term 0.
I20260710 11:09:33.720340 30340 leader_election.cc:304] T 4968413c92e949158da9a63c4de8dd9c P 0c0893c3794f4ef49e985fcc3d2bec51 [CANDIDATE]: Term 1 pre-election: Election decided. Result: candidate won. Election summary: received 2 responses out of 3 voters: 2 yes votes; 0 no votes. yes voters: 09cd93bd30ce46c6a5184fd71c5d161e, 0c0893c3794f4ef49e985fcc3d2bec51; no voters: 
I20260710 11:09:33.721083 30545 raft_consensus.cc:2804] T 4968413c92e949158da9a63c4de8dd9c P 0c0893c3794f4ef49e985fcc3d2bec51 [term 0 FOLLOWER]: Leader pre-election won for term 1
I20260710 11:09:33.721441 30545 raft_consensus.cc:493] T 4968413c92e949158da9a63c4de8dd9c P 0c0893c3794f4ef49e985fcc3d2bec51 [term 0 FOLLOWER]: Starting leader election (no leader contacted us within the election timeout)
I20260710 11:09:33.721796 30545 raft_consensus.cc:3060] T 4968413c92e949158da9a63c4de8dd9c P 0c0893c3794f4ef49e985fcc3d2bec51 [term 0 FOLLOWER]: Advancing to term 1
I20260710 11:09:33.730248 30531 consensus_queue.cc:1048] T b7a2e979c911434b9e09c5948a98a789 P 0c0893c3794f4ef49e985fcc3d2bec51 [LEADER]: Connected to new peer: Peer: permanent_uuid: "1c1d7165e0f8418189db9d7280f456d7" member_type: VOTER last_known_addr { host: "127.29.117.193" port: 33537 }, Status: LMP_MISMATCH, Last received: 0.0, Next index: 1, Last known committed idx: 0, Time since last communication: 0.000s
I20260710 11:09:33.729158 30545 raft_consensus.cc:515] T 4968413c92e949158da9a63c4de8dd9c P 0c0893c3794f4ef49e985fcc3d2bec51 [term 1 FOLLOWER]: Starting leader election with config: opid_index: -1 OBSOLETE_local: false peers { permanent_uuid: "1c1d7165e0f8418189db9d7280f456d7" member_type: VOTER last_known_addr { host: "127.29.117.193" port: 33537 } } peers { permanent_uuid: "0c0893c3794f4ef49e985fcc3d2bec51" member_type: VOTER last_known_addr { host: "127.29.117.194" port: 33019 } } peers { permanent_uuid: "09cd93bd30ce46c6a5184fd71c5d161e" member_type: VOTER last_known_addr { host: "127.29.117.195" port: 34789 } }
I20260710 11:09:33.733165 30545 leader_election.cc:290] T 4968413c92e949158da9a63c4de8dd9c P 0c0893c3794f4ef49e985fcc3d2bec51 [CANDIDATE]: Term 1 election: Requested vote from peers 1c1d7165e0f8418189db9d7280f456d7 (127.29.117.193:33537), 09cd93bd30ce46c6a5184fd71c5d161e (127.29.117.195:34789)
I20260710 11:09:33.736472 30301 tablet_service.cc:1917] Received RequestConsensusVote() RPC: tablet_id: "4968413c92e949158da9a63c4de8dd9c" candidate_uuid: "0c0893c3794f4ef49e985fcc3d2bec51" candidate_term: 1 candidate_status { last_received { term: 0 index: 0 } } ignore_live_leader: false dest_uuid: "1c1d7165e0f8418189db9d7280f456d7"
I20260710 11:09:33.737097 30301 raft_consensus.cc:3060] T 4968413c92e949158da9a63c4de8dd9c P 1c1d7165e0f8418189db9d7280f456d7 [term 0 FOLLOWER]: Advancing to term 1
I20260710 11:09:33.736510 30449 tablet_service.cc:1917] Received RequestConsensusVote() RPC: tablet_id: "4968413c92e949158da9a63c4de8dd9c" candidate_uuid: "0c0893c3794f4ef49e985fcc3d2bec51" candidate_term: 1 candidate_status { last_received { term: 0 index: 0 } } ignore_live_leader: false dest_uuid: "09cd93bd30ce46c6a5184fd71c5d161e"
I20260710 11:09:33.741699 30449 raft_consensus.cc:3060] T 4968413c92e949158da9a63c4de8dd9c P 09cd93bd30ce46c6a5184fd71c5d161e [term 0 FOLLOWER]: Advancing to term 1
I20260710 11:09:33.745273 30301 raft_consensus.cc:2468] T 4968413c92e949158da9a63c4de8dd9c P 1c1d7165e0f8418189db9d7280f456d7 [term 1 FOLLOWER]: Leader election vote request: Granting yes vote for candidate 0c0893c3794f4ef49e985fcc3d2bec51 in term 1.
I20260710 11:09:33.746601 30340 leader_election.cc:304] T 4968413c92e949158da9a63c4de8dd9c P 0c0893c3794f4ef49e985fcc3d2bec51 [CANDIDATE]: Term 1 election: Election decided. Result: candidate won. Election summary: received 2 responses out of 3 voters: 2 yes votes; 0 no votes. yes voters: 0c0893c3794f4ef49e985fcc3d2bec51, 1c1d7165e0f8418189db9d7280f456d7; no voters: 
I20260710 11:09:33.747495 30545 raft_consensus.cc:2804] T 4968413c92e949158da9a63c4de8dd9c P 0c0893c3794f4ef49e985fcc3d2bec51 [term 1 FOLLOWER]: Leader election won for term 1
I20260710 11:09:33.747989 30545 raft_consensus.cc:697] T 4968413c92e949158da9a63c4de8dd9c P 0c0893c3794f4ef49e985fcc3d2bec51 [term 1 LEADER]: Becoming Leader. State: Replica: 0c0893c3794f4ef49e985fcc3d2bec51, State: Running, Role: LEADER
I20260710 11:09:33.749239 30449 raft_consensus.cc:2468] T 4968413c92e949158da9a63c4de8dd9c P 09cd93bd30ce46c6a5184fd71c5d161e [term 1 FOLLOWER]: Leader election vote request: Granting yes vote for candidate 0c0893c3794f4ef49e985fcc3d2bec51 in term 1.
I20260710 11:09:33.749373 30545 consensus_queue.cc:237] T 4968413c92e949158da9a63c4de8dd9c P 0c0893c3794f4ef49e985fcc3d2bec51 [LEADER]: Queue going to LEADER mode. State: All replicated index: 0, Majority replicated index: 0, Committed index: 0, Last appended: 0.0, Last appended by leader: 0, Current term: 1, Majority size: 2, State: 0, Mode: LEADER, active raft config: opid_index: -1 OBSOLETE_local: false peers { permanent_uuid: "1c1d7165e0f8418189db9d7280f456d7" member_type: VOTER last_known_addr { host: "127.29.117.193" port: 33537 } } peers { permanent_uuid: "0c0893c3794f4ef49e985fcc3d2bec51" member_type: VOTER last_known_addr { host: "127.29.117.194" port: 33019 } } peers { permanent_uuid: "09cd93bd30ce46c6a5184fd71c5d161e" member_type: VOTER last_known_addr { host: "127.29.117.195" port: 34789 } }
I20260710 11:09:33.760807 30196 catalog_manager.cc:5697] T 4968413c92e949158da9a63c4de8dd9c P 0c0893c3794f4ef49e985fcc3d2bec51 reported cstate change: term changed from 0 to 1, leader changed from <none> to 0c0893c3794f4ef49e985fcc3d2bec51 (127.29.117.194). New cstate: current_term: 1 leader_uuid: "0c0893c3794f4ef49e985fcc3d2bec51" committed_config { opid_index: -1 OBSOLETE_local: false peers { permanent_uuid: "1c1d7165e0f8418189db9d7280f456d7" member_type: VOTER last_known_addr { host: "127.29.117.193" port: 33537 } health_report { overall_health: UNKNOWN } } peers { permanent_uuid: "0c0893c3794f4ef49e985fcc3d2bec51" member_type: VOTER last_known_addr { host: "127.29.117.194" port: 33019 } health_report { overall_health: HEALTHY } } peers { permanent_uuid: "09cd93bd30ce46c6a5184fd71c5d161e" member_type: VOTER last_known_addr { host: "127.29.117.195" port: 34789 } health_report { overall_health: UNKNOWN } } }
I20260710 11:09:33.766278 30536 raft_consensus.cc:493] T 02559118c6fe474eba7b1c17a1abefca P 09cd93bd30ce46c6a5184fd71c5d161e [term 0 FOLLOWER]: Starting pre-election (no leader contacted us within the election timeout)
I20260710 11:09:33.766835 30536 raft_consensus.cc:515] T 02559118c6fe474eba7b1c17a1abefca P 09cd93bd30ce46c6a5184fd71c5d161e [term 0 FOLLOWER]: Starting pre-election with config: opid_index: -1 OBSOLETE_local: false peers { permanent_uuid: "0c0893c3794f4ef49e985fcc3d2bec51" member_type: VOTER last_known_addr { host: "127.29.117.194" port: 33019 } } peers { permanent_uuid: "09cd93bd30ce46c6a5184fd71c5d161e" member_type: VOTER last_known_addr { host: "127.29.117.195" port: 34789 } } peers { permanent_uuid: "1c1d7165e0f8418189db9d7280f456d7" member_type: VOTER last_known_addr { host: "127.29.117.193" port: 33537 } }
I20260710 11:09:33.769059 30536 leader_election.cc:290] T 02559118c6fe474eba7b1c17a1abefca P 09cd93bd30ce46c6a5184fd71c5d161e [CANDIDATE]: Term 1 pre-election: Requested pre-vote from peers 0c0893c3794f4ef49e985fcc3d2bec51 (127.29.117.194:33019), 1c1d7165e0f8418189db9d7280f456d7 (127.29.117.193:33537)
I20260710 11:09:33.770224 30302 tablet_service.cc:1917] Received RequestConsensusVote() RPC: tablet_id: "02559118c6fe474eba7b1c17a1abefca" candidate_uuid: "09cd93bd30ce46c6a5184fd71c5d161e" candidate_term: 1 candidate_status { last_received { term: 0 index: 0 } } ignore_live_leader: false dest_uuid: "1c1d7165e0f8418189db9d7280f456d7" is_pre_election: true
I20260710 11:09:33.770469 30376 tablet_service.cc:1917] Received RequestConsensusVote() RPC: tablet_id: "02559118c6fe474eba7b1c17a1abefca" candidate_uuid: "09cd93bd30ce46c6a5184fd71c5d161e" candidate_term: 1 candidate_status { last_received { term: 0 index: 0 } } ignore_live_leader: false dest_uuid: "0c0893c3794f4ef49e985fcc3d2bec51" is_pre_election: true
I20260710 11:09:33.771149 30376 raft_consensus.cc:2468] T 02559118c6fe474eba7b1c17a1abefca P 0c0893c3794f4ef49e985fcc3d2bec51 [term 0 FOLLOWER]: Leader pre-election vote request: Granting yes vote for candidate 09cd93bd30ce46c6a5184fd71c5d161e in term 0.
I20260710 11:09:33.771117 30302 raft_consensus.cc:2468] T 02559118c6fe474eba7b1c17a1abefca P 1c1d7165e0f8418189db9d7280f456d7 [term 0 FOLLOWER]: Leader pre-election vote request: Granting yes vote for candidate 09cd93bd30ce46c6a5184fd71c5d161e in term 0.
I20260710 11:09:33.772266 30414 leader_election.cc:304] T 02559118c6fe474eba7b1c17a1abefca P 09cd93bd30ce46c6a5184fd71c5d161e [CANDIDATE]: Term 1 pre-election: Election decided. Result: candidate won. Election summary: received 2 responses out of 3 voters: 2 yes votes; 0 no votes. yes voters: 09cd93bd30ce46c6a5184fd71c5d161e, 1c1d7165e0f8418189db9d7280f456d7; no voters: 
I20260710 11:09:33.773054 30536 raft_consensus.cc:2804] T 02559118c6fe474eba7b1c17a1abefca P 09cd93bd30ce46c6a5184fd71c5d161e [term 0 FOLLOWER]: Leader pre-election won for term 1
I20260710 11:09:33.773412 30536 raft_consensus.cc:493] T 02559118c6fe474eba7b1c17a1abefca P 09cd93bd30ce46c6a5184fd71c5d161e [term 0 FOLLOWER]: Starting leader election (no leader contacted us within the election timeout)
I20260710 11:09:33.773696 30536 raft_consensus.cc:3060] T 02559118c6fe474eba7b1c17a1abefca P 09cd93bd30ce46c6a5184fd71c5d161e [term 0 FOLLOWER]: Advancing to term 1
I20260710 11:09:33.778330 30536 raft_consensus.cc:515] T 02559118c6fe474eba7b1c17a1abefca P 09cd93bd30ce46c6a5184fd71c5d161e [term 1 FOLLOWER]: Starting leader election with config: opid_index: -1 OBSOLETE_local: false peers { permanent_uuid: "0c0893c3794f4ef49e985fcc3d2bec51" member_type: VOTER last_known_addr { host: "127.29.117.194" port: 33019 } } peers { permanent_uuid: "09cd93bd30ce46c6a5184fd71c5d161e" member_type: VOTER last_known_addr { host: "127.29.117.195" port: 34789 } } peers { permanent_uuid: "1c1d7165e0f8418189db9d7280f456d7" member_type: VOTER last_known_addr { host: "127.29.117.193" port: 33537 } }
I20260710 11:09:33.780076 30536 leader_election.cc:290] T 02559118c6fe474eba7b1c17a1abefca P 09cd93bd30ce46c6a5184fd71c5d161e [CANDIDATE]: Term 1 election: Requested vote from peers 0c0893c3794f4ef49e985fcc3d2bec51 (127.29.117.194:33019), 1c1d7165e0f8418189db9d7280f456d7 (127.29.117.193:33537)
I20260710 11:09:33.781045 30376 tablet_service.cc:1917] Received RequestConsensusVote() RPC: tablet_id: "02559118c6fe474eba7b1c17a1abefca" candidate_uuid: "09cd93bd30ce46c6a5184fd71c5d161e" candidate_term: 1 candidate_status { last_received { term: 0 index: 0 } } ignore_live_leader: false dest_uuid: "0c0893c3794f4ef49e985fcc3d2bec51"
I20260710 11:09:33.781236 30302 tablet_service.cc:1917] Received RequestConsensusVote() RPC: tablet_id: "02559118c6fe474eba7b1c17a1abefca" candidate_uuid: "09cd93bd30ce46c6a5184fd71c5d161e" candidate_term: 1 candidate_status { last_received { term: 0 index: 0 } } ignore_live_leader: false dest_uuid: "1c1d7165e0f8418189db9d7280f456d7"
I20260710 11:09:33.781550 30376 raft_consensus.cc:3060] T 02559118c6fe474eba7b1c17a1abefca P 0c0893c3794f4ef49e985fcc3d2bec51 [term 0 FOLLOWER]: Advancing to term 1
I20260710 11:09:33.781840 30302 raft_consensus.cc:3060] T 02559118c6fe474eba7b1c17a1abefca P 1c1d7165e0f8418189db9d7280f456d7 [term 0 FOLLOWER]: Advancing to term 1
I20260710 11:09:33.786087 30376 raft_consensus.cc:2468] T 02559118c6fe474eba7b1c17a1abefca P 0c0893c3794f4ef49e985fcc3d2bec51 [term 1 FOLLOWER]: Leader election vote request: Granting yes vote for candidate 09cd93bd30ce46c6a5184fd71c5d161e in term 1.
I20260710 11:09:33.787205 30415 leader_election.cc:304] T 02559118c6fe474eba7b1c17a1abefca P 09cd93bd30ce46c6a5184fd71c5d161e [CANDIDATE]: Term 1 election: Election decided. Result: candidate won. Election summary: received 2 responses out of 3 voters: 2 yes votes; 0 no votes. yes voters: 09cd93bd30ce46c6a5184fd71c5d161e, 0c0893c3794f4ef49e985fcc3d2bec51; no voters: 
I20260710 11:09:33.788151 30536 raft_consensus.cc:2804] T 02559118c6fe474eba7b1c17a1abefca P 09cd93bd30ce46c6a5184fd71c5d161e [term 1 FOLLOWER]: Leader election won for term 1
I20260710 11:09:33.788364 30302 raft_consensus.cc:2468] T 02559118c6fe474eba7b1c17a1abefca P 1c1d7165e0f8418189db9d7280f456d7 [term 1 FOLLOWER]: Leader election vote request: Granting yes vote for candidate 09cd93bd30ce46c6a5184fd71c5d161e in term 1.
I20260710 11:09:33.788602 30536 raft_consensus.cc:697] T 02559118c6fe474eba7b1c17a1abefca P 09cd93bd30ce46c6a5184fd71c5d161e [term 1 LEADER]: Becoming Leader. State: Replica: 09cd93bd30ce46c6a5184fd71c5d161e, State: Running, Role: LEADER
I20260710 11:09:33.789951 30536 consensus_queue.cc:237] T 02559118c6fe474eba7b1c17a1abefca P 09cd93bd30ce46c6a5184fd71c5d161e [LEADER]: Queue going to LEADER mode. State: All replicated index: 0, Majority replicated index: 0, Committed index: 0, Last appended: 0.0, Last appended by leader: 0, Current term: 1, Majority size: 2, State: 0, Mode: LEADER, active raft config: opid_index: -1 OBSOLETE_local: false peers { permanent_uuid: "0c0893c3794f4ef49e985fcc3d2bec51" member_type: VOTER last_known_addr { host: "127.29.117.194" port: 33019 } } peers { permanent_uuid: "09cd93bd30ce46c6a5184fd71c5d161e" member_type: VOTER last_known_addr { host: "127.29.117.195" port: 34789 } } peers { permanent_uuid: "1c1d7165e0f8418189db9d7280f456d7" member_type: VOTER last_known_addr { host: "127.29.117.193" port: 33537 } }
I20260710 11:09:33.799191 30196 catalog_manager.cc:5697] T 02559118c6fe474eba7b1c17a1abefca P 09cd93bd30ce46c6a5184fd71c5d161e reported cstate change: term changed from 0 to 1, leader changed from <none> to 09cd93bd30ce46c6a5184fd71c5d161e (127.29.117.195). New cstate: current_term: 1 leader_uuid: "09cd93bd30ce46c6a5184fd71c5d161e" committed_config { opid_index: -1 OBSOLETE_local: false peers { permanent_uuid: "0c0893c3794f4ef49e985fcc3d2bec51" member_type: VOTER last_known_addr { host: "127.29.117.194" port: 33019 } health_report { overall_health: UNKNOWN } } peers { permanent_uuid: "09cd93bd30ce46c6a5184fd71c5d161e" member_type: VOTER last_known_addr { host: "127.29.117.195" port: 34789 } health_report { overall_health: HEALTHY } } peers { permanent_uuid: "1c1d7165e0f8418189db9d7280f456d7" member_type: VOTER last_known_addr { host: "127.29.117.193" port: 33537 } health_report { overall_health: UNKNOWN } } }
I20260710 11:09:33.889878 30449 tablet_service.cc:2072] Received LeaderStepDown RPC: tablet_id: "02559118c6fe474eba7b1c17a1abefca"
dest_uuid: "09cd93bd30ce46c6a5184fd71c5d161e"
mode: GRACEFUL
new_leader_uuid: "1c1d7165e0f8418189db9d7280f456d7"
 from {username='slave'} at 127.0.0.1:48868
I20260710 11:09:33.891058 30449 raft_consensus.cc:606] T 02559118c6fe474eba7b1c17a1abefca P 09cd93bd30ce46c6a5184fd71c5d161e [term 1 LEADER]: Received request to transfer leadership to TS 1c1d7165e0f8418189db9d7280f456d7
I20260710 11:09:33.912019 30376 tablet_service.cc:2072] Received LeaderStepDown RPC: tablet_id: "fde59be4ae0640a5bb8883e4e3373045"
dest_uuid: "0c0893c3794f4ef49e985fcc3d2bec51"
mode: GRACEFUL
new_leader_uuid: "1c1d7165e0f8418189db9d7280f456d7"
 from {username='slave'} at 127.0.0.1:47240
I20260710 11:09:33.912571 30376 raft_consensus.cc:606] T fde59be4ae0640a5bb8883e4e3373045 P 0c0893c3794f4ef49e985fcc3d2bec51 [term 1 LEADER]: Received request to transfer leadership to TS 1c1d7165e0f8418189db9d7280f456d7
I20260710 11:09:33.918816 30449 tablet_service.cc:2072] Received LeaderStepDown RPC: tablet_id: "f005eb0428c24116b8884138815f254f"
dest_uuid: "09cd93bd30ce46c6a5184fd71c5d161e"
mode: GRACEFUL
new_leader_uuid: "1c1d7165e0f8418189db9d7280f456d7"
 from {username='slave'} at 127.0.0.1:48868
I20260710 11:09:33.919397 30449 raft_consensus.cc:606] T f005eb0428c24116b8884138815f254f P 09cd93bd30ce46c6a5184fd71c5d161e [term 1 LEADER]: Received request to transfer leadership to TS 1c1d7165e0f8418189db9d7280f456d7
I20260710 11:09:33.925242 30376 tablet_service.cc:2072] Received LeaderStepDown RPC: tablet_id: "807aa7edbe4d4a82831d82f3d3d0fca9"
dest_uuid: "0c0893c3794f4ef49e985fcc3d2bec51"
mode: GRACEFUL
new_leader_uuid: "1c1d7165e0f8418189db9d7280f456d7"
 from {username='slave'} at 127.0.0.1:47240
I20260710 11:09:33.925817 30376 raft_consensus.cc:606] T 807aa7edbe4d4a82831d82f3d3d0fca9 P 0c0893c3794f4ef49e985fcc3d2bec51 [term 1 LEADER]: Received request to transfer leadership to TS 1c1d7165e0f8418189db9d7280f456d7
I20260710 11:09:33.946030 30302 tablet_service.cc:2072] Received LeaderStepDown RPC: tablet_id: "68832e86d48b43aeaeacc1b1eec24a32"
dest_uuid: "1c1d7165e0f8418189db9d7280f456d7"
mode: GRACEFUL
new_leader_uuid: "0c0893c3794f4ef49e985fcc3d2bec51"
 from {username='slave'} at 127.0.0.1:35116
I20260710 11:09:33.946779 30302 raft_consensus.cc:606] T 68832e86d48b43aeaeacc1b1eec24a32 P 1c1d7165e0f8418189db9d7280f456d7 [term 1 LEADER]: Received request to transfer leadership to TS 0c0893c3794f4ef49e985fcc3d2bec51
I20260710 11:09:33.957688 30302 tablet_service.cc:2072] Received LeaderStepDown RPC: tablet_id: "f208ab75a69c44c6ba79c629cfb8154c"
dest_uuid: "1c1d7165e0f8418189db9d7280f456d7"
mode: GRACEFUL
new_leader_uuid: "0c0893c3794f4ef49e985fcc3d2bec51"
 from {username='slave'} at 127.0.0.1:35116
I20260710 11:09:33.958393 30302 raft_consensus.cc:606] T f208ab75a69c44c6ba79c629cfb8154c P 1c1d7165e0f8418189db9d7280f456d7 [term 1 LEADER]: Received request to transfer leadership to TS 0c0893c3794f4ef49e985fcc3d2bec51
I20260710 11:09:33.964692 30376 tablet_service.cc:2072] Received LeaderStepDown RPC: tablet_id: "9f3f9e536e07410190068d953f2a69a8"
dest_uuid: "0c0893c3794f4ef49e985fcc3d2bec51"
mode: GRACEFUL
new_leader_uuid: "09cd93bd30ce46c6a5184fd71c5d161e"
 from {username='slave'} at 127.0.0.1:47240
I20260710 11:09:33.965252 30376 raft_consensus.cc:606] T 9f3f9e536e07410190068d953f2a69a8 P 0c0893c3794f4ef49e985fcc3d2bec51 [term 1 LEADER]: Received request to transfer leadership to TS 09cd93bd30ce46c6a5184fd71c5d161e
I20260710 11:09:33.966984 30536 raft_consensus.cc:493] T f208ab75a69c44c6ba79c629cfb8154c P 09cd93bd30ce46c6a5184fd71c5d161e [term 0 FOLLOWER]: Starting pre-election (no leader contacted us within the election timeout)
I20260710 11:09:33.967391 30536 raft_consensus.cc:515] T f208ab75a69c44c6ba79c629cfb8154c P 09cd93bd30ce46c6a5184fd71c5d161e [term 0 FOLLOWER]: Starting pre-election with config: opid_index: -1 OBSOLETE_local: false peers { permanent_uuid: "1c1d7165e0f8418189db9d7280f456d7" member_type: VOTER last_known_addr { host: "127.29.117.193" port: 33537 } } peers { permanent_uuid: "0c0893c3794f4ef49e985fcc3d2bec51" member_type: VOTER last_known_addr { host: "127.29.117.194" port: 33019 } } peers { permanent_uuid: "09cd93bd30ce46c6a5184fd71c5d161e" member_type: VOTER last_known_addr { host: "127.29.117.195" port: 34789 } }
I20260710 11:09:33.969198 30536 leader_election.cc:290] T f208ab75a69c44c6ba79c629cfb8154c P 09cd93bd30ce46c6a5184fd71c5d161e [CANDIDATE]: Term 1 pre-election: Requested pre-vote from peers 1c1d7165e0f8418189db9d7280f456d7 (127.29.117.193:33537), 0c0893c3794f4ef49e985fcc3d2bec51 (127.29.117.194:33019)
I20260710 11:09:33.970007 30302 tablet_service.cc:1917] Received RequestConsensusVote() RPC: tablet_id: "f208ab75a69c44c6ba79c629cfb8154c" candidate_uuid: "09cd93bd30ce46c6a5184fd71c5d161e" candidate_term: 1 candidate_status { last_received { term: 0 index: 0 } } ignore_live_leader: false dest_uuid: "1c1d7165e0f8418189db9d7280f456d7" is_pre_election: true
I20260710 11:09:33.970389 30376 tablet_service.cc:1917] Received RequestConsensusVote() RPC: tablet_id: "f208ab75a69c44c6ba79c629cfb8154c" candidate_uuid: "09cd93bd30ce46c6a5184fd71c5d161e" candidate_term: 1 candidate_status { last_received { term: 0 index: 0 } } ignore_live_leader: false dest_uuid: "0c0893c3794f4ef49e985fcc3d2bec51" is_pre_election: true
I20260710 11:09:33.971276 30376 raft_consensus.cc:2393] T f208ab75a69c44c6ba79c629cfb8154c P 0c0893c3794f4ef49e985fcc3d2bec51 [term 1 FOLLOWER]: Leader pre-election vote request: Denying vote to candidate 09cd93bd30ce46c6a5184fd71c5d161e in current term 1: Already voted for candidate 1c1d7165e0f8418189db9d7280f456d7 in this term.
I20260710 11:09:33.972959 30415 leader_election.cc:304] T f208ab75a69c44c6ba79c629cfb8154c P 09cd93bd30ce46c6a5184fd71c5d161e [CANDIDATE]: Term 1 pre-election: Election decided. Result: candidate lost. Election summary: received 3 responses out of 3 voters: 1 yes votes; 2 no votes. yes voters: 09cd93bd30ce46c6a5184fd71c5d161e; no voters: 0c0893c3794f4ef49e985fcc3d2bec51, 1c1d7165e0f8418189db9d7280f456d7
I20260710 11:09:33.974090 30536 raft_consensus.cc:3060] T f208ab75a69c44c6ba79c629cfb8154c P 09cd93bd30ce46c6a5184fd71c5d161e [term 0 FOLLOWER]: Advancing to term 1
I20260710 11:09:33.974185 30545 consensus_queue.cc:1048] T 9f3f9e536e07410190068d953f2a69a8 P 0c0893c3794f4ef49e985fcc3d2bec51 [LEADER]: Connected to new peer: Peer: permanent_uuid: "09cd93bd30ce46c6a5184fd71c5d161e" member_type: VOTER last_known_addr { host: "127.29.117.195" port: 34789 }, Status: LMP_MISMATCH, Last received: 0.0, Next index: 1, Last known committed idx: 0, Time since last communication: 0.000s
I20260710 11:09:33.982445 30536 raft_consensus.cc:2749] T f208ab75a69c44c6ba79c629cfb8154c P 09cd93bd30ce46c6a5184fd71c5d161e [term 1 FOLLOWER]: Leader pre-election lost for term 1. Reason: could not achieve majority
I20260710 11:09:33.982594 30545 raft_consensus.cc:993] T 9f3f9e536e07410190068d953f2a69a8 P 0c0893c3794f4ef49e985fcc3d2bec51: : Instructing follower 09cd93bd30ce46c6a5184fd71c5d161e to start an election
I20260710 11:09:33.983188 30545 raft_consensus.cc:1081] T 9f3f9e536e07410190068d953f2a69a8 P 0c0893c3794f4ef49e985fcc3d2bec51 [term 1 LEADER]: Signalling peer 09cd93bd30ce46c6a5184fd71c5d161e to start an election
I20260710 11:09:33.986783 30449 tablet_service.cc:2044] Received Run Leader Election RPC: tablet_id: "9f3f9e536e07410190068d953f2a69a8"
dest_uuid: "09cd93bd30ce46c6a5184fd71c5d161e"
 from {username='slave'} at 127.0.0.1:48866
I20260710 11:09:33.988265 30449 raft_consensus.cc:493] T 9f3f9e536e07410190068d953f2a69a8 P 09cd93bd30ce46c6a5184fd71c5d161e [term 1 FOLLOWER]: Starting forced leader election (received explicit request)
I20260710 11:09:33.989044 30449 raft_consensus.cc:3060] T 9f3f9e536e07410190068d953f2a69a8 P 09cd93bd30ce46c6a5184fd71c5d161e [term 1 FOLLOWER]: Advancing to term 2
I20260710 11:09:33.997442 30536 consensus_queue.cc:1048] T f005eb0428c24116b8884138815f254f P 09cd93bd30ce46c6a5184fd71c5d161e [LEADER]: Connected to new peer: Peer: permanent_uuid: "0c0893c3794f4ef49e985fcc3d2bec51" member_type: VOTER last_known_addr { host: "127.29.117.194" port: 33019 }, Status: LMP_MISMATCH, Last received: 0.0, Next index: 1, Last known committed idx: 0, Time since last communication: 0.000s
I20260710 11:09:33.999238 30501 consensus_queue.cc:1048] T 9f3f9e536e07410190068d953f2a69a8 P 0c0893c3794f4ef49e985fcc3d2bec51 [LEADER]: Connected to new peer: Peer: permanent_uuid: "1c1d7165e0f8418189db9d7280f456d7" member_type: VOTER last_known_addr { host: "127.29.117.193" port: 33537 }, Status: LMP_MISMATCH, Last received: 0.0, Next index: 1, Last known committed idx: 0, Time since last communication: 0.001s
I20260710 11:09:34.002663 30449 raft_consensus.cc:515] T 9f3f9e536e07410190068d953f2a69a8 P 09cd93bd30ce46c6a5184fd71c5d161e [term 2 FOLLOWER]: Starting forced leader election with config: opid_index: -1 OBSOLETE_local: false peers { permanent_uuid: "1c1d7165e0f8418189db9d7280f456d7" member_type: VOTER last_known_addr { host: "127.29.117.193" port: 33537 } } peers { permanent_uuid: "0c0893c3794f4ef49e985fcc3d2bec51" member_type: VOTER last_known_addr { host: "127.29.117.194" port: 33019 } } peers { permanent_uuid: "09cd93bd30ce46c6a5184fd71c5d161e" member_type: VOTER last_known_addr { host: "127.29.117.195" port: 34789 } }
I20260710 11:09:34.005736 30301 tablet_service.cc:1917] Received RequestConsensusVote() RPC: tablet_id: "9f3f9e536e07410190068d953f2a69a8" candidate_uuid: "09cd93bd30ce46c6a5184fd71c5d161e" candidate_term: 2 candidate_status { last_received { term: 1 index: 1 } } ignore_live_leader: true dest_uuid: "1c1d7165e0f8418189db9d7280f456d7"
I20260710 11:09:34.008093 30531 consensus_queue.cc:1048] T 807aa7edbe4d4a82831d82f3d3d0fca9 P 0c0893c3794f4ef49e985fcc3d2bec51 [LEADER]: Connected to new peer: Peer: permanent_uuid: "09cd93bd30ce46c6a5184fd71c5d161e" member_type: VOTER last_known_addr { host: "127.29.117.195" port: 34789 }, Status: LMP_MISMATCH, Last received: 0.0, Next index: 1, Last known committed idx: 0, Time since last communication: 0.001s
I20260710 11:09:34.009570 30449 leader_election.cc:290] T 9f3f9e536e07410190068d953f2a69a8 P 09cd93bd30ce46c6a5184fd71c5d161e [CANDIDATE]: Term 2 election: Requested vote from peers 1c1d7165e0f8418189db9d7280f456d7 (127.29.117.193:33537), 0c0893c3794f4ef49e985fcc3d2bec51 (127.29.117.194:33019)
I20260710 11:09:34.010823 30377 tablet_service.cc:1917] Received RequestConsensusVote() RPC: tablet_id: "9f3f9e536e07410190068d953f2a69a8" candidate_uuid: "09cd93bd30ce46c6a5184fd71c5d161e" candidate_term: 2 candidate_status { last_received { term: 1 index: 1 } } ignore_live_leader: true dest_uuid: "0c0893c3794f4ef49e985fcc3d2bec51"
I20260710 11:09:34.011704 30377 raft_consensus.cc:3055] T 9f3f9e536e07410190068d953f2a69a8 P 0c0893c3794f4ef49e985fcc3d2bec51 [term 1 LEADER]: Stepping down as leader of term 1
I20260710 11:09:34.012115 30377 raft_consensus.cc:740] T 9f3f9e536e07410190068d953f2a69a8 P 0c0893c3794f4ef49e985fcc3d2bec51 [term 1 LEADER]: Becoming Follower/Learner. State: Replica: 0c0893c3794f4ef49e985fcc3d2bec51, State: Running, Role: LEADER
I20260710 11:09:34.012979 30377 consensus_queue.cc:260] T 9f3f9e536e07410190068d953f2a69a8 P 0c0893c3794f4ef49e985fcc3d2bec51 [NON_LEADER]: Queue going to NON_LEADER mode. State: All replicated index: 0, Majority replicated index: 1, Committed index: 1, Last appended: 1.1, Last appended by leader: 1, Current term: 1, Majority size: -1, State: 0, Mode: NON_LEADER, active raft config: opid_index: -1 OBSOLETE_local: false peers { permanent_uuid: "1c1d7165e0f8418189db9d7280f456d7" member_type: VOTER last_known_addr { host: "127.29.117.193" port: 33537 } } peers { permanent_uuid: "0c0893c3794f4ef49e985fcc3d2bec51" member_type: VOTER last_known_addr { host: "127.29.117.194" port: 33019 } } peers { permanent_uuid: "09cd93bd30ce46c6a5184fd71c5d161e" member_type: VOTER last_known_addr { host: "127.29.117.195" port: 34789 } }
I20260710 11:09:34.014077 30377 raft_consensus.cc:3060] T 9f3f9e536e07410190068d953f2a69a8 P 0c0893c3794f4ef49e985fcc3d2bec51 [term 1 FOLLOWER]: Advancing to term 2
I20260710 11:09:34.026716 30377 raft_consensus.cc:2468] T 9f3f9e536e07410190068d953f2a69a8 P 0c0893c3794f4ef49e985fcc3d2bec51 [term 2 FOLLOWER]: Leader election vote request: Granting yes vote for candidate 09cd93bd30ce46c6a5184fd71c5d161e in term 2.
I20260710 11:09:34.032729 30415 leader_election.cc:304] T 9f3f9e536e07410190068d953f2a69a8 P 09cd93bd30ce46c6a5184fd71c5d161e [CANDIDATE]: Term 2 election: Election decided. Result: candidate won. Election summary: received 3 responses out of 3 voters: 2 yes votes; 1 no votes. yes voters: 09cd93bd30ce46c6a5184fd71c5d161e, 0c0893c3794f4ef49e985fcc3d2bec51; no voters: 1c1d7165e0f8418189db9d7280f456d7
I20260710 11:09:34.036036 30536 raft_consensus.cc:2804] T 9f3f9e536e07410190068d953f2a69a8 P 09cd93bd30ce46c6a5184fd71c5d161e [term 2 FOLLOWER]: Leader election won for term 2
I20260710 11:09:34.037106 30536 raft_consensus.cc:697] T 9f3f9e536e07410190068d953f2a69a8 P 09cd93bd30ce46c6a5184fd71c5d161e [term 2 LEADER]: Becoming Leader. State: Replica: 09cd93bd30ce46c6a5184fd71c5d161e, State: Running, Role: LEADER
I20260710 11:09:34.040097 30569 consensus_queue.cc:1048] T f005eb0428c24116b8884138815f254f P 09cd93bd30ce46c6a5184fd71c5d161e [LEADER]: Connected to new peer: Peer: permanent_uuid: "1c1d7165e0f8418189db9d7280f456d7" member_type: VOTER last_known_addr { host: "127.29.117.193" port: 33537 }, Status: LMP_MISMATCH, Last received: 0.0, Next index: 1, Last known committed idx: 0, Time since last communication: 0.001s
I20260710 11:09:34.037971 30536 consensus_queue.cc:237] T 9f3f9e536e07410190068d953f2a69a8 P 09cd93bd30ce46c6a5184fd71c5d161e [LEADER]: Queue going to LEADER mode. State: All replicated index: 0, Majority replicated index: 1, Committed index: 1, Last appended: 1.1, Last appended by leader: 1, Current term: 2, Majority size: 2, State: 0, Mode: LEADER, active raft config: opid_index: -1 OBSOLETE_local: false peers { permanent_uuid: "1c1d7165e0f8418189db9d7280f456d7" member_type: VOTER last_known_addr { host: "127.29.117.193" port: 33537 } } peers { permanent_uuid: "0c0893c3794f4ef49e985fcc3d2bec51" member_type: VOTER last_known_addr { host: "127.29.117.194" port: 33019 } } peers { permanent_uuid: "09cd93bd30ce46c6a5184fd71c5d161e" member_type: VOTER last_known_addr { host: "127.29.117.195" port: 34789 } }
I20260710 11:09:34.047143 30545 consensus_queue.cc:1048] T 807aa7edbe4d4a82831d82f3d3d0fca9 P 0c0893c3794f4ef49e985fcc3d2bec51 [LEADER]: Connected to new peer: Peer: permanent_uuid: "1c1d7165e0f8418189db9d7280f456d7" member_type: VOTER last_known_addr { host: "127.29.117.193" port: 33537 }, Status: LMP_MISMATCH, Last received: 0.0, Next index: 1, Last known committed idx: 0, Time since last communication: 0.000s
I20260710 11:09:34.063601 30503 consensus_queue.cc:1048] T f208ab75a69c44c6ba79c629cfb8154c P 1c1d7165e0f8418189db9d7280f456d7 [LEADER]: Connected to new peer: Peer: permanent_uuid: "09cd93bd30ce46c6a5184fd71c5d161e" member_type: VOTER last_known_addr { host: "127.29.117.195" port: 34789 }, Status: LMP_MISMATCH, Last received: 0.0, Next index: 1, Last known committed idx: 0, Time since last communication: 0.001s
I20260710 11:09:34.071738 30501 raft_consensus.cc:993] T 807aa7edbe4d4a82831d82f3d3d0fca9 P 0c0893c3794f4ef49e985fcc3d2bec51: : Instructing follower 1c1d7165e0f8418189db9d7280f456d7 to start an election
I20260710 11:09:34.072202 30501 raft_consensus.cc:1081] T 807aa7edbe4d4a82831d82f3d3d0fca9 P 0c0893c3794f4ef49e985fcc3d2bec51 [term 1 LEADER]: Signalling peer 1c1d7165e0f8418189db9d7280f456d7 to start an election
I20260710 11:09:34.074916 30196 catalog_manager.cc:5697] T 9f3f9e536e07410190068d953f2a69a8 P 09cd93bd30ce46c6a5184fd71c5d161e reported cstate change: term changed from 1 to 2, leader changed from 0c0893c3794f4ef49e985fcc3d2bec51 (127.29.117.194) to 09cd93bd30ce46c6a5184fd71c5d161e (127.29.117.195). New cstate: current_term: 2 leader_uuid: "09cd93bd30ce46c6a5184fd71c5d161e" committed_config { opid_index: -1 OBSOLETE_local: false peers { permanent_uuid: "1c1d7165e0f8418189db9d7280f456d7" member_type: VOTER last_known_addr { host: "127.29.117.193" port: 33537 } health_report { overall_health: UNKNOWN } } peers { permanent_uuid: "0c0893c3794f4ef49e985fcc3d2bec51" member_type: VOTER last_known_addr { host: "127.29.117.194" port: 33019 } health_report { overall_health: UNKNOWN } } peers { permanent_uuid: "09cd93bd30ce46c6a5184fd71c5d161e" member_type: VOTER last_known_addr { host: "127.29.117.195" port: 34789 } health_report { overall_health: HEALTHY } } }
I20260710 11:09:34.085625 30302 tablet_service.cc:2044] Received Run Leader Election RPC: tablet_id: "807aa7edbe4d4a82831d82f3d3d0fca9"
dest_uuid: "1c1d7165e0f8418189db9d7280f456d7"
 from {username='slave'} at 127.0.0.1:35102
I20260710 11:09:34.086277 30302 raft_consensus.cc:493] T 807aa7edbe4d4a82831d82f3d3d0fca9 P 1c1d7165e0f8418189db9d7280f456d7 [term 1 FOLLOWER]: Starting forced leader election (received explicit request)
I20260710 11:09:34.086109 30521 consensus_queue.cc:1048] T f208ab75a69c44c6ba79c629cfb8154c P 1c1d7165e0f8418189db9d7280f456d7 [LEADER]: Connected to new peer: Peer: permanent_uuid: "0c0893c3794f4ef49e985fcc3d2bec51" member_type: VOTER last_known_addr { host: "127.29.117.194" port: 33019 }, Status: LMP_MISMATCH, Last received: 0.0, Next index: 1, Last known committed idx: 0, Time since last communication: 0.001s
I20260710 11:09:34.086803 30302 raft_consensus.cc:3060] T 807aa7edbe4d4a82831d82f3d3d0fca9 P 1c1d7165e0f8418189db9d7280f456d7 [term 1 FOLLOWER]: Advancing to term 2
I20260710 11:09:34.089924 30531 consensus_queue.cc:1048] T fde59be4ae0640a5bb8883e4e3373045 P 0c0893c3794f4ef49e985fcc3d2bec51 [LEADER]: Connected to new peer: Peer: permanent_uuid: "1c1d7165e0f8418189db9d7280f456d7" member_type: VOTER last_known_addr { host: "127.29.117.193" port: 33537 }, Status: LMP_MISMATCH, Last received: 0.0, Next index: 1, Last known committed idx: 0, Time since last communication: 0.000s
I20260710 11:09:34.094470 30302 raft_consensus.cc:515] T 807aa7edbe4d4a82831d82f3d3d0fca9 P 1c1d7165e0f8418189db9d7280f456d7 [term 2 FOLLOWER]: Starting forced leader election with config: opid_index: -1 OBSOLETE_local: false peers { permanent_uuid: "1c1d7165e0f8418189db9d7280f456d7" member_type: VOTER last_known_addr { host: "127.29.117.193" port: 33537 } } peers { permanent_uuid: "0c0893c3794f4ef49e985fcc3d2bec51" member_type: VOTER last_known_addr { host: "127.29.117.194" port: 33019 } } peers { permanent_uuid: "09cd93bd30ce46c6a5184fd71c5d161e" member_type: VOTER last_known_addr { host: "127.29.117.195" port: 34789 } }
I20260710 11:09:34.096484 30299 raft_consensus.cc:1240] T 807aa7edbe4d4a82831d82f3d3d0fca9 P 1c1d7165e0f8418189db9d7280f456d7 [term 2 FOLLOWER]: Rejecting Update request from peer 0c0893c3794f4ef49e985fcc3d2bec51 for earlier term 1. Current term is 2. Ops: []
I20260710 11:09:34.101245 30501 consensus_queue.cc:1059] T 807aa7edbe4d4a82831d82f3d3d0fca9 P 0c0893c3794f4ef49e985fcc3d2bec51 [LEADER]: Peer responded invalid term: Peer: permanent_uuid: "1c1d7165e0f8418189db9d7280f456d7" member_type: VOTER last_known_addr { host: "127.29.117.193" port: 33537 }, Status: INVALID_TERM, Last received: 1.1, Next index: 2, Last known committed idx: 0, Time since last communication: 0.000s
I20260710 11:09:34.102144 30501 raft_consensus.cc:3055] T 807aa7edbe4d4a82831d82f3d3d0fca9 P 0c0893c3794f4ef49e985fcc3d2bec51 [term 1 LEADER]: Stepping down as leader of term 1
I20260710 11:09:34.102473 30501 raft_consensus.cc:740] T 807aa7edbe4d4a82831d82f3d3d0fca9 P 0c0893c3794f4ef49e985fcc3d2bec51 [term 1 LEADER]: Becoming Follower/Learner. State: Replica: 0c0893c3794f4ef49e985fcc3d2bec51, State: Running, Role: LEADER
I20260710 11:09:34.104010 30501 consensus_queue.cc:260] T 807aa7edbe4d4a82831d82f3d3d0fca9 P 0c0893c3794f4ef49e985fcc3d2bec51 [NON_LEADER]: Queue going to NON_LEADER mode. State: All replicated index: 0, Majority replicated index: 1, Committed index: 1, Last appended: 1.1, Last appended by leader: 1, Current term: 1, Majority size: -1, State: 0, Mode: NON_LEADER, active raft config: opid_index: -1 OBSOLETE_local: false peers { permanent_uuid: "1c1d7165e0f8418189db9d7280f456d7" member_type: VOTER last_known_addr { host: "127.29.117.193" port: 33537 } } peers { permanent_uuid: "0c0893c3794f4ef49e985fcc3d2bec51" member_type: VOTER last_known_addr { host: "127.29.117.194" port: 33019 } } peers { permanent_uuid: "09cd93bd30ce46c6a5184fd71c5d161e" member_type: VOTER last_known_addr { host: "127.29.117.195" port: 34789 } }
I20260710 11:09:34.105111 30501 raft_consensus.cc:3060] T 807aa7edbe4d4a82831d82f3d3d0fca9 P 0c0893c3794f4ef49e985fcc3d2bec51 [term 1 FOLLOWER]: Advancing to term 2
I20260710 11:09:34.107807 30376 tablet_service.cc:1917] Received RequestConsensusVote() RPC: tablet_id: "807aa7edbe4d4a82831d82f3d3d0fca9" candidate_uuid: "1c1d7165e0f8418189db9d7280f456d7" candidate_term: 2 candidate_status { last_received { term: 1 index: 1 } } ignore_live_leader: true dest_uuid: "0c0893c3794f4ef49e985fcc3d2bec51"
I20260710 11:09:34.121107 30449 tablet_service.cc:1917] Received RequestConsensusVote() RPC: tablet_id: "807aa7edbe4d4a82831d82f3d3d0fca9" candidate_uuid: "1c1d7165e0f8418189db9d7280f456d7" candidate_term: 2 candidate_status { last_received { term: 1 index: 1 } } ignore_live_leader: true dest_uuid: "09cd93bd30ce46c6a5184fd71c5d161e"
I20260710 11:09:34.121768 30449 raft_consensus.cc:3060] T 807aa7edbe4d4a82831d82f3d3d0fca9 P 09cd93bd30ce46c6a5184fd71c5d161e [term 1 FOLLOWER]: Advancing to term 2
I20260710 11:09:34.131891 30531 consensus_queue.cc:1048] T fde59be4ae0640a5bb8883e4e3373045 P 0c0893c3794f4ef49e985fcc3d2bec51 [LEADER]: Connected to new peer: Peer: permanent_uuid: "09cd93bd30ce46c6a5184fd71c5d161e" member_type: VOTER last_known_addr { host: "127.29.117.195" port: 34789 }, Status: LMP_MISMATCH, Last received: 0.0, Next index: 1, Last known committed idx: 0, Time since last communication: 0.001s
I20260710 11:09:34.132507 30522 raft_consensus.cc:993] T f208ab75a69c44c6ba79c629cfb8154c P 1c1d7165e0f8418189db9d7280f456d7: : Instructing follower 0c0893c3794f4ef49e985fcc3d2bec51 to start an election
I20260710 11:09:34.132966 30522 raft_consensus.cc:1081] T f208ab75a69c44c6ba79c629cfb8154c P 1c1d7165e0f8418189db9d7280f456d7 [term 1 LEADER]: Signalling peer 0c0893c3794f4ef49e985fcc3d2bec51 to start an election
I20260710 11:09:34.134835 30377 tablet_service.cc:2044] Received Run Leader Election RPC: tablet_id: "f208ab75a69c44c6ba79c629cfb8154c"
dest_uuid: "0c0893c3794f4ef49e985fcc3d2bec51"
 from {username='slave'} at 127.0.0.1:47230
I20260710 11:09:34.135456 30377 raft_consensus.cc:493] T f208ab75a69c44c6ba79c629cfb8154c P 0c0893c3794f4ef49e985fcc3d2bec51 [term 1 FOLLOWER]: Starting forced leader election (received explicit request)
I20260710 11:09:34.135835 30377 raft_consensus.cc:3060] T f208ab75a69c44c6ba79c629cfb8154c P 0c0893c3794f4ef49e985fcc3d2bec51 [term 1 FOLLOWER]: Advancing to term 2
I20260710 11:09:34.138911 30449 raft_consensus.cc:2468] T 807aa7edbe4d4a82831d82f3d3d0fca9 P 09cd93bd30ce46c6a5184fd71c5d161e [term 2 FOLLOWER]: Leader election vote request: Granting yes vote for candidate 1c1d7165e0f8418189db9d7280f456d7 in term 2.
I20260710 11:09:34.140581 30265 leader_election.cc:304] T 807aa7edbe4d4a82831d82f3d3d0fca9 P 1c1d7165e0f8418189db9d7280f456d7 [CANDIDATE]: Term 2 election: Election decided. Result: candidate won. Election summary: received 2 responses out of 3 voters: 2 yes votes; 0 no votes. yes voters: 09cd93bd30ce46c6a5184fd71c5d161e, 1c1d7165e0f8418189db9d7280f456d7; no voters: 
I20260710 11:09:34.119642 30302 leader_election.cc:290] T 807aa7edbe4d4a82831d82f3d3d0fca9 P 1c1d7165e0f8418189db9d7280f456d7 [CANDIDATE]: Term 2 election: Requested vote from peers 0c0893c3794f4ef49e985fcc3d2bec51 (127.29.117.194:33019), 09cd93bd30ce46c6a5184fd71c5d161e (127.29.117.195:34789)
I20260710 11:09:34.142805 30521 raft_consensus.cc:2804] T 807aa7edbe4d4a82831d82f3d3d0fca9 P 1c1d7165e0f8418189db9d7280f456d7 [term 2 FOLLOWER]: Leader election won for term 2
I20260710 11:09:34.143301 30521 raft_consensus.cc:697] T 807aa7edbe4d4a82831d82f3d3d0fca9 P 1c1d7165e0f8418189db9d7280f456d7 [term 2 LEADER]: Becoming Leader. State: Replica: 1c1d7165e0f8418189db9d7280f456d7, State: Running, Role: LEADER
I20260710 11:09:34.144145 30521 consensus_queue.cc:237] T 807aa7edbe4d4a82831d82f3d3d0fca9 P 1c1d7165e0f8418189db9d7280f456d7 [LEADER]: Queue going to LEADER mode. State: All replicated index: 0, Majority replicated index: 0, Committed index: 0, Last appended: 1.1, Last appended by leader: 1, Current term: 2, Majority size: 2, State: 0, Mode: LEADER, active raft config: opid_index: -1 OBSOLETE_local: false peers { permanent_uuid: "1c1d7165e0f8418189db9d7280f456d7" member_type: VOTER last_known_addr { host: "127.29.117.193" port: 33537 } } peers { permanent_uuid: "0c0893c3794f4ef49e985fcc3d2bec51" member_type: VOTER last_known_addr { host: "127.29.117.194" port: 33019 } } peers { permanent_uuid: "09cd93bd30ce46c6a5184fd71c5d161e" member_type: VOTER last_known_addr { host: "127.29.117.195" port: 34789 } }
I20260710 11:09:34.147799 30570 raft_consensus.cc:993] T f005eb0428c24116b8884138815f254f P 09cd93bd30ce46c6a5184fd71c5d161e: : Instructing follower 1c1d7165e0f8418189db9d7280f456d7 to start an election
I20260710 11:09:34.148286 30536 raft_consensus.cc:1081] T f005eb0428c24116b8884138815f254f P 09cd93bd30ce46c6a5184fd71c5d161e [term 1 LEADER]: Signalling peer 1c1d7165e0f8418189db9d7280f456d7 to start an election
I20260710 11:09:34.150337 30301 tablet_service.cc:2044] Received Run Leader Election RPC: tablet_id: "f005eb0428c24116b8884138815f254f"
dest_uuid: "1c1d7165e0f8418189db9d7280f456d7"
 from {username='slave'} at 127.0.0.1:35090
I20260710 11:09:34.150933 30301 raft_consensus.cc:493] T f005eb0428c24116b8884138815f254f P 1c1d7165e0f8418189db9d7280f456d7 [term 1 FOLLOWER]: Starting forced leader election (received explicit request)
I20260710 11:09:34.151280 30301 raft_consensus.cc:3060] T f005eb0428c24116b8884138815f254f P 1c1d7165e0f8418189db9d7280f456d7 [term 1 FOLLOWER]: Advancing to term 2
I20260710 11:09:34.152271 30376 raft_consensus.cc:2468] T 807aa7edbe4d4a82831d82f3d3d0fca9 P 0c0893c3794f4ef49e985fcc3d2bec51 [term 2 FOLLOWER]: Leader election vote request: Granting yes vote for candidate 1c1d7165e0f8418189db9d7280f456d7 in term 2.
I20260710 11:09:34.160560 30377 raft_consensus.cc:515] T f208ab75a69c44c6ba79c629cfb8154c P 0c0893c3794f4ef49e985fcc3d2bec51 [term 2 FOLLOWER]: Starting forced leader election with config: opid_index: -1 OBSOLETE_local: false peers { permanent_uuid: "1c1d7165e0f8418189db9d7280f456d7" member_type: VOTER last_known_addr { host: "127.29.117.193" port: 33537 } } peers { permanent_uuid: "0c0893c3794f4ef49e985fcc3d2bec51" member_type: VOTER last_known_addr { host: "127.29.117.194" port: 33019 } } peers { permanent_uuid: "09cd93bd30ce46c6a5184fd71c5d161e" member_type: VOTER last_known_addr { host: "127.29.117.195" port: 34789 } }
I20260710 11:09:34.163597 30531 raft_consensus.cc:993] T fde59be4ae0640a5bb8883e4e3373045 P 0c0893c3794f4ef49e985fcc3d2bec51: : Instructing follower 1c1d7165e0f8418189db9d7280f456d7 to start an election
I20260710 11:09:34.164500 30377 leader_election.cc:290] T f208ab75a69c44c6ba79c629cfb8154c P 0c0893c3794f4ef49e985fcc3d2bec51 [CANDIDATE]: Term 2 election: Requested vote from peers 1c1d7165e0f8418189db9d7280f456d7 (127.29.117.193:33537), 09cd93bd30ce46c6a5184fd71c5d161e (127.29.117.195:34789)
I20260710 11:09:34.166277 30545 raft_consensus.cc:1081] T fde59be4ae0640a5bb8883e4e3373045 P 0c0893c3794f4ef49e985fcc3d2bec51 [term 1 LEADER]: Signalling peer 1c1d7165e0f8418189db9d7280f456d7 to start an election
I20260710 11:09:34.166208 30299 tablet_service.cc:1917] Received RequestConsensusVote() RPC: tablet_id: "f208ab75a69c44c6ba79c629cfb8154c" candidate_uuid: "0c0893c3794f4ef49e985fcc3d2bec51" candidate_term: 2 candidate_status { last_received { term: 1 index: 1 } } ignore_live_leader: true dest_uuid: "1c1d7165e0f8418189db9d7280f456d7"
I20260710 11:09:34.167033 30299 raft_consensus.cc:3055] T f208ab75a69c44c6ba79c629cfb8154c P 1c1d7165e0f8418189db9d7280f456d7 [term 1 LEADER]: Stepping down as leader of term 1
I20260710 11:09:34.167389 30299 raft_consensus.cc:740] T f208ab75a69c44c6ba79c629cfb8154c P 1c1d7165e0f8418189db9d7280f456d7 [term 1 LEADER]: Becoming Follower/Learner. State: Replica: 1c1d7165e0f8418189db9d7280f456d7, State: Running, Role: LEADER
I20260710 11:09:34.168211 30299 consensus_queue.cc:260] T f208ab75a69c44c6ba79c629cfb8154c P 1c1d7165e0f8418189db9d7280f456d7 [NON_LEADER]: Queue going to NON_LEADER mode. State: All replicated index: 0, Majority replicated index: 1, Committed index: 1, Last appended: 1.1, Last appended by leader: 1, Current term: 1, Majority size: -1, State: 0, Mode: NON_LEADER, active raft config: opid_index: -1 OBSOLETE_local: false peers { permanent_uuid: "1c1d7165e0f8418189db9d7280f456d7" member_type: VOTER last_known_addr { host: "127.29.117.193" port: 33537 } } peers { permanent_uuid: "0c0893c3794f4ef49e985fcc3d2bec51" member_type: VOTER last_known_addr { host: "127.29.117.194" port: 33019 } } peers { permanent_uuid: "09cd93bd30ce46c6a5184fd71c5d161e" member_type: VOTER last_known_addr { host: "127.29.117.195" port: 34789 } }
I20260710 11:09:34.168936 30302 tablet_service.cc:2044] Received Run Leader Election RPC: tablet_id: "fde59be4ae0640a5bb8883e4e3373045"
dest_uuid: "1c1d7165e0f8418189db9d7280f456d7"
 from {username='slave'} at 127.0.0.1:35102
I20260710 11:09:34.169471 30299 raft_consensus.cc:3060] T f208ab75a69c44c6ba79c629cfb8154c P 1c1d7165e0f8418189db9d7280f456d7 [term 1 FOLLOWER]: Advancing to term 2
I20260710 11:09:34.169487 30302 raft_consensus.cc:493] T fde59be4ae0640a5bb8883e4e3373045 P 1c1d7165e0f8418189db9d7280f456d7 [term 1 FOLLOWER]: Starting forced leader election (received explicit request)
I20260710 11:09:34.170223 30302 raft_consensus.cc:3060] T fde59be4ae0640a5bb8883e4e3373045 P 1c1d7165e0f8418189db9d7280f456d7 [term 1 FOLLOWER]: Advancing to term 2
I20260710 11:09:34.172299 30301 raft_consensus.cc:515] T f005eb0428c24116b8884138815f254f P 1c1d7165e0f8418189db9d7280f456d7 [term 2 FOLLOWER]: Starting forced leader election with config: opid_index: -1 OBSOLETE_local: false peers { permanent_uuid: "1c1d7165e0f8418189db9d7280f456d7" member_type: VOTER last_known_addr { host: "127.29.117.193" port: 33537 } } peers { permanent_uuid: "0c0893c3794f4ef49e985fcc3d2bec51" member_type: VOTER last_known_addr { host: "127.29.117.194" port: 33019 } } peers { permanent_uuid: "09cd93bd30ce46c6a5184fd71c5d161e" member_type: VOTER last_known_addr { host: "127.29.117.195" port: 34789 } }
I20260710 11:09:34.174961 30449 tablet_service.cc:1917] Received RequestConsensusVote() RPC: tablet_id: "f208ab75a69c44c6ba79c629cfb8154c" candidate_uuid: "0c0893c3794f4ef49e985fcc3d2bec51" candidate_term: 2 candidate_status { last_received { term: 1 index: 1 } } ignore_live_leader: true dest_uuid: "09cd93bd30ce46c6a5184fd71c5d161e"
I20260710 11:09:34.175855 30449 raft_consensus.cc:3060] T f208ab75a69c44c6ba79c629cfb8154c P 09cd93bd30ce46c6a5184fd71c5d161e [term 1 FOLLOWER]: Advancing to term 2
I20260710 11:09:34.177145 30301 leader_election.cc:290] T f005eb0428c24116b8884138815f254f P 1c1d7165e0f8418189db9d7280f456d7 [CANDIDATE]: Term 2 election: Requested vote from peers 0c0893c3794f4ef49e985fcc3d2bec51 (127.29.117.194:33019), 09cd93bd30ce46c6a5184fd71c5d161e (127.29.117.195:34789)
I20260710 11:09:34.178253 30302 raft_consensus.cc:515] T fde59be4ae0640a5bb8883e4e3373045 P 1c1d7165e0f8418189db9d7280f456d7 [term 2 FOLLOWER]: Starting forced leader election with config: opid_index: -1 OBSOLETE_local: false peers { permanent_uuid: "1c1d7165e0f8418189db9d7280f456d7" member_type: VOTER last_known_addr { host: "127.29.117.193" port: 33537 } } peers { permanent_uuid: "0c0893c3794f4ef49e985fcc3d2bec51" member_type: VOTER last_known_addr { host: "127.29.117.194" port: 33019 } } peers { permanent_uuid: "09cd93bd30ce46c6a5184fd71c5d161e" member_type: VOTER last_known_addr { host: "127.29.117.195" port: 34789 } }
I20260710 11:09:34.181082 30450 tablet_service.cc:1917] Received RequestConsensusVote() RPC: tablet_id: "f005eb0428c24116b8884138815f254f" candidate_uuid: "1c1d7165e0f8418189db9d7280f456d7" candidate_term: 2 candidate_status { last_received { term: 1 index: 1 } } ignore_live_leader: true dest_uuid: "09cd93bd30ce46c6a5184fd71c5d161e"
I20260710 11:09:34.181777 30450 raft_consensus.cc:3055] T f005eb0428c24116b8884138815f254f P 09cd93bd30ce46c6a5184fd71c5d161e [term 1 LEADER]: Stepping down as leader of term 1
I20260710 11:09:34.182152 30450 raft_consensus.cc:740] T f005eb0428c24116b8884138815f254f P 09cd93bd30ce46c6a5184fd71c5d161e [term 1 LEADER]: Becoming Follower/Learner. State: Replica: 09cd93bd30ce46c6a5184fd71c5d161e, State: Running, Role: LEADER
I20260710 11:09:34.183112 30450 consensus_queue.cc:260] T f005eb0428c24116b8884138815f254f P 09cd93bd30ce46c6a5184fd71c5d161e [NON_LEADER]: Queue going to NON_LEADER mode. State: All replicated index: 0, Majority replicated index: 1, Committed index: 1, Last appended: 1.1, Last appended by leader: 1, Current term: 1, Majority size: -1, State: 0, Mode: NON_LEADER, active raft config: opid_index: -1 OBSOLETE_local: false peers { permanent_uuid: "1c1d7165e0f8418189db9d7280f456d7" member_type: VOTER last_known_addr { host: "127.29.117.193" port: 33537 } } peers { permanent_uuid: "0c0893c3794f4ef49e985fcc3d2bec51" member_type: VOTER last_known_addr { host: "127.29.117.194" port: 33019 } } peers { permanent_uuid: "09cd93bd30ce46c6a5184fd71c5d161e" member_type: VOTER last_known_addr { host: "127.29.117.195" port: 34789 } }
I20260710 11:09:34.184474 30450 raft_consensus.cc:3060] T f005eb0428c24116b8884138815f254f P 09cd93bd30ce46c6a5184fd71c5d161e [term 1 FOLLOWER]: Advancing to term 2
