I20260710 11:09:54.712273 12353 tablet_service.cc:1917] Received RequestConsensusVote() RPC: tablet_id: "2505c46012cc40cdadf09417b81e34ec" candidate_uuid: "ddb3e68856d046129c8aa4de2088fdfc" candidate_term: 1 candidate_status { last_received { term: 0 index: 0 } } ignore_live_leader: false dest_uuid: "437a42454bf544948c063c1c812e45aa" is_pre_election: true
I20260710 11:09:54.713150 12469 ts_tablet_manager.cc:1434] T 4bc9949e29a14b609956b0acece0ea22 P 4456b6de5eaa4a77b71cf09a4032060d: Time spent starting tablet: real 0.007s	user 0.006s	sys 0.001s
I20260710 11:09:54.714008 12469 tablet_bootstrap.cc:492] T a5714ea96ae64ec4aca1ed442433521d P 4456b6de5eaa4a77b71cf09a4032060d: Bootstrap starting.
I20260710 11:09:54.714949 12471 tablet_bootstrap.cc:492] T f7ff70fbd80241258f0cb1dba5677872 P ddb3e68856d046129c8aa4de2088fdfc: No bootstrap required, opened a new log
I20260710 11:09:54.715454 12471 ts_tablet_manager.cc:1403] T f7ff70fbd80241258f0cb1dba5677872 P ddb3e68856d046129c8aa4de2088fdfc: Time spent bootstrapping tablet: real 0.112s	user 0.017s	sys 0.037s
W20260710 11:09:54.716967 12245 leader_election.cc:343] T 2505c46012cc40cdadf09417b81e34ec P ddb3e68856d046129c8aa4de2088fdfc [CANDIDATE]: Term 1 pre-election: Tablet error from VoteRequest() call to peer 437a42454bf544948c063c1c812e45aa (127.10.230.2:44463): Illegal state: must be running to vote when last-logged opid is not known
I20260710 11:09:54.718044 12537 leader_election.cc:290] T 2505c46012cc40cdadf09417b81e34ec P ddb3e68856d046129c8aa4de2088fdfc [CANDIDATE]: Term 1 pre-election: Requested pre-vote from peers 437a42454bf544948c063c1c812e45aa (127.10.230.2:44463), 4456b6de5eaa4a77b71cf09a4032060d (127.10.230.3:41361)
I20260710 11:09:54.719333 12471 raft_consensus.cc:359] T f7ff70fbd80241258f0cb1dba5677872 P ddb3e68856d046129c8aa4de2088fdfc [term 0 FOLLOWER]: Replica starting. Triggering 0 pending ops. Active config: opid_index: -1 OBSOLETE_local: false peers { permanent_uuid: "ddb3e68856d046129c8aa4de2088fdfc" member_type: VOTER last_known_addr { host: "127.10.230.1" port: 43759 } } peers { permanent_uuid: "437a42454bf544948c063c1c812e45aa" member_type: VOTER last_known_addr { host: "127.10.230.2" port: 44463 } } peers { permanent_uuid: "4456b6de5eaa4a77b71cf09a4032060d" member_type: VOTER last_known_addr { host: "127.10.230.3" port: 41361 } }
I20260710 11:09:54.720085 12471 raft_consensus.cc:385] T f7ff70fbd80241258f0cb1dba5677872 P ddb3e68856d046129c8aa4de2088fdfc [term 0 FOLLOWER]: Consensus starting up: Expiring failure detector timer to make a prompt election more likely
I20260710 11:09:54.720366 12471 raft_consensus.cc:740] T f7ff70fbd80241258f0cb1dba5677872 P ddb3e68856d046129c8aa4de2088fdfc [term 0 FOLLOWER]: Becoming Follower/Learner. State: Replica: ddb3e68856d046129c8aa4de2088fdfc, State: Initialized, Role: FOLLOWER
I20260710 11:09:54.721050 12471 consensus_queue.cc:260] T f7ff70fbd80241258f0cb1dba5677872 P ddb3e68856d046129c8aa4de2088fdfc [NON_LEADER]: Queue going to NON_LEADER mode. State: All replicated index: 0, Majority replicated index: 0, Committed index: 0, Last appended: 0.0, Last appended by leader: 0, Current term: 0, Majority size: -1, State: 0, Mode: NON_LEADER, active raft config: opid_index: -1 OBSOLETE_local: false peers { permanent_uuid: "ddb3e68856d046129c8aa4de2088fdfc" member_type: VOTER last_known_addr { host: "127.10.230.1" port: 43759 } } peers { permanent_uuid: "437a42454bf544948c063c1c812e45aa" member_type: VOTER last_known_addr { host: "127.10.230.2" port: 44463 } } peers { permanent_uuid: "4456b6de5eaa4a77b71cf09a4032060d" member_type: VOTER last_known_addr { host: "127.10.230.3" port: 41361 } }
I20260710 11:09:54.721539 12429 tablet_service.cc:1917] Received RequestConsensusVote() RPC: tablet_id: "2505c46012cc40cdadf09417b81e34ec" candidate_uuid: "ddb3e68856d046129c8aa4de2088fdfc" candidate_term: 1 candidate_status { last_received { term: 0 index: 0 } } ignore_live_leader: false dest_uuid: "4456b6de5eaa4a77b71cf09a4032060d" is_pre_election: true
I20260710 11:09:54.722882 12471 ts_tablet_manager.cc:1434] T f7ff70fbd80241258f0cb1dba5677872 P ddb3e68856d046129c8aa4de2088fdfc: Time spent starting tablet: real 0.007s	user 0.003s	sys 0.000s
I20260710 11:09:54.725236 12522 consensus_queue.cc:1048] T 1f1d087db0c748308670907104bfdc95 P 437a42454bf544948c063c1c812e45aa [LEADER]: Connected to new peer: Peer: permanent_uuid: "ddb3e68856d046129c8aa4de2088fdfc" member_type: VOTER last_known_addr { host: "127.10.230.1" port: 43759 }, Status: LMP_MISMATCH, Last received: 0.0, Next index: 1, Last known committed idx: 0, Time since last communication: 0.002s
W20260710 11:09:54.727398 12243 leader_election.cc:343] T 2505c46012cc40cdadf09417b81e34ec P ddb3e68856d046129c8aa4de2088fdfc [CANDIDATE]: Term 1 pre-election: Tablet error from VoteRequest() call to peer 4456b6de5eaa4a77b71cf09a4032060d (127.10.230.3:41361): Illegal state: must be running to vote when last-logged opid is not known
I20260710 11:09:54.727612 12469 tablet_bootstrap.cc:654] T a5714ea96ae64ec4aca1ed442433521d P 4456b6de5eaa4a77b71cf09a4032060d: Neither blocks nor log segments found. Creating new log.
I20260710 11:09:54.727851 12243 leader_election.cc:304] T 2505c46012cc40cdadf09417b81e34ec P ddb3e68856d046129c8aa4de2088fdfc [CANDIDATE]: Term 1 pre-election: Election decided. Result: candidate lost. Election summary: received 3 responses out of 3 voters: 1 yes votes; 2 no votes. yes voters: ddb3e68856d046129c8aa4de2088fdfc; no voters: 437a42454bf544948c063c1c812e45aa, 4456b6de5eaa4a77b71cf09a4032060d
I20260710 11:09:54.728818 12537 raft_consensus.cc:2749] T 2505c46012cc40cdadf09417b81e34ec P ddb3e68856d046129c8aa4de2088fdfc [term 0 FOLLOWER]: Leader pre-election lost for term 1. Reason: could not achieve majority
I20260710 11:09:54.728993 12471 tablet_bootstrap.cc:492] T a4f9bc56b07c45f0ad846ceb7b926926 P ddb3e68856d046129c8aa4de2088fdfc: Bootstrap starting.
I20260710 11:09:54.732018 12470 tablet_bootstrap.cc:492] T 2505c46012cc40cdadf09417b81e34ec P 437a42454bf544948c063c1c812e45aa: No bootstrap required, opened a new log
I20260710 11:09:54.732429 12470 ts_tablet_manager.cc:1403] T 2505c46012cc40cdadf09417b81e34ec P 437a42454bf544948c063c1c812e45aa: Time spent bootstrapping tablet: real 0.106s	user 0.013s	sys 0.012s
I20260710 11:09:54.734836 12470 raft_consensus.cc:359] T 2505c46012cc40cdadf09417b81e34ec P 437a42454bf544948c063c1c812e45aa [term 0 FOLLOWER]: Replica starting. Triggering 0 pending ops. Active config: opid_index: -1 OBSOLETE_local: false peers { permanent_uuid: "ddb3e68856d046129c8aa4de2088fdfc" member_type: VOTER last_known_addr { host: "127.10.230.1" port: 43759 } } peers { permanent_uuid: "437a42454bf544948c063c1c812e45aa" member_type: VOTER last_known_addr { host: "127.10.230.2" port: 44463 } } peers { permanent_uuid: "4456b6de5eaa4a77b71cf09a4032060d" member_type: VOTER last_known_addr { host: "127.10.230.3" port: 41361 } }
I20260710 11:09:54.735484 12470 raft_consensus.cc:385] T 2505c46012cc40cdadf09417b81e34ec P 437a42454bf544948c063c1c812e45aa [term 0 FOLLOWER]: Consensus starting up: Expiring failure detector timer to make a prompt election more likely
I20260710 11:09:54.735785 12470 raft_consensus.cc:740] T 2505c46012cc40cdadf09417b81e34ec P 437a42454bf544948c063c1c812e45aa [term 0 FOLLOWER]: Becoming Follower/Learner. State: Replica: 437a42454bf544948c063c1c812e45aa, State: Initialized, Role: FOLLOWER
I20260710 11:09:54.736567 12537 consensus_queue.cc:1048] T 14dc25cec64c427d8adaa100e654dd4b P ddb3e68856d046129c8aa4de2088fdfc [LEADER]: Connected to new peer: Peer: permanent_uuid: "4456b6de5eaa4a77b71cf09a4032060d" member_type: VOTER last_known_addr { host: "127.10.230.3" port: 41361 }, Status: LMP_MISMATCH, Last received: 0.0, Next index: 1, Last known committed idx: 0, Time since last communication: 0.000s
I20260710 11:09:54.736693 12470 consensus_queue.cc:260] T 2505c46012cc40cdadf09417b81e34ec P 437a42454bf544948c063c1c812e45aa [NON_LEADER]: Queue going to NON_LEADER mode. State: All replicated index: 0, Majority replicated index: 0, Committed index: 0, Last appended: 0.0, Last appended by leader: 0, Current term: 0, Majority size: -1, State: 0, Mode: NON_LEADER, active raft config: opid_index: -1 OBSOLETE_local: false peers { permanent_uuid: "ddb3e68856d046129c8aa4de2088fdfc" member_type: VOTER last_known_addr { host: "127.10.230.1" port: 43759 } } peers { permanent_uuid: "437a42454bf544948c063c1c812e45aa" member_type: VOTER last_known_addr { host: "127.10.230.2" port: 44463 } } peers { permanent_uuid: "4456b6de5eaa4a77b71cf09a4032060d" member_type: VOTER last_known_addr { host: "127.10.230.3" port: 41361 } }
I20260710 11:09:54.743388 12471 tablet_bootstrap.cc:654] T a4f9bc56b07c45f0ad846ceb7b926926 P ddb3e68856d046129c8aa4de2088fdfc: Neither blocks nor log segments found. Creating new log.
I20260710 11:09:54.742964 12177 catalog_manager.cc:5697] T e0578e3b598241beab071e3f6d16c2bc P 4456b6de5eaa4a77b71cf09a4032060d reported cstate change: term changed from 0 to 1, leader changed from <none> to 4456b6de5eaa4a77b71cf09a4032060d (127.10.230.3). New cstate: current_term: 1 leader_uuid: "4456b6de5eaa4a77b71cf09a4032060d" committed_config { opid_index: -1 OBSOLETE_local: false peers { permanent_uuid: "ddb3e68856d046129c8aa4de2088fdfc" member_type: VOTER last_known_addr { host: "127.10.230.1" port: 43759 } health_report { overall_health: UNKNOWN } } peers { permanent_uuid: "437a42454bf544948c063c1c812e45aa" member_type: VOTER last_known_addr { host: "127.10.230.2" port: 44463 } health_report { overall_health: UNKNOWN } } peers { permanent_uuid: "4456b6de5eaa4a77b71cf09a4032060d" member_type: VOTER last_known_addr { host: "127.10.230.3" port: 41361 } health_report { overall_health: HEALTHY } } }
I20260710 11:09:54.750877 12470 ts_tablet_manager.cc:1434] T 2505c46012cc40cdadf09417b81e34ec P 437a42454bf544948c063c1c812e45aa: Time spent starting tablet: real 0.018s	user 0.006s	sys 0.000s
I20260710 11:09:54.752221 12470 tablet_bootstrap.cc:492] T 8a73d77d83cc4b37bce3b349e35fdad8 P 437a42454bf544948c063c1c812e45aa: Bootstrap starting.
I20260710 11:09:54.757658 12470 tablet_bootstrap.cc:654] T 8a73d77d83cc4b37bce3b349e35fdad8 P 437a42454bf544948c063c1c812e45aa: Neither blocks nor log segments found. Creating new log.
I20260710 11:09:54.761451 12537 consensus_queue.cc:1048] T 14dc25cec64c427d8adaa100e654dd4b P ddb3e68856d046129c8aa4de2088fdfc [LEADER]: Connected to new peer: Peer: permanent_uuid: "437a42454bf544948c063c1c812e45aa" member_type: VOTER last_known_addr { host: "127.10.230.2" port: 44463 }, Status: LMP_MISMATCH, Last received: 0.0, Next index: 1, Last known committed idx: 0, Time since last communication: 0.001s
I20260710 11:09:54.761950 12471 tablet_bootstrap.cc:492] T a4f9bc56b07c45f0ad846ceb7b926926 P ddb3e68856d046129c8aa4de2088fdfc: No bootstrap required, opened a new log
I20260710 11:09:54.762549 12471 ts_tablet_manager.cc:1403] T a4f9bc56b07c45f0ad846ceb7b926926 P ddb3e68856d046129c8aa4de2088fdfc: Time spent bootstrapping tablet: real 0.034s	user 0.007s	sys 0.005s
I20260710 11:09:54.765061 12471 raft_consensus.cc:359] T a4f9bc56b07c45f0ad846ceb7b926926 P ddb3e68856d046129c8aa4de2088fdfc [term 0 FOLLOWER]: Replica starting. Triggering 0 pending ops. Active config: opid_index: -1 OBSOLETE_local: false peers { permanent_uuid: "ddb3e68856d046129c8aa4de2088fdfc" member_type: VOTER last_known_addr { host: "127.10.230.1" port: 43759 } } peers { permanent_uuid: "437a42454bf544948c063c1c812e45aa" member_type: VOTER last_known_addr { host: "127.10.230.2" port: 44463 } } peers { permanent_uuid: "4456b6de5eaa4a77b71cf09a4032060d" member_type: VOTER last_known_addr { host: "127.10.230.3" port: 41361 } }
I20260710 11:09:54.765666 12471 raft_consensus.cc:385] T a4f9bc56b07c45f0ad846ceb7b926926 P ddb3e68856d046129c8aa4de2088fdfc [term 0 FOLLOWER]: Consensus starting up: Expiring failure detector timer to make a prompt election more likely
I20260710 11:09:54.765921 12471 raft_consensus.cc:740] T a4f9bc56b07c45f0ad846ceb7b926926 P ddb3e68856d046129c8aa4de2088fdfc [term 0 FOLLOWER]: Becoming Follower/Learner. State: Replica: ddb3e68856d046129c8aa4de2088fdfc, State: Initialized, Role: FOLLOWER
I20260710 11:09:54.766465 12471 consensus_queue.cc:260] T a4f9bc56b07c45f0ad846ceb7b926926 P ddb3e68856d046129c8aa4de2088fdfc [NON_LEADER]: Queue going to NON_LEADER mode. State: All replicated index: 0, Majority replicated index: 0, Committed index: 0, Last appended: 0.0, Last appended by leader: 0, Current term: 0, Majority size: -1, State: 0, Mode: NON_LEADER, active raft config: opid_index: -1 OBSOLETE_local: false peers { permanent_uuid: "ddb3e68856d046129c8aa4de2088fdfc" member_type: VOTER last_known_addr { host: "127.10.230.1" port: 43759 } } peers { permanent_uuid: "437a42454bf544948c063c1c812e45aa" member_type: VOTER last_known_addr { host: "127.10.230.2" port: 44463 } } peers { permanent_uuid: "4456b6de5eaa4a77b71cf09a4032060d" member_type: VOTER last_known_addr { host: "127.10.230.3" port: 41361 } }
I20260710 11:09:54.768962 12512 consensus_queue.cc:1048] T 06e9d6f0dea74a88b218cd6c9eb1b5be P 437a42454bf544948c063c1c812e45aa [LEADER]: Connected to new peer: Peer: permanent_uuid: "ddb3e68856d046129c8aa4de2088fdfc" member_type: VOTER last_known_addr { host: "127.10.230.1" port: 43759 }, Status: LMP_MISMATCH, Last received: 0.0, Next index: 1, Last known committed idx: 0, Time since last communication: 0.001s
I20260710 11:09:54.771030 12471 ts_tablet_manager.cc:1434] T a4f9bc56b07c45f0ad846ceb7b926926 P ddb3e68856d046129c8aa4de2088fdfc: Time spent starting tablet: real 0.008s	user 0.001s	sys 0.004s
I20260710 11:09:54.771941 12471 tablet_bootstrap.cc:492] T c5ecd74578ee4d39980f669d1935cbef P ddb3e68856d046129c8aa4de2088fdfc: Bootstrap starting.
I20260710 11:09:54.782727 12470 tablet_bootstrap.cc:492] T 8a73d77d83cc4b37bce3b349e35fdad8 P 437a42454bf544948c063c1c812e45aa: No bootstrap required, opened a new log
I20260710 11:09:54.783227 12470 ts_tablet_manager.cc:1403] T 8a73d77d83cc4b37bce3b349e35fdad8 P 437a42454bf544948c063c1c812e45aa: Time spent bootstrapping tablet: real 0.031s	user 0.006s	sys 0.005s
I20260710 11:09:54.786047 12470 raft_consensus.cc:359] T 8a73d77d83cc4b37bce3b349e35fdad8 P 437a42454bf544948c063c1c812e45aa [term 0 FOLLOWER]: Replica starting. Triggering 0 pending ops. Active config: opid_index: -1 OBSOLETE_local: false peers { permanent_uuid: "ddb3e68856d046129c8aa4de2088fdfc" member_type: VOTER last_known_addr { host: "127.10.230.1" port: 43759 } } peers { permanent_uuid: "437a42454bf544948c063c1c812e45aa" member_type: VOTER last_known_addr { host: "127.10.230.2" port: 44463 } } peers { permanent_uuid: "4456b6de5eaa4a77b71cf09a4032060d" member_type: VOTER last_known_addr { host: "127.10.230.3" port: 41361 } }
I20260710 11:09:54.786808 12470 raft_consensus.cc:385] T 8a73d77d83cc4b37bce3b349e35fdad8 P 437a42454bf544948c063c1c812e45aa [term 0 FOLLOWER]: Consensus starting up: Expiring failure detector timer to make a prompt election more likely
I20260710 11:09:54.787179 12470 raft_consensus.cc:740] T 8a73d77d83cc4b37bce3b349e35fdad8 P 437a42454bf544948c063c1c812e45aa [term 0 FOLLOWER]: Becoming Follower/Learner. State: Replica: 437a42454bf544948c063c1c812e45aa, State: Initialized, Role: FOLLOWER
I20260710 11:09:54.787580 12471 tablet_bootstrap.cc:654] T c5ecd74578ee4d39980f669d1935cbef P ddb3e68856d046129c8aa4de2088fdfc: Neither blocks nor log segments found. Creating new log.
I20260710 11:09:54.789618 12512 raft_consensus.cc:493] T 2505c46012cc40cdadf09417b81e34ec P 437a42454bf544948c063c1c812e45aa [term 0 FOLLOWER]: Starting pre-election (no leader contacted us within the election timeout)
I20260710 11:09:54.790215 12512 raft_consensus.cc:515] T 2505c46012cc40cdadf09417b81e34ec P 437a42454bf544948c063c1c812e45aa [term 0 FOLLOWER]: Starting pre-election with config: opid_index: -1 OBSOLETE_local: false peers { permanent_uuid: "ddb3e68856d046129c8aa4de2088fdfc" member_type: VOTER last_known_addr { host: "127.10.230.1" port: 43759 } } peers { permanent_uuid: "437a42454bf544948c063c1c812e45aa" member_type: VOTER last_known_addr { host: "127.10.230.2" port: 44463 } } peers { permanent_uuid: "4456b6de5eaa4a77b71cf09a4032060d" member_type: VOTER last_known_addr { host: "127.10.230.3" port: 41361 } }
I20260710 11:09:54.790910 12470 consensus_queue.cc:260] T 8a73d77d83cc4b37bce3b349e35fdad8 P 437a42454bf544948c063c1c812e45aa [NON_LEADER]: Queue going to NON_LEADER mode. State: All replicated index: 0, Majority replicated index: 0, Committed index: 0, Last appended: 0.0, Last appended by leader: 0, Current term: 0, Majority size: -1, State: 0, Mode: NON_LEADER, active raft config: opid_index: -1 OBSOLETE_local: false peers { permanent_uuid: "ddb3e68856d046129c8aa4de2088fdfc" member_type: VOTER last_known_addr { host: "127.10.230.1" port: 43759 } } peers { permanent_uuid: "437a42454bf544948c063c1c812e45aa" member_type: VOTER last_known_addr { host: "127.10.230.2" port: 44463 } } peers { permanent_uuid: "4456b6de5eaa4a77b71cf09a4032060d" member_type: VOTER last_known_addr { host: "127.10.230.3" port: 41361 } }
I20260710 11:09:54.793256 12470 ts_tablet_manager.cc:1434] T 8a73d77d83cc4b37bce3b349e35fdad8 P 437a42454bf544948c063c1c812e45aa: Time spent starting tablet: real 0.010s	user 0.003s	sys 0.002s
I20260710 11:09:54.794143 12470 tablet_bootstrap.cc:492] T f694f02ed449477fab7e73d77df2e411 P 437a42454bf544948c063c1c812e45aa: Bootstrap starting.
I20260710 11:09:54.794914 12512 leader_election.cc:290] T 2505c46012cc40cdadf09417b81e34ec P 437a42454bf544948c063c1c812e45aa [CANDIDATE]: Term 1 pre-election: Requested pre-vote from peers ddb3e68856d046129c8aa4de2088fdfc (127.10.230.1:43759), 4456b6de5eaa4a77b71cf09a4032060d (127.10.230.3:41361)
I20260710 11:09:54.796025 12428 tablet_service.cc:1917] Received RequestConsensusVote() RPC: tablet_id: "2505c46012cc40cdadf09417b81e34ec" candidate_uuid: "437a42454bf544948c063c1c812e45aa" candidate_term: 1 candidate_status { last_received { term: 0 index: 0 } } ignore_live_leader: false dest_uuid: "4456b6de5eaa4a77b71cf09a4032060d" is_pre_election: true
W20260710 11:09:54.797771 12318 leader_election.cc:343] T 2505c46012cc40cdadf09417b81e34ec P 437a42454bf544948c063c1c812e45aa [CANDIDATE]: Term 1 pre-election: Tablet error from VoteRequest() call to peer 4456b6de5eaa4a77b71cf09a4032060d (127.10.230.3:41361): Illegal state: must be running to vote when last-logged opid is not known
I20260710 11:09:54.800011 12470 tablet_bootstrap.cc:654] T f694f02ed449477fab7e73d77df2e411 P 437a42454bf544948c063c1c812e45aa: Neither blocks nor log segments found. Creating new log.
I20260710 11:09:54.804291 12471 tablet_bootstrap.cc:492] T c5ecd74578ee4d39980f669d1935cbef P ddb3e68856d046129c8aa4de2088fdfc: No bootstrap required, opened a new log
I20260710 11:09:54.804713 12471 ts_tablet_manager.cc:1403] T c5ecd74578ee4d39980f669d1935cbef P ddb3e68856d046129c8aa4de2088fdfc: Time spent bootstrapping tablet: real 0.033s	user 0.008s	sys 0.001s
I20260710 11:09:54.806874 12278 tablet_service.cc:1917] Received RequestConsensusVote() RPC: tablet_id: "2505c46012cc40cdadf09417b81e34ec" candidate_uuid: "437a42454bf544948c063c1c812e45aa" candidate_term: 1 candidate_status { last_received { term: 0 index: 0 } } ignore_live_leader: false dest_uuid: "ddb3e68856d046129c8aa4de2088fdfc" is_pre_election: true
I20260710 11:09:54.807192 12471 raft_consensus.cc:359] T c5ecd74578ee4d39980f669d1935cbef P ddb3e68856d046129c8aa4de2088fdfc [term 0 FOLLOWER]: Replica starting. Triggering 0 pending ops. Active config: opid_index: -1 OBSOLETE_local: false peers { permanent_uuid: "ddb3e68856d046129c8aa4de2088fdfc" member_type: VOTER last_known_addr { host: "127.10.230.1" port: 43759 } } peers { permanent_uuid: "437a42454bf544948c063c1c812e45aa" member_type: VOTER last_known_addr { host: "127.10.230.2" port: 44463 } } peers { permanent_uuid: "4456b6de5eaa4a77b71cf09a4032060d" member_type: VOTER last_known_addr { host: "127.10.230.3" port: 41361 } }
I20260710 11:09:54.807544 12278 raft_consensus.cc:2468] T 2505c46012cc40cdadf09417b81e34ec P ddb3e68856d046129c8aa4de2088fdfc [term 0 FOLLOWER]: Leader pre-election vote request: Granting yes vote for candidate 437a42454bf544948c063c1c812e45aa in term 0.
I20260710 11:09:54.807866 12471 raft_consensus.cc:385] T c5ecd74578ee4d39980f669d1935cbef P ddb3e68856d046129c8aa4de2088fdfc [term 0 FOLLOWER]: Consensus starting up: Expiring failure detector timer to make a prompt election more likely
I20260710 11:09:54.808147 12471 raft_consensus.cc:740] T c5ecd74578ee4d39980f669d1935cbef P ddb3e68856d046129c8aa4de2088fdfc [term 0 FOLLOWER]: Becoming Follower/Learner. State: Replica: ddb3e68856d046129c8aa4de2088fdfc, State: Initialized, Role: FOLLOWER
I20260710 11:09:54.808748 12471 consensus_queue.cc:260] T c5ecd74578ee4d39980f669d1935cbef P ddb3e68856d046129c8aa4de2088fdfc [NON_LEADER]: Queue going to NON_LEADER mode. State: All replicated index: 0, Majority replicated index: 0, Committed index: 0, Last appended: 0.0, Last appended by leader: 0, Current term: 0, Majority size: -1, State: 0, Mode: NON_LEADER, active raft config: opid_index: -1 OBSOLETE_local: false peers { permanent_uuid: "ddb3e68856d046129c8aa4de2088fdfc" member_type: VOTER last_known_addr { host: "127.10.230.1" port: 43759 } } peers { permanent_uuid: "437a42454bf544948c063c1c812e45aa" member_type: VOTER last_known_addr { host: "127.10.230.2" port: 44463 } } peers { permanent_uuid: "4456b6de5eaa4a77b71cf09a4032060d" member_type: VOTER last_known_addr { host: "127.10.230.3" port: 41361 } }
I20260710 11:09:54.809011 12320 leader_election.cc:304] T 2505c46012cc40cdadf09417b81e34ec P 437a42454bf544948c063c1c812e45aa [CANDIDATE]: Term 1 pre-election: Election decided. Result: candidate won. Election summary: received 3 responses out of 3 voters: 2 yes votes; 1 no votes. yes voters: 437a42454bf544948c063c1c812e45aa, ddb3e68856d046129c8aa4de2088fdfc; no voters: 4456b6de5eaa4a77b71cf09a4032060d
I20260710 11:09:54.811529 12471 ts_tablet_manager.cc:1434] T c5ecd74578ee4d39980f669d1935cbef P ddb3e68856d046129c8aa4de2088fdfc: Time spent starting tablet: real 0.007s	user 0.008s	sys 0.000s
I20260710 11:09:54.812393 12471 tablet_bootstrap.cc:492] T f694f02ed449477fab7e73d77df2e411 P ddb3e68856d046129c8aa4de2088fdfc: Bootstrap starting.
I20260710 11:09:54.816267 12469 tablet_bootstrap.cc:492] T a5714ea96ae64ec4aca1ed442433521d P 4456b6de5eaa4a77b71cf09a4032060d: No bootstrap required, opened a new log
I20260710 11:09:54.816681 12469 ts_tablet_manager.cc:1403] T a5714ea96ae64ec4aca1ed442433521d P 4456b6de5eaa4a77b71cf09a4032060d: Time spent bootstrapping tablet: real 0.103s	user 0.035s	sys 0.056s
I20260710 11:09:54.818323 12471 tablet_bootstrap.cc:654] T f694f02ed449477fab7e73d77df2e411 P ddb3e68856d046129c8aa4de2088fdfc: Neither blocks nor log segments found. Creating new log.
I20260710 11:09:54.818643 12469 raft_consensus.cc:359] T a5714ea96ae64ec4aca1ed442433521d P 4456b6de5eaa4a77b71cf09a4032060d [term 0 FOLLOWER]: Replica starting. Triggering 0 pending ops. Active config: opid_index: -1 OBSOLETE_local: false peers { permanent_uuid: "ddb3e68856d046129c8aa4de2088fdfc" member_type: VOTER last_known_addr { host: "127.10.230.1" port: 43759 } } peers { permanent_uuid: "437a42454bf544948c063c1c812e45aa" member_type: VOTER last_known_addr { host: "127.10.230.2" port: 44463 } } peers { permanent_uuid: "4456b6de5eaa4a77b71cf09a4032060d" member_type: VOTER last_known_addr { host: "127.10.230.3" port: 41361 } }
I20260710 11:09:54.819161 12469 raft_consensus.cc:385] T a5714ea96ae64ec4aca1ed442433521d P 4456b6de5eaa4a77b71cf09a4032060d [term 0 FOLLOWER]: Consensus starting up: Expiring failure detector timer to make a prompt election more likely
I20260710 11:09:54.819466 12512 raft_consensus.cc:2804] T 2505c46012cc40cdadf09417b81e34ec P 437a42454bf544948c063c1c812e45aa [term 0 FOLLOWER]: Leader pre-election won for term 1
I20260710 11:09:54.819725 12469 raft_consensus.cc:740] T a5714ea96ae64ec4aca1ed442433521d P 4456b6de5eaa4a77b71cf09a4032060d [term 0 FOLLOWER]: Becoming Follower/Learner. State: Replica: 4456b6de5eaa4a77b71cf09a4032060d, State: Initialized, Role: FOLLOWER
I20260710 11:09:54.819995 12512 raft_consensus.cc:493] T 2505c46012cc40cdadf09417b81e34ec P 437a42454bf544948c063c1c812e45aa [term 0 FOLLOWER]: Starting leader election (no leader contacted us within the election timeout)
I20260710 11:09:54.820436 12512 raft_consensus.cc:3060] T 2505c46012cc40cdadf09417b81e34ec P 437a42454bf544948c063c1c812e45aa [term 0 FOLLOWER]: Advancing to term 1
I20260710 11:09:54.820688 12469 consensus_queue.cc:260] T a5714ea96ae64ec4aca1ed442433521d P 4456b6de5eaa4a77b71cf09a4032060d [NON_LEADER]: Queue going to NON_LEADER mode. State: All replicated index: 0, Majority replicated index: 0, Committed index: 0, Last appended: 0.0, Last appended by leader: 0, Current term: 0, Majority size: -1, State: 0, Mode: NON_LEADER, active raft config: opid_index: -1 OBSOLETE_local: false peers { permanent_uuid: "ddb3e68856d046129c8aa4de2088fdfc" member_type: VOTER last_known_addr { host: "127.10.230.1" port: 43759 } } peers { permanent_uuid: "437a42454bf544948c063c1c812e45aa" member_type: VOTER last_known_addr { host: "127.10.230.2" port: 44463 } } peers { permanent_uuid: "4456b6de5eaa4a77b71cf09a4032060d" member_type: VOTER last_known_addr { host: "127.10.230.3" port: 41361 } }
I20260710 11:09:54.823467 12469 ts_tablet_manager.cc:1434] T a5714ea96ae64ec4aca1ed442433521d P 4456b6de5eaa4a77b71cf09a4032060d: Time spent starting tablet: real 0.006s	user 0.006s	sys 0.002s
I20260710 11:09:54.824597 12469 tablet_bootstrap.cc:492] T 8a73d77d83cc4b37bce3b349e35fdad8 P 4456b6de5eaa4a77b71cf09a4032060d: Bootstrap starting.
I20260710 11:09:54.827001 12536 raft_consensus.cc:493] T 4bc9949e29a14b609956b0acece0ea22 P 4456b6de5eaa4a77b71cf09a4032060d [term 0 FOLLOWER]: Starting pre-election (no leader contacted us within the election timeout)
I20260710 11:09:54.827502 12536 raft_consensus.cc:515] T 4bc9949e29a14b609956b0acece0ea22 P 4456b6de5eaa4a77b71cf09a4032060d [term 0 FOLLOWER]: Starting pre-election with config: opid_index: -1 OBSOLETE_local: false peers { permanent_uuid: "ddb3e68856d046129c8aa4de2088fdfc" member_type: VOTER last_known_addr { host: "127.10.230.1" port: 43759 } } peers { permanent_uuid: "437a42454bf544948c063c1c812e45aa" member_type: VOTER last_known_addr { host: "127.10.230.2" port: 44463 } } peers { permanent_uuid: "4456b6de5eaa4a77b71cf09a4032060d" member_type: VOTER last_known_addr { host: "127.10.230.3" port: 41361 } }
I20260710 11:09:54.829533 12536 leader_election.cc:290] T 4bc9949e29a14b609956b0acece0ea22 P 4456b6de5eaa4a77b71cf09a4032060d [CANDIDATE]: Term 1 pre-election: Requested pre-vote from peers ddb3e68856d046129c8aa4de2088fdfc (127.10.230.1:43759), 437a42454bf544948c063c1c812e45aa (127.10.230.2:44463)
I20260710 11:09:54.830641 12469 tablet_bootstrap.cc:654] T 8a73d77d83cc4b37bce3b349e35fdad8 P 4456b6de5eaa4a77b71cf09a4032060d: Neither blocks nor log segments found. Creating new log.
I20260710 11:09:54.831822 12280 tablet_service.cc:1917] Received RequestConsensusVote() RPC: tablet_id: "4bc9949e29a14b609956b0acece0ea22" candidate_uuid: "4456b6de5eaa4a77b71cf09a4032060d" candidate_term: 1 candidate_status { last_received { term: 0 index: 0 } } ignore_live_leader: false dest_uuid: "ddb3e68856d046129c8aa4de2088fdfc" is_pre_election: true
I20260710 11:09:54.831881 12353 tablet_service.cc:1917] Received RequestConsensusVote() RPC: tablet_id: "4bc9949e29a14b609956b0acece0ea22" candidate_uuid: "4456b6de5eaa4a77b71cf09a4032060d" candidate_term: 1 candidate_status { last_received { term: 0 index: 0 } } ignore_live_leader: false dest_uuid: "437a42454bf544948c063c1c812e45aa" is_pre_election: true
I20260710 11:09:54.832496 12280 raft_consensus.cc:2468] T 4bc9949e29a14b609956b0acece0ea22 P ddb3e68856d046129c8aa4de2088fdfc [term 0 FOLLOWER]: Leader pre-election vote request: Granting yes vote for candidate 4456b6de5eaa4a77b71cf09a4032060d in term 0.
I20260710 11:09:54.832803 12353 raft_consensus.cc:2468] T 4bc9949e29a14b609956b0acece0ea22 P 437a42454bf544948c063c1c812e45aa [term 0 FOLLOWER]: Leader pre-election vote request: Granting yes vote for candidate 4456b6de5eaa4a77b71cf09a4032060d in term 0.
I20260710 11:09:54.834316 12394 leader_election.cc:304] T 4bc9949e29a14b609956b0acece0ea22 P 4456b6de5eaa4a77b71cf09a4032060d [CANDIDATE]: Term 1 pre-election: Election decided. Result: candidate won. Election summary: received 2 responses out of 3 voters: 2 yes votes; 0 no votes. yes voters: 4456b6de5eaa4a77b71cf09a4032060d, ddb3e68856d046129c8aa4de2088fdfc; no voters: 
I20260710 11:09:54.835903 12498 raft_consensus.cc:2804] T 4bc9949e29a14b609956b0acece0ea22 P 4456b6de5eaa4a77b71cf09a4032060d [term 0 FOLLOWER]: Leader pre-election won for term 1
I20260710 11:09:54.836279 12498 raft_consensus.cc:493] T 4bc9949e29a14b609956b0acece0ea22 P 4456b6de5eaa4a77b71cf09a4032060d [term 0 FOLLOWER]: Starting leader election (no leader contacted us within the election timeout)
I20260710 11:09:54.836593 12498 raft_consensus.cc:3060] T 4bc9949e29a14b609956b0acece0ea22 P 4456b6de5eaa4a77b71cf09a4032060d [term 0 FOLLOWER]: Advancing to term 1
I20260710 11:09:54.845005 12498 raft_consensus.cc:515] T 4bc9949e29a14b609956b0acece0ea22 P 4456b6de5eaa4a77b71cf09a4032060d [term 1 FOLLOWER]: Starting leader election with config: opid_index: -1 OBSOLETE_local: false peers { permanent_uuid: "ddb3e68856d046129c8aa4de2088fdfc" member_type: VOTER last_known_addr { host: "127.10.230.1" port: 43759 } } peers { permanent_uuid: "437a42454bf544948c063c1c812e45aa" member_type: VOTER last_known_addr { host: "127.10.230.2" port: 44463 } } peers { permanent_uuid: "4456b6de5eaa4a77b71cf09a4032060d" member_type: VOTER last_known_addr { host: "127.10.230.3" port: 41361 } }
I20260710 11:09:54.848851 12280 tablet_service.cc:1917] Received RequestConsensusVote() RPC: tablet_id: "4bc9949e29a14b609956b0acece0ea22" candidate_uuid: "4456b6de5eaa4a77b71cf09a4032060d" candidate_term: 1 candidate_status { last_received { term: 0 index: 0 } } ignore_live_leader: false dest_uuid: "ddb3e68856d046129c8aa4de2088fdfc"
I20260710 11:09:54.849609 12280 raft_consensus.cc:3060] T 4bc9949e29a14b609956b0acece0ea22 P ddb3e68856d046129c8aa4de2088fdfc [term 0 FOLLOWER]: Advancing to term 1
I20260710 11:09:54.855904 12537 consensus_queue.cc:1048] T 820b6037abf24774ad351334284c6bd6 P ddb3e68856d046129c8aa4de2088fdfc [LEADER]: Connected to new peer: Peer: permanent_uuid: "4456b6de5eaa4a77b71cf09a4032060d" member_type: VOTER last_known_addr { host: "127.10.230.3" port: 41361 }, Status: LMP_MISMATCH, Last received: 0.0, Next index: 1, Last known committed idx: 0, Time since last communication: 0.000s
I20260710 11:09:54.859088 12280 raft_consensus.cc:2468] T 4bc9949e29a14b609956b0acece0ea22 P ddb3e68856d046129c8aa4de2088fdfc [term 1 FOLLOWER]: Leader election vote request: Granting yes vote for candidate 4456b6de5eaa4a77b71cf09a4032060d in term 1.
I20260710 11:09:54.860342 12394 leader_election.cc:304] T 4bc9949e29a14b609956b0acece0ea22 P 4456b6de5eaa4a77b71cf09a4032060d [CANDIDATE]: Term 1 election: Election decided. Result: candidate won. Election summary: received 2 responses out of 3 voters: 2 yes votes; 0 no votes. yes voters: 4456b6de5eaa4a77b71cf09a4032060d, ddb3e68856d046129c8aa4de2088fdfc; no voters: 
I20260710 11:09:54.860553 12512 raft_consensus.cc:515] T 2505c46012cc40cdadf09417b81e34ec P 437a42454bf544948c063c1c812e45aa [term 1 FOLLOWER]: Starting leader election with config: opid_index: -1 OBSOLETE_local: false peers { permanent_uuid: "ddb3e68856d046129c8aa4de2088fdfc" member_type: VOTER last_known_addr { host: "127.10.230.1" port: 43759 } } peers { permanent_uuid: "437a42454bf544948c063c1c812e45aa" member_type: VOTER last_known_addr { host: "127.10.230.2" port: 44463 } } peers { permanent_uuid: "4456b6de5eaa4a77b71cf09a4032060d" member_type: VOTER last_known_addr { host: "127.10.230.3" port: 41361 } }
I20260710 11:09:54.861254 12536 raft_consensus.cc:2804] T 4bc9949e29a14b609956b0acece0ea22 P 4456b6de5eaa4a77b71cf09a4032060d [term 1 FOLLOWER]: Leader election won for term 1
I20260710 11:09:54.861713 12536 raft_consensus.cc:697] T 4bc9949e29a14b609956b0acece0ea22 P 4456b6de5eaa4a77b71cf09a4032060d [term 1 LEADER]: Becoming Leader. State: Replica: 4456b6de5eaa4a77b71cf09a4032060d, State: Running, Role: LEADER
I20260710 11:09:54.862576 12498 leader_election.cc:290] T 4bc9949e29a14b609956b0acece0ea22 P 4456b6de5eaa4a77b71cf09a4032060d [CANDIDATE]: Term 1 election: Requested vote from peers ddb3e68856d046129c8aa4de2088fdfc (127.10.230.1:43759), 437a42454bf544948c063c1c812e45aa (127.10.230.2:44463)
I20260710 11:09:54.862531 12353 tablet_service.cc:1917] Received RequestConsensusVote() RPC: tablet_id: "4bc9949e29a14b609956b0acece0ea22" candidate_uuid: "4456b6de5eaa4a77b71cf09a4032060d" candidate_term: 1 candidate_status { last_received { term: 0 index: 0 } } ignore_live_leader: false dest_uuid: "437a42454bf544948c063c1c812e45aa"
I20260710 11:09:54.864069 12353 raft_consensus.cc:3060] T 4bc9949e29a14b609956b0acece0ea22 P 437a42454bf544948c063c1c812e45aa [term 0 FOLLOWER]: Advancing to term 1
I20260710 11:09:54.863919 12478 consensus_queue.cc:1048] T 98b01985dbf24b328625b05fc6b42161 P 437a42454bf544948c063c1c812e45aa [LEADER]: Connected to new peer: Peer: permanent_uuid: "4456b6de5eaa4a77b71cf09a4032060d" member_type: VOTER last_known_addr { host: "127.10.230.3" port: 41361 }, Status: LMP_MISMATCH, Last received: 0.0, Next index: 1, Last known committed idx: 0, Time since last communication: 0.001s
I20260710 11:09:54.862604 12536 consensus_queue.cc:237] T 4bc9949e29a14b609956b0acece0ea22 P 4456b6de5eaa4a77b71cf09a4032060d [LEADER]: Queue going to LEADER mode. State: All replicated index: 0, Majority replicated index: 0, Committed index: 0, Last appended: 0.0, Last appended by leader: 0, Current term: 1, Majority size: 2, State: 0, Mode: LEADER, active raft config: opid_index: -1 OBSOLETE_local: false peers { permanent_uuid: "ddb3e68856d046129c8aa4de2088fdfc" member_type: VOTER last_known_addr { host: "127.10.230.1" port: 43759 } } peers { permanent_uuid: "437a42454bf544948c063c1c812e45aa" member_type: VOTER last_known_addr { host: "127.10.230.2" port: 44463 } } peers { permanent_uuid: "4456b6de5eaa4a77b71cf09a4032060d" member_type: VOTER last_known_addr { host: "127.10.230.3" port: 41361 } }
I20260710 11:09:54.877022 12353 raft_consensus.cc:2468] T 4bc9949e29a14b609956b0acece0ea22 P 437a42454bf544948c063c1c812e45aa [term 1 FOLLOWER]: Leader election vote request: Granting yes vote for candidate 4456b6de5eaa4a77b71cf09a4032060d in term 1.
I20260710 11:09:54.881826 12429 tablet_service.cc:1917] Received RequestConsensusVote() RPC: tablet_id: "2505c46012cc40cdadf09417b81e34ec" candidate_uuid: "437a42454bf544948c063c1c812e45aa" candidate_term: 1 candidate_status { last_received { term: 0 index: 0 } } ignore_live_leader: false dest_uuid: "4456b6de5eaa4a77b71cf09a4032060d"
W20260710 11:09:54.883244 12318 leader_election.cc:343] T 2505c46012cc40cdadf09417b81e34ec P 437a42454bf544948c063c1c812e45aa [CANDIDATE]: Term 1 election: Tablet error from VoteRequest() call to peer 4456b6de5eaa4a77b71cf09a4032060d (127.10.230.3:41361): Illegal state: must be running to vote when last-logged opid is not known
I20260710 11:09:54.894312 12512 leader_election.cc:290] T 2505c46012cc40cdadf09417b81e34ec P 437a42454bf544948c063c1c812e45aa [CANDIDATE]: Term 1 election: Requested vote from peers ddb3e68856d046129c8aa4de2088fdfc (127.10.230.1:43759), 4456b6de5eaa4a77b71cf09a4032060d (127.10.230.3:41361)
I20260710 11:09:54.895568 12280 tablet_service.cc:1917] Received RequestConsensusVote() RPC: tablet_id: "2505c46012cc40cdadf09417b81e34ec" candidate_uuid: "437a42454bf544948c063c1c812e45aa" candidate_term: 1 candidate_status { last_received { term: 0 index: 0 } } ignore_live_leader: false dest_uuid: "ddb3e68856d046129c8aa4de2088fdfc"
I20260710 11:09:54.896411 12471 tablet_bootstrap.cc:492] T f694f02ed449477fab7e73d77df2e411 P ddb3e68856d046129c8aa4de2088fdfc: No bootstrap required, opened a new log
I20260710 11:09:54.896334 12280 raft_consensus.cc:3060] T 2505c46012cc40cdadf09417b81e34ec P ddb3e68856d046129c8aa4de2088fdfc [term 0 FOLLOWER]: Advancing to term 1
I20260710 11:09:54.896932 12471 ts_tablet_manager.cc:1403] T f694f02ed449477fab7e73d77df2e411 P ddb3e68856d046129c8aa4de2088fdfc: Time spent bootstrapping tablet: real 0.085s	user 0.022s	sys 0.028s
I20260710 11:09:54.898059 12470 tablet_bootstrap.cc:492] T f694f02ed449477fab7e73d77df2e411 P 437a42454bf544948c063c1c812e45aa: No bootstrap required, opened a new log
I20260710 11:09:54.898494 12470 ts_tablet_manager.cc:1403] T f694f02ed449477fab7e73d77df2e411 P 437a42454bf544948c063c1c812e45aa: Time spent bootstrapping tablet: real 0.105s	user 0.020s	sys 0.012s
I20260710 11:09:54.899065 12471 raft_consensus.cc:359] T f694f02ed449477fab7e73d77df2e411 P ddb3e68856d046129c8aa4de2088fdfc [term 0 FOLLOWER]: Replica starting. Triggering 0 pending ops. Active config: opid_index: -1 OBSOLETE_local: false peers { permanent_uuid: "ddb3e68856d046129c8aa4de2088fdfc" member_type: VOTER last_known_addr { host: "127.10.230.1" port: 43759 } } peers { permanent_uuid: "437a42454bf544948c063c1c812e45aa" member_type: VOTER last_known_addr { host: "127.10.230.2" port: 44463 } } peers { permanent_uuid: "4456b6de5eaa4a77b71cf09a4032060d" member_type: VOTER last_known_addr { host: "127.10.230.3" port: 41361 } }
I20260710 11:09:54.899731 12471 raft_consensus.cc:385] T f694f02ed449477fab7e73d77df2e411 P ddb3e68856d046129c8aa4de2088fdfc [term 0 FOLLOWER]: Consensus starting up: Expiring failure detector timer to make a prompt election more likely
I20260710 11:09:54.899988 12471 raft_consensus.cc:740] T f694f02ed449477fab7e73d77df2e411 P ddb3e68856d046129c8aa4de2088fdfc [term 0 FOLLOWER]: Becoming Follower/Learner. State: Replica: ddb3e68856d046129c8aa4de2088fdfc, State: Initialized, Role: FOLLOWER
I20260710 11:09:54.900400 12469 tablet_bootstrap.cc:492] T 8a73d77d83cc4b37bce3b349e35fdad8 P 4456b6de5eaa4a77b71cf09a4032060d: No bootstrap required, opened a new log
I20260710 11:09:54.900840 12469 ts_tablet_manager.cc:1403] T 8a73d77d83cc4b37bce3b349e35fdad8 P 4456b6de5eaa4a77b71cf09a4032060d: Time spent bootstrapping tablet: real 0.077s	user 0.019s	sys 0.022s
I20260710 11:09:54.900624 12471 consensus_queue.cc:260] T f694f02ed449477fab7e73d77df2e411 P ddb3e68856d046129c8aa4de2088fdfc [NON_LEADER]: Queue going to NON_LEADER mode. State: All replicated index: 0, Majority replicated index: 0, Committed index: 0, Last appended: 0.0, Last appended by leader: 0, Current term: 0, Majority size: -1, State: 0, Mode: NON_LEADER, active raft config: opid_index: -1 OBSOLETE_local: false peers { permanent_uuid: "ddb3e68856d046129c8aa4de2088fdfc" member_type: VOTER last_known_addr { host: "127.10.230.1" port: 43759 } } peers { permanent_uuid: "437a42454bf544948c063c1c812e45aa" member_type: VOTER last_known_addr { host: "127.10.230.2" port: 44463 } } peers { permanent_uuid: "4456b6de5eaa4a77b71cf09a4032060d" member_type: VOTER last_known_addr { host: "127.10.230.3" port: 41361 } }
I20260710 11:09:54.903525 12469 raft_consensus.cc:359] T 8a73d77d83cc4b37bce3b349e35fdad8 P 4456b6de5eaa4a77b71cf09a4032060d [term 0 FOLLOWER]: Replica starting. Triggering 0 pending ops. Active config: opid_index: -1 OBSOLETE_local: false peers { permanent_uuid: "ddb3e68856d046129c8aa4de2088fdfc" member_type: VOTER last_known_addr { host: "127.10.230.1" port: 43759 } } peers { permanent_uuid: "437a42454bf544948c063c1c812e45aa" member_type: VOTER last_known_addr { host: "127.10.230.2" port: 44463 } } peers { permanent_uuid: "4456b6de5eaa4a77b71cf09a4032060d" member_type: VOTER last_known_addr { host: "127.10.230.3" port: 41361 } }
I20260710 11:09:54.904227 12469 raft_consensus.cc:385] T 8a73d77d83cc4b37bce3b349e35fdad8 P 4456b6de5eaa4a77b71cf09a4032060d [term 0 FOLLOWER]: Consensus starting up: Expiring failure detector timer to make a prompt election more likely
I20260710 11:09:54.904471 12280 raft_consensus.cc:2468] T 2505c46012cc40cdadf09417b81e34ec P ddb3e68856d046129c8aa4de2088fdfc [term 1 FOLLOWER]: Leader election vote request: Granting yes vote for candidate 437a42454bf544948c063c1c812e45aa in term 1.
I20260710 11:09:54.905643 12320 leader_election.cc:304] T 2505c46012cc40cdadf09417b81e34ec P 437a42454bf544948c063c1c812e45aa [CANDIDATE]: Term 1 election: Election decided. Result: candidate won. Election summary: received 3 responses out of 3 voters: 2 yes votes; 1 no votes. yes voters: 437a42454bf544948c063c1c812e45aa, ddb3e68856d046129c8aa4de2088fdfc; no voters: 4456b6de5eaa4a77b71cf09a4032060d
I20260710 11:09:54.906430 12512 raft_consensus.cc:2804] T 2505c46012cc40cdadf09417b81e34ec P 437a42454bf544948c063c1c812e45aa [term 1 FOLLOWER]: Leader election won for term 1
I20260710 11:09:54.904531 12469 raft_consensus.cc:740] T 8a73d77d83cc4b37bce3b349e35fdad8 P 4456b6de5eaa4a77b71cf09a4032060d [term 0 FOLLOWER]: Becoming Follower/Learner. State: Replica: 4456b6de5eaa4a77b71cf09a4032060d, State: Initialized, Role: FOLLOWER
I20260710 11:09:54.906873 12512 raft_consensus.cc:697] T 2505c46012cc40cdadf09417b81e34ec P 437a42454bf544948c063c1c812e45aa [term 1 LEADER]: Becoming Leader. State: Replica: 437a42454bf544948c063c1c812e45aa, State: Running, Role: LEADER
I20260710 11:09:54.907191 12469 consensus_queue.cc:260] T 8a73d77d83cc4b37bce3b349e35fdad8 P 4456b6de5eaa4a77b71cf09a4032060d [NON_LEADER]: Queue going to NON_LEADER mode. State: All replicated index: 0, Majority replicated index: 0, Committed index: 0, Last appended: 0.0, Last appended by leader: 0, Current term: 0, Majority size: -1, State: 0, Mode: NON_LEADER, active raft config: opid_index: -1 OBSOLETE_local: false peers { permanent_uuid: "ddb3e68856d046129c8aa4de2088fdfc" member_type: VOTER last_known_addr { host: "127.10.230.1" port: 43759 } } peers { permanent_uuid: "437a42454bf544948c063c1c812e45aa" member_type: VOTER last_known_addr { host: "127.10.230.2" port: 44463 } } peers { permanent_uuid: "4456b6de5eaa4a77b71cf09a4032060d" member_type: VOTER last_known_addr { host: "127.10.230.3" port: 41361 } }
I20260710 11:09:54.909508 12471 ts_tablet_manager.cc:1434] T f694f02ed449477fab7e73d77df2e411 P ddb3e68856d046129c8aa4de2088fdfc: Time spent starting tablet: real 0.012s	user 0.004s	sys 0.003s
I20260710 11:09:54.910382 12471 tablet_bootstrap.cc:492] T 289741b880ce46d99163825c208cd0ef P ddb3e68856d046129c8aa4de2088fdfc: Bootstrap starting.
I20260710 11:09:54.910678 12469 ts_tablet_manager.cc:1434] T 8a73d77d83cc4b37bce3b349e35fdad8 P 4456b6de5eaa4a77b71cf09a4032060d: Time spent starting tablet: real 0.009s	user 0.006s	sys 0.000s
I20260710 11:09:54.911644 12469 tablet_bootstrap.cc:492] T f7ff70fbd80241258f0cb1dba5677872 P 4456b6de5eaa4a77b71cf09a4032060d: Bootstrap starting.
I20260710 11:09:54.914583 12534 consensus_queue.cc:1048] T 820b6037abf24774ad351334284c6bd6 P ddb3e68856d046129c8aa4de2088fdfc [LEADER]: Connected to new peer: Peer: permanent_uuid: "437a42454bf544948c063c1c812e45aa" member_type: VOTER last_known_addr { host: "127.10.230.2" port: 44463 }, Status: LMP_MISMATCH, Last received: 0.0, Next index: 1, Last known committed idx: 0, Time since last communication: 0.000s
I20260710 11:09:54.916028 12471 tablet_bootstrap.cc:654] T 289741b880ce46d99163825c208cd0ef P ddb3e68856d046129c8aa4de2088fdfc: Neither blocks nor log segments found. Creating new log.
I20260710 11:09:54.917544 12469 tablet_bootstrap.cc:654] T f7ff70fbd80241258f0cb1dba5677872 P 4456b6de5eaa4a77b71cf09a4032060d: Neither blocks nor log segments found. Creating new log.
I20260710 11:09:54.920028 12178 catalog_manager.cc:5697] T 4bc9949e29a14b609956b0acece0ea22 P 4456b6de5eaa4a77b71cf09a4032060d reported cstate change: term changed from 0 to 1, leader changed from <none> to 4456b6de5eaa4a77b71cf09a4032060d (127.10.230.3). New cstate: current_term: 1 leader_uuid: "4456b6de5eaa4a77b71cf09a4032060d" committed_config { opid_index: -1 OBSOLETE_local: false peers { permanent_uuid: "ddb3e68856d046129c8aa4de2088fdfc" member_type: VOTER last_known_addr { host: "127.10.230.1" port: 43759 } health_report { overall_health: UNKNOWN } } peers { permanent_uuid: "437a42454bf544948c063c1c812e45aa" member_type: VOTER last_known_addr { host: "127.10.230.2" port: 44463 } health_report { overall_health: UNKNOWN } } peers { permanent_uuid: "4456b6de5eaa4a77b71cf09a4032060d" member_type: VOTER last_known_addr { host: "127.10.230.3" port: 41361 } health_report { overall_health: HEALTHY } } }
I20260710 11:09:54.907796 12512 consensus_queue.cc:237] T 2505c46012cc40cdadf09417b81e34ec P 437a42454bf544948c063c1c812e45aa [LEADER]: Queue going to LEADER mode. State: All replicated index: 0, Majority replicated index: 0, Committed index: 0, Last appended: 0.0, Last appended by leader: 0, Current term: 1, Majority size: 2, State: 0, Mode: LEADER, active raft config: opid_index: -1 OBSOLETE_local: false peers { permanent_uuid: "ddb3e68856d046129c8aa4de2088fdfc" member_type: VOTER last_known_addr { host: "127.10.230.1" port: 43759 } } peers { permanent_uuid: "437a42454bf544948c063c1c812e45aa" member_type: VOTER last_known_addr { host: "127.10.230.2" port: 44463 } } peers { permanent_uuid: "4456b6de5eaa4a77b71cf09a4032060d" member_type: VOTER last_known_addr { host: "127.10.230.3" port: 41361 } }
I20260710 11:09:54.943027 12470 raft_consensus.cc:359] T f694f02ed449477fab7e73d77df2e411 P 437a42454bf544948c063c1c812e45aa [term 0 FOLLOWER]: Replica starting. Triggering 0 pending ops. Active config: opid_index: -1 OBSOLETE_local: false peers { permanent_uuid: "ddb3e68856d046129c8aa4de2088fdfc" member_type: VOTER last_known_addr { host: "127.10.230.1" port: 43759 } } peers { permanent_uuid: "437a42454bf544948c063c1c812e45aa" member_type: VOTER last_known_addr { host: "127.10.230.2" port: 44463 } } peers { permanent_uuid: "4456b6de5eaa4a77b71cf09a4032060d" member_type: VOTER last_known_addr { host: "127.10.230.3" port: 41361 } }
I20260710 11:09:54.943892 12470 raft_consensus.cc:385] T f694f02ed449477fab7e73d77df2e411 P 437a42454bf544948c063c1c812e45aa [term 0 FOLLOWER]: Consensus starting up: Expiring failure detector timer to make a prompt election more likely
I20260710 11:09:54.944177 12470 raft_consensus.cc:740] T f694f02ed449477fab7e73d77df2e411 P 437a42454bf544948c063c1c812e45aa [term 0 FOLLOWER]: Becoming Follower/Learner. State: Replica: 437a42454bf544948c063c1c812e45aa, State: Initialized, Role: FOLLOWER
I20260710 11:09:54.949623 12469 tablet_bootstrap.cc:492] T f7ff70fbd80241258f0cb1dba5677872 P 4456b6de5eaa4a77b71cf09a4032060d: No bootstrap required, opened a new log
I20260710 11:09:54.950304 12469 ts_tablet_manager.cc:1403] T f7ff70fbd80241258f0cb1dba5677872 P 4456b6de5eaa4a77b71cf09a4032060d: Time spent bootstrapping tablet: real 0.039s	user 0.014s	sys 0.007s
I20260710 11:09:54.953677 12469 raft_consensus.cc:359] T f7ff70fbd80241258f0cb1dba5677872 P 4456b6de5eaa4a77b71cf09a4032060d [term 0 FOLLOWER]: Replica starting. Triggering 0 pending ops. Active config: opid_index: -1 OBSOLETE_local: false peers { permanent_uuid: "ddb3e68856d046129c8aa4de2088fdfc" member_type: VOTER last_known_addr { host: "127.10.230.1" port: 43759 } } peers { permanent_uuid: "437a42454bf544948c063c1c812e45aa" member_type: VOTER last_known_addr { host: "127.10.230.2" port: 44463 } } peers { permanent_uuid: "4456b6de5eaa4a77b71cf09a4032060d" member_type: VOTER last_known_addr { host: "127.10.230.3" port: 41361 } }
I20260710 11:09:54.954654 12469 raft_consensus.cc:385] T f7ff70fbd80241258f0cb1dba5677872 P 4456b6de5eaa4a77b71cf09a4032060d [term 0 FOLLOWER]: Consensus starting up: Expiring failure detector timer to make a prompt election more likely
I20260710 11:09:54.955060 12469 raft_consensus.cc:740] T f7ff70fbd80241258f0cb1dba5677872 P 4456b6de5eaa4a77b71cf09a4032060d [term 0 FOLLOWER]: Becoming Follower/Learner. State: Replica: 4456b6de5eaa4a77b71cf09a4032060d, State: Initialized, Role: FOLLOWER
I20260710 11:09:54.955578 12470 consensus_queue.cc:260] T f694f02ed449477fab7e73d77df2e411 P 437a42454bf544948c063c1c812e45aa [NON_LEADER]: Queue going to NON_LEADER mode. State: All replicated index: 0, Majority replicated index: 0, Committed index: 0, Last appended: 0.0, Last appended by leader: 0, Current term: 0, Majority size: -1, State: 0, Mode: NON_LEADER, active raft config: opid_index: -1 OBSOLETE_local: false peers { permanent_uuid: "ddb3e68856d046129c8aa4de2088fdfc" member_type: VOTER last_known_addr { host: "127.10.230.1" port: 43759 } } peers { permanent_uuid: "437a42454bf544948c063c1c812e45aa" member_type: VOTER last_known_addr { host: "127.10.230.2" port: 44463 } } peers { permanent_uuid: "4456b6de5eaa4a77b71cf09a4032060d" member_type: VOTER last_known_addr { host: "127.10.230.3" port: 41361 } }
I20260710 11:09:54.960390 12470 ts_tablet_manager.cc:1434] T f694f02ed449477fab7e73d77df2e411 P 437a42454bf544948c063c1c812e45aa: Time spent starting tablet: real 0.062s	user 0.006s	sys 0.003s
I20260710 11:09:54.961589 12470 tablet_bootstrap.cc:492] T a5714ea96ae64ec4aca1ed442433521d P 437a42454bf544948c063c1c812e45aa: Bootstrap starting.
I20260710 11:09:54.957510 12355 raft_consensus.cc:3060] T a02a16440e6c4a078c613ac5715d3dc9 P 437a42454bf544948c063c1c812e45aa [term 0 FOLLOWER]: Advancing to term 1
