I20260710 11:09:54.068676  6819 tablet_bootstrap.cc:654] T a436454416c841ecab82810f47f07031 P 2b5e9f4258c54d15a8fd96a642925935: Neither blocks nor log segments found. Creating new log.
I20260710 11:09:54.068646  6820 consensus_queue.cc:260] T 6a444bcd9af5450392da910bda7a0e26 P 4260b5133723434d959e740289cffb40 [NON_LEADER]: Queue going to NON_LEADER mode. State: All replicated index: 0, Majority replicated index: 0, Committed index: 0, Last appended: 0.0, Last appended by leader: 0, Current term: 0, Majority size: -1, State: 0, Mode: NON_LEADER, active raft config: opid_index: -1 OBSOLETE_local: false peers { permanent_uuid: "2b5e9f4258c54d15a8fd96a642925935" member_type: VOTER last_known_addr { host: "127.5.99.193" port: 39855 } } peers { permanent_uuid: "6c801aa808154c45b766246b98d59b56" member_type: VOTER last_known_addr { host: "127.5.99.194" port: 33215 } } peers { permanent_uuid: "4260b5133723434d959e740289cffb40" member_type: VOTER last_known_addr { host: "127.5.99.195" port: 37209 } }
I20260710 11:09:54.070891  6820 ts_tablet_manager.cc:1434] T 6a444bcd9af5450392da910bda7a0e26 P 4260b5133723434d959e740289cffb40: Time spent starting tablet: real 0.006s	user 0.006s	sys 0.001s
I20260710 11:09:54.071753  6820 tablet_bootstrap.cc:492] T 10332f165fa342c08fc71c0cc79552b2 P 4260b5133723434d959e740289cffb40: Bootstrap starting.
I20260710 11:09:54.077216  6820 tablet_bootstrap.cc:654] T 10332f165fa342c08fc71c0cc79552b2 P 4260b5133723434d959e740289cffb40: Neither blocks nor log segments found. Creating new log.
I20260710 11:09:54.089901  6820 tablet_bootstrap.cc:492] T 10332f165fa342c08fc71c0cc79552b2 P 4260b5133723434d959e740289cffb40: No bootstrap required, opened a new log
I20260710 11:09:54.090380  6820 ts_tablet_manager.cc:1403] T 10332f165fa342c08fc71c0cc79552b2 P 4260b5133723434d959e740289cffb40: Time spent bootstrapping tablet: real 0.019s	user 0.008s	sys 0.007s
I20260710 11:09:54.091415  6849 consensus_queue.cc:1048] T 9220657513314a0db0e29d4853bc9f58 P 2b5e9f4258c54d15a8fd96a642925935 [LEADER]: Connected to new peer: Peer: permanent_uuid: "6c801aa808154c45b766246b98d59b56" member_type: VOTER last_known_addr { host: "127.5.99.194" port: 33215 }, Status: LMP_MISMATCH, Last received: 0.0, Next index: 1, Last known committed idx: 0, Time since last communication: 0.000s
I20260710 11:09:54.093364  6820 raft_consensus.cc:359] T 10332f165fa342c08fc71c0cc79552b2 P 4260b5133723434d959e740289cffb40 [term 0 FOLLOWER]: Replica starting. Triggering 0 pending ops. Active config: opid_index: -1 OBSOLETE_local: false peers { permanent_uuid: "2b5e9f4258c54d15a8fd96a642925935" member_type: VOTER last_known_addr { host: "127.5.99.193" port: 39855 } } peers { permanent_uuid: "6c801aa808154c45b766246b98d59b56" member_type: VOTER last_known_addr { host: "127.5.99.194" port: 33215 } } peers { permanent_uuid: "4260b5133723434d959e740289cffb40" member_type: VOTER last_known_addr { host: "127.5.99.195" port: 37209 } }
I20260710 11:09:54.094062  6820 raft_consensus.cc:385] T 10332f165fa342c08fc71c0cc79552b2 P 4260b5133723434d959e740289cffb40 [term 0 FOLLOWER]: Consensus starting up: Expiring failure detector timer to make a prompt election more likely
I20260710 11:09:54.094331  6820 raft_consensus.cc:740] T 10332f165fa342c08fc71c0cc79552b2 P 4260b5133723434d959e740289cffb40 [term 0 FOLLOWER]: Becoming Follower/Learner. State: Replica: 4260b5133723434d959e740289cffb40, State: Initialized, Role: FOLLOWER
I20260710 11:09:54.094964  6820 consensus_queue.cc:260] T 10332f165fa342c08fc71c0cc79552b2 P 4260b5133723434d959e740289cffb40 [NON_LEADER]: Queue going to NON_LEADER mode. State: All replicated index: 0, Majority replicated index: 0, Committed index: 0, Last appended: 0.0, Last appended by leader: 0, Current term: 0, Majority size: -1, State: 0, Mode: NON_LEADER, active raft config: opid_index: -1 OBSOLETE_local: false peers { permanent_uuid: "2b5e9f4258c54d15a8fd96a642925935" member_type: VOTER last_known_addr { host: "127.5.99.193" port: 39855 } } peers { permanent_uuid: "6c801aa808154c45b766246b98d59b56" member_type: VOTER last_known_addr { host: "127.5.99.194" port: 33215 } } peers { permanent_uuid: "4260b5133723434d959e740289cffb40" member_type: VOTER last_known_addr { host: "127.5.99.195" port: 37209 } }
I20260710 11:09:54.095985  6925 raft_consensus.cc:493] T 10332f165fa342c08fc71c0cc79552b2 P 6c801aa808154c45b766246b98d59b56 [term 0 FOLLOWER]: Starting pre-election (no leader contacted us within the election timeout)
I20260710 11:09:54.096932  6925 raft_consensus.cc:515] T 10332f165fa342c08fc71c0cc79552b2 P 6c801aa808154c45b766246b98d59b56 [term 0 FOLLOWER]: Starting pre-election with config: opid_index: -1 OBSOLETE_local: false peers { permanent_uuid: "2b5e9f4258c54d15a8fd96a642925935" member_type: VOTER last_known_addr { host: "127.5.99.193" port: 39855 } } peers { permanent_uuid: "6c801aa808154c45b766246b98d59b56" member_type: VOTER last_known_addr { host: "127.5.99.194" port: 33215 } } peers { permanent_uuid: "4260b5133723434d959e740289cffb40" member_type: VOTER last_known_addr { host: "127.5.99.195" port: 37209 } }
I20260710 11:09:54.098975  6925 leader_election.cc:290] T 10332f165fa342c08fc71c0cc79552b2 P 6c801aa808154c45b766246b98d59b56 [CANDIDATE]: Term 1 pre-election: Requested pre-vote from peers 2b5e9f4258c54d15a8fd96a642925935 (127.5.99.193:39855), 4260b5133723434d959e740289cffb40 (127.5.99.195:37209)
I20260710 11:09:54.100108  6820 ts_tablet_manager.cc:1434] T 10332f165fa342c08fc71c0cc79552b2 P 4260b5133723434d959e740289cffb40: Time spent starting tablet: real 0.009s	user 0.006s	sys 0.000s
I20260710 11:09:54.100751  6630 tablet_service.cc:1917] Received RequestConsensusVote() RPC: tablet_id: "10332f165fa342c08fc71c0cc79552b2" candidate_uuid: "6c801aa808154c45b766246b98d59b56" candidate_term: 1 candidate_status { last_received { term: 0 index: 0 } } ignore_live_leader: false dest_uuid: "2b5e9f4258c54d15a8fd96a642925935" is_pre_election: true
I20260710 11:09:54.101046  6820 tablet_bootstrap.cc:492] T 2043b687f23c4fb4873acc535d554e57 P 4260b5133723434d959e740289cffb40: Bootstrap starting.
I20260710 11:09:54.101385  6630 raft_consensus.cc:2468] T 10332f165fa342c08fc71c0cc79552b2 P 2b5e9f4258c54d15a8fd96a642925935 [term 0 FOLLOWER]: Leader pre-election vote request: Granting yes vote for candidate 6c801aa808154c45b766246b98d59b56 in term 0.
I20260710 11:09:54.103688  6876 raft_consensus.cc:493] T 01fc579c42374305aecc6f0878adb507 P 4260b5133723434d959e740289cffb40 [term 0 FOLLOWER]: Starting pre-election (no leader contacted us within the election timeout)
I20260710 11:09:54.104149  6876 raft_consensus.cc:515] T 01fc579c42374305aecc6f0878adb507 P 4260b5133723434d959e740289cffb40 [term 0 FOLLOWER]: Starting pre-election with config: opid_index: -1 OBSOLETE_local: false peers { permanent_uuid: "2b5e9f4258c54d15a8fd96a642925935" member_type: VOTER last_known_addr { host: "127.5.99.193" port: 39855 } } peers { permanent_uuid: "6c801aa808154c45b766246b98d59b56" member_type: VOTER last_known_addr { host: "127.5.99.194" port: 33215 } } peers { permanent_uuid: "4260b5133723434d959e740289cffb40" member_type: VOTER last_known_addr { host: "127.5.99.195" port: 37209 } }
I20260710 11:09:54.106087  6876 leader_election.cc:290] T 01fc579c42374305aecc6f0878adb507 P 4260b5133723434d959e740289cffb40 [CANDIDATE]: Term 1 pre-election: Requested pre-vote from peers 2b5e9f4258c54d15a8fd96a642925935 (127.5.99.193:39855), 6c801aa808154c45b766246b98d59b56 (127.5.99.194:33215)
I20260710 11:09:54.107074  6779 tablet_service.cc:1917] Received RequestConsensusVote() RPC: tablet_id: "10332f165fa342c08fc71c0cc79552b2" candidate_uuid: "6c801aa808154c45b766246b98d59b56" candidate_term: 1 candidate_status { last_received { term: 0 index: 0 } } ignore_live_leader: false dest_uuid: "4260b5133723434d959e740289cffb40" is_pre_election: true
I20260710 11:09:54.103595  6671 leader_election.cc:304] T 10332f165fa342c08fc71c0cc79552b2 P 6c801aa808154c45b766246b98d59b56 [CANDIDATE]: Term 1 pre-election: Election decided. Result: candidate won. Election summary: received 2 responses out of 3 voters: 2 yes votes; 0 no votes. yes voters: 2b5e9f4258c54d15a8fd96a642925935, 6c801aa808154c45b766246b98d59b56; no voters: 
I20260710 11:09:54.107421  6820 tablet_bootstrap.cc:654] T 2043b687f23c4fb4873acc535d554e57 P 4260b5133723434d959e740289cffb40: Neither blocks nor log segments found. Creating new log.
I20260710 11:09:54.108846  6630 tablet_service.cc:1917] Received RequestConsensusVote() RPC: tablet_id: "01fc579c42374305aecc6f0878adb507" candidate_uuid: "4260b5133723434d959e740289cffb40" candidate_term: 1 candidate_status { last_received { term: 0 index: 0 } } ignore_live_leader: false dest_uuid: "2b5e9f4258c54d15a8fd96a642925935" is_pre_election: true
I20260710 11:09:54.108925  6702 tablet_service.cc:1917] Received RequestConsensusVote() RPC: tablet_id: "01fc579c42374305aecc6f0878adb507" candidate_uuid: "4260b5133723434d959e740289cffb40" candidate_term: 1 candidate_status { last_received { term: 0 index: 0 } } ignore_live_leader: false dest_uuid: "6c801aa808154c45b766246b98d59b56" is_pre_election: true
I20260710 11:09:54.109531  6630 raft_consensus.cc:2468] T 01fc579c42374305aecc6f0878adb507 P 2b5e9f4258c54d15a8fd96a642925935 [term 0 FOLLOWER]: Leader pre-election vote request: Granting yes vote for candidate 4260b5133723434d959e740289cffb40 in term 0.
I20260710 11:09:54.109655  6702 raft_consensus.cc:2468] T 01fc579c42374305aecc6f0878adb507 P 6c801aa808154c45b766246b98d59b56 [term 0 FOLLOWER]: Leader pre-election vote request: Granting yes vote for candidate 4260b5133723434d959e740289cffb40 in term 0.
I20260710 11:09:54.110890  6745 leader_election.cc:304] T 01fc579c42374305aecc6f0878adb507 P 4260b5133723434d959e740289cffb40 [CANDIDATE]: Term 1 pre-election: Election decided. Result: candidate won. Election summary: received 2 responses out of 3 voters: 2 yes votes; 0 no votes. yes voters: 2b5e9f4258c54d15a8fd96a642925935, 4260b5133723434d959e740289cffb40; no voters: 
I20260710 11:09:54.111204  6926 raft_consensus.cc:2804] T 10332f165fa342c08fc71c0cc79552b2 P 6c801aa808154c45b766246b98d59b56 [term 0 FOLLOWER]: Leader pre-election won for term 1
I20260710 11:09:54.111603  6926 raft_consensus.cc:493] T 10332f165fa342c08fc71c0cc79552b2 P 6c801aa808154c45b766246b98d59b56 [term 0 FOLLOWER]: Starting leader election (no leader contacted us within the election timeout)
I20260710 11:09:54.111872  6876 raft_consensus.cc:2804] T 01fc579c42374305aecc6f0878adb507 P 4260b5133723434d959e740289cffb40 [term 0 FOLLOWER]: Leader pre-election won for term 1
I20260710 11:09:54.112326  6876 raft_consensus.cc:493] T 01fc579c42374305aecc6f0878adb507 P 4260b5133723434d959e740289cffb40 [term 0 FOLLOWER]: Starting leader election (no leader contacted us within the election timeout)
I20260710 11:09:54.112648  6876 raft_consensus.cc:3060] T 01fc579c42374305aecc6f0878adb507 P 4260b5133723434d959e740289cffb40 [term 0 FOLLOWER]: Advancing to term 1
I20260710 11:09:54.111910  6926 raft_consensus.cc:3060] T 10332f165fa342c08fc71c0cc79552b2 P 6c801aa808154c45b766246b98d59b56 [term 0 FOLLOWER]: Advancing to term 1
I20260710 11:09:54.115623  6862 consensus_queue.cc:1048] T 11368bba8fcb4f08b4a0e7fd1f55bab7 P 6c801aa808154c45b766246b98d59b56 [LEADER]: Connected to new peer: Peer: permanent_uuid: "2b5e9f4258c54d15a8fd96a642925935" member_type: VOTER last_known_addr { host: "127.5.99.193" port: 39855 }, Status: LMP_MISMATCH, Last received: 0.0, Next index: 1, Last known committed idx: 0, Time since last communication: 0.000s
I20260710 11:09:54.117885  6779 raft_consensus.cc:2468] T 10332f165fa342c08fc71c0cc79552b2 P 4260b5133723434d959e740289cffb40 [term 0 FOLLOWER]: Leader pre-election vote request: Granting yes vote for candidate 6c801aa808154c45b766246b98d59b56 in term 0.
I20260710 11:09:54.119293  6876 raft_consensus.cc:515] T 01fc579c42374305aecc6f0878adb507 P 4260b5133723434d959e740289cffb40 [term 1 FOLLOWER]: Starting leader election with config: opid_index: -1 OBSOLETE_local: false peers { permanent_uuid: "2b5e9f4258c54d15a8fd96a642925935" member_type: VOTER last_known_addr { host: "127.5.99.193" port: 39855 } } peers { permanent_uuid: "6c801aa808154c45b766246b98d59b56" member_type: VOTER last_known_addr { host: "127.5.99.194" port: 33215 } } peers { permanent_uuid: "4260b5133723434d959e740289cffb40" member_type: VOTER last_known_addr { host: "127.5.99.195" port: 37209 } }
I20260710 11:09:54.122058  6630 tablet_service.cc:1917] Received RequestConsensusVote() RPC: tablet_id: "01fc579c42374305aecc6f0878adb507" candidate_uuid: "4260b5133723434d959e740289cffb40" candidate_term: 1 candidate_status { last_received { term: 0 index: 0 } } ignore_live_leader: false dest_uuid: "2b5e9f4258c54d15a8fd96a642925935"
I20260710 11:09:54.122735  6630 raft_consensus.cc:3060] T 01fc579c42374305aecc6f0878adb507 P 2b5e9f4258c54d15a8fd96a642925935 [term 0 FOLLOWER]: Advancing to term 1
I20260710 11:09:54.129878  6630 raft_consensus.cc:2468] T 01fc579c42374305aecc6f0878adb507 P 2b5e9f4258c54d15a8fd96a642925935 [term 1 FOLLOWER]: Leader election vote request: Granting yes vote for candidate 4260b5133723434d959e740289cffb40 in term 1.
I20260710 11:09:54.132351  6702 tablet_service.cc:1917] Received RequestConsensusVote() RPC: tablet_id: "01fc579c42374305aecc6f0878adb507" candidate_uuid: "4260b5133723434d959e740289cffb40" candidate_term: 1 candidate_status { last_received { term: 0 index: 0 } } ignore_live_leader: false dest_uuid: "6c801aa808154c45b766246b98d59b56"
I20260710 11:09:54.132941  6702 raft_consensus.cc:3060] T 01fc579c42374305aecc6f0878adb507 P 6c801aa808154c45b766246b98d59b56 [term 0 FOLLOWER]: Advancing to term 1
I20260710 11:09:54.133108  6745 leader_election.cc:304] T 01fc579c42374305aecc6f0878adb507 P 4260b5133723434d959e740289cffb40 [CANDIDATE]: Term 1 election: Election decided. Result: candidate won. Election summary: received 2 responses out of 3 voters: 2 yes votes; 0 no votes. yes voters: 2b5e9f4258c54d15a8fd96a642925935, 4260b5133723434d959e740289cffb40; no voters: 
I20260710 11:09:54.134097  6872 raft_consensus.cc:2804] T 01fc579c42374305aecc6f0878adb507 P 4260b5133723434d959e740289cffb40 [term 1 FOLLOWER]: Leader election won for term 1
I20260710 11:09:54.131583  6876 leader_election.cc:290] T 01fc579c42374305aecc6f0878adb507 P 4260b5133723434d959e740289cffb40 [CANDIDATE]: Term 1 election: Requested vote from peers 2b5e9f4258c54d15a8fd96a642925935 (127.5.99.193:39855), 6c801aa808154c45b766246b98d59b56 (127.5.99.194:33215)
I20260710 11:09:54.147423  6925 consensus_queue.cc:1048] T 11368bba8fcb4f08b4a0e7fd1f55bab7 P 6c801aa808154c45b766246b98d59b56 [LEADER]: Connected to new peer: Peer: permanent_uuid: "4260b5133723434d959e740289cffb40" member_type: VOTER last_known_addr { host: "127.5.99.195" port: 37209 }, Status: LMP_MISMATCH, Last received: 0.0, Next index: 1, Last known committed idx: 0, Time since last communication: 0.000s
I20260710 11:09:54.147836  6872 raft_consensus.cc:697] T 01fc579c42374305aecc6f0878adb507 P 4260b5133723434d959e740289cffb40 [term 1 LEADER]: Becoming Leader. State: Replica: 4260b5133723434d959e740289cffb40, State: Running, Role: LEADER
I20260710 11:09:54.148936  6872 consensus_queue.cc:237] T 01fc579c42374305aecc6f0878adb507 P 4260b5133723434d959e740289cffb40 [LEADER]: Queue going to LEADER mode. State: All replicated index: 0, Majority replicated index: 0, Committed index: 0, Last appended: 0.0, Last appended by leader: 0, Current term: 1, Majority size: 2, State: 0, Mode: LEADER, active raft config: opid_index: -1 OBSOLETE_local: false peers { permanent_uuid: "2b5e9f4258c54d15a8fd96a642925935" member_type: VOTER last_known_addr { host: "127.5.99.193" port: 39855 } } peers { permanent_uuid: "6c801aa808154c45b766246b98d59b56" member_type: VOTER last_known_addr { host: "127.5.99.194" port: 33215 } } peers { permanent_uuid: "4260b5133723434d959e740289cffb40" member_type: VOTER last_known_addr { host: "127.5.99.195" port: 37209 } }
I20260710 11:09:54.155220  6702 raft_consensus.cc:2468] T 01fc579c42374305aecc6f0878adb507 P 6c801aa808154c45b766246b98d59b56 [term 1 FOLLOWER]: Leader election vote request: Granting yes vote for candidate 4260b5133723434d959e740289cffb40 in term 1.
I20260710 11:09:54.158489  6926 raft_consensus.cc:515] T 10332f165fa342c08fc71c0cc79552b2 P 6c801aa808154c45b766246b98d59b56 [term 1 FOLLOWER]: Starting leader election with config: opid_index: -1 OBSOLETE_local: false peers { permanent_uuid: "2b5e9f4258c54d15a8fd96a642925935" member_type: VOTER last_known_addr { host: "127.5.99.193" port: 39855 } } peers { permanent_uuid: "6c801aa808154c45b766246b98d59b56" member_type: VOTER last_known_addr { host: "127.5.99.194" port: 33215 } } peers { permanent_uuid: "4260b5133723434d959e740289cffb40" member_type: VOTER last_known_addr { host: "127.5.99.195" port: 37209 } }
I20260710 11:09:54.161320  6630 tablet_service.cc:1917] Received RequestConsensusVote() RPC: tablet_id: "10332f165fa342c08fc71c0cc79552b2" candidate_uuid: "6c801aa808154c45b766246b98d59b56" candidate_term: 1 candidate_status { last_received { term: 0 index: 0 } } ignore_live_leader: false dest_uuid: "2b5e9f4258c54d15a8fd96a642925935"
I20260710 11:09:54.161995  6630 raft_consensus.cc:3060] T 10332f165fa342c08fc71c0cc79552b2 P 2b5e9f4258c54d15a8fd96a642925935 [term 0 FOLLOWER]: Advancing to term 1
I20260710 11:09:54.168507  6630 raft_consensus.cc:2468] T 10332f165fa342c08fc71c0cc79552b2 P 2b5e9f4258c54d15a8fd96a642925935 [term 1 FOLLOWER]: Leader election vote request: Granting yes vote for candidate 6c801aa808154c45b766246b98d59b56 in term 1.
I20260710 11:09:54.169654  6821 tablet_bootstrap.cc:492] T 6a444bcd9af5450392da910bda7a0e26 P 6c801aa808154c45b766246b98d59b56: No bootstrap required, opened a new log
I20260710 11:09:54.175494  6821 ts_tablet_manager.cc:1403] T 6a444bcd9af5450392da910bda7a0e26 P 6c801aa808154c45b766246b98d59b56: Time spent bootstrapping tablet: real 0.149s	user 0.037s	sys 0.050s
I20260710 11:09:54.178551  6925 raft_consensus.cc:493] T 2043b687f23c4fb4873acc535d554e57 P 6c801aa808154c45b766246b98d59b56 [term 0 FOLLOWER]: Starting pre-election (no leader contacted us within the election timeout)
I20260710 11:09:54.179066  6925 raft_consensus.cc:515] T 2043b687f23c4fb4873acc535d554e57 P 6c801aa808154c45b766246b98d59b56 [term 0 FOLLOWER]: Starting pre-election with config: opid_index: -1 OBSOLETE_local: false peers { permanent_uuid: "2b5e9f4258c54d15a8fd96a642925935" member_type: VOTER last_known_addr { host: "127.5.99.193" port: 39855 } } peers { permanent_uuid: "6c801aa808154c45b766246b98d59b56" member_type: VOTER last_known_addr { host: "127.5.99.194" port: 33215 } } peers { permanent_uuid: "4260b5133723434d959e740289cffb40" member_type: VOTER last_known_addr { host: "127.5.99.195" port: 37209 } }
I20260710 11:09:54.187553  6671 leader_election.cc:304] T 10332f165fa342c08fc71c0cc79552b2 P 6c801aa808154c45b766246b98d59b56 [CANDIDATE]: Term 1 election: Election decided. Result: candidate won. Election summary: received 2 responses out of 3 voters: 2 yes votes; 0 no votes. yes voters: 2b5e9f4258c54d15a8fd96a642925935, 6c801aa808154c45b766246b98d59b56; no voters: 
I20260710 11:09:54.188441  6862 raft_consensus.cc:2804] T 10332f165fa342c08fc71c0cc79552b2 P 6c801aa808154c45b766246b98d59b56 [term 1 FOLLOWER]: Leader election won for term 1
I20260710 11:09:54.188902  6862 raft_consensus.cc:697] T 10332f165fa342c08fc71c0cc79552b2 P 6c801aa808154c45b766246b98d59b56 [term 1 LEADER]: Becoming Leader. State: Replica: 6c801aa808154c45b766246b98d59b56, State: Running, Role: LEADER
I20260710 11:09:54.188947  6778 tablet_service.cc:1917] Received RequestConsensusVote() RPC: tablet_id: "10332f165fa342c08fc71c0cc79552b2" candidate_uuid: "6c801aa808154c45b766246b98d59b56" candidate_term: 1 candidate_status { last_received { term: 0 index: 0 } } ignore_live_leader: false dest_uuid: "4260b5133723434d959e740289cffb40"
I20260710 11:09:54.189631  6778 raft_consensus.cc:3060] T 10332f165fa342c08fc71c0cc79552b2 P 4260b5133723434d959e740289cffb40 [term 0 FOLLOWER]: Advancing to term 1
I20260710 11:09:54.189829  6862 consensus_queue.cc:237] T 10332f165fa342c08fc71c0cc79552b2 P 6c801aa808154c45b766246b98d59b56 [LEADER]: Queue going to LEADER mode. State: All replicated index: 0, Majority replicated index: 0, Committed index: 0, Last appended: 0.0, Last appended by leader: 0, Current term: 1, Majority size: 2, State: 0, Mode: LEADER, active raft config: opid_index: -1 OBSOLETE_local: false peers { permanent_uuid: "2b5e9f4258c54d15a8fd96a642925935" member_type: VOTER last_known_addr { host: "127.5.99.193" port: 39855 } } peers { permanent_uuid: "6c801aa808154c45b766246b98d59b56" member_type: VOTER last_known_addr { host: "127.5.99.194" port: 33215 } } peers { permanent_uuid: "4260b5133723434d959e740289cffb40" member_type: VOTER last_known_addr { host: "127.5.99.195" port: 37209 } }
I20260710 11:09:54.193293  6776 raft_consensus.cc:3060] T 9220657513314a0db0e29d4853bc9f58 P 4260b5133723434d959e740289cffb40 [term 0 FOLLOWER]: Advancing to term 1
I20260710 11:09:54.197572  6821 raft_consensus.cc:359] T 6a444bcd9af5450392da910bda7a0e26 P 6c801aa808154c45b766246b98d59b56 [term 0 FOLLOWER]: Replica starting. Triggering 0 pending ops. Active config: opid_index: -1 OBSOLETE_local: false peers { permanent_uuid: "2b5e9f4258c54d15a8fd96a642925935" member_type: VOTER last_known_addr { host: "127.5.99.193" port: 39855 } } peers { permanent_uuid: "6c801aa808154c45b766246b98d59b56" member_type: VOTER last_known_addr { host: "127.5.99.194" port: 33215 } } peers { permanent_uuid: "4260b5133723434d959e740289cffb40" member_type: VOTER last_known_addr { host: "127.5.99.195" port: 37209 } }
I20260710 11:09:54.198210  6821 raft_consensus.cc:385] T 6a444bcd9af5450392da910bda7a0e26 P 6c801aa808154c45b766246b98d59b56 [term 0 FOLLOWER]: Consensus starting up: Expiring failure detector timer to make a prompt election more likely
I20260710 11:09:54.198483  6821 raft_consensus.cc:740] T 6a444bcd9af5450392da910bda7a0e26 P 6c801aa808154c45b766246b98d59b56 [term 0 FOLLOWER]: Becoming Follower/Learner. State: Replica: 6c801aa808154c45b766246b98d59b56, State: Initialized, Role: FOLLOWER
I20260710 11:09:54.199209  6821 consensus_queue.cc:260] T 6a444bcd9af5450392da910bda7a0e26 P 6c801aa808154c45b766246b98d59b56 [NON_LEADER]: Queue going to NON_LEADER mode. State: All replicated index: 0, Majority replicated index: 0, Committed index: 0, Last appended: 0.0, Last appended by leader: 0, Current term: 0, Majority size: -1, State: 0, Mode: NON_LEADER, active raft config: opid_index: -1 OBSOLETE_local: false peers { permanent_uuid: "2b5e9f4258c54d15a8fd96a642925935" member_type: VOTER last_known_addr { host: "127.5.99.193" port: 39855 } } peers { permanent_uuid: "6c801aa808154c45b766246b98d59b56" member_type: VOTER last_known_addr { host: "127.5.99.194" port: 33215 } } peers { permanent_uuid: "4260b5133723434d959e740289cffb40" member_type: VOTER last_known_addr { host: "127.5.99.195" port: 37209 } }
I20260710 11:09:54.201306  6821 ts_tablet_manager.cc:1434] T 6a444bcd9af5450392da910bda7a0e26 P 6c801aa808154c45b766246b98d59b56: Time spent starting tablet: real 0.025s	user 0.005s	sys 0.003s
I20260710 11:09:54.202185  6821 tablet_bootstrap.cc:492] T f21dc55b780441cba8b5fa68958fb520 P 6c801aa808154c45b766246b98d59b56: Bootstrap starting.
I20260710 11:09:54.205736  6849 consensus_queue.cc:1048] T 9220657513314a0db0e29d4853bc9f58 P 2b5e9f4258c54d15a8fd96a642925935 [LEADER]: Connected to new peer: Peer: permanent_uuid: "4260b5133723434d959e740289cffb40" member_type: VOTER last_known_addr { host: "127.5.99.195" port: 37209 }, Status: LMP_MISMATCH, Last received: 0.0, Next index: 1, Last known committed idx: 0, Time since last communication: 0.000s
I20260710 11:09:54.205348  6778 raft_consensus.cc:2468] T 10332f165fa342c08fc71c0cc79552b2 P 4260b5133723434d959e740289cffb40 [term 1 FOLLOWER]: Leader election vote request: Granting yes vote for candidate 6c801aa808154c45b766246b98d59b56 in term 1.
I20260710 11:09:54.211282  6630 tablet_service.cc:1917] Received RequestConsensusVote() RPC: tablet_id: "2043b687f23c4fb4873acc535d554e57" candidate_uuid: "6c801aa808154c45b766246b98d59b56" candidate_term: 1 candidate_status { last_received { term: 0 index: 0 } } ignore_live_leader: false dest_uuid: "2b5e9f4258c54d15a8fd96a642925935" is_pre_election: true
I20260710 11:09:54.212357  6925 leader_election.cc:290] T 2043b687f23c4fb4873acc535d554e57 P 6c801aa808154c45b766246b98d59b56 [CANDIDATE]: Term 1 pre-election: Requested pre-vote from peers 2b5e9f4258c54d15a8fd96a642925935 (127.5.99.193:39855), 4260b5133723434d959e740289cffb40 (127.5.99.195:37209)
W20260710 11:09:54.212605  6671 leader_election.cc:343] T 2043b687f23c4fb4873acc535d554e57 P 6c801aa808154c45b766246b98d59b56 [CANDIDATE]: Term 1 pre-election: Tablet error from VoteRequest() call to peer 2b5e9f4258c54d15a8fd96a642925935 (127.5.99.193:39855): Illegal state: must be running to vote when last-logged opid is not known
I20260710 11:09:54.213172  6778 tablet_service.cc:1917] Received RequestConsensusVote() RPC: tablet_id: "2043b687f23c4fb4873acc535d554e57" candidate_uuid: "6c801aa808154c45b766246b98d59b56" candidate_term: 1 candidate_status { last_received { term: 0 index: 0 } } ignore_live_leader: false dest_uuid: "4260b5133723434d959e740289cffb40" is_pre_election: true
W20260710 11:09:54.214607  6669 leader_election.cc:343] T 2043b687f23c4fb4873acc535d554e57 P 6c801aa808154c45b766246b98d59b56 [CANDIDATE]: Term 1 pre-election: Tablet error from VoteRequest() call to peer 4260b5133723434d959e740289cffb40 (127.5.99.195:37209): Illegal state: must be running to vote when last-logged opid is not known
I20260710 11:09:54.215054  6669 leader_election.cc:304] T 2043b687f23c4fb4873acc535d554e57 P 6c801aa808154c45b766246b98d59b56 [CANDIDATE]: Term 1 pre-election: Election decided. Result: candidate lost. Election summary: received 3 responses out of 3 voters: 1 yes votes; 2 no votes. yes voters: 6c801aa808154c45b766246b98d59b56; no voters: 2b5e9f4258c54d15a8fd96a642925935, 4260b5133723434d959e740289cffb40
I20260710 11:09:54.217690  6925 raft_consensus.cc:2749] T 2043b687f23c4fb4873acc535d554e57 P 6c801aa808154c45b766246b98d59b56 [term 0 FOLLOWER]: Leader pre-election lost for term 1. Reason: could not achieve majority
I20260710 11:09:54.218346  6926 leader_election.cc:290] T 10332f165fa342c08fc71c0cc79552b2 P 6c801aa808154c45b766246b98d59b56 [CANDIDATE]: Term 1 election: Requested vote from peers 2b5e9f4258c54d15a8fd96a642925935 (127.5.99.193:39855), 4260b5133723434d959e740289cffb40 (127.5.99.195:37209)
I20260710 11:09:54.233377  6821 tablet_bootstrap.cc:654] T f21dc55b780441cba8b5fa68958fb520 P 6c801aa808154c45b766246b98d59b56: Neither blocks nor log segments found. Creating new log.
I20260710 11:09:54.236078  6819 tablet_bootstrap.cc:492] T a436454416c841ecab82810f47f07031 P 2b5e9f4258c54d15a8fd96a642925935: No bootstrap required, opened a new log
I20260710 11:09:54.237792  6527 catalog_manager.cc:5697] T 01fc579c42374305aecc6f0878adb507 P 4260b5133723434d959e740289cffb40 reported cstate change: term changed from 0 to 1, leader changed from <none> to 4260b5133723434d959e740289cffb40 (127.5.99.195). New cstate: current_term: 1 leader_uuid: "4260b5133723434d959e740289cffb40" committed_config { opid_index: -1 OBSOLETE_local: false peers { permanent_uuid: "2b5e9f4258c54d15a8fd96a642925935" member_type: VOTER last_known_addr { host: "127.5.99.193" port: 39855 } health_report { overall_health: UNKNOWN } } peers { permanent_uuid: "6c801aa808154c45b766246b98d59b56" member_type: VOTER last_known_addr { host: "127.5.99.194" port: 33215 } health_report { overall_health: UNKNOWN } } peers { permanent_uuid: "4260b5133723434d959e740289cffb40" member_type: VOTER last_known_addr { host: "127.5.99.195" port: 37209 } health_report { overall_health: HEALTHY } } }
I20260710 11:09:54.241446  6828 raft_consensus.cc:493] T 4f0e279c92fb4543b424cf0815a86b41 P 2b5e9f4258c54d15a8fd96a642925935 [term 0 FOLLOWER]: Starting pre-election (no leader contacted us within the election timeout)
I20260710 11:09:54.241918  6828 raft_consensus.cc:515] T 4f0e279c92fb4543b424cf0815a86b41 P 2b5e9f4258c54d15a8fd96a642925935 [term 0 FOLLOWER]: Starting pre-election with config: opid_index: -1 OBSOLETE_local: false peers { permanent_uuid: "2b5e9f4258c54d15a8fd96a642925935" member_type: VOTER last_known_addr { host: "127.5.99.193" port: 39855 } } peers { permanent_uuid: "6c801aa808154c45b766246b98d59b56" member_type: VOTER last_known_addr { host: "127.5.99.194" port: 33215 } } peers { permanent_uuid: "4260b5133723434d959e740289cffb40" member_type: VOTER last_known_addr { host: "127.5.99.195" port: 37209 } }
I20260710 11:09:54.243850  6828 leader_election.cc:290] T 4f0e279c92fb4543b424cf0815a86b41 P 2b5e9f4258c54d15a8fd96a642925935 [CANDIDATE]: Term 1 pre-election: Requested pre-vote from peers 6c801aa808154c45b766246b98d59b56 (127.5.99.194:33215), 4260b5133723434d959e740289cffb40 (127.5.99.195:37209)
I20260710 11:09:54.247073  6779 tablet_service.cc:1917] Received RequestConsensusVote() RPC: tablet_id: "4f0e279c92fb4543b424cf0815a86b41" candidate_uuid: "2b5e9f4258c54d15a8fd96a642925935" candidate_term: 1 candidate_status { last_received { term: 0 index: 0 } } ignore_live_leader: false dest_uuid: "4260b5133723434d959e740289cffb40" is_pre_election: true
I20260710 11:09:54.247649  6779 raft_consensus.cc:2468] T 4f0e279c92fb4543b424cf0815a86b41 P 4260b5133723434d959e740289cffb40 [term 0 FOLLOWER]: Leader pre-election vote request: Granting yes vote for candidate 2b5e9f4258c54d15a8fd96a642925935 in term 0.
I20260710 11:09:54.248023  6702 tablet_service.cc:1917] Received RequestConsensusVote() RPC: tablet_id: "4f0e279c92fb4543b424cf0815a86b41" candidate_uuid: "2b5e9f4258c54d15a8fd96a642925935" candidate_term: 1 candidate_status { last_received { term: 0 index: 0 } } ignore_live_leader: false dest_uuid: "6c801aa808154c45b766246b98d59b56" is_pre_election: true
I20260710 11:09:54.248608  6702 raft_consensus.cc:2468] T 4f0e279c92fb4543b424cf0815a86b41 P 6c801aa808154c45b766246b98d59b56 [term 0 FOLLOWER]: Leader pre-election vote request: Granting yes vote for candidate 2b5e9f4258c54d15a8fd96a642925935 in term 0.
I20260710 11:09:54.248157  6528 catalog_manager.cc:5697] T 10332f165fa342c08fc71c0cc79552b2 P 6c801aa808154c45b766246b98d59b56 reported cstate change: term changed from 0 to 1, leader changed from <none> to 6c801aa808154c45b766246b98d59b56 (127.5.99.194). New cstate: current_term: 1 leader_uuid: "6c801aa808154c45b766246b98d59b56" committed_config { opid_index: -1 OBSOLETE_local: false peers { permanent_uuid: "2b5e9f4258c54d15a8fd96a642925935" member_type: VOTER last_known_addr { host: "127.5.99.193" port: 39855 } health_report { overall_health: UNKNOWN } } peers { permanent_uuid: "6c801aa808154c45b766246b98d59b56" member_type: VOTER last_known_addr { host: "127.5.99.194" port: 33215 } health_report { overall_health: HEALTHY } } peers { permanent_uuid: "4260b5133723434d959e740289cffb40" member_type: VOTER last_known_addr { host: "127.5.99.195" port: 37209 } health_report { overall_health: UNKNOWN } } }
I20260710 11:09:54.250174  6594 leader_election.cc:304] T 4f0e279c92fb4543b424cf0815a86b41 P 2b5e9f4258c54d15a8fd96a642925935 [CANDIDATE]: Term 1 pre-election: Election decided. Result: candidate won. Election summary: received 2 responses out of 3 voters: 2 yes votes; 0 no votes. yes voters: 2b5e9f4258c54d15a8fd96a642925935, 4260b5133723434d959e740289cffb40; no voters: 
I20260710 11:09:54.251197  6858 raft_consensus.cc:2804] T 4f0e279c92fb4543b424cf0815a86b41 P 2b5e9f4258c54d15a8fd96a642925935 [term 0 FOLLOWER]: Leader pre-election won for term 1
I20260710 11:09:54.251549  6858 raft_consensus.cc:493] T 4f0e279c92fb4543b424cf0815a86b41 P 2b5e9f4258c54d15a8fd96a642925935 [term 0 FOLLOWER]: Starting leader election (no leader contacted us within the election timeout)
I20260710 11:09:54.251909  6858 raft_consensus.cc:3060] T 4f0e279c92fb4543b424cf0815a86b41 P 2b5e9f4258c54d15a8fd96a642925935 [term 0 FOLLOWER]: Advancing to term 1
I20260710 11:09:54.236845  6819 ts_tablet_manager.cc:1403] T a436454416c841ecab82810f47f07031 P 2b5e9f4258c54d15a8fd96a642925935: Time spent bootstrapping tablet: real 0.174s	user 0.033s	sys 0.031s
I20260710 11:09:54.250201  6820 tablet_bootstrap.cc:492] T 2043b687f23c4fb4873acc535d554e57 P 4260b5133723434d959e740289cffb40: No bootstrap required, opened a new log
I20260710 11:09:54.256636  6820 ts_tablet_manager.cc:1403] T 2043b687f23c4fb4873acc535d554e57 P 4260b5133723434d959e740289cffb40: Time spent bootstrapping tablet: real 0.156s	user 0.025s	sys 0.042s
I20260710 11:09:54.264648  6819 raft_consensus.cc:359] T a436454416c841ecab82810f47f07031 P 2b5e9f4258c54d15a8fd96a642925935 [term 0 FOLLOWER]: Replica starting. Triggering 0 pending ops. Active config: opid_index: -1 OBSOLETE_local: false peers { permanent_uuid: "2b5e9f4258c54d15a8fd96a642925935" member_type: VOTER last_known_addr { host: "127.5.99.193" port: 39855 } } peers { permanent_uuid: "6c801aa808154c45b766246b98d59b56" member_type: VOTER last_known_addr { host: "127.5.99.194" port: 33215 } } peers { permanent_uuid: "4260b5133723434d959e740289cffb40" member_type: VOTER last_known_addr { host: "127.5.99.195" port: 37209 } }
I20260710 11:09:54.265275  6819 raft_consensus.cc:385] T a436454416c841ecab82810f47f07031 P 2b5e9f4258c54d15a8fd96a642925935 [term 0 FOLLOWER]: Consensus starting up: Expiring failure detector timer to make a prompt election more likely
I20260710 11:09:54.265530  6819 raft_consensus.cc:740] T a436454416c841ecab82810f47f07031 P 2b5e9f4258c54d15a8fd96a642925935 [term 0 FOLLOWER]: Becoming Follower/Learner. State: Replica: 2b5e9f4258c54d15a8fd96a642925935, State: Initialized, Role: FOLLOWER
I20260710 11:09:54.266144  6819 consensus_queue.cc:260] T a436454416c841ecab82810f47f07031 P 2b5e9f4258c54d15a8fd96a642925935 [NON_LEADER]: Queue going to NON_LEADER mode. State: All replicated index: 0, Majority replicated index: 0, Committed index: 0, Last appended: 0.0, Last appended by leader: 0, Current term: 0, Majority size: -1, State: 0, Mode: NON_LEADER, active raft config: opid_index: -1 OBSOLETE_local: false peers { permanent_uuid: "2b5e9f4258c54d15a8fd96a642925935" member_type: VOTER last_known_addr { host: "127.5.99.193" port: 39855 } } peers { permanent_uuid: "6c801aa808154c45b766246b98d59b56" member_type: VOTER last_known_addr { host: "127.5.99.194" port: 33215 } } peers { permanent_uuid: "4260b5133723434d959e740289cffb40" member_type: VOTER last_known_addr { host: "127.5.99.195" port: 37209 } }
I20260710 11:09:54.267197  6821 tablet_bootstrap.cc:492] T f21dc55b780441cba8b5fa68958fb520 P 6c801aa808154c45b766246b98d59b56: No bootstrap required, opened a new log
I20260710 11:09:54.267601  6821 ts_tablet_manager.cc:1403] T f21dc55b780441cba8b5fa68958fb520 P 6c801aa808154c45b766246b98d59b56: Time spent bootstrapping tablet: real 0.066s	user 0.014s	sys 0.007s
I20260710 11:09:54.267750  6819 ts_tablet_manager.cc:1434] T a436454416c841ecab82810f47f07031 P 2b5e9f4258c54d15a8fd96a642925935: Time spent starting tablet: real 0.012s	user 0.004s	sys 0.000s
I20260710 11:09:54.268383  6819 tablet_bootstrap.cc:492] T c939517140f146f5a3db346bf40285ed P 2b5e9f4258c54d15a8fd96a642925935: Bootstrap starting.
I20260710 11:09:54.270037  6821 raft_consensus.cc:359] T f21dc55b780441cba8b5fa68958fb520 P 6c801aa808154c45b766246b98d59b56 [term 0 FOLLOWER]: Replica starting. Triggering 0 pending ops. Active config: opid_index: -1 OBSOLETE_local: false peers { permanent_uuid: "2b5e9f4258c54d15a8fd96a642925935" member_type: VOTER last_known_addr { host: "127.5.99.193" port: 39855 } } peers { permanent_uuid: "6c801aa808154c45b766246b98d59b56" member_type: VOTER last_known_addr { host: "127.5.99.194" port: 33215 } } peers { permanent_uuid: "4260b5133723434d959e740289cffb40" member_type: VOTER last_known_addr { host: "127.5.99.195" port: 37209 } }
I20260710 11:09:54.270635  6821 raft_consensus.cc:385] T f21dc55b780441cba8b5fa68958fb520 P 6c801aa808154c45b766246b98d59b56 [term 0 FOLLOWER]: Consensus starting up: Expiring failure detector timer to make a prompt election more likely
I20260710 11:09:54.270887  6821 raft_consensus.cc:740] T f21dc55b780441cba8b5fa68958fb520 P 6c801aa808154c45b766246b98d59b56 [term 0 FOLLOWER]: Becoming Follower/Learner. State: Replica: 6c801aa808154c45b766246b98d59b56, State: Initialized, Role: FOLLOWER
I20260710 11:09:54.271561  6821 consensus_queue.cc:260] T f21dc55b780441cba8b5fa68958fb520 P 6c801aa808154c45b766246b98d59b56 [NON_LEADER]: Queue going to NON_LEADER mode. State: All replicated index: 0, Majority replicated index: 0, Committed index: 0, Last appended: 0.0, Last appended by leader: 0, Current term: 0, Majority size: -1, State: 0, Mode: NON_LEADER, active raft config: opid_index: -1 OBSOLETE_local: false peers { permanent_uuid: "2b5e9f4258c54d15a8fd96a642925935" member_type: VOTER last_known_addr { host: "127.5.99.193" port: 39855 } } peers { permanent_uuid: "6c801aa808154c45b766246b98d59b56" member_type: VOTER last_known_addr { host: "127.5.99.194" port: 33215 } } peers { permanent_uuid: "4260b5133723434d959e740289cffb40" member_type: VOTER last_known_addr { host: "127.5.99.195" port: 37209 } }
I20260710 11:09:54.273695  6821 ts_tablet_manager.cc:1434] T f21dc55b780441cba8b5fa68958fb520 P 6c801aa808154c45b766246b98d59b56: Time spent starting tablet: real 0.006s	user 0.006s	sys 0.000s
I20260710 11:09:54.273710  6819 tablet_bootstrap.cc:654] T c939517140f146f5a3db346bf40285ed P 2b5e9f4258c54d15a8fd96a642925935: Neither blocks nor log segments found. Creating new log.
I20260710 11:09:54.273707  6820 raft_consensus.cc:359] T 2043b687f23c4fb4873acc535d554e57 P 4260b5133723434d959e740289cffb40 [term 0 FOLLOWER]: Replica starting. Triggering 0 pending ops. Active config: opid_index: -1 OBSOLETE_local: false peers { permanent_uuid: "2b5e9f4258c54d15a8fd96a642925935" member_type: VOTER last_known_addr { host: "127.5.99.193" port: 39855 } } peers { permanent_uuid: "6c801aa808154c45b766246b98d59b56" member_type: VOTER last_known_addr { host: "127.5.99.194" port: 33215 } } peers { permanent_uuid: "4260b5133723434d959e740289cffb40" member_type: VOTER last_known_addr { host: "127.5.99.195" port: 37209 } }
I20260710 11:09:54.274600  6821 tablet_bootstrap.cc:492] T c939517140f146f5a3db346bf40285ed P 6c801aa808154c45b766246b98d59b56: Bootstrap starting.
I20260710 11:09:54.274616  6820 raft_consensus.cc:385] T 2043b687f23c4fb4873acc535d554e57 P 4260b5133723434d959e740289cffb40 [term 0 FOLLOWER]: Consensus starting up: Expiring failure detector timer to make a prompt election more likely
I20260710 11:09:54.275115  6820 raft_consensus.cc:740] T 2043b687f23c4fb4873acc535d554e57 P 4260b5133723434d959e740289cffb40 [term 0 FOLLOWER]: Becoming Follower/Learner. State: Replica: 4260b5133723434d959e740289cffb40, State: Initialized, Role: FOLLOWER
I20260710 11:09:54.275818  6820 consensus_queue.cc:260] T 2043b687f23c4fb4873acc535d554e57 P 4260b5133723434d959e740289cffb40 [NON_LEADER]: Queue going to NON_LEADER mode. State: All replicated index: 0, Majority replicated index: 0, Committed index: 0, Last appended: 0.0, Last appended by leader: 0, Current term: 0, Majority size: -1, State: 0, Mode: NON_LEADER, active raft config: opid_index: -1 OBSOLETE_local: false peers { permanent_uuid: "2b5e9f4258c54d15a8fd96a642925935" member_type: VOTER last_known_addr { host: "127.5.99.193" port: 39855 } } peers { permanent_uuid: "6c801aa808154c45b766246b98d59b56" member_type: VOTER last_known_addr { host: "127.5.99.194" port: 33215 } } peers { permanent_uuid: "4260b5133723434d959e740289cffb40" member_type: VOTER last_known_addr { host: "127.5.99.195" port: 37209 } }
I20260710 11:09:54.278038  6820 ts_tablet_manager.cc:1434] T 2043b687f23c4fb4873acc535d554e57 P 4260b5133723434d959e740289cffb40: Time spent starting tablet: real 0.021s	user 0.006s	sys 0.000s
I20260710 11:09:54.278882  6820 tablet_bootstrap.cc:492] T a436454416c841ecab82810f47f07031 P 4260b5133723434d959e740289cffb40: Bootstrap starting.
I20260710 11:09:54.284242  6821 tablet_bootstrap.cc:654] T c939517140f146f5a3db346bf40285ed P 6c801aa808154c45b766246b98d59b56: Neither blocks nor log segments found. Creating new log.
I20260710 11:09:54.284759  6820 tablet_bootstrap.cc:654] T a436454416c841ecab82810f47f07031 P 4260b5133723434d959e740289cffb40: Neither blocks nor log segments found. Creating new log.
W20260710 11:09:54.284705  6745 consensus_peers.cc:597] T fc9ebcbae7dd45faa2b818e2063d202e P 4260b5133723434d959e740289cffb40 -> Peer 2b5e9f4258c54d15a8fd96a642925935 (127.5.99.193:39855): Couldn't send request to peer 2b5e9f4258c54d15a8fd96a642925935. Error code: TABLET_NOT_RUNNING (12). Status: Illegal state: Tablet not RUNNING: INITIALIZED. This is attempt 1: this message will repeat every 5th retry.
I20260710 11:09:54.292263  6819 tablet_bootstrap.cc:492] T c939517140f146f5a3db346bf40285ed P 2b5e9f4258c54d15a8fd96a642925935: No bootstrap required, opened a new log
I20260710 11:09:54.292677  6819 ts_tablet_manager.cc:1403] T c939517140f146f5a3db346bf40285ed P 2b5e9f4258c54d15a8fd96a642925935: Time spent bootstrapping tablet: real 0.024s	user 0.006s	sys 0.007s
I20260710 11:09:54.292526  6872 consensus_queue.cc:1048] T fc9ebcbae7dd45faa2b818e2063d202e P 4260b5133723434d959e740289cffb40 [LEADER]: Connected to new peer: Peer: permanent_uuid: "6c801aa808154c45b766246b98d59b56" member_type: VOTER last_known_addr { host: "127.5.99.194" port: 33215 }, Status: LMP_MISMATCH, Last received: 0.0, Next index: 1, Last known committed idx: 0, Time since last communication: 0.000s
I20260710 11:09:54.295168  6819 raft_consensus.cc:359] T c939517140f146f5a3db346bf40285ed P 2b5e9f4258c54d15a8fd96a642925935 [term 0 FOLLOWER]: Replica starting. Triggering 0 pending ops. Active config: opid_index: -1 OBSOLETE_local: false peers { permanent_uuid: "2b5e9f4258c54d15a8fd96a642925935" member_type: VOTER last_known_addr { host: "127.5.99.193" port: 39855 } } peers { permanent_uuid: "6c801aa808154c45b766246b98d59b56" member_type: VOTER last_known_addr { host: "127.5.99.194" port: 33215 } } peers { permanent_uuid: "4260b5133723434d959e740289cffb40" member_type: VOTER last_known_addr { host: "127.5.99.195" port: 37209 } }
I20260710 11:09:54.295986  6819 raft_consensus.cc:385] T c939517140f146f5a3db346bf40285ed P 2b5e9f4258c54d15a8fd96a642925935 [term 0 FOLLOWER]: Consensus starting up: Expiring failure detector timer to make a prompt election more likely
I20260710 11:09:54.296237  6819 raft_consensus.cc:740] T c939517140f146f5a3db346bf40285ed P 2b5e9f4258c54d15a8fd96a642925935 [term 0 FOLLOWER]: Becoming Follower/Learner. State: Replica: 2b5e9f4258c54d15a8fd96a642925935, State: Initialized, Role: FOLLOWER
I20260710 11:09:54.295143  6858 raft_consensus.cc:515] T 4f0e279c92fb4543b424cf0815a86b41 P 2b5e9f4258c54d15a8fd96a642925935 [term 1 FOLLOWER]: Starting leader election with config: opid_index: -1 OBSOLETE_local: false peers { permanent_uuid: "2b5e9f4258c54d15a8fd96a642925935" member_type: VOTER last_known_addr { host: "127.5.99.193" port: 39855 } } peers { permanent_uuid: "6c801aa808154c45b766246b98d59b56" member_type: VOTER last_known_addr { host: "127.5.99.194" port: 33215 } } peers { permanent_uuid: "4260b5133723434d959e740289cffb40" member_type: VOTER last_known_addr { host: "127.5.99.195" port: 37209 } }
I20260710 11:09:54.299381  6703 tablet_service.cc:1917] Received RequestConsensusVote() RPC: tablet_id: "4f0e279c92fb4543b424cf0815a86b41" candidate_uuid: "2b5e9f4258c54d15a8fd96a642925935" candidate_term: 1 candidate_status { last_received { term: 0 index: 0 } } ignore_live_leader: false dest_uuid: "6c801aa808154c45b766246b98d59b56"
I20260710 11:09:54.299911  6703 raft_consensus.cc:3060] T 4f0e279c92fb4543b424cf0815a86b41 P 6c801aa808154c45b766246b98d59b56 [term 0 FOLLOWER]: Advancing to term 1
I20260710 11:09:54.296880  6819 consensus_queue.cc:260] T c939517140f146f5a3db346bf40285ed P 2b5e9f4258c54d15a8fd96a642925935 [NON_LEADER]: Queue going to NON_LEADER mode. State: All replicated index: 0, Majority replicated index: 0, Committed index: 0, Last appended: 0.0, Last appended by leader: 0, Current term: 0, Majority size: -1, State: 0, Mode: NON_LEADER, active raft config: opid_index: -1 OBSOLETE_local: false peers { permanent_uuid: "2b5e9f4258c54d15a8fd96a642925935" member_type: VOTER last_known_addr { host: "127.5.99.193" port: 39855 } } peers { permanent_uuid: "6c801aa808154c45b766246b98d59b56" member_type: VOTER last_known_addr { host: "127.5.99.194" port: 33215 } } peers { permanent_uuid: "4260b5133723434d959e740289cffb40" member_type: VOTER last_known_addr { host: "127.5.99.195" port: 37209 } }
I20260710 11:09:54.300555  6777 tablet_service.cc:1917] Received RequestConsensusVote() RPC: tablet_id: "4f0e279c92fb4543b424cf0815a86b41" candidate_uuid: "2b5e9f4258c54d15a8fd96a642925935" candidate_term: 1 candidate_status { last_received { term: 0 index: 0 } } ignore_live_leader: false dest_uuid: "4260b5133723434d959e740289cffb40"
I20260710 11:09:54.300899  6858 leader_election.cc:290] T 4f0e279c92fb4543b424cf0815a86b41 P 2b5e9f4258c54d15a8fd96a642925935 [CANDIDATE]: Term 1 election: Requested vote from peers 6c801aa808154c45b766246b98d59b56 (127.5.99.194:33215), 4260b5133723434d959e740289cffb40 (127.5.99.195:37209)
I20260710 11:09:54.301083  6777 raft_consensus.cc:3060] T 4f0e279c92fb4543b424cf0815a86b41 P 4260b5133723434d959e740289cffb40 [term 0 FOLLOWER]: Advancing to term 1
I20260710 11:09:54.303236  6819 ts_tablet_manager.cc:1434] T c939517140f146f5a3db346bf40285ed P 2b5e9f4258c54d15a8fd96a642925935: Time spent starting tablet: real 0.010s	user 0.007s	sys 0.000s
I20260710 11:09:54.306200  6703 raft_consensus.cc:2468] T 4f0e279c92fb4543b424cf0815a86b41 P 6c801aa808154c45b766246b98d59b56 [term 1 FOLLOWER]: Leader election vote request: Granting yes vote for candidate 2b5e9f4258c54d15a8fd96a642925935 in term 1.
I20260710 11:09:54.306420  6926 raft_consensus.cc:493] T 6a444bcd9af5450392da910bda7a0e26 P 6c801aa808154c45b766246b98d59b56 [term 0 FOLLOWER]: Starting pre-election (no leader contacted us within the election timeout)
I20260710 11:09:54.306835  6926 raft_consensus.cc:515] T 6a444bcd9af5450392da910bda7a0e26 P 6c801aa808154c45b766246b98d59b56 [term 0 FOLLOWER]: Starting pre-election with config: opid_index: -1 OBSOLETE_local: false peers { permanent_uuid: "2b5e9f4258c54d15a8fd96a642925935" member_type: VOTER last_known_addr { host: "127.5.99.193" port: 39855 } } peers { permanent_uuid: "6c801aa808154c45b766246b98d59b56" member_type: VOTER last_known_addr { host: "127.5.99.194" port: 33215 } } peers { permanent_uuid: "4260b5133723434d959e740289cffb40" member_type: VOTER last_known_addr { host: "127.5.99.195" port: 37209 } }
I20260710 11:09:54.307416  6594 leader_election.cc:304] T 4f0e279c92fb4543b424cf0815a86b41 P 2b5e9f4258c54d15a8fd96a642925935 [CANDIDATE]: Term 1 election: Election decided. Result: candidate won. Election summary: received 2 responses out of 3 voters: 2 yes votes; 0 no votes. yes voters: 2b5e9f4258c54d15a8fd96a642925935, 6c801aa808154c45b766246b98d59b56; no voters: 
I20260710 11:09:54.308773  6926 leader_election.cc:290] T 6a444bcd9af5450392da910bda7a0e26 P 6c801aa808154c45b766246b98d59b56 [CANDIDATE]: Term 1 pre-election: Requested pre-vote from peers 2b5e9f4258c54d15a8fd96a642925935 (127.5.99.193:39855), 4260b5133723434d959e740289cffb40 (127.5.99.195:37209)
I20260710 11:09:54.309058  6849 raft_consensus.cc:2804] T 4f0e279c92fb4543b424cf0815a86b41 P 2b5e9f4258c54d15a8fd96a642925935 [term 1 FOLLOWER]: Leader election won for term 1
I20260710 11:09:54.309502  6849 raft_consensus.cc:697] T 4f0e279c92fb4543b424cf0815a86b41 P 2b5e9f4258c54d15a8fd96a642925935 [term 1 LEADER]: Becoming Leader. State: Replica: 2b5e9f4258c54d15a8fd96a642925935, State: Running, Role: LEADER
I20260710 11:09:54.310367  6777 raft_consensus.cc:2468] T 4f0e279c92fb4543b424cf0815a86b41 P 4260b5133723434d959e740289cffb40 [term 1 FOLLOWER]: Leader election vote request: Granting yes vote for candidate 2b5e9f4258c54d15a8fd96a642925935 in term 1.
I20260710 11:09:54.310262  6849 consensus_queue.cc:237] T 4f0e279c92fb4543b424cf0815a86b41 P 2b5e9f4258c54d15a8fd96a642925935 [LEADER]: Queue going to LEADER mode. State: All replicated index: 0, Majority replicated index: 0, Committed index: 0, Last appended: 0.0, Last appended by leader: 0, Current term: 1, Majority size: 2, State: 0, Mode: LEADER, active raft config: opid_index: -1 OBSOLETE_local: false peers { permanent_uuid: "2b5e9f4258c54d15a8fd96a642925935" member_type: VOTER last_known_addr { host: "127.5.99.193" port: 39855 } } peers { permanent_uuid: "6c801aa808154c45b766246b98d59b56" member_type: VOTER last_known_addr { host: "127.5.99.194" port: 33215 } } peers { permanent_uuid: "4260b5133723434d959e740289cffb40" member_type: VOTER last_known_addr { host: "127.5.99.195" port: 37209 } }
I20260710 11:09:54.313763  6819 tablet_bootstrap.cc:492] T 2043b687f23c4fb4873acc535d554e57 P 2b5e9f4258c54d15a8fd96a642925935: Bootstrap starting.
I20260710 11:09:54.316967  6627 tablet_service.cc:1917] Received RequestConsensusVote() RPC: tablet_id: "6a444bcd9af5450392da910bda7a0e26" candidate_uuid: "6c801aa808154c45b766246b98d59b56" candidate_term: 1 candidate_status { last_received { term: 0 index: 0 } } ignore_live_leader: false dest_uuid: "2b5e9f4258c54d15a8fd96a642925935" is_pre_election: true
I20260710 11:09:54.317529  6627 raft_consensus.cc:2468] T 6a444bcd9af5450392da910bda7a0e26 P 2b5e9f4258c54d15a8fd96a642925935 [term 0 FOLLOWER]: Leader pre-election vote request: Granting yes vote for candidate 6c801aa808154c45b766246b98d59b56 in term 0.
