I20260710 11:09:31.568073 11389 raft_consensus.cc:385] T 30ecf73c5fa746eca01f4f8d0b4f111a P 2429529d464b420e943b5d66f611ca01 [term 0 FOLLOWER]: Consensus starting up: Expiring failure detector timer to make a prompt election more likely
I20260710 11:09:31.568454 11389 raft_consensus.cc:740] T 30ecf73c5fa746eca01f4f8d0b4f111a P 2429529d464b420e943b5d66f611ca01 [term 0 FOLLOWER]: Becoming Follower/Learner. State: Replica: 2429529d464b420e943b5d66f611ca01, State: Initialized, Role: FOLLOWER
I20260710 11:09:31.569362 11389 consensus_queue.cc:260] T 30ecf73c5fa746eca01f4f8d0b4f111a P 2429529d464b420e943b5d66f611ca01 [NON_LEADER]: Queue going to NON_LEADER mode. State: All replicated index: 0, Majority replicated index: 0, Committed index: 0, Last appended: 0.0, Last appended by leader: 0, Current term: 0, Majority size: -1, State: 0, Mode: NON_LEADER, active raft config: opid_index: -1 OBSOLETE_local: false peers { permanent_uuid: "2429529d464b420e943b5d66f611ca01" member_type: VOTER last_known_addr { host: "127.10.205.1" port: 36073 } } peers { permanent_uuid: "e85b3729441e44bfbbd3461ebaf24bdf" member_type: VOTER last_known_addr { host: "127.10.205.2" port: 38569 } } peers { permanent_uuid: "3428379cdc5a414c842b15050c8045c8" member_type: VOTER last_known_addr { host: "127.10.205.3" port: 34525 } }
I20260710 11:09:31.572275 11390 ts_tablet_manager.cc:1434] T 8a8cfa45248945bf83f8f85fbed25c6c P 3428379cdc5a414c842b15050c8045c8: Time spent starting tablet: real 0.045s	user 0.017s	sys 0.026s
I20260710 11:09:31.572736 11369 heartbeater.cc:499] Master 127.10.205.62:36817 was elected leader, sending a full tablet report...
I20260710 11:09:31.573146 11390 tablet_bootstrap.cc:492] T d0ff5ceff446420a9318da7754506153 P 3428379cdc5a414c842b15050c8045c8: Bootstrap starting.
I20260710 11:09:31.574136 11387 tablet_bootstrap.cc:492] T 8e544b900f5f482294ea3c34a8093c86 P e85b3729441e44bfbbd3461ebaf24bdf: No bootstrap required, opened a new log
I20260710 11:09:31.574771 11387 ts_tablet_manager.cc:1403] T 8e544b900f5f482294ea3c34a8093c86 P e85b3729441e44bfbbd3461ebaf24bdf: Time spent bootstrapping tablet: real 0.042s	user 0.024s	sys 0.017s
I20260710 11:09:31.578154 11387 raft_consensus.cc:359] T 8e544b900f5f482294ea3c34a8093c86 P e85b3729441e44bfbbd3461ebaf24bdf [term 0 FOLLOWER]: Replica starting. Triggering 0 pending ops. Active config: opid_index: -1 OBSOLETE_local: false peers { permanent_uuid: "2429529d464b420e943b5d66f611ca01" member_type: VOTER last_known_addr { host: "127.10.205.1" port: 36073 } } peers { permanent_uuid: "e85b3729441e44bfbbd3461ebaf24bdf" member_type: VOTER last_known_addr { host: "127.10.205.2" port: 38569 } } peers { permanent_uuid: "3428379cdc5a414c842b15050c8045c8" member_type: VOTER last_known_addr { host: "127.10.205.3" port: 34525 } }
I20260710 11:09:31.578899 11387 raft_consensus.cc:385] T 8e544b900f5f482294ea3c34a8093c86 P e85b3729441e44bfbbd3461ebaf24bdf [term 0 FOLLOWER]: Consensus starting up: Expiring failure detector timer to make a prompt election more likely
I20260710 11:09:31.579239 11387 raft_consensus.cc:740] T 8e544b900f5f482294ea3c34a8093c86 P e85b3729441e44bfbbd3461ebaf24bdf [term 0 FOLLOWER]: Becoming Follower/Learner. State: Replica: e85b3729441e44bfbbd3461ebaf24bdf, State: Initialized, Role: FOLLOWER
I20260710 11:09:31.579401 11390 tablet_bootstrap.cc:654] T d0ff5ceff446420a9318da7754506153 P 3428379cdc5a414c842b15050c8045c8: Neither blocks nor log segments found. Creating new log.
I20260710 11:09:31.580222 11387 consensus_queue.cc:260] T 8e544b900f5f482294ea3c34a8093c86 P e85b3729441e44bfbbd3461ebaf24bdf [NON_LEADER]: Queue going to NON_LEADER mode. State: All replicated index: 0, Majority replicated index: 0, Committed index: 0, Last appended: 0.0, Last appended by leader: 0, Current term: 0, Majority size: -1, State: 0, Mode: NON_LEADER, active raft config: opid_index: -1 OBSOLETE_local: false peers { permanent_uuid: "2429529d464b420e943b5d66f611ca01" member_type: VOTER last_known_addr { host: "127.10.205.1" port: 36073 } } peers { permanent_uuid: "e85b3729441e44bfbbd3461ebaf24bdf" member_type: VOTER last_known_addr { host: "127.10.205.2" port: 38569 } } peers { permanent_uuid: "3428379cdc5a414c842b15050c8045c8" member_type: VOTER last_known_addr { host: "127.10.205.3" port: 34525 } }
I20260710 11:09:31.581220 11220 heartbeater.cc:499] Master 127.10.205.62:36817 was elected leader, sending a full tablet report...
I20260710 11:09:31.582393 11387 ts_tablet_manager.cc:1434] T 8e544b900f5f482294ea3c34a8093c86 P e85b3729441e44bfbbd3461ebaf24bdf: Time spent starting tablet: real 0.007s	user 0.006s	sys 0.001s
I20260710 11:09:31.583225 11387 tablet_bootstrap.cc:492] T d0ff5ceff446420a9318da7754506153 P e85b3729441e44bfbbd3461ebaf24bdf: Bootstrap starting.
I20260710 11:09:31.589671 11387 tablet_bootstrap.cc:654] T d0ff5ceff446420a9318da7754506153 P e85b3729441e44bfbbd3461ebaf24bdf: Neither blocks nor log segments found. Creating new log.
I20260710 11:09:31.593413 11390 tablet_bootstrap.cc:492] T d0ff5ceff446420a9318da7754506153 P 3428379cdc5a414c842b15050c8045c8: No bootstrap required, opened a new log
I20260710 11:09:31.593850 11390 ts_tablet_manager.cc:1403] T d0ff5ceff446420a9318da7754506153 P 3428379cdc5a414c842b15050c8045c8: Time spent bootstrapping tablet: real 0.021s	user 0.011s	sys 0.004s
I20260710 11:09:31.596655 11390 raft_consensus.cc:359] T d0ff5ceff446420a9318da7754506153 P 3428379cdc5a414c842b15050c8045c8 [term 0 FOLLOWER]: Replica starting. Triggering 0 pending ops. Active config: opid_index: -1 OBSOLETE_local: false peers { permanent_uuid: "2429529d464b420e943b5d66f611ca01" member_type: VOTER last_known_addr { host: "127.10.205.1" port: 36073 } } peers { permanent_uuid: "e85b3729441e44bfbbd3461ebaf24bdf" member_type: VOTER last_known_addr { host: "127.10.205.2" port: 38569 } } peers { permanent_uuid: "3428379cdc5a414c842b15050c8045c8" member_type: VOTER last_known_addr { host: "127.10.205.3" port: 34525 } }
I20260710 11:09:31.597313 11390 raft_consensus.cc:385] T d0ff5ceff446420a9318da7754506153 P 3428379cdc5a414c842b15050c8045c8 [term 0 FOLLOWER]: Consensus starting up: Expiring failure detector timer to make a prompt election more likely
I20260710 11:09:31.597600 11390 raft_consensus.cc:740] T d0ff5ceff446420a9318da7754506153 P 3428379cdc5a414c842b15050c8045c8 [term 0 FOLLOWER]: Becoming Follower/Learner. State: Replica: 3428379cdc5a414c842b15050c8045c8, State: Initialized, Role: FOLLOWER
I20260710 11:09:31.598456 11390 consensus_queue.cc:260] T d0ff5ceff446420a9318da7754506153 P 3428379cdc5a414c842b15050c8045c8 [NON_LEADER]: Queue going to NON_LEADER mode. State: All replicated index: 0, Majority replicated index: 0, Committed index: 0, Last appended: 0.0, Last appended by leader: 0, Current term: 0, Majority size: -1, State: 0, Mode: NON_LEADER, active raft config: opid_index: -1 OBSOLETE_local: false peers { permanent_uuid: "2429529d464b420e943b5d66f611ca01" member_type: VOTER last_known_addr { host: "127.10.205.1" port: 36073 } } peers { permanent_uuid: "e85b3729441e44bfbbd3461ebaf24bdf" member_type: VOTER last_known_addr { host: "127.10.205.2" port: 38569 } } peers { permanent_uuid: "3428379cdc5a414c842b15050c8045c8" member_type: VOTER last_known_addr { host: "127.10.205.3" port: 34525 } }
I20260710 11:09:31.601263 11387 tablet_bootstrap.cc:492] T d0ff5ceff446420a9318da7754506153 P e85b3729441e44bfbbd3461ebaf24bdf: No bootstrap required, opened a new log
I20260710 11:09:31.601678 11387 ts_tablet_manager.cc:1403] T d0ff5ceff446420a9318da7754506153 P e85b3729441e44bfbbd3461ebaf24bdf: Time spent bootstrapping tablet: real 0.019s	user 0.009s	sys 0.007s
I20260710 11:09:31.604385 11387 raft_consensus.cc:359] T d0ff5ceff446420a9318da7754506153 P e85b3729441e44bfbbd3461ebaf24bdf [term 0 FOLLOWER]: Replica starting. Triggering 0 pending ops. Active config: opid_index: -1 OBSOLETE_local: false peers { permanent_uuid: "2429529d464b420e943b5d66f611ca01" member_type: VOTER last_known_addr { host: "127.10.205.1" port: 36073 } } peers { permanent_uuid: "e85b3729441e44bfbbd3461ebaf24bdf" member_type: VOTER last_known_addr { host: "127.10.205.2" port: 38569 } } peers { permanent_uuid: "3428379cdc5a414c842b15050c8045c8" member_type: VOTER last_known_addr { host: "127.10.205.3" port: 34525 } }
I20260710 11:09:31.605028 11387 raft_consensus.cc:385] T d0ff5ceff446420a9318da7754506153 P e85b3729441e44bfbbd3461ebaf24bdf [term 0 FOLLOWER]: Consensus starting up: Expiring failure detector timer to make a prompt election more likely
I20260710 11:09:31.605311 11387 raft_consensus.cc:740] T d0ff5ceff446420a9318da7754506153 P e85b3729441e44bfbbd3461ebaf24bdf [term 0 FOLLOWER]: Becoming Follower/Learner. State: Replica: e85b3729441e44bfbbd3461ebaf24bdf, State: Initialized, Role: FOLLOWER
I20260710 11:09:31.606418 11387 consensus_queue.cc:260] T d0ff5ceff446420a9318da7754506153 P e85b3729441e44bfbbd3461ebaf24bdf [NON_LEADER]: Queue going to NON_LEADER mode. State: All replicated index: 0, Majority replicated index: 0, Committed index: 0, Last appended: 0.0, Last appended by leader: 0, Current term: 0, Majority size: -1, State: 0, Mode: NON_LEADER, active raft config: opid_index: -1 OBSOLETE_local: false peers { permanent_uuid: "2429529d464b420e943b5d66f611ca01" member_type: VOTER last_known_addr { host: "127.10.205.1" port: 36073 } } peers { permanent_uuid: "e85b3729441e44bfbbd3461ebaf24bdf" member_type: VOTER last_known_addr { host: "127.10.205.2" port: 38569 } } peers { permanent_uuid: "3428379cdc5a414c842b15050c8045c8" member_type: VOTER last_known_addr { host: "127.10.205.3" port: 34525 } }
I20260710 11:09:31.608934 11387 ts_tablet_manager.cc:1434] T d0ff5ceff446420a9318da7754506153 P e85b3729441e44bfbbd3461ebaf24bdf: Time spent starting tablet: real 0.007s	user 0.001s	sys 0.003s
I20260710 11:09:31.610162 11387 tablet_bootstrap.cc:492] T ae014ae4a90e42f1bec9af9ff4a5df32 P e85b3729441e44bfbbd3461ebaf24bdf: Bootstrap starting.
I20260710 11:09:31.610566 11389 ts_tablet_manager.cc:1434] T 30ecf73c5fa746eca01f4f8d0b4f111a P 2429529d464b420e943b5d66f611ca01: Time spent starting tablet: real 0.052s	user 0.004s	sys 0.004s
I20260710 11:09:31.615762 11389 tablet_bootstrap.cc:492] T 41bb5062e7384ef8abd52003e767dbd0 P 2429529d464b420e943b5d66f611ca01: Bootstrap starting.
I20260710 11:09:31.616526 11387 tablet_bootstrap.cc:654] T ae014ae4a90e42f1bec9af9ff4a5df32 P e85b3729441e44bfbbd3461ebaf24bdf: Neither blocks nor log segments found. Creating new log.
I20260710 11:09:31.618201 11390 ts_tablet_manager.cc:1434] T d0ff5ceff446420a9318da7754506153 P 3428379cdc5a414c842b15050c8045c8: Time spent starting tablet: real 0.024s	user 0.009s	sys 0.013s
I20260710 11:09:31.619088 11390 tablet_bootstrap.cc:492] T 28af703080a74e3b87619907582214af P 3428379cdc5a414c842b15050c8045c8: Bootstrap starting.
W20260710 11:09:31.631302 11296 tablet.cc:2406] T 8a8cfa45248945bf83f8f85fbed25c6c P e85b3729441e44bfbbd3461ebaf24bdf: Can't schedule compaction. Clean time has not been advanced past its initial value.
I20260710 11:09:31.628062 11387 tablet_bootstrap.cc:492] T ae014ae4a90e42f1bec9af9ff4a5df32 P e85b3729441e44bfbbd3461ebaf24bdf: No bootstrap required, opened a new log
I20260710 11:09:31.635164 11387 ts_tablet_manager.cc:1403] T ae014ae4a90e42f1bec9af9ff4a5df32 P e85b3729441e44bfbbd3461ebaf24bdf: Time spent bootstrapping tablet: real 0.025s	user 0.011s	sys 0.006s
I20260710 11:09:31.636274 11389 tablet_bootstrap.cc:654] T 41bb5062e7384ef8abd52003e767dbd0 P 2429529d464b420e943b5d66f611ca01: Neither blocks nor log segments found. Creating new log.
I20260710 11:09:31.637943 11387 raft_consensus.cc:359] T ae014ae4a90e42f1bec9af9ff4a5df32 P e85b3729441e44bfbbd3461ebaf24bdf [term 0 FOLLOWER]: Replica starting. Triggering 0 pending ops. Active config: opid_index: -1 OBSOLETE_local: false peers { permanent_uuid: "2429529d464b420e943b5d66f611ca01" member_type: VOTER last_known_addr { host: "127.10.205.1" port: 36073 } } peers { permanent_uuid: "e85b3729441e44bfbbd3461ebaf24bdf" member_type: VOTER last_known_addr { host: "127.10.205.2" port: 38569 } } peers { permanent_uuid: "3428379cdc5a414c842b15050c8045c8" member_type: VOTER last_known_addr { host: "127.10.205.3" port: 34525 } }
I20260710 11:09:31.638695 11387 raft_consensus.cc:385] T ae014ae4a90e42f1bec9af9ff4a5df32 P e85b3729441e44bfbbd3461ebaf24bdf [term 0 FOLLOWER]: Consensus starting up: Expiring failure detector timer to make a prompt election more likely
I20260710 11:09:31.639003 11387 raft_consensus.cc:740] T ae014ae4a90e42f1bec9af9ff4a5df32 P e85b3729441e44bfbbd3461ebaf24bdf [term 0 FOLLOWER]: Becoming Follower/Learner. State: Replica: e85b3729441e44bfbbd3461ebaf24bdf, State: Initialized, Role: FOLLOWER
I20260710 11:09:31.639407 11390 tablet_bootstrap.cc:654] T 28af703080a74e3b87619907582214af P 3428379cdc5a414c842b15050c8045c8: Neither blocks nor log segments found. Creating new log.
I20260710 11:09:31.639811 11387 consensus_queue.cc:260] T ae014ae4a90e42f1bec9af9ff4a5df32 P e85b3729441e44bfbbd3461ebaf24bdf [NON_LEADER]: Queue going to NON_LEADER mode. State: All replicated index: 0, Majority replicated index: 0, Committed index: 0, Last appended: 0.0, Last appended by leader: 0, Current term: 0, Majority size: -1, State: 0, Mode: NON_LEADER, active raft config: opid_index: -1 OBSOLETE_local: false peers { permanent_uuid: "2429529d464b420e943b5d66f611ca01" member_type: VOTER last_known_addr { host: "127.10.205.1" port: 36073 } } peers { permanent_uuid: "e85b3729441e44bfbbd3461ebaf24bdf" member_type: VOTER last_known_addr { host: "127.10.205.2" port: 38569 } } peers { permanent_uuid: "3428379cdc5a414c842b15050c8045c8" member_type: VOTER last_known_addr { host: "127.10.205.3" port: 34525 } }
I20260710 11:09:31.642531 11387 ts_tablet_manager.cc:1434] T ae014ae4a90e42f1bec9af9ff4a5df32 P e85b3729441e44bfbbd3461ebaf24bdf: Time spent starting tablet: real 0.007s	user 0.007s	sys 0.000s
I20260710 11:09:31.643661 11387 tablet_bootstrap.cc:492] T 84c8f91c8a104cb0a8556f4c22911cea P e85b3729441e44bfbbd3461ebaf24bdf: Bootstrap starting.
I20260710 11:09:31.648828 11389 tablet_bootstrap.cc:492] T 41bb5062e7384ef8abd52003e767dbd0 P 2429529d464b420e943b5d66f611ca01: No bootstrap required, opened a new log
I20260710 11:09:31.649291 11389 ts_tablet_manager.cc:1403] T 41bb5062e7384ef8abd52003e767dbd0 P 2429529d464b420e943b5d66f611ca01: Time spent bootstrapping tablet: real 0.034s	user 0.014s	sys 0.004s
I20260710 11:09:31.655993 11387 tablet_bootstrap.cc:654] T 84c8f91c8a104cb0a8556f4c22911cea P e85b3729441e44bfbbd3461ebaf24bdf: Neither blocks nor log segments found. Creating new log.
I20260710 11:09:31.660795 11389 raft_consensus.cc:359] T 41bb5062e7384ef8abd52003e767dbd0 P 2429529d464b420e943b5d66f611ca01 [term 0 FOLLOWER]: Replica starting. Triggering 0 pending ops. Active config: opid_index: -1 OBSOLETE_local: false peers { permanent_uuid: "2429529d464b420e943b5d66f611ca01" member_type: VOTER last_known_addr { host: "127.10.205.1" port: 36073 } } peers { permanent_uuid: "e85b3729441e44bfbbd3461ebaf24bdf" member_type: VOTER last_known_addr { host: "127.10.205.2" port: 38569 } } peers { permanent_uuid: "3428379cdc5a414c842b15050c8045c8" member_type: VOTER last_known_addr { host: "127.10.205.3" port: 34525 } }
I20260710 11:09:31.661885 11389 raft_consensus.cc:385] T 41bb5062e7384ef8abd52003e767dbd0 P 2429529d464b420e943b5d66f611ca01 [term 0 FOLLOWER]: Consensus starting up: Expiring failure detector timer to make a prompt election more likely
I20260710 11:09:31.662354 11389 raft_consensus.cc:740] T 41bb5062e7384ef8abd52003e767dbd0 P 2429529d464b420e943b5d66f611ca01 [term 0 FOLLOWER]: Becoming Follower/Learner. State: Replica: 2429529d464b420e943b5d66f611ca01, State: Initialized, Role: FOLLOWER
I20260710 11:09:31.663339 11389 consensus_queue.cc:260] T 41bb5062e7384ef8abd52003e767dbd0 P 2429529d464b420e943b5d66f611ca01 [NON_LEADER]: Queue going to NON_LEADER mode. State: All replicated index: 0, Majority replicated index: 0, Committed index: 0, Last appended: 0.0, Last appended by leader: 0, Current term: 0, Majority size: -1, State: 0, Mode: NON_LEADER, active raft config: opid_index: -1 OBSOLETE_local: false peers { permanent_uuid: "2429529d464b420e943b5d66f611ca01" member_type: VOTER last_known_addr { host: "127.10.205.1" port: 36073 } } peers { permanent_uuid: "e85b3729441e44bfbbd3461ebaf24bdf" member_type: VOTER last_known_addr { host: "127.10.205.2" port: 38569 } } peers { permanent_uuid: "3428379cdc5a414c842b15050c8045c8" member_type: VOTER last_known_addr { host: "127.10.205.3" port: 34525 } }
I20260710 11:09:31.669018 11389 ts_tablet_manager.cc:1434] T 41bb5062e7384ef8abd52003e767dbd0 P 2429529d464b420e943b5d66f611ca01: Time spent starting tablet: real 0.019s	user 0.002s	sys 0.005s
I20260710 11:09:31.669310 11390 tablet_bootstrap.cc:492] T 28af703080a74e3b87619907582214af P 3428379cdc5a414c842b15050c8045c8: No bootstrap required, opened a new log
I20260710 11:09:31.669739 11390 ts_tablet_manager.cc:1403] T 28af703080a74e3b87619907582214af P 3428379cdc5a414c842b15050c8045c8: Time spent bootstrapping tablet: real 0.051s	user 0.003s	sys 0.016s
I20260710 11:09:31.670044 11389 tablet_bootstrap.cc:492] T d8cf1bb176c849359bdfc3aaf2bbbb4e P 2429529d464b420e943b5d66f611ca01: Bootstrap starting.
I20260710 11:09:31.672389 11390 raft_consensus.cc:359] T 28af703080a74e3b87619907582214af P 3428379cdc5a414c842b15050c8045c8 [term 0 FOLLOWER]: Replica starting. Triggering 0 pending ops. Active config: opid_index: -1 OBSOLETE_local: false peers { permanent_uuid: "2429529d464b420e943b5d66f611ca01" member_type: VOTER last_known_addr { host: "127.10.205.1" port: 36073 } } peers { permanent_uuid: "e85b3729441e44bfbbd3461ebaf24bdf" member_type: VOTER last_known_addr { host: "127.10.205.2" port: 38569 } } peers { permanent_uuid: "3428379cdc5a414c842b15050c8045c8" member_type: VOTER last_known_addr { host: "127.10.205.3" port: 34525 } }
I20260710 11:09:31.673044 11390 raft_consensus.cc:385] T 28af703080a74e3b87619907582214af P 3428379cdc5a414c842b15050c8045c8 [term 0 FOLLOWER]: Consensus starting up: Expiring failure detector timer to make a prompt election more likely
I20260710 11:09:31.673331 11390 raft_consensus.cc:740] T 28af703080a74e3b87619907582214af P 3428379cdc5a414c842b15050c8045c8 [term 0 FOLLOWER]: Becoming Follower/Learner. State: Replica: 3428379cdc5a414c842b15050c8045c8, State: Initialized, Role: FOLLOWER
I20260710 11:09:31.673998 11390 consensus_queue.cc:260] T 28af703080a74e3b87619907582214af P 3428379cdc5a414c842b15050c8045c8 [NON_LEADER]: Queue going to NON_LEADER mode. State: All replicated index: 0, Majority replicated index: 0, Committed index: 0, Last appended: 0.0, Last appended by leader: 0, Current term: 0, Majority size: -1, State: 0, Mode: NON_LEADER, active raft config: opid_index: -1 OBSOLETE_local: false peers { permanent_uuid: "2429529d464b420e943b5d66f611ca01" member_type: VOTER last_known_addr { host: "127.10.205.1" port: 36073 } } peers { permanent_uuid: "e85b3729441e44bfbbd3461ebaf24bdf" member_type: VOTER last_known_addr { host: "127.10.205.2" port: 38569 } } peers { permanent_uuid: "3428379cdc5a414c842b15050c8045c8" member_type: VOTER last_known_addr { host: "127.10.205.3" port: 34525 } }
I20260710 11:09:31.676313 11390 ts_tablet_manager.cc:1434] T 28af703080a74e3b87619907582214af P 3428379cdc5a414c842b15050c8045c8: Time spent starting tablet: real 0.006s	user 0.004s	sys 0.001s
I20260710 11:09:31.677198 11390 tablet_bootstrap.cc:492] T ae014ae4a90e42f1bec9af9ff4a5df32 P 3428379cdc5a414c842b15050c8045c8: Bootstrap starting.
I20260710 11:09:31.678617 11399 raft_consensus.cc:493] T 8a8cfa45248945bf83f8f85fbed25c6c P 3428379cdc5a414c842b15050c8045c8 [term 0 FOLLOWER]: Starting pre-election (no leader contacted us within the election timeout)
I20260710 11:09:31.679005 11389 tablet_bootstrap.cc:654] T d8cf1bb176c849359bdfc3aaf2bbbb4e P 2429529d464b420e943b5d66f611ca01: Neither blocks nor log segments found. Creating new log.
I20260710 11:09:31.679075 11399 raft_consensus.cc:515] T 8a8cfa45248945bf83f8f85fbed25c6c P 3428379cdc5a414c842b15050c8045c8 [term 0 FOLLOWER]: Starting pre-election with config: opid_index: -1 OBSOLETE_local: false peers { permanent_uuid: "e85b3729441e44bfbbd3461ebaf24bdf" member_type: VOTER last_known_addr { host: "127.10.205.2" port: 38569 } } peers { permanent_uuid: "3428379cdc5a414c842b15050c8045c8" member_type: VOTER last_known_addr { host: "127.10.205.3" port: 34525 } } peers { permanent_uuid: "2429529d464b420e943b5d66f611ca01" member_type: VOTER last_known_addr { host: "127.10.205.1" port: 36073 } }
I20260710 11:09:31.683353 11387 tablet_bootstrap.cc:492] T 84c8f91c8a104cb0a8556f4c22911cea P e85b3729441e44bfbbd3461ebaf24bdf: No bootstrap required, opened a new log
I20260710 11:09:31.683779 11387 ts_tablet_manager.cc:1403] T 84c8f91c8a104cb0a8556f4c22911cea P e85b3729441e44bfbbd3461ebaf24bdf: Time spent bootstrapping tablet: real 0.040s	user 0.014s	sys 0.003s
I20260710 11:09:31.684273 11399 leader_election.cc:290] T 8a8cfa45248945bf83f8f85fbed25c6c P 3428379cdc5a414c842b15050c8045c8 [CANDIDATE]: Term 1 pre-election: Requested pre-vote from peers e85b3729441e44bfbbd3461ebaf24bdf (127.10.205.2:38569), 2429529d464b420e943b5d66f611ca01 (127.10.205.1:36073)
I20260710 11:09:31.687151 11387 raft_consensus.cc:359] T 84c8f91c8a104cb0a8556f4c22911cea P e85b3729441e44bfbbd3461ebaf24bdf [term 0 FOLLOWER]: Replica starting. Triggering 0 pending ops. Active config: opid_index: -1 OBSOLETE_local: false peers { permanent_uuid: "2429529d464b420e943b5d66f611ca01" member_type: VOTER last_known_addr { host: "127.10.205.1" port: 36073 } } peers { permanent_uuid: "e85b3729441e44bfbbd3461ebaf24bdf" member_type: VOTER last_known_addr { host: "127.10.205.2" port: 38569 } } peers { permanent_uuid: "3428379cdc5a414c842b15050c8045c8" member_type: VOTER last_known_addr { host: "127.10.205.3" port: 34525 } }
I20260710 11:09:31.688032 11387 raft_consensus.cc:385] T 84c8f91c8a104cb0a8556f4c22911cea P e85b3729441e44bfbbd3461ebaf24bdf [term 0 FOLLOWER]: Consensus starting up: Expiring failure detector timer to make a prompt election more likely
I20260710 11:09:31.688421 11387 raft_consensus.cc:740] T 84c8f91c8a104cb0a8556f4c22911cea P e85b3729441e44bfbbd3461ebaf24bdf [term 0 FOLLOWER]: Becoming Follower/Learner. State: Replica: e85b3729441e44bfbbd3461ebaf24bdf, State: Initialized, Role: FOLLOWER
I20260710 11:09:31.689248 11387 consensus_queue.cc:260] T 84c8f91c8a104cb0a8556f4c22911cea P e85b3729441e44bfbbd3461ebaf24bdf [NON_LEADER]: Queue going to NON_LEADER mode. State: All replicated index: 0, Majority replicated index: 0, Committed index: 0, Last appended: 0.0, Last appended by leader: 0, Current term: 0, Majority size: -1, State: 0, Mode: NON_LEADER, active raft config: opid_index: -1 OBSOLETE_local: false peers { permanent_uuid: "2429529d464b420e943b5d66f611ca01" member_type: VOTER last_known_addr { host: "127.10.205.1" port: 36073 } } peers { permanent_uuid: "e85b3729441e44bfbbd3461ebaf24bdf" member_type: VOTER last_known_addr { host: "127.10.205.2" port: 38569 } } peers { permanent_uuid: "3428379cdc5a414c842b15050c8045c8" member_type: VOTER last_known_addr { host: "127.10.205.3" port: 34525 } }
I20260710 11:09:31.700047 11390 tablet_bootstrap.cc:654] T ae014ae4a90e42f1bec9af9ff4a5df32 P 3428379cdc5a414c842b15050c8045c8: Neither blocks nor log segments found. Creating new log.
I20260710 11:09:31.701754 11387 ts_tablet_manager.cc:1434] T 84c8f91c8a104cb0a8556f4c22911cea P e85b3729441e44bfbbd3461ebaf24bdf: Time spent starting tablet: real 0.018s	user 0.004s	sys 0.004s
I20260710 11:09:31.702679 11387 tablet_bootstrap.cc:492] T 41bb5062e7384ef8abd52003e767dbd0 P e85b3729441e44bfbbd3461ebaf24bdf: Bootstrap starting.
I20260710 11:09:31.710023 11399 raft_consensus.cc:493] T 28af703080a74e3b87619907582214af P 3428379cdc5a414c842b15050c8045c8 [term 0 FOLLOWER]: Starting pre-election (no leader contacted us within the election timeout)
I20260710 11:09:31.710443 11399 raft_consensus.cc:515] T 28af703080a74e3b87619907582214af P 3428379cdc5a414c842b15050c8045c8 [term 0 FOLLOWER]: Starting pre-election with config: opid_index: -1 OBSOLETE_local: false peers { permanent_uuid: "2429529d464b420e943b5d66f611ca01" member_type: VOTER last_known_addr { host: "127.10.205.1" port: 36073 } } peers { permanent_uuid: "e85b3729441e44bfbbd3461ebaf24bdf" member_type: VOTER last_known_addr { host: "127.10.205.2" port: 38569 } } peers { permanent_uuid: "3428379cdc5a414c842b15050c8045c8" member_type: VOTER last_known_addr { host: "127.10.205.3" port: 34525 } }
I20260710 11:09:31.712285 11399 leader_election.cc:290] T 28af703080a74e3b87619907582214af P 3428379cdc5a414c842b15050c8045c8 [CANDIDATE]: Term 1 pre-election: Requested pre-vote from peers 2429529d464b420e943b5d66f611ca01 (127.10.205.1:36073), e85b3729441e44bfbbd3461ebaf24bdf (127.10.205.2:38569)
I20260710 11:09:31.714478 11387 tablet_bootstrap.cc:654] T 41bb5062e7384ef8abd52003e767dbd0 P e85b3729441e44bfbbd3461ebaf24bdf: Neither blocks nor log segments found. Creating new log.
I20260710 11:09:31.741353 11389 tablet_bootstrap.cc:492] T d8cf1bb176c849359bdfc3aaf2bbbb4e P 2429529d464b420e943b5d66f611ca01: No bootstrap required, opened a new log
I20260710 11:09:31.741910 11389 ts_tablet_manager.cc:1403] T d8cf1bb176c849359bdfc3aaf2bbbb4e P 2429529d464b420e943b5d66f611ca01: Time spent bootstrapping tablet: real 0.072s	user 0.041s	sys 0.027s
I20260710 11:09:31.743706 11195 tablet_service.cc:1917] Received RequestConsensusVote() RPC: tablet_id: "8a8cfa45248945bf83f8f85fbed25c6c" candidate_uuid: "3428379cdc5a414c842b15050c8045c8" candidate_term: 1 candidate_status { last_received { term: 0 index: 0 } } ignore_live_leader: false dest_uuid: "2429529d464b420e943b5d66f611ca01" is_pre_election: true
I20260710 11:09:31.744938 11389 raft_consensus.cc:359] T d8cf1bb176c849359bdfc3aaf2bbbb4e P 2429529d464b420e943b5d66f611ca01 [term 0 FOLLOWER]: Replica starting. Triggering 0 pending ops. Active config: opid_index: -1 OBSOLETE_local: false peers { permanent_uuid: "2429529d464b420e943b5d66f611ca01" member_type: VOTER last_known_addr { host: "127.10.205.1" port: 36073 } } peers { permanent_uuid: "e85b3729441e44bfbbd3461ebaf24bdf" member_type: VOTER last_known_addr { host: "127.10.205.2" port: 38569 } } peers { permanent_uuid: "3428379cdc5a414c842b15050c8045c8" member_type: VOTER last_known_addr { host: "127.10.205.3" port: 34525 } }
I20260710 11:09:31.745537 11194 tablet_service.cc:1917] Received RequestConsensusVote() RPC: tablet_id: "28af703080a74e3b87619907582214af" candidate_uuid: "3428379cdc5a414c842b15050c8045c8" candidate_term: 1 candidate_status { last_received { term: 0 index: 0 } } ignore_live_leader: false dest_uuid: "2429529d464b420e943b5d66f611ca01" is_pre_election: true
I20260710 11:09:31.745744 11389 raft_consensus.cc:385] T d8cf1bb176c849359bdfc3aaf2bbbb4e P 2429529d464b420e943b5d66f611ca01 [term 0 FOLLOWER]: Consensus starting up: Expiring failure detector timer to make a prompt election more likely
I20260710 11:09:31.746146 11389 raft_consensus.cc:740] T d8cf1bb176c849359bdfc3aaf2bbbb4e P 2429529d464b420e943b5d66f611ca01 [term 0 FOLLOWER]: Becoming Follower/Learner. State: Replica: 2429529d464b420e943b5d66f611ca01, State: Initialized, Role: FOLLOWER
I20260710 11:09:31.747099 11390 tablet_bootstrap.cc:492] T ae014ae4a90e42f1bec9af9ff4a5df32 P 3428379cdc5a414c842b15050c8045c8: No bootstrap required, opened a new log
I20260710 11:09:31.747510 11390 ts_tablet_manager.cc:1403] T ae014ae4a90e42f1bec9af9ff4a5df32 P 3428379cdc5a414c842b15050c8045c8: Time spent bootstrapping tablet: real 0.070s	user 0.011s	sys 0.018s
I20260710 11:09:31.746894 11389 consensus_queue.cc:260] T d8cf1bb176c849359bdfc3aaf2bbbb4e P 2429529d464b420e943b5d66f611ca01 [NON_LEADER]: Queue going to NON_LEADER mode. State: All replicated index: 0, Majority replicated index: 0, Committed index: 0, Last appended: 0.0, Last appended by leader: 0, Current term: 0, Majority size: -1, State: 0, Mode: NON_LEADER, active raft config: opid_index: -1 OBSOLETE_local: false peers { permanent_uuid: "2429529d464b420e943b5d66f611ca01" member_type: VOTER last_known_addr { host: "127.10.205.1" port: 36073 } } peers { permanent_uuid: "e85b3729441e44bfbbd3461ebaf24bdf" member_type: VOTER last_known_addr { host: "127.10.205.2" port: 38569 } } peers { permanent_uuid: "3428379cdc5a414c842b15050c8045c8" member_type: VOTER last_known_addr { host: "127.10.205.3" port: 34525 } }
I20260710 11:09:31.749333 11270 tablet_service.cc:1917] Received RequestConsensusVote() RPC: tablet_id: "8a8cfa45248945bf83f8f85fbed25c6c" candidate_uuid: "3428379cdc5a414c842b15050c8045c8" candidate_term: 1 candidate_status { last_received { term: 0 index: 0 } } ignore_live_leader: false dest_uuid: "e85b3729441e44bfbbd3461ebaf24bdf" is_pre_election: true
W20260710 11:09:31.750094 11309 leader_election.cc:343] T 8a8cfa45248945bf83f8f85fbed25c6c P 3428379cdc5a414c842b15050c8045c8 [CANDIDATE]: Term 1 pre-election: Tablet error from VoteRequest() call to peer 2429529d464b420e943b5d66f611ca01 (127.10.205.1:36073): Illegal state: must be running to vote when last-logged opid is not known
I20260710 11:09:31.750432 11269 tablet_service.cc:1917] Received RequestConsensusVote() RPC: tablet_id: "28af703080a74e3b87619907582214af" candidate_uuid: "3428379cdc5a414c842b15050c8045c8" candidate_term: 1 candidate_status { last_received { term: 0 index: 0 } } ignore_live_leader: false dest_uuid: "e85b3729441e44bfbbd3461ebaf24bdf" is_pre_election: true
I20260710 11:09:31.752663 11387 tablet_bootstrap.cc:492] T 41bb5062e7384ef8abd52003e767dbd0 P e85b3729441e44bfbbd3461ebaf24bdf: No bootstrap required, opened a new log
W20260710 11:09:31.753223 11309 leader_election.cc:343] T 28af703080a74e3b87619907582214af P 3428379cdc5a414c842b15050c8045c8 [CANDIDATE]: Term 1 pre-election: Tablet error from VoteRequest() call to peer 2429529d464b420e943b5d66f611ca01 (127.10.205.1:36073): Illegal state: must be running to vote when last-logged opid is not known
W20260710 11:09:31.753801 11308 leader_election.cc:343] T 28af703080a74e3b87619907582214af P 3428379cdc5a414c842b15050c8045c8 [CANDIDATE]: Term 1 pre-election: Tablet error from VoteRequest() call to peer e85b3729441e44bfbbd3461ebaf24bdf (127.10.205.2:38569): Illegal state: must be running to vote when last-logged opid is not known
I20260710 11:09:31.754263 11308 leader_election.cc:304] T 28af703080a74e3b87619907582214af P 3428379cdc5a414c842b15050c8045c8 [CANDIDATE]: Term 1 pre-election: Election decided. Result: candidate lost. Election summary: received 3 responses out of 3 voters: 1 yes votes; 2 no votes. yes voters: 3428379cdc5a414c842b15050c8045c8; no voters: 2429529d464b420e943b5d66f611ca01, e85b3729441e44bfbbd3461ebaf24bdf
I20260710 11:09:31.754846 11389 ts_tablet_manager.cc:1434] T d8cf1bb176c849359bdfc3aaf2bbbb4e P 2429529d464b420e943b5d66f611ca01: Time spent starting tablet: real 0.013s	user 0.007s	sys 0.000s
I20260710 11:09:31.755319 11399 raft_consensus.cc:2749] T 28af703080a74e3b87619907582214af P 3428379cdc5a414c842b15050c8045c8 [term 0 FOLLOWER]: Leader pre-election lost for term 1. Reason: could not achieve majority
I20260710 11:09:31.753818 11270 raft_consensus.cc:2468] T 8a8cfa45248945bf83f8f85fbed25c6c P e85b3729441e44bfbbd3461ebaf24bdf [term 0 FOLLOWER]: Leader pre-election vote request: Granting yes vote for candidate 3428379cdc5a414c842b15050c8045c8 in term 0.
I20260710 11:09:31.756388 11392 raft_consensus.cc:493] T ae014ae4a90e42f1bec9af9ff4a5df32 P e85b3729441e44bfbbd3461ebaf24bdf [term 0 FOLLOWER]: Starting pre-election (no leader contacted us within the election timeout)
I20260710 11:09:31.756808 11392 raft_consensus.cc:515] T ae014ae4a90e42f1bec9af9ff4a5df32 P e85b3729441e44bfbbd3461ebaf24bdf [term 0 FOLLOWER]: Starting pre-election with config: opid_index: -1 OBSOLETE_local: false peers { permanent_uuid: "2429529d464b420e943b5d66f611ca01" member_type: VOTER last_known_addr { host: "127.10.205.1" port: 36073 } } peers { permanent_uuid: "e85b3729441e44bfbbd3461ebaf24bdf" member_type: VOTER last_known_addr { host: "127.10.205.2" port: 38569 } } peers { permanent_uuid: "3428379cdc5a414c842b15050c8045c8" member_type: VOTER last_known_addr { host: "127.10.205.3" port: 34525 } }
I20260710 11:09:31.757133 11308 leader_election.cc:304] T 8a8cfa45248945bf83f8f85fbed25c6c P 3428379cdc5a414c842b15050c8045c8 [CANDIDATE]: Term 1 pre-election: Election decided. Result: candidate won. Election summary: received 3 responses out of 3 voters: 2 yes votes; 1 no votes. yes voters: 3428379cdc5a414c842b15050c8045c8, e85b3729441e44bfbbd3461ebaf24bdf; no voters: 2429529d464b420e943b5d66f611ca01
I20260710 11:09:31.758275 11399 raft_consensus.cc:2804] T 8a8cfa45248945bf83f8f85fbed25c6c P 3428379cdc5a414c842b15050c8045c8 [term 0 FOLLOWER]: Leader pre-election won for term 1
I20260710 11:09:31.758615 11399 raft_consensus.cc:493] T 8a8cfa45248945bf83f8f85fbed25c6c P 3428379cdc5a414c842b15050c8045c8 [term 0 FOLLOWER]: Starting leader election (no leader contacted us within the election timeout)
I20260710 11:09:31.758926 11399 raft_consensus.cc:3060] T 8a8cfa45248945bf83f8f85fbed25c6c P 3428379cdc5a414c842b15050c8045c8 [term 0 FOLLOWER]: Advancing to term 1
I20260710 11:09:31.759370 11392 leader_election.cc:290] T ae014ae4a90e42f1bec9af9ff4a5df32 P e85b3729441e44bfbbd3461ebaf24bdf [CANDIDATE]: Term 1 pre-election: Requested pre-vote from peers 2429529d464b420e943b5d66f611ca01 (127.10.205.1:36073), 3428379cdc5a414c842b15050c8045c8 (127.10.205.3:34525)
I20260710 11:09:31.756034 11389 tablet_bootstrap.cc:492] T d0ff5ceff446420a9318da7754506153 P 2429529d464b420e943b5d66f611ca01: Bootstrap starting.
I20260710 11:09:31.762825 11390 raft_consensus.cc:359] T ae014ae4a90e42f1bec9af9ff4a5df32 P 3428379cdc5a414c842b15050c8045c8 [term 0 FOLLOWER]: Replica starting. Triggering 0 pending ops. Active config: opid_index: -1 OBSOLETE_local: false peers { permanent_uuid: "2429529d464b420e943b5d66f611ca01" member_type: VOTER last_known_addr { host: "127.10.205.1" port: 36073 } } peers { permanent_uuid: "e85b3729441e44bfbbd3461ebaf24bdf" member_type: VOTER last_known_addr { host: "127.10.205.2" port: 38569 } } peers { permanent_uuid: "3428379cdc5a414c842b15050c8045c8" member_type: VOTER last_known_addr { host: "127.10.205.3" port: 34525 } }
I20260710 11:09:31.763702 11390 raft_consensus.cc:385] T ae014ae4a90e42f1bec9af9ff4a5df32 P 3428379cdc5a414c842b15050c8045c8 [term 0 FOLLOWER]: Consensus starting up: Expiring failure detector timer to make a prompt election more likely
I20260710 11:09:31.764084 11390 raft_consensus.cc:740] T ae014ae4a90e42f1bec9af9ff4a5df32 P 3428379cdc5a414c842b15050c8045c8 [term 0 FOLLOWER]: Becoming Follower/Learner. State: Replica: 3428379cdc5a414c842b15050c8045c8, State: Initialized, Role: FOLLOWER
I20260710 11:09:31.766497 11390 consensus_queue.cc:260] T ae014ae4a90e42f1bec9af9ff4a5df32 P 3428379cdc5a414c842b15050c8045c8 [NON_LEADER]: Queue going to NON_LEADER mode. State: All replicated index: 0, Majority replicated index: 0, Committed index: 0, Last appended: 0.0, Last appended by leader: 0, Current term: 0, Majority size: -1, State: 0, Mode: NON_LEADER, active raft config: opid_index: -1 OBSOLETE_local: false peers { permanent_uuid: "2429529d464b420e943b5d66f611ca01" member_type: VOTER last_known_addr { host: "127.10.205.1" port: 36073 } } peers { permanent_uuid: "e85b3729441e44bfbbd3461ebaf24bdf" member_type: VOTER last_known_addr { host: "127.10.205.2" port: 38569 } } peers { permanent_uuid: "3428379cdc5a414c842b15050c8045c8" member_type: VOTER last_known_addr { host: "127.10.205.3" port: 34525 } }
I20260710 11:09:31.771162 11390 ts_tablet_manager.cc:1434] T ae014ae4a90e42f1bec9af9ff4a5df32 P 3428379cdc5a414c842b15050c8045c8: Time spent starting tablet: real 0.023s	user 0.006s	sys 0.003s
I20260710 11:09:31.772078 11390 tablet_bootstrap.cc:492] T 84c8f91c8a104cb0a8556f4c22911cea P 3428379cdc5a414c842b15050c8045c8: Bootstrap starting.
I20260710 11:09:31.774173 11399 raft_consensus.cc:515] T 8a8cfa45248945bf83f8f85fbed25c6c P 3428379cdc5a414c842b15050c8045c8 [term 1 FOLLOWER]: Starting leader election with config: opid_index: -1 OBSOLETE_local: false peers { permanent_uuid: "e85b3729441e44bfbbd3461ebaf24bdf" member_type: VOTER last_known_addr { host: "127.10.205.2" port: 38569 } } peers { permanent_uuid: "3428379cdc5a414c842b15050c8045c8" member_type: VOTER last_known_addr { host: "127.10.205.3" port: 34525 } } peers { permanent_uuid: "2429529d464b420e943b5d66f611ca01" member_type: VOTER last_known_addr { host: "127.10.205.1" port: 36073 } }
I20260710 11:09:31.778306 11390 tablet_bootstrap.cc:654] T 84c8f91c8a104cb0a8556f4c22911cea P 3428379cdc5a414c842b15050c8045c8: Neither blocks nor log segments found. Creating new log.
I20260710 11:09:31.776125 11387 ts_tablet_manager.cc:1403] T 41bb5062e7384ef8abd52003e767dbd0 P e85b3729441e44bfbbd3461ebaf24bdf: Time spent bootstrapping tablet: real 0.051s	user 0.008s	sys 0.018s
I20260710 11:09:31.782546 11389 tablet_bootstrap.cc:654] T d0ff5ceff446420a9318da7754506153 P 2429529d464b420e943b5d66f611ca01: Neither blocks nor log segments found. Creating new log.
I20260710 11:09:31.787356 11392 raft_consensus.cc:493] T 84c8f91c8a104cb0a8556f4c22911cea P e85b3729441e44bfbbd3461ebaf24bdf [term 0 FOLLOWER]: Starting pre-election (no leader contacted us within the election timeout)
I20260710 11:09:31.787874 11270 tablet_service.cc:1917] Received RequestConsensusVote() RPC: tablet_id: "8a8cfa45248945bf83f8f85fbed25c6c" candidate_uuid: "3428379cdc5a414c842b15050c8045c8" candidate_term: 1 candidate_status { last_received { term: 0 index: 0 } } ignore_live_leader: false dest_uuid: "e85b3729441e44bfbbd3461ebaf24bdf"
I20260710 11:09:31.787940 11392 raft_consensus.cc:515] T 84c8f91c8a104cb0a8556f4c22911cea P e85b3729441e44bfbbd3461ebaf24bdf [term 0 FOLLOWER]: Starting pre-election with config: opid_index: -1 OBSOLETE_local: false peers { permanent_uuid: "2429529d464b420e943b5d66f611ca01" member_type: VOTER last_known_addr { host: "127.10.205.1" port: 36073 } } peers { permanent_uuid: "e85b3729441e44bfbbd3461ebaf24bdf" member_type: VOTER last_known_addr { host: "127.10.205.2" port: 38569 } } peers { permanent_uuid: "3428379cdc5a414c842b15050c8045c8" member_type: VOTER last_known_addr { host: "127.10.205.3" port: 34525 } }
I20260710 11:09:31.788525 11270 raft_consensus.cc:3060] T 8a8cfa45248945bf83f8f85fbed25c6c P e85b3729441e44bfbbd3461ebaf24bdf [term 0 FOLLOWER]: Advancing to term 1
I20260710 11:09:31.790583 11392 leader_election.cc:290] T 84c8f91c8a104cb0a8556f4c22911cea P e85b3729441e44bfbbd3461ebaf24bdf [CANDIDATE]: Term 1 pre-election: Requested pre-vote from peers 2429529d464b420e943b5d66f611ca01 (127.10.205.1:36073), 3428379cdc5a414c842b15050c8045c8 (127.10.205.3:34525)
I20260710 11:09:31.791415 11394 raft_consensus.cc:493] T d0ff5ceff446420a9318da7754506153 P 3428379cdc5a414c842b15050c8045c8 [term 0 FOLLOWER]: Starting pre-election (no leader contacted us within the election timeout)
I20260710 11:09:31.791990 11394 raft_consensus.cc:515] T d0ff5ceff446420a9318da7754506153 P 3428379cdc5a414c842b15050c8045c8 [term 0 FOLLOWER]: Starting pre-election with config: opid_index: -1 OBSOLETE_local: false peers { permanent_uuid: "2429529d464b420e943b5d66f611ca01" member_type: VOTER last_known_addr { host: "127.10.205.1" port: 36073 } } peers { permanent_uuid: "e85b3729441e44bfbbd3461ebaf24bdf" member_type: VOTER last_known_addr { host: "127.10.205.2" port: 38569 } } peers { permanent_uuid: "3428379cdc5a414c842b15050c8045c8" member_type: VOTER last_known_addr { host: "127.10.205.3" port: 34525 } }
I20260710 11:09:31.795168 11394 leader_election.cc:290] T d0ff5ceff446420a9318da7754506153 P 3428379cdc5a414c842b15050c8045c8 [CANDIDATE]: Term 1 pre-election: Requested pre-vote from peers 2429529d464b420e943b5d66f611ca01 (127.10.205.1:36073), e85b3729441e44bfbbd3461ebaf24bdf (127.10.205.2:38569)
I20260710 11:09:31.795354 11194 tablet_service.cc:1917] Received RequestConsensusVote() RPC: tablet_id: "d0ff5ceff446420a9318da7754506153" candidate_uuid: "3428379cdc5a414c842b15050c8045c8" candidate_term: 1 candidate_status { last_received { term: 0 index: 0 } } ignore_live_leader: false dest_uuid: "2429529d464b420e943b5d66f611ca01" is_pre_election: true
W20260710 11:09:31.797222 11309 leader_election.cc:343] T d0ff5ceff446420a9318da7754506153 P 3428379cdc5a414c842b15050c8045c8 [CANDIDATE]: Term 1 pre-election: Tablet error from VoteRequest() call to peer 2429529d464b420e943b5d66f611ca01 (127.10.205.1:36073): Illegal state: must be running to vote when last-logged opid is not known
I20260710 11:09:31.801535 11270 raft_consensus.cc:2468] T 8a8cfa45248945bf83f8f85fbed25c6c P e85b3729441e44bfbbd3461ebaf24bdf [term 1 FOLLOWER]: Leader election vote request: Granting yes vote for candidate 3428379cdc5a414c842b15050c8045c8 in term 1.
I20260710 11:09:31.802834 11269 tablet_service.cc:1917] Received RequestConsensusVote() RPC: tablet_id: "d0ff5ceff446420a9318da7754506153" candidate_uuid: "3428379cdc5a414c842b15050c8045c8" candidate_term: 1 candidate_status { last_received { term: 0 index: 0 } } ignore_live_leader: false dest_uuid: "e85b3729441e44bfbbd3461ebaf24bdf" is_pre_election: true
I20260710 11:09:31.803485 11269 raft_consensus.cc:2468] T d0ff5ceff446420a9318da7754506153 P e85b3729441e44bfbbd3461ebaf24bdf [term 0 FOLLOWER]: Leader pre-election vote request: Granting yes vote for candidate 3428379cdc5a414c842b15050c8045c8 in term 0.
I20260710 11:09:31.803997 11389 tablet_bootstrap.cc:492] T d0ff5ceff446420a9318da7754506153 P 2429529d464b420e943b5d66f611ca01: No bootstrap required, opened a new log
I20260710 11:09:31.804577 11389 ts_tablet_manager.cc:1403] T d0ff5ceff446420a9318da7754506153 P 2429529d464b420e943b5d66f611ca01: Time spent bootstrapping tablet: real 0.049s	user 0.017s	sys 0.003s
I20260710 11:09:31.804554 11308 leader_election.cc:304] T d0ff5ceff446420a9318da7754506153 P 3428379cdc5a414c842b15050c8045c8 [CANDIDATE]: Term 1 pre-election: Election decided. Result: candidate won. Election summary: received 3 responses out of 3 voters: 2 yes votes; 1 no votes. yes voters: 3428379cdc5a414c842b15050c8045c8, e85b3729441e44bfbbd3461ebaf24bdf; no voters: 2429529d464b420e943b5d66f611ca01
I20260710 11:09:31.805423 11394 raft_consensus.cc:2804] T d0ff5ceff446420a9318da7754506153 P 3428379cdc5a414c842b15050c8045c8 [term 0 FOLLOWER]: Leader pre-election won for term 1
I20260710 11:09:31.805873 11394 raft_consensus.cc:493] T d0ff5ceff446420a9318da7754506153 P 3428379cdc5a414c842b15050c8045c8 [term 0 FOLLOWER]: Starting leader election (no leader contacted us within the election timeout)
I20260710 11:09:31.806311 11394 raft_consensus.cc:3060] T d0ff5ceff446420a9318da7754506153 P 3428379cdc5a414c842b15050c8045c8 [term 0 FOLLOWER]: Advancing to term 1
I20260710 11:09:31.806686 11308 leader_election.cc:304] T 8a8cfa45248945bf83f8f85fbed25c6c P 3428379cdc5a414c842b15050c8045c8 [CANDIDATE]: Term 1 election: Election decided. Result: candidate won. Election summary: received 2 responses out of 3 voters: 2 yes votes; 0 no votes. yes voters: 3428379cdc5a414c842b15050c8045c8, e85b3729441e44bfbbd3461ebaf24bdf; no voters: 
I20260710 11:09:31.813485 11194 tablet_service.cc:1917] Received RequestConsensusVote() RPC: tablet_id: "8a8cfa45248945bf83f8f85fbed25c6c" candidate_uuid: "3428379cdc5a414c842b15050c8045c8" candidate_term: 1 candidate_status { last_received { term: 0 index: 0 } } ignore_live_leader: false dest_uuid: "2429529d464b420e943b5d66f611ca01"
W20260710 11:09:31.815022 11309 leader_election.cc:343] T 8a8cfa45248945bf83f8f85fbed25c6c P 3428379cdc5a414c842b15050c8045c8 [CANDIDATE]: Term 1 election: Tablet error from VoteRequest() call to peer 2429529d464b420e943b5d66f611ca01 (127.10.205.1:36073): Illegal state: must be running to vote when last-logged opid is not known
I20260710 11:09:31.816777 11387 raft_consensus.cc:359] T 41bb5062e7384ef8abd52003e767dbd0 P e85b3729441e44bfbbd3461ebaf24bdf [term 0 FOLLOWER]: Replica starting. Triggering 0 pending ops. Active config: opid_index: -1 OBSOLETE_local: false peers { permanent_uuid: "2429529d464b420e943b5d66f611ca01" member_type: VOTER last_known_addr { host: "127.10.205.1" port: 36073 } } peers { permanent_uuid: "e85b3729441e44bfbbd3461ebaf24bdf" member_type: VOTER last_known_addr { host: "127.10.205.2" port: 38569 } } peers { permanent_uuid: "3428379cdc5a414c842b15050c8045c8" member_type: VOTER last_known_addr { host: "127.10.205.3" port: 34525 } }
I20260710 11:09:31.821697 11387 raft_consensus.cc:385] T 41bb5062e7384ef8abd52003e767dbd0 P e85b3729441e44bfbbd3461ebaf24bdf [term 0 FOLLOWER]: Consensus starting up: Expiring failure detector timer to make a prompt election more likely
I20260710 11:09:31.822614 11387 raft_consensus.cc:740] T 41bb5062e7384ef8abd52003e767dbd0 P e85b3729441e44bfbbd3461ebaf24bdf [term 0 FOLLOWER]: Becoming Follower/Learner. State: Replica: e85b3729441e44bfbbd3461ebaf24bdf, State: Initialized, Role: FOLLOWER
I20260710 11:09:31.815902 11394 raft_consensus.cc:515] T d0ff5ceff446420a9318da7754506153 P 3428379cdc5a414c842b15050c8045c8 [term 1 FOLLOWER]: Starting leader election with config: opid_index: -1 OBSOLETE_local: false peers { permanent_uuid: "2429529d464b420e943b5d66f611ca01" member_type: VOTER last_known_addr { host: "127.10.205.1" port: 36073 } } peers { permanent_uuid: "e85b3729441e44bfbbd3461ebaf24bdf" member_type: VOTER last_known_addr { host: "127.10.205.2" port: 38569 } } peers { permanent_uuid: "3428379cdc5a414c842b15050c8045c8" member_type: VOTER last_known_addr { host: "127.10.205.3" port: 34525 } }
I20260710 11:09:31.817718 11399 leader_election.cc:290] T 8a8cfa45248945bf83f8f85fbed25c6c P 3428379cdc5a414c842b15050c8045c8 [CANDIDATE]: Term 1 election: Requested vote from peers e85b3729441e44bfbbd3461ebaf24bdf (127.10.205.2:38569), 2429529d464b420e943b5d66f611ca01 (127.10.205.1:36073)
I20260710 11:09:31.819617 11389 raft_consensus.cc:359] T d0ff5ceff446420a9318da7754506153 P 2429529d464b420e943b5d66f611ca01 [term 0 FOLLOWER]: Replica starting. Triggering 0 pending ops. Active config: opid_index: -1 OBSOLETE_local: false peers { permanent_uuid: "2429529d464b420e943b5d66f611ca01" member_type: VOTER last_known_addr { host: "127.10.205.1" port: 36073 } } peers { permanent_uuid: "e85b3729441e44bfbbd3461ebaf24bdf" member_type: VOTER last_known_addr { host: "127.10.205.2" port: 38569 } } peers { permanent_uuid: "3428379cdc5a414c842b15050c8045c8" member_type: VOTER last_known_addr { host: "127.10.205.3" port: 34525 } }
I20260710 11:09:31.826450 11389 raft_consensus.cc:385] T d0ff5ceff446420a9318da7754506153 P 2429529d464b420e943b5d66f611ca01 [term 0 FOLLOWER]: Consensus starting up: Expiring failure detector timer to make a prompt election more likely
I20260710 11:09:31.826996 11389 raft_consensus.cc:740] T d0ff5ceff446420a9318da7754506153 P 2429529d464b420e943b5d66f611ca01 [term 0 FOLLOWER]: Becoming Follower/Learner. State: Replica: 2429529d464b420e943b5d66f611ca01, State: Initialized, Role: FOLLOWER
I20260710 11:09:31.824059 11413 raft_consensus.cc:2804] T 8a8cfa45248945bf83f8f85fbed25c6c P 3428379cdc5a414c842b15050c8045c8 [term 1 FOLLOWER]: Leader election won for term 1
I20260710 11:09:31.827744 11413 raft_consensus.cc:697] T 8a8cfa45248945bf83f8f85fbed25c6c P 3428379cdc5a414c842b15050c8045c8 [term 1 LEADER]: Becoming Leader. State: Replica: 3428379cdc5a414c842b15050c8045c8, State: Running, Role: LEADER
I20260710 11:09:31.826505 11387 consensus_queue.cc:260] T 41bb5062e7384ef8abd52003e767dbd0 P e85b3729441e44bfbbd3461ebaf24bdf [NON_LEADER]: Queue going to NON_LEADER mode. State: All replicated index: 0, Majority replicated index: 0, Committed index: 0, Last appended: 0.0, Last appended by leader: 0, Current term: 0, Majority size: -1, State: 0, Mode: NON_LEADER, active raft config: opid_index: -1 OBSOLETE_local: false peers { permanent_uuid: "2429529d464b420e943b5d66f611ca01" member_type: VOTER last_known_addr { host: "127.10.205.1" port: 36073 } } peers { permanent_uuid: "e85b3729441e44bfbbd3461ebaf24bdf" member_type: VOTER last_known_addr { host: "127.10.205.2" port: 38569 } } peers { permanent_uuid: "3428379cdc5a414c842b15050c8045c8" member_type: VOTER last_known_addr { host: "127.10.205.3" port: 34525 } }
I20260710 11:09:31.834605 11413 consensus_queue.cc:237] T 8a8cfa45248945bf83f8f85fbed25c6c P 3428379cdc5a414c842b15050c8045c8 [LEADER]: Queue going to LEADER mode. State: All replicated index: 0, Majority replicated index: 0, Committed index: 0, Last appended: 0.0, Last appended by leader: 0, Current term: 1, Majority size: 2, State: 0, Mode: LEADER, active raft config: opid_index: -1 OBSOLETE_local: false peers { permanent_uuid: "e85b3729441e44bfbbd3461ebaf24bdf" member_type: VOTER last_known_addr { host: "127.10.205.2" port: 38569 } } peers { permanent_uuid: "3428379cdc5a414c842b15050c8045c8" member_type: VOTER last_known_addr { host: "127.10.205.3" port: 34525 } } peers { permanent_uuid: "2429529d464b420e943b5d66f611ca01" member_type: VOTER last_known_addr { host: "127.10.205.1" port: 36073 } }
I20260710 11:09:31.831143 11392 raft_consensus.cc:493] T 8e544b900f5f482294ea3c34a8093c86 P e85b3729441e44bfbbd3461ebaf24bdf [term 0 FOLLOWER]: Starting pre-election (no leader contacted us within the election timeout)
I20260710 11:09:31.831416 11194 tablet_service.cc:1917] Received RequestConsensusVote() RPC: tablet_id: "d0ff5ceff446420a9318da7754506153" candidate_uuid: "3428379cdc5a414c842b15050c8045c8" candidate_term: 1 candidate_status { last_received { term: 0 index: 0 } } ignore_live_leader: false dest_uuid: "2429529d464b420e943b5d66f611ca01"
