I20260710 11:09:54.412143  5437 raft_consensus.cc:740] T aca3f6b2a6e94415a1e5effa84d46f3b P 9f98a7dc76f540ef8653c8791927db6e [term 0 FOLLOWER]: Becoming Follower/Learner. State: Replica: 9f98a7dc76f540ef8653c8791927db6e, State: Initialized, Role: FOLLOWER
I20260710 11:09:54.412734  5444 raft_consensus.cc:697] T d8792483767e4e5eb87fe8d0a06f1db2 P 648926d317aa4bdab5840b82dce7c507 [term 1 LEADER]: Becoming Leader. State: Replica: 648926d317aa4bdab5840b82dce7c507, State: Running, Role: LEADER
I20260710 11:09:54.413277  5288 leader_election.cc:304] T 048587196fff4b688ccd400ea682b833 P 648926d317aa4bdab5840b82dce7c507 [CANDIDATE]: Term 1 election: Election decided. Result: candidate won. Election summary: received 3 responses out of 3 voters: 2 yes votes; 1 no votes. yes voters: 648926d317aa4bdab5840b82dce7c507, 9f98a7dc76f540ef8653c8791927db6e; no voters: 92e94c3a8d7242b1a22097b47e2f431d
I20260710 11:09:54.413566  5444 consensus_queue.cc:237] T d8792483767e4e5eb87fe8d0a06f1db2 P 648926d317aa4bdab5840b82dce7c507 [LEADER]: Queue going to LEADER mode. State: All replicated index: 0, Majority replicated index: 0, Committed index: 0, Last appended: 0.0, Last appended by leader: 0, Current term: 1, Majority size: 2, State: 0, Mode: LEADER, active raft config: opid_index: -1 OBSOLETE_local: false peers { permanent_uuid: "9f98a7dc76f540ef8653c8791927db6e" member_type: VOTER last_known_addr { host: "127.4.10.129" port: 41159 } } peers { permanent_uuid: "648926d317aa4bdab5840b82dce7c507" member_type: VOTER last_known_addr { host: "127.4.10.130" port: 33025 } } peers { permanent_uuid: "92e94c3a8d7242b1a22097b47e2f431d" member_type: VOTER last_known_addr { host: "127.4.10.131" port: 40951 } }
I20260710 11:09:54.413744  5437 consensus_queue.cc:260] T aca3f6b2a6e94415a1e5effa84d46f3b P 9f98a7dc76f540ef8653c8791927db6e [NON_LEADER]: Queue going to NON_LEADER mode. State: All replicated index: 0, Majority replicated index: 0, Committed index: 0, Last appended: 0.0, Last appended by leader: 0, Current term: 0, Majority size: -1, State: 0, Mode: NON_LEADER, active raft config: opid_index: -1 OBSOLETE_local: false peers { permanent_uuid: "9f98a7dc76f540ef8653c8791927db6e" member_type: VOTER last_known_addr { host: "127.4.10.129" port: 41159 } } peers { permanent_uuid: "648926d317aa4bdab5840b82dce7c507" member_type: VOTER last_known_addr { host: "127.4.10.130" port: 33025 } } peers { permanent_uuid: "92e94c3a8d7242b1a22097b47e2f431d" member_type: VOTER last_known_addr { host: "127.4.10.131" port: 40951 } }
I20260710 11:09:54.414911  5441 raft_consensus.cc:2804] T 048587196fff4b688ccd400ea682b833 P 648926d317aa4bdab5840b82dce7c507 [term 1 FOLLOWER]: Leader election won for term 1
I20260710 11:09:54.417687  5438 tablet_bootstrap.cc:492] T 048587196fff4b688ccd400ea682b833 P 92e94c3a8d7242b1a22097b47e2f431d: No bootstrap required, opened a new log
I20260710 11:09:54.417873  5437 ts_tablet_manager.cc:1434] T aca3f6b2a6e94415a1e5effa84d46f3b P 9f98a7dc76f540ef8653c8791927db6e: Time spent starting tablet: real 0.010s	user 0.005s	sys 0.002s
I20260710 11:09:54.418184  5438 ts_tablet_manager.cc:1403] T 048587196fff4b688ccd400ea682b833 P 92e94c3a8d7242b1a22097b47e2f431d: Time spent bootstrapping tablet: real 0.147s	user 0.065s	sys 0.065s
I20260710 11:09:54.419298  5437 tablet_bootstrap.cc:492] T e7fbe46ca5ca4b8e96ad758dfd55fdc6 P 9f98a7dc76f540ef8653c8791927db6e: Bootstrap starting.
I20260710 11:09:54.422423  5436 raft_consensus.cc:359] T e96aa2574b7940998948abe10b48e401 P 648926d317aa4bdab5840b82dce7c507 [term 0 FOLLOWER]: Replica starting. Triggering 0 pending ops. Active config: opid_index: -1 OBSOLETE_local: false peers { permanent_uuid: "9f98a7dc76f540ef8653c8791927db6e" member_type: VOTER last_known_addr { host: "127.4.10.129" port: 41159 } } peers { permanent_uuid: "648926d317aa4bdab5840b82dce7c507" member_type: VOTER last_known_addr { host: "127.4.10.130" port: 33025 } } peers { permanent_uuid: "92e94c3a8d7242b1a22097b47e2f431d" member_type: VOTER last_known_addr { host: "127.4.10.131" port: 40951 } }
I20260710 11:09:54.423113  5436 raft_consensus.cc:385] T e96aa2574b7940998948abe10b48e401 P 648926d317aa4bdab5840b82dce7c507 [term 0 FOLLOWER]: Consensus starting up: Expiring failure detector timer to make a prompt election more likely
I20260710 11:09:54.423401  5436 raft_consensus.cc:740] T e96aa2574b7940998948abe10b48e401 P 648926d317aa4bdab5840b82dce7c507 [term 0 FOLLOWER]: Becoming Follower/Learner. State: Replica: 648926d317aa4bdab5840b82dce7c507, State: Initialized, Role: FOLLOWER
I20260710 11:09:54.424042  5436 consensus_queue.cc:260] T e96aa2574b7940998948abe10b48e401 P 648926d317aa4bdab5840b82dce7c507 [NON_LEADER]: Queue going to NON_LEADER mode. State: All replicated index: 0, Majority replicated index: 0, Committed index: 0, Last appended: 0.0, Last appended by leader: 0, Current term: 0, Majority size: -1, State: 0, Mode: NON_LEADER, active raft config: opid_index: -1 OBSOLETE_local: false peers { permanent_uuid: "9f98a7dc76f540ef8653c8791927db6e" member_type: VOTER last_known_addr { host: "127.4.10.129" port: 41159 } } peers { permanent_uuid: "648926d317aa4bdab5840b82dce7c507" member_type: VOTER last_known_addr { host: "127.4.10.130" port: 33025 } } peers { permanent_uuid: "92e94c3a8d7242b1a22097b47e2f431d" member_type: VOTER last_known_addr { host: "127.4.10.131" port: 40951 } }
I20260710 11:09:54.428517  5438 raft_consensus.cc:359] T 048587196fff4b688ccd400ea682b833 P 92e94c3a8d7242b1a22097b47e2f431d [term 0 FOLLOWER]: Replica starting. Triggering 0 pending ops. Active config: opid_index: -1 OBSOLETE_local: false peers { permanent_uuid: "9f98a7dc76f540ef8653c8791927db6e" member_type: VOTER last_known_addr { host: "127.4.10.129" port: 41159 } } peers { permanent_uuid: "648926d317aa4bdab5840b82dce7c507" member_type: VOTER last_known_addr { host: "127.4.10.130" port: 33025 } } peers { permanent_uuid: "92e94c3a8d7242b1a22097b47e2f431d" member_type: VOTER last_known_addr { host: "127.4.10.131" port: 40951 } }
I20260710 11:09:54.429355  5438 raft_consensus.cc:385] T 048587196fff4b688ccd400ea682b833 P 92e94c3a8d7242b1a22097b47e2f431d [term 0 FOLLOWER]: Consensus starting up: Expiring failure detector timer to make a prompt election more likely
I20260710 11:09:54.428556  5437 tablet_bootstrap.cc:654] T e7fbe46ca5ca4b8e96ad758dfd55fdc6 P 9f98a7dc76f540ef8653c8791927db6e: Neither blocks nor log segments found. Creating new log.
I20260710 11:09:54.429657  5438 raft_consensus.cc:740] T 048587196fff4b688ccd400ea682b833 P 92e94c3a8d7242b1a22097b47e2f431d [term 0 FOLLOWER]: Becoming Follower/Learner. State: Replica: 92e94c3a8d7242b1a22097b47e2f431d, State: Initialized, Role: FOLLOWER
I20260710 11:09:54.431191  5438 consensus_queue.cc:260] T 048587196fff4b688ccd400ea682b833 P 92e94c3a8d7242b1a22097b47e2f431d [NON_LEADER]: Queue going to NON_LEADER mode. State: All replicated index: 0, Majority replicated index: 0, Committed index: 0, Last appended: 0.0, Last appended by leader: 0, Current term: 0, Majority size: -1, State: 0, Mode: NON_LEADER, active raft config: opid_index: -1 OBSOLETE_local: false peers { permanent_uuid: "9f98a7dc76f540ef8653c8791927db6e" member_type: VOTER last_known_addr { host: "127.4.10.129" port: 41159 } } peers { permanent_uuid: "648926d317aa4bdab5840b82dce7c507" member_type: VOTER last_known_addr { host: "127.4.10.130" port: 33025 } } peers { permanent_uuid: "92e94c3a8d7242b1a22097b47e2f431d" member_type: VOTER last_known_addr { host: "127.4.10.131" port: 40951 } }
I20260710 11:09:54.433645  5438 ts_tablet_manager.cc:1434] T 048587196fff4b688ccd400ea682b833 P 92e94c3a8d7242b1a22097b47e2f431d: Time spent starting tablet: real 0.015s	user 0.004s	sys 0.002s
I20260710 11:09:54.434711  5438 tablet_bootstrap.cc:492] T b7051398c0e94608be51fd50b1e6debb P 92e94c3a8d7242b1a22097b47e2f431d: Bootstrap starting.
I20260710 11:09:54.439600  5145 catalog_manager.cc:5697] T d8792483767e4e5eb87fe8d0a06f1db2 P 648926d317aa4bdab5840b82dce7c507 reported cstate change: term changed from 0 to 1, leader changed from <none> to 648926d317aa4bdab5840b82dce7c507 (127.4.10.130). New cstate: current_term: 1 leader_uuid: "648926d317aa4bdab5840b82dce7c507" committed_config { opid_index: -1 OBSOLETE_local: false peers { permanent_uuid: "9f98a7dc76f540ef8653c8791927db6e" member_type: VOTER last_known_addr { host: "127.4.10.129" port: 41159 } health_report { overall_health: UNKNOWN } } peers { permanent_uuid: "648926d317aa4bdab5840b82dce7c507" member_type: VOTER last_known_addr { host: "127.4.10.130" port: 33025 } health_report { overall_health: HEALTHY } } peers { permanent_uuid: "92e94c3a8d7242b1a22097b47e2f431d" member_type: VOTER last_known_addr { host: "127.4.10.131" port: 40951 } health_report { overall_health: UNKNOWN } } }
I20260710 11:09:54.441246  5441 raft_consensus.cc:697] T 048587196fff4b688ccd400ea682b833 P 648926d317aa4bdab5840b82dce7c507 [term 1 LEADER]: Becoming Leader. State: Replica: 648926d317aa4bdab5840b82dce7c507, State: Running, Role: LEADER
I20260710 11:09:54.441957  5438 tablet_bootstrap.cc:654] T b7051398c0e94608be51fd50b1e6debb P 92e94c3a8d7242b1a22097b47e2f431d: Neither blocks nor log segments found. Creating new log.
I20260710 11:09:54.442392  5441 consensus_queue.cc:237] T 048587196fff4b688ccd400ea682b833 P 648926d317aa4bdab5840b82dce7c507 [LEADER]: Queue going to LEADER mode. State: All replicated index: 0, Majority replicated index: 0, Committed index: 0, Last appended: 0.0, Last appended by leader: 0, Current term: 1, Majority size: 2, State: 0, Mode: LEADER, active raft config: opid_index: -1 OBSOLETE_local: false peers { permanent_uuid: "9f98a7dc76f540ef8653c8791927db6e" member_type: VOTER last_known_addr { host: "127.4.10.129" port: 41159 } } peers { permanent_uuid: "648926d317aa4bdab5840b82dce7c507" member_type: VOTER last_known_addr { host: "127.4.10.130" port: 33025 } } peers { permanent_uuid: "92e94c3a8d7242b1a22097b47e2f431d" member_type: VOTER last_known_addr { host: "127.4.10.131" port: 40951 } }
I20260710 11:09:54.455179  5477 raft_consensus.cc:493] T 90b509db4f834ca19c820d636991b330 P 648926d317aa4bdab5840b82dce7c507 [term 0 FOLLOWER]: Starting pre-election (no leader contacted us within the election timeout)
I20260710 11:09:54.455791  5477 raft_consensus.cc:515] T 90b509db4f834ca19c820d636991b330 P 648926d317aa4bdab5840b82dce7c507 [term 0 FOLLOWER]: Starting pre-election with config: opid_index: -1 OBSOLETE_local: false peers { permanent_uuid: "9f98a7dc76f540ef8653c8791927db6e" member_type: VOTER last_known_addr { host: "127.4.10.129" port: 41159 } } peers { permanent_uuid: "648926d317aa4bdab5840b82dce7c507" member_type: VOTER last_known_addr { host: "127.4.10.130" port: 33025 } } peers { permanent_uuid: "92e94c3a8d7242b1a22097b47e2f431d" member_type: VOTER last_known_addr { host: "127.4.10.131" port: 40951 } }
I20260710 11:09:54.458556  5477 leader_election.cc:290] T 90b509db4f834ca19c820d636991b330 P 648926d317aa4bdab5840b82dce7c507 [CANDIDATE]: Term 1 pre-election: Requested pre-vote from peers 9f98a7dc76f540ef8653c8791927db6e (127.4.10.129:41159), 92e94c3a8d7242b1a22097b47e2f431d (127.4.10.131:40951)
I20260710 11:09:54.460886  5246 tablet_service.cc:1917] Received RequestConsensusVote() RPC: tablet_id: "90b509db4f834ca19c820d636991b330" candidate_uuid: "648926d317aa4bdab5840b82dce7c507" candidate_term: 1 candidate_status { last_received { term: 0 index: 0 } } ignore_live_leader: false dest_uuid: "9f98a7dc76f540ef8653c8791927db6e" is_pre_election: true
W20260710 11:09:54.462687  5288 leader_election.cc:343] T 90b509db4f834ca19c820d636991b330 P 648926d317aa4bdab5840b82dce7c507 [CANDIDATE]: Term 1 pre-election: Tablet error from VoteRequest() call to peer 9f98a7dc76f540ef8653c8791927db6e (127.4.10.129:41159): Illegal state: must be running to vote when last-logged opid is not known
I20260710 11:09:54.465129  5396 tablet_service.cc:1917] Received RequestConsensusVote() RPC: tablet_id: "90b509db4f834ca19c820d636991b330" candidate_uuid: "648926d317aa4bdab5840b82dce7c507" candidate_term: 1 candidate_status { last_received { term: 0 index: 0 } } ignore_live_leader: false dest_uuid: "92e94c3a8d7242b1a22097b47e2f431d" is_pre_election: true
I20260710 11:09:54.465978  5396 raft_consensus.cc:2468] T 90b509db4f834ca19c820d636991b330 P 92e94c3a8d7242b1a22097b47e2f431d [term 0 FOLLOWER]: Leader pre-election vote request: Granting yes vote for candidate 648926d317aa4bdab5840b82dce7c507 in term 0.
I20260710 11:09:54.467625  5288 leader_election.cc:304] T 90b509db4f834ca19c820d636991b330 P 648926d317aa4bdab5840b82dce7c507 [CANDIDATE]: Term 1 pre-election: Election decided. Result: candidate won. Election summary: received 3 responses out of 3 voters: 2 yes votes; 1 no votes. yes voters: 648926d317aa4bdab5840b82dce7c507, 92e94c3a8d7242b1a22097b47e2f431d; no voters: 9f98a7dc76f540ef8653c8791927db6e
I20260710 11:09:54.469084  5477 raft_consensus.cc:2804] T 90b509db4f834ca19c820d636991b330 P 648926d317aa4bdab5840b82dce7c507 [term 0 FOLLOWER]: Leader pre-election won for term 1
I20260710 11:09:54.469534  5477 raft_consensus.cc:493] T 90b509db4f834ca19c820d636991b330 P 648926d317aa4bdab5840b82dce7c507 [term 0 FOLLOWER]: Starting leader election (no leader contacted us within the election timeout)
I20260710 11:09:54.469985  5477 raft_consensus.cc:3060] T 90b509db4f834ca19c820d636991b330 P 648926d317aa4bdab5840b82dce7c507 [term 0 FOLLOWER]: Advancing to term 1
I20260710 11:09:54.475492  5436 ts_tablet_manager.cc:1434] T e96aa2574b7940998948abe10b48e401 P 648926d317aa4bdab5840b82dce7c507: Time spent starting tablet: real 0.067s	user 0.011s	sys 0.016s
I20260710 11:09:54.476857  5436 tablet_bootstrap.cc:492] T aca3f6b2a6e94415a1e5effa84d46f3b P 648926d317aa4bdab5840b82dce7c507: Bootstrap starting.
I20260710 11:09:54.480499  5477 raft_consensus.cc:515] T 90b509db4f834ca19c820d636991b330 P 648926d317aa4bdab5840b82dce7c507 [term 1 FOLLOWER]: Starting leader election with config: opid_index: -1 OBSOLETE_local: false peers { permanent_uuid: "9f98a7dc76f540ef8653c8791927db6e" member_type: VOTER last_known_addr { host: "127.4.10.129" port: 41159 } } peers { permanent_uuid: "648926d317aa4bdab5840b82dce7c507" member_type: VOTER last_known_addr { host: "127.4.10.130" port: 33025 } } peers { permanent_uuid: "92e94c3a8d7242b1a22097b47e2f431d" member_type: VOTER last_known_addr { host: "127.4.10.131" port: 40951 } }
I20260710 11:09:54.484880  5436 tablet_bootstrap.cc:654] T aca3f6b2a6e94415a1e5effa84d46f3b P 648926d317aa4bdab5840b82dce7c507: Neither blocks nor log segments found. Creating new log.
I20260710 11:09:54.489718  5437 tablet_bootstrap.cc:492] T e7fbe46ca5ca4b8e96ad758dfd55fdc6 P 9f98a7dc76f540ef8653c8791927db6e: No bootstrap required, opened a new log
I20260710 11:09:54.492400  5246 tablet_service.cc:1917] Received RequestConsensusVote() RPC: tablet_id: "90b509db4f834ca19c820d636991b330" candidate_uuid: "648926d317aa4bdab5840b82dce7c507" candidate_term: 1 candidate_status { last_received { term: 0 index: 0 } } ignore_live_leader: false dest_uuid: "9f98a7dc76f540ef8653c8791927db6e"
I20260710 11:09:54.494685  5477 leader_election.cc:290] T 90b509db4f834ca19c820d636991b330 P 648926d317aa4bdab5840b82dce7c507 [CANDIDATE]: Term 1 election: Requested vote from peers 9f98a7dc76f540ef8653c8791927db6e (127.4.10.129:41159), 92e94c3a8d7242b1a22097b47e2f431d (127.4.10.131:40951)
I20260710 11:09:54.493449  5396 tablet_service.cc:1917] Received RequestConsensusVote() RPC: tablet_id: "90b509db4f834ca19c820d636991b330" candidate_uuid: "648926d317aa4bdab5840b82dce7c507" candidate_term: 1 candidate_status { last_received { term: 0 index: 0 } } ignore_live_leader: false dest_uuid: "92e94c3a8d7242b1a22097b47e2f431d"
I20260710 11:09:54.495782  5396 raft_consensus.cc:3060] T 90b509db4f834ca19c820d636991b330 P 92e94c3a8d7242b1a22097b47e2f431d [term 0 FOLLOWER]: Advancing to term 1
I20260710 11:09:54.497539  5436 tablet_bootstrap.cc:492] T aca3f6b2a6e94415a1e5effa84d46f3b P 648926d317aa4bdab5840b82dce7c507: No bootstrap required, opened a new log
I20260710 11:09:54.498055  5436 ts_tablet_manager.cc:1403] T aca3f6b2a6e94415a1e5effa84d46f3b P 648926d317aa4bdab5840b82dce7c507: Time spent bootstrapping tablet: real 0.021s	user 0.016s	sys 0.004s
I20260710 11:09:54.498368  5438 tablet_bootstrap.cc:492] T b7051398c0e94608be51fd50b1e6debb P 92e94c3a8d7242b1a22097b47e2f431d: No bootstrap required, opened a new log
I20260710 11:09:54.498854  5438 ts_tablet_manager.cc:1403] T b7051398c0e94608be51fd50b1e6debb P 92e94c3a8d7242b1a22097b47e2f431d: Time spent bootstrapping tablet: real 0.064s	user 0.011s	sys 0.049s
W20260710 11:09:54.498771  5288 leader_election.cc:343] T 90b509db4f834ca19c820d636991b330 P 648926d317aa4bdab5840b82dce7c507 [CANDIDATE]: Term 1 election: Tablet error from VoteRequest() call to peer 9f98a7dc76f540ef8653c8791927db6e (127.4.10.129:41159): Illegal state: must be running to vote when last-logged opid is not known
I20260710 11:09:54.500908  5436 raft_consensus.cc:359] T aca3f6b2a6e94415a1e5effa84d46f3b P 648926d317aa4bdab5840b82dce7c507 [term 0 FOLLOWER]: Replica starting. Triggering 0 pending ops. Active config: opid_index: -1 OBSOLETE_local: false peers { permanent_uuid: "9f98a7dc76f540ef8653c8791927db6e" member_type: VOTER last_known_addr { host: "127.4.10.129" port: 41159 } } peers { permanent_uuid: "648926d317aa4bdab5840b82dce7c507" member_type: VOTER last_known_addr { host: "127.4.10.130" port: 33025 } } peers { permanent_uuid: "92e94c3a8d7242b1a22097b47e2f431d" member_type: VOTER last_known_addr { host: "127.4.10.131" port: 40951 } }
I20260710 11:09:54.501747  5436 raft_consensus.cc:385] T aca3f6b2a6e94415a1e5effa84d46f3b P 648926d317aa4bdab5840b82dce7c507 [term 0 FOLLOWER]: Consensus starting up: Expiring failure detector timer to make a prompt election more likely
I20260710 11:09:54.502162  5436 raft_consensus.cc:740] T aca3f6b2a6e94415a1e5effa84d46f3b P 648926d317aa4bdab5840b82dce7c507 [term 0 FOLLOWER]: Becoming Follower/Learner. State: Replica: 648926d317aa4bdab5840b82dce7c507, State: Initialized, Role: FOLLOWER
I20260710 11:09:54.501824  5438 raft_consensus.cc:359] T b7051398c0e94608be51fd50b1e6debb P 92e94c3a8d7242b1a22097b47e2f431d [term 0 FOLLOWER]: Replica starting. Triggering 0 pending ops. Active config: opid_index: -1 OBSOLETE_local: false peers { permanent_uuid: "9f98a7dc76f540ef8653c8791927db6e" member_type: VOTER last_known_addr { host: "127.4.10.129" port: 41159 } } peers { permanent_uuid: "648926d317aa4bdab5840b82dce7c507" member_type: VOTER last_known_addr { host: "127.4.10.130" port: 33025 } } peers { permanent_uuid: "92e94c3a8d7242b1a22097b47e2f431d" member_type: VOTER last_known_addr { host: "127.4.10.131" port: 40951 } }
I20260710 11:09:54.494328  5437 ts_tablet_manager.cc:1403] T e7fbe46ca5ca4b8e96ad758dfd55fdc6 P 9f98a7dc76f540ef8653c8791927db6e: Time spent bootstrapping tablet: real 0.075s	user 0.019s	sys 0.020s
I20260710 11:09:54.503147  5438 raft_consensus.cc:385] T b7051398c0e94608be51fd50b1e6debb P 92e94c3a8d7242b1a22097b47e2f431d [term 0 FOLLOWER]: Consensus starting up: Expiring failure detector timer to make a prompt election more likely
I20260710 11:09:54.503639  5438 raft_consensus.cc:740] T b7051398c0e94608be51fd50b1e6debb P 92e94c3a8d7242b1a22097b47e2f431d [term 0 FOLLOWER]: Becoming Follower/Learner. State: Replica: 92e94c3a8d7242b1a22097b47e2f431d, State: Initialized, Role: FOLLOWER
I20260710 11:09:54.503108  5436 consensus_queue.cc:260] T aca3f6b2a6e94415a1e5effa84d46f3b P 648926d317aa4bdab5840b82dce7c507 [NON_LEADER]: Queue going to NON_LEADER mode. State: All replicated index: 0, Majority replicated index: 0, Committed index: 0, Last appended: 0.0, Last appended by leader: 0, Current term: 0, Majority size: -1, State: 0, Mode: NON_LEADER, active raft config: opid_index: -1 OBSOLETE_local: false peers { permanent_uuid: "9f98a7dc76f540ef8653c8791927db6e" member_type: VOTER last_known_addr { host: "127.4.10.129" port: 41159 } } peers { permanent_uuid: "648926d317aa4bdab5840b82dce7c507" member_type: VOTER last_known_addr { host: "127.4.10.130" port: 33025 } } peers { permanent_uuid: "92e94c3a8d7242b1a22097b47e2f431d" member_type: VOTER last_known_addr { host: "127.4.10.131" port: 40951 } }
I20260710 11:09:54.504434  5438 consensus_queue.cc:260] T b7051398c0e94608be51fd50b1e6debb P 92e94c3a8d7242b1a22097b47e2f431d [NON_LEADER]: Queue going to NON_LEADER mode. State: All replicated index: 0, Majority replicated index: 0, Committed index: 0, Last appended: 0.0, Last appended by leader: 0, Current term: 0, Majority size: -1, State: 0, Mode: NON_LEADER, active raft config: opid_index: -1 OBSOLETE_local: false peers { permanent_uuid: "9f98a7dc76f540ef8653c8791927db6e" member_type: VOTER last_known_addr { host: "127.4.10.129" port: 41159 } } peers { permanent_uuid: "648926d317aa4bdab5840b82dce7c507" member_type: VOTER last_known_addr { host: "127.4.10.130" port: 33025 } } peers { permanent_uuid: "92e94c3a8d7242b1a22097b47e2f431d" member_type: VOTER last_known_addr { host: "127.4.10.131" port: 40951 } }
I20260710 11:09:54.505900  5145 catalog_manager.cc:5697] T 048587196fff4b688ccd400ea682b833 P 648926d317aa4bdab5840b82dce7c507 reported cstate change: term changed from 0 to 1, leader changed from <none> to 648926d317aa4bdab5840b82dce7c507 (127.4.10.130). New cstate: current_term: 1 leader_uuid: "648926d317aa4bdab5840b82dce7c507" committed_config { opid_index: -1 OBSOLETE_local: false peers { permanent_uuid: "9f98a7dc76f540ef8653c8791927db6e" member_type: VOTER last_known_addr { host: "127.4.10.129" port: 41159 } health_report { overall_health: UNKNOWN } } peers { permanent_uuid: "648926d317aa4bdab5840b82dce7c507" member_type: VOTER last_known_addr { host: "127.4.10.130" port: 33025 } health_report { overall_health: HEALTHY } } peers { permanent_uuid: "92e94c3a8d7242b1a22097b47e2f431d" member_type: VOTER last_known_addr { host: "127.4.10.131" port: 40951 } health_report { overall_health: UNKNOWN } } }
I20260710 11:09:54.506800  5438 ts_tablet_manager.cc:1434] T b7051398c0e94608be51fd50b1e6debb P 92e94c3a8d7242b1a22097b47e2f431d: Time spent starting tablet: real 0.008s	user 0.008s	sys 0.000s
I20260710 11:09:54.506876  5437 raft_consensus.cc:359] T e7fbe46ca5ca4b8e96ad758dfd55fdc6 P 9f98a7dc76f540ef8653c8791927db6e [term 0 FOLLOWER]: Replica starting. Triggering 0 pending ops. Active config: opid_index: -1 OBSOLETE_local: false peers { permanent_uuid: "9f98a7dc76f540ef8653c8791927db6e" member_type: VOTER last_known_addr { host: "127.4.10.129" port: 41159 } } peers { permanent_uuid: "648926d317aa4bdab5840b82dce7c507" member_type: VOTER last_known_addr { host: "127.4.10.130" port: 33025 } } peers { permanent_uuid: "92e94c3a8d7242b1a22097b47e2f431d" member_type: VOTER last_known_addr { host: "127.4.10.131" port: 40951 } }
I20260710 11:09:54.507673  5437 raft_consensus.cc:385] T e7fbe46ca5ca4b8e96ad758dfd55fdc6 P 9f98a7dc76f540ef8653c8791927db6e [term 0 FOLLOWER]: Consensus starting up: Expiring failure detector timer to make a prompt election more likely
I20260710 11:09:54.507944  5438 tablet_bootstrap.cc:492] T a5e94d822dec4731b4fbd0f2c8af12b2 P 92e94c3a8d7242b1a22097b47e2f431d: Bootstrap starting.
I20260710 11:09:54.507980  5437 raft_consensus.cc:740] T e7fbe46ca5ca4b8e96ad758dfd55fdc6 P 9f98a7dc76f540ef8653c8791927db6e [term 0 FOLLOWER]: Becoming Follower/Learner. State: Replica: 9f98a7dc76f540ef8653c8791927db6e, State: Initialized, Role: FOLLOWER
I20260710 11:09:54.503186  5396 raft_consensus.cc:2468] T 90b509db4f834ca19c820d636991b330 P 92e94c3a8d7242b1a22097b47e2f431d [term 1 FOLLOWER]: Leader election vote request: Granting yes vote for candidate 648926d317aa4bdab5840b82dce7c507 in term 1.
I20260710 11:09:54.505857  5436 ts_tablet_manager.cc:1434] T aca3f6b2a6e94415a1e5effa84d46f3b P 648926d317aa4bdab5840b82dce7c507: Time spent starting tablet: real 0.007s	user 0.002s	sys 0.004s
I20260710 11:09:54.510536  5436 tablet_bootstrap.cc:492] T 854a3fc1a10f448f91a0f21b58e41b6b P 648926d317aa4bdab5840b82dce7c507: Bootstrap starting.
I20260710 11:09:54.513116  5288 leader_election.cc:304] T 90b509db4f834ca19c820d636991b330 P 648926d317aa4bdab5840b82dce7c507 [CANDIDATE]: Term 1 election: Election decided. Result: candidate won. Election summary: received 3 responses out of 3 voters: 2 yes votes; 1 no votes. yes voters: 648926d317aa4bdab5840b82dce7c507, 92e94c3a8d7242b1a22097b47e2f431d; no voters: 9f98a7dc76f540ef8653c8791927db6e
I20260710 11:09:54.515175  5438 tablet_bootstrap.cc:654] T a5e94d822dec4731b4fbd0f2c8af12b2 P 92e94c3a8d7242b1a22097b47e2f431d: Neither blocks nor log segments found. Creating new log.
I20260710 11:09:54.516396  5437 consensus_queue.cc:260] T e7fbe46ca5ca4b8e96ad758dfd55fdc6 P 9f98a7dc76f540ef8653c8791927db6e [NON_LEADER]: Queue going to NON_LEADER mode. State: All replicated index: 0, Majority replicated index: 0, Committed index: 0, Last appended: 0.0, Last appended by leader: 0, Current term: 0, Majority size: -1, State: 0, Mode: NON_LEADER, active raft config: opid_index: -1 OBSOLETE_local: false peers { permanent_uuid: "9f98a7dc76f540ef8653c8791927db6e" member_type: VOTER last_known_addr { host: "127.4.10.129" port: 41159 } } peers { permanent_uuid: "648926d317aa4bdab5840b82dce7c507" member_type: VOTER last_known_addr { host: "127.4.10.130" port: 33025 } } peers { permanent_uuid: "92e94c3a8d7242b1a22097b47e2f431d" member_type: VOTER last_known_addr { host: "127.4.10.131" port: 40951 } }
I20260710 11:09:54.518397  5436 tablet_bootstrap.cc:654] T 854a3fc1a10f448f91a0f21b58e41b6b P 648926d317aa4bdab5840b82dce7c507: Neither blocks nor log segments found. Creating new log.
I20260710 11:09:54.527649  5460 raft_consensus.cc:493] T b7051398c0e94608be51fd50b1e6debb P 92e94c3a8d7242b1a22097b47e2f431d [term 0 FOLLOWER]: Starting pre-election (no leader contacted us within the election timeout)
I20260710 11:09:54.528240  5460 raft_consensus.cc:515] T b7051398c0e94608be51fd50b1e6debb P 92e94c3a8d7242b1a22097b47e2f431d [term 0 FOLLOWER]: Starting pre-election with config: opid_index: -1 OBSOLETE_local: false peers { permanent_uuid: "9f98a7dc76f540ef8653c8791927db6e" member_type: VOTER last_known_addr { host: "127.4.10.129" port: 41159 } } peers { permanent_uuid: "648926d317aa4bdab5840b82dce7c507" member_type: VOTER last_known_addr { host: "127.4.10.130" port: 33025 } } peers { permanent_uuid: "92e94c3a8d7242b1a22097b47e2f431d" member_type: VOTER last_known_addr { host: "127.4.10.131" port: 40951 } }
I20260710 11:09:54.528690  5437 ts_tablet_manager.cc:1434] T e7fbe46ca5ca4b8e96ad758dfd55fdc6 P 9f98a7dc76f540ef8653c8791927db6e: Time spent starting tablet: real 0.025s	user 0.003s	sys 0.002s
I20260710 11:09:54.529862  5436 tablet_bootstrap.cc:492] T 854a3fc1a10f448f91a0f21b58e41b6b P 648926d317aa4bdab5840b82dce7c507: No bootstrap required, opened a new log
I20260710 11:09:54.530422  5436 ts_tablet_manager.cc:1403] T 854a3fc1a10f448f91a0f21b58e41b6b P 648926d317aa4bdab5840b82dce7c507: Time spent bootstrapping tablet: real 0.020s	user 0.014s	sys 0.003s
I20260710 11:09:54.530566  5460 leader_election.cc:290] T b7051398c0e94608be51fd50b1e6debb P 92e94c3a8d7242b1a22097b47e2f431d [CANDIDATE]: Term 1 pre-election: Requested pre-vote from peers 9f98a7dc76f540ef8653c8791927db6e (127.4.10.129:41159), 648926d317aa4bdab5840b82dce7c507 (127.4.10.130:33025)
I20260710 11:09:54.532325  5450 raft_consensus.cc:493] T e96aa2574b7940998948abe10b48e401 P 9f98a7dc76f540ef8653c8791927db6e [term 0 FOLLOWER]: Starting pre-election (no leader contacted us within the election timeout)
I20260710 11:09:54.532932  5450 raft_consensus.cc:515] T e96aa2574b7940998948abe10b48e401 P 9f98a7dc76f540ef8653c8791927db6e [term 0 FOLLOWER]: Starting pre-election with config: opid_index: -1 OBSOLETE_local: false peers { permanent_uuid: "9f98a7dc76f540ef8653c8791927db6e" member_type: VOTER last_known_addr { host: "127.4.10.129" port: 41159 } } peers { permanent_uuid: "648926d317aa4bdab5840b82dce7c507" member_type: VOTER last_known_addr { host: "127.4.10.130" port: 33025 } } peers { permanent_uuid: "92e94c3a8d7242b1a22097b47e2f431d" member_type: VOTER last_known_addr { host: "127.4.10.131" port: 40951 } }
I20260710 11:09:54.535251  5450 leader_election.cc:290] T e96aa2574b7940998948abe10b48e401 P 9f98a7dc76f540ef8653c8791927db6e [CANDIDATE]: Term 1 pre-election: Requested pre-vote from peers 648926d317aa4bdab5840b82dce7c507 (127.4.10.130:33025), 92e94c3a8d7242b1a22097b47e2f431d (127.4.10.131:40951)
I20260710 11:09:54.537503  5437 tablet_bootstrap.cc:492] T d4bbf53dd5784db6bcc6c666019ca4d8 P 9f98a7dc76f540ef8653c8791927db6e: Bootstrap starting.
I20260710 11:09:54.537926  5322 tablet_service.cc:1917] Received RequestConsensusVote() RPC: tablet_id: "b7051398c0e94608be51fd50b1e6debb" candidate_uuid: "92e94c3a8d7242b1a22097b47e2f431d" candidate_term: 1 candidate_status { last_received { term: 0 index: 0 } } ignore_live_leader: false dest_uuid: "648926d317aa4bdab5840b82dce7c507" is_pre_election: true
I20260710 11:09:54.538769  5322 raft_consensus.cc:2393] T b7051398c0e94608be51fd50b1e6debb P 648926d317aa4bdab5840b82dce7c507 [term 1 FOLLOWER]: Leader pre-election vote request: Denying vote to candidate 92e94c3a8d7242b1a22097b47e2f431d in current term 1: Already voted for candidate 9f98a7dc76f540ef8653c8791927db6e in this term.
I20260710 11:09:54.539505  5321 tablet_service.cc:1917] Received RequestConsensusVote() RPC: tablet_id: "e96aa2574b7940998948abe10b48e401" candidate_uuid: "9f98a7dc76f540ef8653c8791927db6e" candidate_term: 1 candidate_status { last_received { term: 0 index: 0 } } ignore_live_leader: false dest_uuid: "648926d317aa4bdab5840b82dce7c507" is_pre_election: true
I20260710 11:09:54.538808  5396 tablet_service.cc:1917] Received RequestConsensusVote() RPC: tablet_id: "e96aa2574b7940998948abe10b48e401" candidate_uuid: "9f98a7dc76f540ef8653c8791927db6e" candidate_term: 1 candidate_status { last_received { term: 0 index: 0 } } ignore_live_leader: false dest_uuid: "92e94c3a8d7242b1a22097b47e2f431d" is_pre_election: true
I20260710 11:09:54.540230  5321 raft_consensus.cc:2468] T e96aa2574b7940998948abe10b48e401 P 648926d317aa4bdab5840b82dce7c507 [term 0 FOLLOWER]: Leader pre-election vote request: Granting yes vote for candidate 9f98a7dc76f540ef8653c8791927db6e in term 0.
W20260710 11:09:54.542584  5213 leader_election.cc:343] T e96aa2574b7940998948abe10b48e401 P 9f98a7dc76f540ef8653c8791927db6e [CANDIDATE]: Term 1 pre-election: Tablet error from VoteRequest() call to peer 92e94c3a8d7242b1a22097b47e2f431d (127.4.10.131:40951): Illegal state: must be running to vote when last-logged opid is not known
I20260710 11:09:54.543249  5246 tablet_service.cc:1917] Received RequestConsensusVote() RPC: tablet_id: "b7051398c0e94608be51fd50b1e6debb" candidate_uuid: "92e94c3a8d7242b1a22097b47e2f431d" candidate_term: 1 candidate_status { last_received { term: 0 index: 0 } } ignore_live_leader: false dest_uuid: "9f98a7dc76f540ef8653c8791927db6e" is_pre_election: true
I20260710 11:09:54.543398  5210 leader_election.cc:304] T e96aa2574b7940998948abe10b48e401 P 9f98a7dc76f540ef8653c8791927db6e [CANDIDATE]: Term 1 pre-election: Election decided. Result: candidate won. Election summary: received 3 responses out of 3 voters: 2 yes votes; 1 no votes. yes voters: 648926d317aa4bdab5840b82dce7c507, 9f98a7dc76f540ef8653c8791927db6e; no voters: 92e94c3a8d7242b1a22097b47e2f431d
I20260710 11:09:54.544853  5362 leader_election.cc:304] T b7051398c0e94608be51fd50b1e6debb P 92e94c3a8d7242b1a22097b47e2f431d [CANDIDATE]: Term 1 pre-election: Election decided. Result: candidate lost. Election summary: received 3 responses out of 3 voters: 1 yes votes; 2 no votes. yes voters: 92e94c3a8d7242b1a22097b47e2f431d; no voters: 648926d317aa4bdab5840b82dce7c507, 9f98a7dc76f540ef8653c8791927db6e
I20260710 11:09:54.546200  5450 raft_consensus.cc:2804] T e96aa2574b7940998948abe10b48e401 P 9f98a7dc76f540ef8653c8791927db6e [term 0 FOLLOWER]: Leader pre-election won for term 1
I20260710 11:09:54.546866  5441 raft_consensus.cc:2804] T 90b509db4f834ca19c820d636991b330 P 648926d317aa4bdab5840b82dce7c507 [term 1 FOLLOWER]: Leader election won for term 1
I20260710 11:09:54.547307  5450 raft_consensus.cc:493] T e96aa2574b7940998948abe10b48e401 P 9f98a7dc76f540ef8653c8791927db6e [term 0 FOLLOWER]: Starting leader election (no leader contacted us within the election timeout)
I20260710 11:09:54.547453  5441 raft_consensus.cc:697] T 90b509db4f834ca19c820d636991b330 P 648926d317aa4bdab5840b82dce7c507 [term 1 LEADER]: Becoming Leader. State: Replica: 648926d317aa4bdab5840b82dce7c507, State: Running, Role: LEADER
I20260710 11:09:54.546748  5460 raft_consensus.cc:3060] T b7051398c0e94608be51fd50b1e6debb P 92e94c3a8d7242b1a22097b47e2f431d [term 0 FOLLOWER]: Advancing to term 1
I20260710 11:09:54.547863  5450 raft_consensus.cc:3060] T e96aa2574b7940998948abe10b48e401 P 9f98a7dc76f540ef8653c8791927db6e [term 0 FOLLOWER]: Advancing to term 1
I20260710 11:09:54.550132  5437 tablet_bootstrap.cc:654] T d4bbf53dd5784db6bcc6c666019ca4d8 P 9f98a7dc76f540ef8653c8791927db6e: Neither blocks nor log segments found. Creating new log.
I20260710 11:09:54.554679  5438 tablet_bootstrap.cc:492] T a5e94d822dec4731b4fbd0f2c8af12b2 P 92e94c3a8d7242b1a22097b47e2f431d: No bootstrap required, opened a new log
I20260710 11:09:54.555202  5438 ts_tablet_manager.cc:1403] T a5e94d822dec4731b4fbd0f2c8af12b2 P 92e94c3a8d7242b1a22097b47e2f431d: Time spent bootstrapping tablet: real 0.047s	user 0.022s	sys 0.019s
I20260710 11:09:54.559037  5450 raft_consensus.cc:515] T e96aa2574b7940998948abe10b48e401 P 9f98a7dc76f540ef8653c8791927db6e [term 1 FOLLOWER]: Starting leader election with config: opid_index: -1 OBSOLETE_local: false peers { permanent_uuid: "9f98a7dc76f540ef8653c8791927db6e" member_type: VOTER last_known_addr { host: "127.4.10.129" port: 41159 } } peers { permanent_uuid: "648926d317aa4bdab5840b82dce7c507" member_type: VOTER last_known_addr { host: "127.4.10.130" port: 33025 } } peers { permanent_uuid: "92e94c3a8d7242b1a22097b47e2f431d" member_type: VOTER last_known_addr { host: "127.4.10.131" port: 40951 } }
I20260710 11:09:54.551486  5436 raft_consensus.cc:359] T 854a3fc1a10f448f91a0f21b58e41b6b P 648926d317aa4bdab5840b82dce7c507 [term 0 FOLLOWER]: Replica starting. Triggering 0 pending ops. Active config: opid_index: -1 OBSOLETE_local: false peers { permanent_uuid: "9f98a7dc76f540ef8653c8791927db6e" member_type: VOTER last_known_addr { host: "127.4.10.129" port: 41159 } } peers { permanent_uuid: "648926d317aa4bdab5840b82dce7c507" member_type: VOTER last_known_addr { host: "127.4.10.130" port: 33025 } } peers { permanent_uuid: "92e94c3a8d7242b1a22097b47e2f431d" member_type: VOTER last_known_addr { host: "127.4.10.131" port: 40951 } }
I20260710 11:09:54.560808  5436 raft_consensus.cc:385] T 854a3fc1a10f448f91a0f21b58e41b6b P 648926d317aa4bdab5840b82dce7c507 [term 0 FOLLOWER]: Consensus starting up: Expiring failure detector timer to make a prompt election more likely
I20260710 11:09:54.561180  5436 raft_consensus.cc:740] T 854a3fc1a10f448f91a0f21b58e41b6b P 648926d317aa4bdab5840b82dce7c507 [term 0 FOLLOWER]: Becoming Follower/Learner. State: Replica: 648926d317aa4bdab5840b82dce7c507, State: Initialized, Role: FOLLOWER
I20260710 11:09:54.561254  5438 raft_consensus.cc:359] T a5e94d822dec4731b4fbd0f2c8af12b2 P 92e94c3a8d7242b1a22097b47e2f431d [term 0 FOLLOWER]: Replica starting. Triggering 0 pending ops. Active config: opid_index: -1 OBSOLETE_local: false peers { permanent_uuid: "9f98a7dc76f540ef8653c8791927db6e" member_type: VOTER last_known_addr { host: "127.4.10.129" port: 41159 } } peers { permanent_uuid: "648926d317aa4bdab5840b82dce7c507" member_type: VOTER last_known_addr { host: "127.4.10.130" port: 33025 } } peers { permanent_uuid: "92e94c3a8d7242b1a22097b47e2f431d" member_type: VOTER last_known_addr { host: "127.4.10.131" port: 40951 } }
I20260710 11:09:54.561875  5321 tablet_service.cc:1917] Received RequestConsensusVote() RPC: tablet_id: "e96aa2574b7940998948abe10b48e401" candidate_uuid: "9f98a7dc76f540ef8653c8791927db6e" candidate_term: 1 candidate_status { last_received { term: 0 index: 0 } } ignore_live_leader: false dest_uuid: "648926d317aa4bdab5840b82dce7c507"
I20260710 11:09:54.562131  5438 raft_consensus.cc:385] T a5e94d822dec4731b4fbd0f2c8af12b2 P 92e94c3a8d7242b1a22097b47e2f431d [term 0 FOLLOWER]: Consensus starting up: Expiring failure detector timer to make a prompt election more likely
I20260710 11:09:54.562431  5321 raft_consensus.cc:3060] T e96aa2574b7940998948abe10b48e401 P 648926d317aa4bdab5840b82dce7c507 [term 0 FOLLOWER]: Advancing to term 1
I20260710 11:09:54.563582  5450 leader_election.cc:290] T e96aa2574b7940998948abe10b48e401 P 9f98a7dc76f540ef8653c8791927db6e [CANDIDATE]: Term 1 election: Requested vote from peers 648926d317aa4bdab5840b82dce7c507 (127.4.10.130:33025), 92e94c3a8d7242b1a22097b47e2f431d (127.4.10.131:40951)
I20260710 11:09:54.562456  5438 raft_consensus.cc:740] T a5e94d822dec4731b4fbd0f2c8af12b2 P 92e94c3a8d7242b1a22097b47e2f431d [term 0 FOLLOWER]: Becoming Follower/Learner. State: Replica: 92e94c3a8d7242b1a22097b47e2f431d, State: Initialized, Role: FOLLOWER
I20260710 11:09:54.564651  5438 consensus_queue.cc:260] T a5e94d822dec4731b4fbd0f2c8af12b2 P 92e94c3a8d7242b1a22097b47e2f431d [NON_LEADER]: Queue going to NON_LEADER mode. State: All replicated index: 0, Majority replicated index: 0, Committed index: 0, Last appended: 0.0, Last appended by leader: 0, Current term: 0, Majority size: -1, State: 0, Mode: NON_LEADER, active raft config: opid_index: -1 OBSOLETE_local: false peers { permanent_uuid: "9f98a7dc76f540ef8653c8791927db6e" member_type: VOTER last_known_addr { host: "127.4.10.129" port: 41159 } } peers { permanent_uuid: "648926d317aa4bdab5840b82dce7c507" member_type: VOTER last_known_addr { host: "127.4.10.130" port: 33025 } } peers { permanent_uuid: "92e94c3a8d7242b1a22097b47e2f431d" member_type: VOTER last_known_addr { host: "127.4.10.131" port: 40951 } }
I20260710 11:09:54.565251  5396 tablet_service.cc:1917] Received RequestConsensusVote() RPC: tablet_id: "e96aa2574b7940998948abe10b48e401" candidate_uuid: "9f98a7dc76f540ef8653c8791927db6e" candidate_term: 1 candidate_status { last_received { term: 0 index: 0 } } ignore_live_leader: false dest_uuid: "92e94c3a8d7242b1a22097b47e2f431d"
I20260710 11:09:54.548516  5441 consensus_queue.cc:237] T 90b509db4f834ca19c820d636991b330 P 648926d317aa4bdab5840b82dce7c507 [LEADER]: Queue going to LEADER mode. State: All replicated index: 0, Majority replicated index: 0, Committed index: 0, Last appended: 0.0, Last appended by leader: 0, Current term: 1, Majority size: 2, State: 0, Mode: LEADER, active raft config: opid_index: -1 OBSOLETE_local: false peers { permanent_uuid: "9f98a7dc76f540ef8653c8791927db6e" member_type: VOTER last_known_addr { host: "127.4.10.129" port: 41159 } } peers { permanent_uuid: "648926d317aa4bdab5840b82dce7c507" member_type: VOTER last_known_addr { host: "127.4.10.130" port: 33025 } } peers { permanent_uuid: "92e94c3a8d7242b1a22097b47e2f431d" member_type: VOTER last_known_addr { host: "127.4.10.131" port: 40951 } }
W20260710 11:09:54.567203  5213 leader_election.cc:343] T e96aa2574b7940998948abe10b48e401 P 9f98a7dc76f540ef8653c8791927db6e [CANDIDATE]: Term 1 election: Tablet error from VoteRequest() call to peer 92e94c3a8d7242b1a22097b47e2f431d (127.4.10.131:40951): Illegal state: must be running to vote when last-logged opid is not known
I20260710 11:09:54.562387  5436 consensus_queue.cc:260] T 854a3fc1a10f448f91a0f21b58e41b6b P 648926d317aa4bdab5840b82dce7c507 [NON_LEADER]: Queue going to NON_LEADER mode. State: All replicated index: 0, Majority replicated index: 0, Committed index: 0, Last appended: 0.0, Last appended by leader: 0, Current term: 0, Majority size: -1, State: 0, Mode: NON_LEADER, active raft config: opid_index: -1 OBSOLETE_local: false peers { permanent_uuid: "9f98a7dc76f540ef8653c8791927db6e" member_type: VOTER last_known_addr { host: "127.4.10.129" port: 41159 } } peers { permanent_uuid: "648926d317aa4bdab5840b82dce7c507" member_type: VOTER last_known_addr { host: "127.4.10.130" port: 33025 } } peers { permanent_uuid: "92e94c3a8d7242b1a22097b47e2f431d" member_type: VOTER last_known_addr { host: "127.4.10.131" port: 40951 } }
I20260710 11:09:54.568219  5438 ts_tablet_manager.cc:1434] T a5e94d822dec4731b4fbd0f2c8af12b2 P 92e94c3a8d7242b1a22097b47e2f431d: Time spent starting tablet: real 0.010s	user 0.006s	sys 0.000s
I20260710 11:09:54.569270  5438 tablet_bootstrap.cc:492] T 854a3fc1a10f448f91a0f21b58e41b6b P 92e94c3a8d7242b1a22097b47e2f431d: Bootstrap starting.
I20260710 11:09:54.569981  5436 ts_tablet_manager.cc:1434] T 854a3fc1a10f448f91a0f21b58e41b6b P 648926d317aa4bdab5840b82dce7c507: Time spent starting tablet: real 0.039s	user 0.006s	sys 0.002s
I20260710 11:09:54.556063  5460 raft_consensus.cc:2749] T b7051398c0e94608be51fd50b1e6debb P 92e94c3a8d7242b1a22097b47e2f431d [term 1 FOLLOWER]: Leader pre-election lost for term 1. Reason: could not achieve majority
I20260710 11:09:54.571002  5436 tablet_bootstrap.cc:492] T fecf2b6da2124aa789fc79215b42737b P 648926d317aa4bdab5840b82dce7c507: Bootstrap starting.
I20260710 11:09:54.576920  5438 tablet_bootstrap.cc:654] T 854a3fc1a10f448f91a0f21b58e41b6b P 92e94c3a8d7242b1a22097b47e2f431d: Neither blocks nor log segments found. Creating new log.
I20260710 11:09:54.579070  5437 tablet_bootstrap.cc:492] T d4bbf53dd5784db6bcc6c666019ca4d8 P 9f98a7dc76f540ef8653c8791927db6e: No bootstrap required, opened a new log
I20260710 11:09:54.579571  5437 ts_tablet_manager.cc:1403] T d4bbf53dd5784db6bcc6c666019ca4d8 P 9f98a7dc76f540ef8653c8791927db6e: Time spent bootstrapping tablet: real 0.042s	user 0.004s	sys 0.018s
I20260710 11:09:54.582396  5437 raft_consensus.cc:359] T d4bbf53dd5784db6bcc6c666019ca4d8 P 9f98a7dc76f540ef8653c8791927db6e [term 0 FOLLOWER]: Replica starting. Triggering 0 pending ops. Active config: opid_index: -1 OBSOLETE_local: false peers { permanent_uuid: "9f98a7dc76f540ef8653c8791927db6e" member_type: VOTER last_known_addr { host: "127.4.10.129" port: 41159 } } peers { permanent_uuid: "648926d317aa4bdab5840b82dce7c507" member_type: VOTER last_known_addr { host: "127.4.10.130" port: 33025 } } peers { permanent_uuid: "92e94c3a8d7242b1a22097b47e2f431d" member_type: VOTER last_known_addr { host: "127.4.10.131" port: 40951 } }
I20260710 11:09:54.583158  5437 raft_consensus.cc:385] T d4bbf53dd5784db6bcc6c666019ca4d8 P 9f98a7dc76f540ef8653c8791927db6e [term 0 FOLLOWER]: Consensus starting up: Expiring failure detector timer to make a prompt election more likely
I20260710 11:09:54.583442  5437 raft_consensus.cc:740] T d4bbf53dd5784db6bcc6c666019ca4d8 P 9f98a7dc76f540ef8653c8791927db6e [term 0 FOLLOWER]: Becoming Follower/Learner. State: Replica: 9f98a7dc76f540ef8653c8791927db6e, State: Initialized, Role: FOLLOWER
I20260710 11:09:54.586858  5142 catalog_manager.cc:5697] T 90b509db4f834ca19c820d636991b330 P 648926d317aa4bdab5840b82dce7c507 reported cstate change: term changed from 0 to 1, leader changed from <none> to 648926d317aa4bdab5840b82dce7c507 (127.4.10.130). New cstate: current_term: 1 leader_uuid: "648926d317aa4bdab5840b82dce7c507" committed_config { opid_index: -1 OBSOLETE_local: false peers { permanent_uuid: "9f98a7dc76f540ef8653c8791927db6e" member_type: VOTER last_known_addr { host: "127.4.10.129" port: 41159 } health_report { overall_health: UNKNOWN } } peers { permanent_uuid: "648926d317aa4bdab5840b82dce7c507" member_type: VOTER last_known_addr { host: "127.4.10.130" port: 33025 } health_report { overall_health: HEALTHY } } peers { permanent_uuid: "92e94c3a8d7242b1a22097b47e2f431d" member_type: VOTER last_known_addr { host: "127.4.10.131" port: 40951 } health_report { overall_health: UNKNOWN } } }
I20260710 11:09:54.588585  5437 consensus_queue.cc:260] T d4bbf53dd5784db6bcc6c666019ca4d8 P 9f98a7dc76f540ef8653c8791927db6e [NON_LEADER]: Queue going to NON_LEADER mode. State: All replicated index: 0, Majority replicated index: 0, Committed index: 0, Last appended: 0.0, Last appended by leader: 0, Current term: 0, Majority size: -1, State: 0, Mode: NON_LEADER, active raft config: opid_index: -1 OBSOLETE_local: false peers { permanent_uuid: "9f98a7dc76f540ef8653c8791927db6e" member_type: VOTER last_known_addr { host: "127.4.10.129" port: 41159 } } peers { permanent_uuid: "648926d317aa4bdab5840b82dce7c507" member_type: VOTER last_known_addr { host: "127.4.10.130" port: 33025 } } peers { permanent_uuid: "92e94c3a8d7242b1a22097b47e2f431d" member_type: VOTER last_known_addr { host: "127.4.10.131" port: 40951 } }
I20260710 11:09:54.587962  5436 tablet_bootstrap.cc:654] T fecf2b6da2124aa789fc79215b42737b P 648926d317aa4bdab5840b82dce7c507: Neither blocks nor log segments found. Creating new log.
I20260710 11:09:54.595484  5321 raft_consensus.cc:2468] T e96aa2574b7940998948abe10b48e401 P 648926d317aa4bdab5840b82dce7c507 [term 1 FOLLOWER]: Leader election vote request: Granting yes vote for candidate 9f98a7dc76f540ef8653c8791927db6e in term 1.
I20260710 11:09:54.597198  5210 leader_election.cc:304] T e96aa2574b7940998948abe10b48e401 P 9f98a7dc76f540ef8653c8791927db6e [CANDIDATE]: Term 1 election: Election decided. Result: candidate won. Election summary: received 3 responses out of 3 voters: 2 yes votes; 1 no votes. yes voters: 648926d317aa4bdab5840b82dce7c507, 9f98a7dc76f540ef8653c8791927db6e; no voters: 92e94c3a8d7242b1a22097b47e2f431d
I20260710 11:09:54.598925  5437 ts_tablet_manager.cc:1434] T d4bbf53dd5784db6bcc6c666019ca4d8 P 9f98a7dc76f540ef8653c8791927db6e: Time spent starting tablet: real 0.019s	user 0.006s	sys 0.001s
I20260710 11:09:54.598902  5450 raft_consensus.cc:2804] T e96aa2574b7940998948abe10b48e401 P 9f98a7dc76f540ef8653c8791927db6e [term 1 FOLLOWER]: Leader election won for term 1
I20260710 11:09:54.599675  5450 raft_consensus.cc:697] T e96aa2574b7940998948abe10b48e401 P 9f98a7dc76f540ef8653c8791927db6e [term 1 LEADER]: Becoming Leader. State: Replica: 9f98a7dc76f540ef8653c8791927db6e, State: Running, Role: LEADER
I20260710 11:09:54.600798  5450 consensus_queue.cc:237] T e96aa2574b7940998948abe10b48e401 P 9f98a7dc76f540ef8653c8791927db6e [LEADER]: Queue going to LEADER mode. State: All replicated index: 0, Majority replicated index: 0, Committed index: 0, Last appended: 0.0, Last appended by leader: 0, Current term: 1, Majority size: 2, State: 0, Mode: LEADER, active raft config: opid_index: -1 OBSOLETE_local: false peers { permanent_uuid: "9f98a7dc76f540ef8653c8791927db6e" member_type: VOTER last_known_addr { host: "127.4.10.129" port: 41159 } } peers { permanent_uuid: "648926d317aa4bdab5840b82dce7c507" member_type: VOTER last_known_addr { host: "127.4.10.130" port: 33025 } } peers { permanent_uuid: "92e94c3a8d7242b1a22097b47e2f431d" member_type: VOTER last_known_addr { host: "127.4.10.131" port: 40951 } }
I20260710 11:09:54.609459  5450 raft_consensus.cc:493] T d4bbf53dd5784db6bcc6c666019ca4d8 P 9f98a7dc76f540ef8653c8791927db6e [term 0 FOLLOWER]: Starting pre-election (no leader contacted us within the election timeout)
I20260710 11:09:54.609925  5437 tablet_bootstrap.cc:492] T ee57e4344a8e4773adc9396a28435716 P 9f98a7dc76f540ef8653c8791927db6e: Bootstrap starting.
I20260710 11:09:54.610594  5438 tablet_bootstrap.cc:492] T 854a3fc1a10f448f91a0f21b58e41b6b P 92e94c3a8d7242b1a22097b47e2f431d: No bootstrap required, opened a new log
I20260710 11:09:54.611402  5438 ts_tablet_manager.cc:1403] T 854a3fc1a10f448f91a0f21b58e41b6b P 92e94c3a8d7242b1a22097b47e2f431d: Time spent bootstrapping tablet: real 0.042s	user 0.018s	sys 0.022s
I20260710 11:09:54.614131  5145 catalog_manager.cc:5697] T e96aa2574b7940998948abe10b48e401 P 9f98a7dc76f540ef8653c8791927db6e reported cstate change: term changed from 0 to 1, leader changed from <none> to 9f98a7dc76f540ef8653c8791927db6e (127.4.10.129). New cstate: current_term: 1 leader_uuid: "9f98a7dc76f540ef8653c8791927db6e" committed_config { opid_index: -1 OBSOLETE_local: false peers { permanent_uuid: "9f98a7dc76f540ef8653c8791927db6e" member_type: VOTER last_known_addr { host: "127.4.10.129" port: 41159 } health_report { overall_health: HEALTHY } } peers { permanent_uuid: "648926d317aa4bdab5840b82dce7c507" member_type: VOTER last_known_addr { host: "127.4.10.130" port: 33025 } health_report { overall_health: UNKNOWN } } peers { permanent_uuid: "92e94c3a8d7242b1a22097b47e2f431d" member_type: VOTER last_known_addr { host: "127.4.10.131" port: 40951 } health_report { overall_health: UNKNOWN } } }
I20260710 11:09:54.609937  5450 raft_consensus.cc:515] T d4bbf53dd5784db6bcc6c666019ca4d8 P 9f98a7dc76f540ef8653c8791927db6e [term 0 FOLLOWER]: Starting pre-election with config: opid_index: -1 OBSOLETE_local: false peers { permanent_uuid: "9f98a7dc76f540ef8653c8791927db6e" member_type: VOTER last_known_addr { host: "127.4.10.129" port: 41159 } } peers { permanent_uuid: "648926d317aa4bdab5840b82dce7c507" member_type: VOTER last_known_addr { host: "127.4.10.130" port: 33025 } } peers { permanent_uuid: "92e94c3a8d7242b1a22097b47e2f431d" member_type: VOTER last_known_addr { host: "127.4.10.131" port: 40951 } }
I20260710 11:09:54.615038  5438 raft_consensus.cc:359] T 854a3fc1a10f448f91a0f21b58e41b6b P 92e94c3a8d7242b1a22097b47e2f431d [term 0 FOLLOWER]: Replica starting. Triggering 0 pending ops. Active config: opid_index: -1 OBSOLETE_local: false peers { permanent_uuid: "9f98a7dc76f540ef8653c8791927db6e" member_type: VOTER last_known_addr { host: "127.4.10.129" port: 41159 } } peers { permanent_uuid: "648926d317aa4bdab5840b82dce7c507" member_type: VOTER last_known_addr { host: "127.4.10.130" port: 33025 } } peers { permanent_uuid: "92e94c3a8d7242b1a22097b47e2f431d" member_type: VOTER last_known_addr { host: "127.4.10.131" port: 40951 } }
I20260710 11:09:54.616115  5438 raft_consensus.cc:385] T 854a3fc1a10f448f91a0f21b58e41b6b P 92e94c3a8d7242b1a22097b47e2f431d [term 0 FOLLOWER]: Consensus starting up: Expiring failure detector timer to make a prompt election more likely
