I20260710 11:10:05.818121  5390 consensus_queue.cc:237] T fecf2b6da2124aa789fc79215b42737b P 92e94c3a8d7242b1a22097b47e2f431d [LEADER]: Queue going to LEADER mode. State: All replicated index: 0, Majority replicated index: 3, Committed index: 3, Last appended: 1.3, Last appended by leader: 0, Current term: 1, Majority size: 2, State: 0, Mode: LEADER, active raft config: opid_index: 4 OBSOLETE_local: false peers { permanent_uuid: "9f98a7dc76f540ef8653c8791927db6e" member_type: VOTER last_known_addr { host: "127.4.10.129" port: 41159 } } peers { permanent_uuid: "92e94c3a8d7242b1a22097b47e2f431d" member_type: VOTER last_known_addr { host: "127.4.10.131" port: 40951 } } peers { permanent_uuid: "3eb659f12b9e4722abaec16c70fef5b5" member_type: VOTER last_known_addr { host: "127.4.10.132" port: 44543 } attrs { promote: false } }
I20260710 11:10:05.823688  5880 ts_tablet_manager.cc:1929] T c7a2da6a81d14d4f974d1ebdcec73ce6 P 648926d317aa4bdab5840b82dce7c507: tablet deleted with delete type TABLET_DATA_TOMBSTONED: last-logged OpId 1.3
I20260710 11:10:05.824246  5880 log.cc:1199] T c7a2da6a81d14d4f974d1ebdcec73ce6 P 648926d317aa4bdab5840b82dce7c507: Deleting WAL directory at /tmp/dist-test-taskHa07EX/test-tmp/auto_leader_rebalancer-test.0.LeaderRebalancerTest.AddTserver.1783681768978954-4138-0/minicluster-data/ts-1-root/wals/c7a2da6a81d14d4f974d1ebdcec73ce6
I20260710 11:10:05.826031  5129 catalog_manager.cc:5028] TS 648926d317aa4bdab5840b82dce7c507 (127.4.10.130:33025): tablet c7a2da6a81d14d4f974d1ebdcec73ce6 (table test-workload [id=76d2574a1f0848c9b45cc1245e248fab]) successfully deleted
I20260710 11:10:05.826826  5247 raft_consensus.cc:1275] T fecf2b6da2124aa789fc79215b42737b P 9f98a7dc76f540ef8653c8791927db6e [term 1 FOLLOWER]: Refusing update from remote peer 92e94c3a8d7242b1a22097b47e2f431d: Log matching property violated. Preceding OpId in replica: term: 1 index: 3. Preceding OpId from leader: term: 1 index: 4. (index mismatch)
I20260710 11:10:05.828429  5669 raft_consensus.cc:1275] T fecf2b6da2124aa789fc79215b42737b P 3eb659f12b9e4722abaec16c70fef5b5 [term 1 FOLLOWER]: Refusing update from remote peer 92e94c3a8d7242b1a22097b47e2f431d: Log matching property violated. Preceding OpId in replica: term: 1 index: 3. Preceding OpId from leader: term: 1 index: 4. (index mismatch)
I20260710 11:10:05.828768  5826 consensus_queue.cc:1048] T fecf2b6da2124aa789fc79215b42737b P 92e94c3a8d7242b1a22097b47e2f431d [LEADER]: Connected to new peer: Peer: permanent_uuid: "9f98a7dc76f540ef8653c8791927db6e" member_type: VOTER last_known_addr { host: "127.4.10.129" port: 41159 }, Status: LMP_MISMATCH, Last received: 0.0, Next index: 4, Last known committed idx: 3, Time since last communication: 0.001s
I20260710 11:10:05.833335  5826 consensus_queue.cc:1048] T fecf2b6da2124aa789fc79215b42737b P 92e94c3a8d7242b1a22097b47e2f431d [LEADER]: Connected to new peer: Peer: permanent_uuid: "3eb659f12b9e4722abaec16c70fef5b5" member_type: VOTER last_known_addr { host: "127.4.10.132" port: 44543 } attrs { promote: false }, Status: LMP_MISMATCH, Last received: 0.0, Next index: 4, Last known committed idx: 3, Time since last communication: 0.000s
I20260710 11:10:05.836755  5836 raft_consensus.cc:2955] T d4bbf53dd5784db6bcc6c666019ca4d8 P 9f98a7dc76f540ef8653c8791927db6e [term 1 LEADER]: Committing config change with OpId 1.3: config changed from index 2 to 3, 3eb659f12b9e4722abaec16c70fef5b5 (127.4.10.132) changed from NON_VOTER to VOTER. New config: { opid_index: 3 OBSOLETE_local: false peers { permanent_uuid: "9f98a7dc76f540ef8653c8791927db6e" member_type: VOTER last_known_addr { host: "127.4.10.129" port: 41159 } } peers { permanent_uuid: "648926d317aa4bdab5840b82dce7c507" member_type: VOTER last_known_addr { host: "127.4.10.130" port: 33025 } } peers { permanent_uuid: "92e94c3a8d7242b1a22097b47e2f431d" member_type: VOTER last_known_addr { host: "127.4.10.131" port: 40951 } attrs { replace: true } } peers { permanent_uuid: "3eb659f12b9e4722abaec16c70fef5b5" member_type: VOTER last_known_addr { host: "127.4.10.132" port: 44543 } attrs { promote: false } } }
I20260710 11:10:05.839890  5392 raft_consensus.cc:2955] T d4bbf53dd5784db6bcc6c666019ca4d8 P 92e94c3a8d7242b1a22097b47e2f431d [term 1 FOLLOWER]: Committing config change with OpId 1.3: config changed from index 2 to 3, 3eb659f12b9e4722abaec16c70fef5b5 (127.4.10.132) changed from NON_VOTER to VOTER. New config: { opid_index: 3 OBSOLETE_local: false peers { permanent_uuid: "9f98a7dc76f540ef8653c8791927db6e" member_type: VOTER last_known_addr { host: "127.4.10.129" port: 41159 } } peers { permanent_uuid: "648926d317aa4bdab5840b82dce7c507" member_type: VOTER last_known_addr { host: "127.4.10.130" port: 33025 } } peers { permanent_uuid: "92e94c3a8d7242b1a22097b47e2f431d" member_type: VOTER last_known_addr { host: "127.4.10.131" port: 40951 } attrs { replace: true } } peers { permanent_uuid: "3eb659f12b9e4722abaec16c70fef5b5" member_type: VOTER last_known_addr { host: "127.4.10.132" port: 44543 } attrs { promote: false } } }
I20260710 11:10:05.844949  5884 raft_consensus.cc:2955] T fecf2b6da2124aa789fc79215b42737b P 92e94c3a8d7242b1a22097b47e2f431d [term 1 LEADER]: Committing config change with OpId 1.4: config changed from index 3 to 4, VOTER 648926d317aa4bdab5840b82dce7c507 (127.4.10.130) evicted. New config: { opid_index: 4 OBSOLETE_local: false peers { permanent_uuid: "9f98a7dc76f540ef8653c8791927db6e" member_type: VOTER last_known_addr { host: "127.4.10.129" port: 41159 } } peers { permanent_uuid: "92e94c3a8d7242b1a22097b47e2f431d" member_type: VOTER last_known_addr { host: "127.4.10.131" port: 40951 } } peers { permanent_uuid: "3eb659f12b9e4722abaec16c70fef5b5" member_type: VOTER last_known_addr { host: "127.4.10.132" port: 44543 } attrs { promote: false } } }
I20260710 11:10:05.847339  5318 raft_consensus.cc:2955] T d4bbf53dd5784db6bcc6c666019ca4d8 P 648926d317aa4bdab5840b82dce7c507 [term 1 FOLLOWER]: Committing config change with OpId 1.3: config changed from index 2 to 3, 3eb659f12b9e4722abaec16c70fef5b5 (127.4.10.132) changed from NON_VOTER to VOTER. New config: { opid_index: 3 OBSOLETE_local: false peers { permanent_uuid: "9f98a7dc76f540ef8653c8791927db6e" member_type: VOTER last_known_addr { host: "127.4.10.129" port: 41159 } } peers { permanent_uuid: "648926d317aa4bdab5840b82dce7c507" member_type: VOTER last_known_addr { host: "127.4.10.130" port: 33025 } } peers { permanent_uuid: "92e94c3a8d7242b1a22097b47e2f431d" member_type: VOTER last_known_addr { host: "127.4.10.131" port: 40951 } attrs { replace: true } } peers { permanent_uuid: "3eb659f12b9e4722abaec16c70fef5b5" member_type: VOTER last_known_addr { host: "127.4.10.132" port: 44543 } attrs { promote: false } } }
I20260710 11:10:05.854849  5145 catalog_manager.cc:5697] T d4bbf53dd5784db6bcc6c666019ca4d8 P 92e94c3a8d7242b1a22097b47e2f431d reported cstate change: config changed from index 2 to 3, 3eb659f12b9e4722abaec16c70fef5b5 (127.4.10.132) changed from NON_VOTER to VOTER. New cstate: current_term: 1 leader_uuid: "9f98a7dc76f540ef8653c8791927db6e" committed_config { opid_index: 3 OBSOLETE_local: false peers { permanent_uuid: "9f98a7dc76f540ef8653c8791927db6e" member_type: VOTER last_known_addr { host: "127.4.10.129" port: 41159 } } peers { permanent_uuid: "648926d317aa4bdab5840b82dce7c507" member_type: VOTER last_known_addr { host: "127.4.10.130" port: 33025 } } peers { permanent_uuid: "92e94c3a8d7242b1a22097b47e2f431d" member_type: VOTER last_known_addr { host: "127.4.10.131" port: 40951 } attrs { replace: true } } peers { permanent_uuid: "3eb659f12b9e4722abaec16c70fef5b5" member_type: VOTER last_known_addr { host: "127.4.10.132" port: 44543 } attrs { promote: false } } }
I20260710 11:10:05.855473  5667 raft_consensus.cc:2955] T fecf2b6da2124aa789fc79215b42737b P 3eb659f12b9e4722abaec16c70fef5b5 [term 1 FOLLOWER]: Committing config change with OpId 1.4: config changed from index 3 to 4, VOTER 648926d317aa4bdab5840b82dce7c507 (127.4.10.130) evicted. New config: { opid_index: 4 OBSOLETE_local: false peers { permanent_uuid: "9f98a7dc76f540ef8653c8791927db6e" member_type: VOTER last_known_addr { host: "127.4.10.129" port: 41159 } } peers { permanent_uuid: "92e94c3a8d7242b1a22097b47e2f431d" member_type: VOTER last_known_addr { host: "127.4.10.131" port: 40951 } } peers { permanent_uuid: "3eb659f12b9e4722abaec16c70fef5b5" member_type: VOTER last_known_addr { host: "127.4.10.132" port: 44543 } attrs { promote: false } } }
I20260710 11:10:05.857031  5247 raft_consensus.cc:2955] T fecf2b6da2124aa789fc79215b42737b P 9f98a7dc76f540ef8653c8791927db6e [term 1 FOLLOWER]: Committing config change with OpId 1.4: config changed from index 3 to 4, VOTER 648926d317aa4bdab5840b82dce7c507 (127.4.10.130) evicted. New config: { opid_index: 4 OBSOLETE_local: false peers { permanent_uuid: "9f98a7dc76f540ef8653c8791927db6e" member_type: VOTER last_known_addr { host: "127.4.10.129" port: 41159 } } peers { permanent_uuid: "92e94c3a8d7242b1a22097b47e2f431d" member_type: VOTER last_known_addr { host: "127.4.10.131" port: 40951 } } peers { permanent_uuid: "3eb659f12b9e4722abaec16c70fef5b5" member_type: VOTER last_known_addr { host: "127.4.10.132" port: 44543 } attrs { promote: false } } }
I20260710 11:10:05.865216  5666 raft_consensus.cc:2955] T d4bbf53dd5784db6bcc6c666019ca4d8 P 3eb659f12b9e4722abaec16c70fef5b5 [term 1 FOLLOWER]: Committing config change with OpId 1.3: config changed from index 2 to 3, 3eb659f12b9e4722abaec16c70fef5b5 (127.4.10.132) changed from NON_VOTER to VOTER. New config: { opid_index: 3 OBSOLETE_local: false peers { permanent_uuid: "9f98a7dc76f540ef8653c8791927db6e" member_type: VOTER last_known_addr { host: "127.4.10.129" port: 41159 } } peers { permanent_uuid: "648926d317aa4bdab5840b82dce7c507" member_type: VOTER last_known_addr { host: "127.4.10.130" port: 33025 } } peers { permanent_uuid: "92e94c3a8d7242b1a22097b47e2f431d" member_type: VOTER last_known_addr { host: "127.4.10.131" port: 40951 } attrs { replace: true } } peers { permanent_uuid: "3eb659f12b9e4722abaec16c70fef5b5" member_type: VOTER last_known_addr { host: "127.4.10.132" port: 44543 } attrs { promote: false } } }
I20260710 11:10:05.873028  5246 consensus_queue.cc:237] T d4bbf53dd5784db6bcc6c666019ca4d8 P 9f98a7dc76f540ef8653c8791927db6e [LEADER]: Queue going to LEADER mode. State: All replicated index: 0, Majority replicated index: 3, Committed index: 3, Last appended: 1.3, Last appended by leader: 0, Current term: 1, Majority size: 2, State: 0, Mode: LEADER, active raft config: opid_index: 4 OBSOLETE_local: false peers { permanent_uuid: "9f98a7dc76f540ef8653c8791927db6e" member_type: VOTER last_known_addr { host: "127.4.10.129" port: 41159 } } peers { permanent_uuid: "648926d317aa4bdab5840b82dce7c507" member_type: VOTER last_known_addr { host: "127.4.10.130" port: 33025 } } peers { permanent_uuid: "3eb659f12b9e4722abaec16c70fef5b5" member_type: VOTER last_known_addr { host: "127.4.10.132" port: 44543 } attrs { promote: false } }
I20260710 11:10:05.876822  5132 catalog_manager.cc:5210] ChangeConfig:REMOVE_PEER RPC for tablet fecf2b6da2124aa789fc79215b42737b with cas_config_opid_index 3: ChangeConfig:REMOVE_PEER succeeded (attempt 1)
I20260710 11:10:05.877393  5141 catalog_manager.cc:5697] T fecf2b6da2124aa789fc79215b42737b P 3eb659f12b9e4722abaec16c70fef5b5 reported cstate change: config changed from index 3 to 4, VOTER 648926d317aa4bdab5840b82dce7c507 (127.4.10.130) evicted. New cstate: current_term: 1 leader_uuid: "92e94c3a8d7242b1a22097b47e2f431d" committed_config { opid_index: 4 OBSOLETE_local: false peers { permanent_uuid: "9f98a7dc76f540ef8653c8791927db6e" member_type: VOTER last_known_addr { host: "127.4.10.129" port: 41159 } } peers { permanent_uuid: "92e94c3a8d7242b1a22097b47e2f431d" member_type: VOTER last_known_addr { host: "127.4.10.131" port: 40951 } } peers { permanent_uuid: "3eb659f12b9e4722abaec16c70fef5b5" member_type: VOTER last_known_addr { host: "127.4.10.132" port: 44543 } attrs { promote: false } } }
I20260710 11:10:05.892398  5668 raft_consensus.cc:1275] T d4bbf53dd5784db6bcc6c666019ca4d8 P 3eb659f12b9e4722abaec16c70fef5b5 [term 1 FOLLOWER]: Refusing update from remote peer 9f98a7dc76f540ef8653c8791927db6e: Log matching property violated. Preceding OpId in replica: term: 1 index: 3. Preceding OpId from leader: term: 1 index: 4. (index mismatch)
I20260710 11:10:05.897560  5863 consensus_queue.cc:1048] T d4bbf53dd5784db6bcc6c666019ca4d8 P 9f98a7dc76f540ef8653c8791927db6e [LEADER]: Connected to new peer: Peer: permanent_uuid: "3eb659f12b9e4722abaec16c70fef5b5" member_type: VOTER last_known_addr { host: "127.4.10.132" port: 44543 } attrs { promote: false }, Status: LMP_MISMATCH, Last received: 0.0, Next index: 4, Last known committed idx: 3, Time since last communication: 0.001s
I20260710 11:10:05.898507  5318 raft_consensus.cc:1275] T d4bbf53dd5784db6bcc6c666019ca4d8 P 648926d317aa4bdab5840b82dce7c507 [term 1 FOLLOWER]: Refusing update from remote peer 9f98a7dc76f540ef8653c8791927db6e: Log matching property violated. Preceding OpId in replica: term: 1 index: 3. Preceding OpId from leader: term: 1 index: 4. (index mismatch)
I20260710 11:10:05.902236  5304 tablet_service.cc:1558] Processing DeleteTablet for tablet fecf2b6da2124aa789fc79215b42737b with delete_type TABLET_DATA_TOMBSTONED (TS 648926d317aa4bdab5840b82dce7c507 not found in new config with opid_index 4) from {username='slave'} at 127.0.0.1:53804
I20260710 11:10:05.903216  5880 tablet_replica.cc:333] T fecf2b6da2124aa789fc79215b42737b P 648926d317aa4bdab5840b82dce7c507: stopping tablet replica
I20260710 11:10:05.904227  5880 raft_consensus.cc:2243] T fecf2b6da2124aa789fc79215b42737b P 648926d317aa4bdab5840b82dce7c507 [term 1 FOLLOWER]: Raft consensus shutting down.
I20260710 11:10:05.905064  5880 raft_consensus.cc:2272] T fecf2b6da2124aa789fc79215b42737b P 648926d317aa4bdab5840b82dce7c507 [term 1 FOLLOWER]: Raft consensus is shut down!
I20260710 11:10:05.911115  5836 consensus_queue.cc:1048] T d4bbf53dd5784db6bcc6c666019ca4d8 P 9f98a7dc76f540ef8653c8791927db6e [LEADER]: Connected to new peer: Peer: permanent_uuid: "648926d317aa4bdab5840b82dce7c507" member_type: VOTER last_known_addr { host: "127.4.10.130" port: 33025 }, Status: LMP_MISMATCH, Last received: 0.0, Next index: 4, Last known committed idx: 3, Time since last communication: 0.001s
I20260710 11:10:05.923964  5880 ts_tablet_manager.cc:1916] T fecf2b6da2124aa789fc79215b42737b P 648926d317aa4bdab5840b82dce7c507: Deleting tablet data with delete state TABLET_DATA_TOMBSTONED
I20260710 11:10:05.927160  5666 raft_consensus.cc:2955] T d4bbf53dd5784db6bcc6c666019ca4d8 P 3eb659f12b9e4722abaec16c70fef5b5 [term 1 FOLLOWER]: Committing config change with OpId 1.4: config changed from index 3 to 4, VOTER 92e94c3a8d7242b1a22097b47e2f431d (127.4.10.131) evicted. New config: { opid_index: 4 OBSOLETE_local: false peers { permanent_uuid: "9f98a7dc76f540ef8653c8791927db6e" member_type: VOTER last_known_addr { host: "127.4.10.129" port: 41159 } } peers { permanent_uuid: "648926d317aa4bdab5840b82dce7c507" member_type: VOTER last_known_addr { host: "127.4.10.130" port: 33025 } } peers { permanent_uuid: "3eb659f12b9e4722abaec16c70fef5b5" member_type: VOTER last_known_addr { host: "127.4.10.132" port: 44543 } attrs { promote: false } } }
I20260710 11:10:05.918757  5863 raft_consensus.cc:2955] T d4bbf53dd5784db6bcc6c666019ca4d8 P 9f98a7dc76f540ef8653c8791927db6e [term 1 LEADER]: Committing config change with OpId 1.4: config changed from index 3 to 4, VOTER 92e94c3a8d7242b1a22097b47e2f431d (127.4.10.131) evicted. New config: { opid_index: 4 OBSOLETE_local: false peers { permanent_uuid: "9f98a7dc76f540ef8653c8791927db6e" member_type: VOTER last_known_addr { host: "127.4.10.129" port: 41159 } } peers { permanent_uuid: "648926d317aa4bdab5840b82dce7c507" member_type: VOTER last_known_addr { host: "127.4.10.130" port: 33025 } } peers { permanent_uuid: "3eb659f12b9e4722abaec16c70fef5b5" member_type: VOTER last_known_addr { host: "127.4.10.132" port: 44543 } attrs { promote: false } } }
I20260710 11:10:05.931809  5318 raft_consensus.cc:2955] T d4bbf53dd5784db6bcc6c666019ca4d8 P 648926d317aa4bdab5840b82dce7c507 [term 1 FOLLOWER]: Committing config change with OpId 1.4: config changed from index 3 to 4, VOTER 92e94c3a8d7242b1a22097b47e2f431d (127.4.10.131) evicted. New config: { opid_index: 4 OBSOLETE_local: false peers { permanent_uuid: "9f98a7dc76f540ef8653c8791927db6e" member_type: VOTER last_known_addr { host: "127.4.10.129" port: 41159 } } peers { permanent_uuid: "648926d317aa4bdab5840b82dce7c507" member_type: VOTER last_known_addr { host: "127.4.10.130" port: 33025 } } peers { permanent_uuid: "3eb659f12b9e4722abaec16c70fef5b5" member_type: VOTER last_known_addr { host: "127.4.10.132" port: 44543 } attrs { promote: false } } }
I20260710 11:10:05.937520  5132 catalog_manager.cc:5210] ChangeConfig:REMOVE_PEER RPC for tablet d4bbf53dd5784db6bcc6c666019ca4d8 with cas_config_opid_index 3: ChangeConfig:REMOVE_PEER succeeded (attempt 1)
I20260710 11:10:05.943471  5880 ts_tablet_manager.cc:1929] T fecf2b6da2124aa789fc79215b42737b P 648926d317aa4bdab5840b82dce7c507: tablet deleted with delete type TABLET_DATA_TOMBSTONED: last-logged OpId 1.3
I20260710 11:10:05.943011  5143 catalog_manager.cc:5697] T d4bbf53dd5784db6bcc6c666019ca4d8 P 9f98a7dc76f540ef8653c8791927db6e reported cstate change: config changed from index 3 to 4, VOTER 92e94c3a8d7242b1a22097b47e2f431d (127.4.10.131) evicted. New cstate: current_term: 1 leader_uuid: "9f98a7dc76f540ef8653c8791927db6e" committed_config { opid_index: 4 OBSOLETE_local: false peers { permanent_uuid: "9f98a7dc76f540ef8653c8791927db6e" member_type: VOTER last_known_addr { host: "127.4.10.129" port: 41159 } health_report { overall_health: HEALTHY } } peers { permanent_uuid: "648926d317aa4bdab5840b82dce7c507" member_type: VOTER last_known_addr { host: "127.4.10.130" port: 33025 } health_report { overall_health: HEALTHY } } peers { permanent_uuid: "3eb659f12b9e4722abaec16c70fef5b5" member_type: VOTER last_known_addr { host: "127.4.10.132" port: 44543 } attrs { promote: false } health_report { overall_health: HEALTHY } } }
I20260710 11:10:05.944020  5880 log.cc:1199] T fecf2b6da2124aa789fc79215b42737b P 648926d317aa4bdab5840b82dce7c507: Deleting WAL directory at /tmp/dist-test-taskHa07EX/test-tmp/auto_leader_rebalancer-test.0.LeaderRebalancerTest.AddTserver.1783681768978954-4138-0/minicluster-data/ts-1-root/wals/fecf2b6da2124aa789fc79215b42737b
I20260710 11:10:05.945849  5129 catalog_manager.cc:5028] TS 648926d317aa4bdab5840b82dce7c507 (127.4.10.130:33025): tablet fecf2b6da2124aa789fc79215b42737b (table test-workload [id=76d2574a1f0848c9b45cc1245e248fab]) successfully deleted
I20260710 11:10:05.955507  5378 tablet_service.cc:1558] Processing DeleteTablet for tablet d4bbf53dd5784db6bcc6c666019ca4d8 with delete_type TABLET_DATA_TOMBSTONED (TS 92e94c3a8d7242b1a22097b47e2f431d not found in new config with opid_index 4) from {username='slave'} at 127.0.0.1:53856
I20260710 11:10:05.957669  5893 tablet_replica.cc:333] T d4bbf53dd5784db6bcc6c666019ca4d8 P 92e94c3a8d7242b1a22097b47e2f431d: stopping tablet replica
I20260710 11:10:05.958909  5893 raft_consensus.cc:2243] T d4bbf53dd5784db6bcc6c666019ca4d8 P 92e94c3a8d7242b1a22097b47e2f431d [term 1 FOLLOWER]: Raft consensus shutting down.
I20260710 11:10:05.959553  5893 raft_consensus.cc:2272] T d4bbf53dd5784db6bcc6c666019ca4d8 P 92e94c3a8d7242b1a22097b47e2f431d [term 1 FOLLOWER]: Raft consensus is shut down!
I20260710 11:10:05.963032  5893 ts_tablet_manager.cc:1916] T d4bbf53dd5784db6bcc6c666019ca4d8 P 92e94c3a8d7242b1a22097b47e2f431d: Deleting tablet data with delete state TABLET_DATA_TOMBSTONED
I20260710 11:10:05.975958  5893 ts_tablet_manager.cc:1929] T d4bbf53dd5784db6bcc6c666019ca4d8 P 92e94c3a8d7242b1a22097b47e2f431d: tablet deleted with delete type TABLET_DATA_TOMBSTONED: last-logged OpId 1.3
I20260710 11:10:05.976291  5893 log.cc:1199] T d4bbf53dd5784db6bcc6c666019ca4d8 P 92e94c3a8d7242b1a22097b47e2f431d: Deleting WAL directory at /tmp/dist-test-taskHa07EX/test-tmp/auto_leader_rebalancer-test.0.LeaderRebalancerTest.AddTserver.1783681768978954-4138-0/minicluster-data/ts-2-root/wals/d4bbf53dd5784db6bcc6c666019ca4d8
I20260710 11:10:05.977702  5132 catalog_manager.cc:5028] TS 92e94c3a8d7242b1a22097b47e2f431d (127.4.10.131:40951): tablet d4bbf53dd5784db6bcc6c666019ca4d8 (table test-workload [id=76d2574a1f0848c9b45cc1245e248fab]) successfully deleted
I20260710 11:10:06.987514  5317 consensus_queue.cc:237] T 854a3fc1a10f448f91a0f21b58e41b6b P 648926d317aa4bdab5840b82dce7c507 [LEADER]: Queue going to LEADER mode. State: All replicated index: 0, Majority replicated index: 1, Committed index: 1, Last appended: 1.1, Last appended by leader: 0, Current term: 1, Majority size: 2, State: 0, Mode: LEADER, active raft config: opid_index: 2 OBSOLETE_local: false peers { permanent_uuid: "9f98a7dc76f540ef8653c8791927db6e" member_type: VOTER last_known_addr { host: "127.4.10.129" port: 41159 } } peers { permanent_uuid: "648926d317aa4bdab5840b82dce7c507" member_type: VOTER last_known_addr { host: "127.4.10.130" port: 33025 } } peers { permanent_uuid: "92e94c3a8d7242b1a22097b47e2f431d" member_type: VOTER last_known_addr { host: "127.4.10.131" port: 40951 } attrs { replace: true } } peers { permanent_uuid: "3eb659f12b9e4722abaec16c70fef5b5" member_type: NON_VOTER last_known_addr { host: "127.4.10.132" port: 44543 } attrs { promote: true } }
I20260710 11:10:06.994213  5390 raft_consensus.cc:1275] T 854a3fc1a10f448f91a0f21b58e41b6b P 92e94c3a8d7242b1a22097b47e2f431d [term 1 FOLLOWER]: Refusing update from remote peer 648926d317aa4bdab5840b82dce7c507: Log matching property violated. Preceding OpId in replica: term: 1 index: 1. Preceding OpId from leader: term: 1 index: 2. (index mismatch)
W20260710 11:10:06.995026  5285 consensus_peers.cc:597] T 854a3fc1a10f448f91a0f21b58e41b6b P 648926d317aa4bdab5840b82dce7c507 -> Peer 3eb659f12b9e4722abaec16c70fef5b5 (127.4.10.132:44543): Couldn't send request to peer 3eb659f12b9e4722abaec16c70fef5b5. Error code: TABLET_NOT_FOUND (6). Status: Not found: Tablet not found: 854a3fc1a10f448f91a0f21b58e41b6b. This is attempt 1: this message will repeat every 5th retry.
I20260710 11:10:06.995731  5872 consensus_queue.cc:1048] T 854a3fc1a10f448f91a0f21b58e41b6b P 648926d317aa4bdab5840b82dce7c507 [LEADER]: Connected to new peer: Peer: permanent_uuid: "92e94c3a8d7242b1a22097b47e2f431d" member_type: VOTER last_known_addr { host: "127.4.10.131" port: 40951 } attrs { replace: true }, Status: LMP_MISMATCH, Last received: 0.0, Next index: 2, Last known committed idx: 1, Time since last communication: 0.000s
I20260710 11:10:06.997412  5246 raft_consensus.cc:1275] T 854a3fc1a10f448f91a0f21b58e41b6b P 9f98a7dc76f540ef8653c8791927db6e [term 1 FOLLOWER]: Refusing update from remote peer 648926d317aa4bdab5840b82dce7c507: Log matching property violated. Preceding OpId in replica: term: 1 index: 1. Preceding OpId from leader: term: 1 index: 2. (index mismatch)
I20260710 11:10:06.998610  5872 consensus_queue.cc:1048] T 854a3fc1a10f448f91a0f21b58e41b6b P 648926d317aa4bdab5840b82dce7c507 [LEADER]: Connected to new peer: Peer: permanent_uuid: "9f98a7dc76f540ef8653c8791927db6e" member_type: VOTER last_known_addr { host: "127.4.10.129" port: 41159 }, Status: LMP_MISMATCH, Last received: 0.0, Next index: 2, Last known committed idx: 1, Time since last communication: 0.000s
I20260710 11:10:07.002959  5896 raft_consensus.cc:2955] T 854a3fc1a10f448f91a0f21b58e41b6b P 648926d317aa4bdab5840b82dce7c507 [term 1 LEADER]: Committing config change with OpId 1.2: config changed from index -1 to 2, NON_VOTER 3eb659f12b9e4722abaec16c70fef5b5 (127.4.10.132) added. New config: { opid_index: 2 OBSOLETE_local: false peers { permanent_uuid: "9f98a7dc76f540ef8653c8791927db6e" member_type: VOTER last_known_addr { host: "127.4.10.129" port: 41159 } } peers { permanent_uuid: "648926d317aa4bdab5840b82dce7c507" member_type: VOTER last_known_addr { host: "127.4.10.130" port: 33025 } } peers { permanent_uuid: "92e94c3a8d7242b1a22097b47e2f431d" member_type: VOTER last_known_addr { host: "127.4.10.131" port: 40951 } attrs { replace: true } } peers { permanent_uuid: "3eb659f12b9e4722abaec16c70fef5b5" member_type: NON_VOTER last_known_addr { host: "127.4.10.132" port: 44543 } attrs { promote: true } } }
I20260710 11:10:07.004575  5390 raft_consensus.cc:2955] T 854a3fc1a10f448f91a0f21b58e41b6b P 92e94c3a8d7242b1a22097b47e2f431d [term 1 FOLLOWER]: Committing config change with OpId 1.2: config changed from index -1 to 2, NON_VOTER 3eb659f12b9e4722abaec16c70fef5b5 (127.4.10.132) added. New config: { opid_index: 2 OBSOLETE_local: false peers { permanent_uuid: "9f98a7dc76f540ef8653c8791927db6e" member_type: VOTER last_known_addr { host: "127.4.10.129" port: 41159 } } peers { permanent_uuid: "648926d317aa4bdab5840b82dce7c507" member_type: VOTER last_known_addr { host: "127.4.10.130" port: 33025 } } peers { permanent_uuid: "92e94c3a8d7242b1a22097b47e2f431d" member_type: VOTER last_known_addr { host: "127.4.10.131" port: 40951 } attrs { replace: true } } peers { permanent_uuid: "3eb659f12b9e4722abaec16c70fef5b5" member_type: NON_VOTER last_known_addr { host: "127.4.10.132" port: 44543 } attrs { promote: true } } }
I20260710 11:10:07.006880  5246 raft_consensus.cc:2955] T 854a3fc1a10f448f91a0f21b58e41b6b P 9f98a7dc76f540ef8653c8791927db6e [term 1 FOLLOWER]: Committing config change with OpId 1.2: config changed from index -1 to 2, NON_VOTER 3eb659f12b9e4722abaec16c70fef5b5 (127.4.10.132) added. New config: { opid_index: 2 OBSOLETE_local: false peers { permanent_uuid: "9f98a7dc76f540ef8653c8791927db6e" member_type: VOTER last_known_addr { host: "127.4.10.129" port: 41159 } } peers { permanent_uuid: "648926d317aa4bdab5840b82dce7c507" member_type: VOTER last_known_addr { host: "127.4.10.130" port: 33025 } } peers { permanent_uuid: "92e94c3a8d7242b1a22097b47e2f431d" member_type: VOTER last_known_addr { host: "127.4.10.131" port: 40951 } attrs { replace: true } } peers { permanent_uuid: "3eb659f12b9e4722abaec16c70fef5b5" member_type: NON_VOTER last_known_addr { host: "127.4.10.132" port: 44543 } attrs { promote: true } } }
I20260710 11:10:07.018289  5141 catalog_manager.cc:5697] T 854a3fc1a10f448f91a0f21b58e41b6b P 648926d317aa4bdab5840b82dce7c507 reported cstate change: config changed from index -1 to 2, NON_VOTER 3eb659f12b9e4722abaec16c70fef5b5 (127.4.10.132) added. New cstate: current_term: 1 leader_uuid: "648926d317aa4bdab5840b82dce7c507" committed_config { opid_index: 2 OBSOLETE_local: false peers { permanent_uuid: "9f98a7dc76f540ef8653c8791927db6e" member_type: VOTER last_known_addr { host: "127.4.10.129" port: 41159 } health_report { overall_health: HEALTHY } } peers { permanent_uuid: "648926d317aa4bdab5840b82dce7c507" member_type: VOTER last_known_addr { host: "127.4.10.130" port: 33025 } health_report { overall_health: HEALTHY } } peers { permanent_uuid: "92e94c3a8d7242b1a22097b47e2f431d" member_type: VOTER last_known_addr { host: "127.4.10.131" port: 40951 } attrs { replace: true } health_report { overall_health: HEALTHY } } peers { permanent_uuid: "3eb659f12b9e4722abaec16c70fef5b5" member_type: NON_VOTER last_known_addr { host: "127.4.10.132" port: 44543 } attrs { promote: true } health_report { overall_health: UNKNOWN } } }
I20260710 11:10:07.020349  5390 consensus_queue.cc:237] T 474f56b052ba4f36b84f5f843a206d18 P 92e94c3a8d7242b1a22097b47e2f431d [LEADER]: Queue going to LEADER mode. State: All replicated index: 0, Majority replicated index: 1, Committed index: 1, Last appended: 1.1, Last appended by leader: 0, Current term: 1, Majority size: 2, State: 0, Mode: LEADER, active raft config: opid_index: 2 OBSOLETE_local: false peers { permanent_uuid: "9f98a7dc76f540ef8653c8791927db6e" member_type: VOTER last_known_addr { host: "127.4.10.129" port: 41159 } } peers { permanent_uuid: "648926d317aa4bdab5840b82dce7c507" member_type: VOTER last_known_addr { host: "127.4.10.130" port: 33025 } attrs { replace: true } } peers { permanent_uuid: "92e94c3a8d7242b1a22097b47e2f431d" member_type: VOTER last_known_addr { host: "127.4.10.131" port: 40951 } } peers { permanent_uuid: "3eb659f12b9e4722abaec16c70fef5b5" member_type: NON_VOTER last_known_addr { host: "127.4.10.132" port: 44543 } attrs { promote: true } }
I20260710 11:10:07.036479  5317 raft_consensus.cc:1275] T 474f56b052ba4f36b84f5f843a206d18 P 648926d317aa4bdab5840b82dce7c507 [term 1 FOLLOWER]: Refusing update from remote peer 92e94c3a8d7242b1a22097b47e2f431d: Log matching property violated. Preceding OpId in replica: term: 1 index: 1. Preceding OpId from leader: term: 1 index: 2. (index mismatch)
W20260710 11:10:07.036815  5359 consensus_peers.cc:597] T 474f56b052ba4f36b84f5f843a206d18 P 92e94c3a8d7242b1a22097b47e2f431d -> Peer 3eb659f12b9e4722abaec16c70fef5b5 (127.4.10.132:44543): Couldn't send request to peer 3eb659f12b9e4722abaec16c70fef5b5. Error code: TABLET_NOT_FOUND (6). Status: Not found: Tablet not found: 474f56b052ba4f36b84f5f843a206d18. This is attempt 1: this message will repeat every 5th retry.
I20260710 11:10:07.038873  5826 consensus_queue.cc:1048] T 474f56b052ba4f36b84f5f843a206d18 P 92e94c3a8d7242b1a22097b47e2f431d [LEADER]: Connected to new peer: Peer: permanent_uuid: "648926d317aa4bdab5840b82dce7c507" member_type: VOTER last_known_addr { host: "127.4.10.130" port: 33025 } attrs { replace: true }, Status: LMP_MISMATCH, Last received: 0.0, Next index: 2, Last known committed idx: 1, Time since last communication: 0.000s
I20260710 11:10:07.043083  5246 raft_consensus.cc:1275] T 474f56b052ba4f36b84f5f843a206d18 P 9f98a7dc76f540ef8653c8791927db6e [term 1 FOLLOWER]: Refusing update from remote peer 92e94c3a8d7242b1a22097b47e2f431d: Log matching property violated. Preceding OpId in replica: term: 1 index: 1. Preceding OpId from leader: term: 1 index: 2. (index mismatch)
I20260710 11:10:07.044200  5826 consensus_queue.cc:1048] T 474f56b052ba4f36b84f5f843a206d18 P 92e94c3a8d7242b1a22097b47e2f431d [LEADER]: Connected to new peer: Peer: permanent_uuid: "9f98a7dc76f540ef8653c8791927db6e" member_type: VOTER last_known_addr { host: "127.4.10.129" port: 41159 }, Status: LMP_MISMATCH, Last received: 0.0, Next index: 2, Last known committed idx: 1, Time since last communication: 0.000s
I20260710 11:10:07.046844  5904 raft_consensus.cc:2955] T 474f56b052ba4f36b84f5f843a206d18 P 92e94c3a8d7242b1a22097b47e2f431d [term 1 LEADER]: Committing config change with OpId 1.2: config changed from index -1 to 2, NON_VOTER 3eb659f12b9e4722abaec16c70fef5b5 (127.4.10.132) added. New config: { opid_index: 2 OBSOLETE_local: false peers { permanent_uuid: "9f98a7dc76f540ef8653c8791927db6e" member_type: VOTER last_known_addr { host: "127.4.10.129" port: 41159 } } peers { permanent_uuid: "648926d317aa4bdab5840b82dce7c507" member_type: VOTER last_known_addr { host: "127.4.10.130" port: 33025 } attrs { replace: true } } peers { permanent_uuid: "92e94c3a8d7242b1a22097b47e2f431d" member_type: VOTER last_known_addr { host: "127.4.10.131" port: 40951 } } peers { permanent_uuid: "3eb659f12b9e4722abaec16c70fef5b5" member_type: NON_VOTER last_known_addr { host: "127.4.10.132" port: 44543 } attrs { promote: true } } }
I20260710 11:10:07.048496  5317 raft_consensus.cc:2955] T 474f56b052ba4f36b84f5f843a206d18 P 648926d317aa4bdab5840b82dce7c507 [term 1 FOLLOWER]: Committing config change with OpId 1.2: config changed from index -1 to 2, NON_VOTER 3eb659f12b9e4722abaec16c70fef5b5 (127.4.10.132) added. New config: { opid_index: 2 OBSOLETE_local: false peers { permanent_uuid: "9f98a7dc76f540ef8653c8791927db6e" member_type: VOTER last_known_addr { host: "127.4.10.129" port: 41159 } } peers { permanent_uuid: "648926d317aa4bdab5840b82dce7c507" member_type: VOTER last_known_addr { host: "127.4.10.130" port: 33025 } attrs { replace: true } } peers { permanent_uuid: "92e94c3a8d7242b1a22097b47e2f431d" member_type: VOTER last_known_addr { host: "127.4.10.131" port: 40951 } } peers { permanent_uuid: "3eb659f12b9e4722abaec16c70fef5b5" member_type: NON_VOTER last_known_addr { host: "127.4.10.132" port: 44543 } attrs { promote: true } } }
I20260710 11:10:07.053112  5246 raft_consensus.cc:2955] T 474f56b052ba4f36b84f5f843a206d18 P 9f98a7dc76f540ef8653c8791927db6e [term 1 FOLLOWER]: Committing config change with OpId 1.2: config changed from index -1 to 2, NON_VOTER 3eb659f12b9e4722abaec16c70fef5b5 (127.4.10.132) added. New config: { opid_index: 2 OBSOLETE_local: false peers { permanent_uuid: "9f98a7dc76f540ef8653c8791927db6e" member_type: VOTER last_known_addr { host: "127.4.10.129" port: 41159 } } peers { permanent_uuid: "648926d317aa4bdab5840b82dce7c507" member_type: VOTER last_known_addr { host: "127.4.10.130" port: 33025 } attrs { replace: true } } peers { permanent_uuid: "92e94c3a8d7242b1a22097b47e2f431d" member_type: VOTER last_known_addr { host: "127.4.10.131" port: 40951 } } peers { permanent_uuid: "3eb659f12b9e4722abaec16c70fef5b5" member_type: NON_VOTER last_known_addr { host: "127.4.10.132" port: 44543 } attrs { promote: true } } }
I20260710 11:10:07.061427  5390 consensus_queue.cc:237] T 2e30caa5be8b473ebfb587dba408d489 P 92e94c3a8d7242b1a22097b47e2f431d [LEADER]: Queue going to LEADER mode. State: All replicated index: 0, Majority replicated index: 1, Committed index: 1, Last appended: 1.1, Last appended by leader: 0, Current term: 1, Majority size: 2, State: 0, Mode: LEADER, active raft config: opid_index: 2 OBSOLETE_local: false peers { permanent_uuid: "9f98a7dc76f540ef8653c8791927db6e" member_type: VOTER last_known_addr { host: "127.4.10.129" port: 41159 } attrs { replace: true } } peers { permanent_uuid: "648926d317aa4bdab5840b82dce7c507" member_type: VOTER last_known_addr { host: "127.4.10.130" port: 33025 } } peers { permanent_uuid: "92e94c3a8d7242b1a22097b47e2f431d" member_type: VOTER last_known_addr { host: "127.4.10.131" port: 40951 } } peers { permanent_uuid: "3eb659f12b9e4722abaec16c70fef5b5" member_type: NON_VOTER last_known_addr { host: "127.4.10.132" port: 44543 } attrs { promote: true } }
I20260710 11:10:07.072484  5144 catalog_manager.cc:5697] T 474f56b052ba4f36b84f5f843a206d18 P 648926d317aa4bdab5840b82dce7c507 reported cstate change: config changed from index -1 to 2, NON_VOTER 3eb659f12b9e4722abaec16c70fef5b5 (127.4.10.132) added. New cstate: current_term: 1 leader_uuid: "92e94c3a8d7242b1a22097b47e2f431d" committed_config { opid_index: 2 OBSOLETE_local: false peers { permanent_uuid: "9f98a7dc76f540ef8653c8791927db6e" member_type: VOTER last_known_addr { host: "127.4.10.129" port: 41159 } } peers { permanent_uuid: "648926d317aa4bdab5840b82dce7c507" member_type: VOTER last_known_addr { host: "127.4.10.130" port: 33025 } attrs { replace: true } } peers { permanent_uuid: "92e94c3a8d7242b1a22097b47e2f431d" member_type: VOTER last_known_addr { host: "127.4.10.131" port: 40951 } } peers { permanent_uuid: "3eb659f12b9e4722abaec16c70fef5b5" member_type: NON_VOTER last_known_addr { host: "127.4.10.132" port: 44543 } attrs { promote: true } } }
I20260710 11:10:07.077214  5317 raft_consensus.cc:1275] T 2e30caa5be8b473ebfb587dba408d489 P 648926d317aa4bdab5840b82dce7c507 [term 1 FOLLOWER]: Refusing update from remote peer 92e94c3a8d7242b1a22097b47e2f431d: Log matching property violated. Preceding OpId in replica: term: 1 index: 1. Preceding OpId from leader: term: 1 index: 2. (index mismatch)
W20260710 11:10:07.078465  5359 consensus_peers.cc:597] T 2e30caa5be8b473ebfb587dba408d489 P 92e94c3a8d7242b1a22097b47e2f431d -> Peer 3eb659f12b9e4722abaec16c70fef5b5 (127.4.10.132:44543): Couldn't send request to peer 3eb659f12b9e4722abaec16c70fef5b5. Error code: TABLET_NOT_FOUND (6). Status: Not found: Tablet not found: 2e30caa5be8b473ebfb587dba408d489. This is attempt 1: this message will repeat every 5th retry.
I20260710 11:10:07.078933  5246 raft_consensus.cc:1275] T 2e30caa5be8b473ebfb587dba408d489 P 9f98a7dc76f540ef8653c8791927db6e [term 1 FOLLOWER]: Refusing update from remote peer 92e94c3a8d7242b1a22097b47e2f431d: Log matching property violated. Preceding OpId in replica: term: 1 index: 1. Preceding OpId from leader: term: 1 index: 2. (index mismatch)
I20260710 11:10:07.079840  5904 consensus_queue.cc:1048] T 2e30caa5be8b473ebfb587dba408d489 P 92e94c3a8d7242b1a22097b47e2f431d [LEADER]: Connected to new peer: Peer: permanent_uuid: "648926d317aa4bdab5840b82dce7c507" member_type: VOTER last_known_addr { host: "127.4.10.130" port: 33025 }, Status: LMP_MISMATCH, Last received: 0.0, Next index: 2, Last known committed idx: 1, Time since last communication: 0.000s
I20260710 11:10:07.080686  5909 consensus_queue.cc:1048] T 2e30caa5be8b473ebfb587dba408d489 P 92e94c3a8d7242b1a22097b47e2f431d [LEADER]: Connected to new peer: Peer: permanent_uuid: "9f98a7dc76f540ef8653c8791927db6e" member_type: VOTER last_known_addr { host: "127.4.10.129" port: 41159 } attrs { replace: true }, Status: LMP_MISMATCH, Last received: 0.0, Next index: 2, Last known committed idx: 1, Time since last communication: 0.000s
I20260710 11:10:07.092371  5904 raft_consensus.cc:2955] T 2e30caa5be8b473ebfb587dba408d489 P 92e94c3a8d7242b1a22097b47e2f431d [term 1 LEADER]: Committing config change with OpId 1.2: config changed from index -1 to 2, NON_VOTER 3eb659f12b9e4722abaec16c70fef5b5 (127.4.10.132) added. New config: { opid_index: 2 OBSOLETE_local: false peers { permanent_uuid: "9f98a7dc76f540ef8653c8791927db6e" member_type: VOTER last_known_addr { host: "127.4.10.129" port: 41159 } attrs { replace: true } } peers { permanent_uuid: "648926d317aa4bdab5840b82dce7c507" member_type: VOTER last_known_addr { host: "127.4.10.130" port: 33025 } } peers { permanent_uuid: "92e94c3a8d7242b1a22097b47e2f431d" member_type: VOTER last_known_addr { host: "127.4.10.131" port: 40951 } } peers { permanent_uuid: "3eb659f12b9e4722abaec16c70fef5b5" member_type: NON_VOTER last_known_addr { host: "127.4.10.132" port: 44543 } attrs { promote: true } } }
I20260710 11:10:07.095240  5247 raft_consensus.cc:2955] T 2e30caa5be8b473ebfb587dba408d489 P 9f98a7dc76f540ef8653c8791927db6e [term 1 FOLLOWER]: Committing config change with OpId 1.2: config changed from index -1 to 2, NON_VOTER 3eb659f12b9e4722abaec16c70fef5b5 (127.4.10.132) added. New config: { opid_index: 2 OBSOLETE_local: false peers { permanent_uuid: "9f98a7dc76f540ef8653c8791927db6e" member_type: VOTER last_known_addr { host: "127.4.10.129" port: 41159 } attrs { replace: true } } peers { permanent_uuid: "648926d317aa4bdab5840b82dce7c507" member_type: VOTER last_known_addr { host: "127.4.10.130" port: 33025 } } peers { permanent_uuid: "92e94c3a8d7242b1a22097b47e2f431d" member_type: VOTER last_known_addr { host: "127.4.10.131" port: 40951 } } peers { permanent_uuid: "3eb659f12b9e4722abaec16c70fef5b5" member_type: NON_VOTER last_known_addr { host: "127.4.10.132" port: 44543 } attrs { promote: true } } }
I20260710 11:10:07.096254  5317 raft_consensus.cc:2955] T 2e30caa5be8b473ebfb587dba408d489 P 648926d317aa4bdab5840b82dce7c507 [term 1 FOLLOWER]: Committing config change with OpId 1.2: config changed from index -1 to 2, NON_VOTER 3eb659f12b9e4722abaec16c70fef5b5 (127.4.10.132) added. New config: { opid_index: 2 OBSOLETE_local: false peers { permanent_uuid: "9f98a7dc76f540ef8653c8791927db6e" member_type: VOTER last_known_addr { host: "127.4.10.129" port: 41159 } attrs { replace: true } } peers { permanent_uuid: "648926d317aa4bdab5840b82dce7c507" member_type: VOTER last_known_addr { host: "127.4.10.130" port: 33025 } } peers { permanent_uuid: "92e94c3a8d7242b1a22097b47e2f431d" member_type: VOTER last_known_addr { host: "127.4.10.131" port: 40951 } } peers { permanent_uuid: "3eb659f12b9e4722abaec16c70fef5b5" member_type: NON_VOTER last_known_addr { host: "127.4.10.132" port: 44543 } attrs { promote: true } } }
I20260710 11:10:07.108700  5144 catalog_manager.cc:5697] T 2e30caa5be8b473ebfb587dba408d489 P 92e94c3a8d7242b1a22097b47e2f431d reported cstate change: config changed from index -1 to 2, NON_VOTER 3eb659f12b9e4722abaec16c70fef5b5 (127.4.10.132) added. New cstate: current_term: 1 leader_uuid: "92e94c3a8d7242b1a22097b47e2f431d" committed_config { opid_index: 2 OBSOLETE_local: false peers { permanent_uuid: "9f98a7dc76f540ef8653c8791927db6e" member_type: VOTER last_known_addr { host: "127.4.10.129" port: 41159 } attrs { replace: true } health_report { overall_health: HEALTHY } } peers { permanent_uuid: "648926d317aa4bdab5840b82dce7c507" member_type: VOTER last_known_addr { host: "127.4.10.130" port: 33025 } health_report { overall_health: HEALTHY } } peers { permanent_uuid: "92e94c3a8d7242b1a22097b47e2f431d" member_type: VOTER last_known_addr { host: "127.4.10.131" port: 40951 } health_report { overall_health: HEALTHY } } peers { permanent_uuid: "3eb659f12b9e4722abaec16c70fef5b5" member_type: NON_VOTER last_known_addr { host: "127.4.10.132" port: 44543 } attrs { promote: true } health_report { overall_health: UNKNOWN } } }
I20260710 11:10:07.112798  5247 consensus_queue.cc:237] T b7051398c0e94608be51fd50b1e6debb P 9f98a7dc76f540ef8653c8791927db6e [LEADER]: Queue going to LEADER mode. State: All replicated index: 0, Majority replicated index: 1, Committed index: 1, Last appended: 1.1, Last appended by leader: 0, Current term: 1, Majority size: 2, State: 0, Mode: LEADER, active raft config: opid_index: 2 OBSOLETE_local: false peers { permanent_uuid: "9f98a7dc76f540ef8653c8791927db6e" member_type: VOTER last_known_addr { host: "127.4.10.129" port: 41159 } } peers { permanent_uuid: "648926d317aa4bdab5840b82dce7c507" member_type: VOTER last_known_addr { host: "127.4.10.130" port: 33025 } } peers { permanent_uuid: "92e94c3a8d7242b1a22097b47e2f431d" member_type: VOTER last_known_addr { host: "127.4.10.131" port: 40951 } attrs { replace: true } } peers { permanent_uuid: "3eb659f12b9e4722abaec16c70fef5b5" member_type: NON_VOTER last_known_addr { host: "127.4.10.132" port: 44543 } attrs { promote: true } }
I20260710 11:10:07.119268  5390 raft_consensus.cc:1275] T b7051398c0e94608be51fd50b1e6debb P 92e94c3a8d7242b1a22097b47e2f431d [term 1 FOLLOWER]: Refusing update from remote peer 9f98a7dc76f540ef8653c8791927db6e: Log matching property violated. Preceding OpId in replica: term: 1 index: 1. Preceding OpId from leader: term: 1 index: 2. (index mismatch)
W20260710 11:10:07.120169  5210 consensus_peers.cc:597] T b7051398c0e94608be51fd50b1e6debb P 9f98a7dc76f540ef8653c8791927db6e -> Peer 3eb659f12b9e4722abaec16c70fef5b5 (127.4.10.132:44543): Couldn't send request to peer 3eb659f12b9e4722abaec16c70fef5b5. Error code: TABLET_NOT_FOUND (6). Status: Not found: Tablet not found: b7051398c0e94608be51fd50b1e6debb. This is attempt 1: this message will repeat every 5th retry.
I20260710 11:10:07.120952  5317 raft_consensus.cc:1275] T b7051398c0e94608be51fd50b1e6debb P 648926d317aa4bdab5840b82dce7c507 [term 1 FOLLOWER]: Refusing update from remote peer 9f98a7dc76f540ef8653c8791927db6e: Log matching property violated. Preceding OpId in replica: term: 1 index: 1. Preceding OpId from leader: term: 1 index: 2. (index mismatch)
I20260710 11:10:07.121364  5863 consensus_queue.cc:1048] T b7051398c0e94608be51fd50b1e6debb P 9f98a7dc76f540ef8653c8791927db6e [LEADER]: Connected to new peer: Peer: permanent_uuid: "92e94c3a8d7242b1a22097b47e2f431d" member_type: VOTER last_known_addr { host: "127.4.10.131" port: 40951 } attrs { replace: true }, Status: LMP_MISMATCH, Last received: 0.0, Next index: 2, Last known committed idx: 1, Time since last communication: 0.000s
I20260710 11:10:07.122588  5836 consensus_queue.cc:1048] T b7051398c0e94608be51fd50b1e6debb P 9f98a7dc76f540ef8653c8791927db6e [LEADER]: Connected to new peer: Peer: permanent_uuid: "648926d317aa4bdab5840b82dce7c507" member_type: VOTER last_known_addr { host: "127.4.10.130" port: 33025 }, Status: LMP_MISMATCH, Last received: 0.0, Next index: 2, Last known committed idx: 1, Time since last communication: 0.000s
I20260710 11:10:07.135026  5863 raft_consensus.cc:2955] T b7051398c0e94608be51fd50b1e6debb P 9f98a7dc76f540ef8653c8791927db6e [term 1 LEADER]: Committing config change with OpId 1.2: config changed from index -1 to 2, NON_VOTER 3eb659f12b9e4722abaec16c70fef5b5 (127.4.10.132) added. New config: { opid_index: 2 OBSOLETE_local: false peers { permanent_uuid: "9f98a7dc76f540ef8653c8791927db6e" member_type: VOTER last_known_addr { host: "127.4.10.129" port: 41159 } } peers { permanent_uuid: "648926d317aa4bdab5840b82dce7c507" member_type: VOTER last_known_addr { host: "127.4.10.130" port: 33025 } } peers { permanent_uuid: "92e94c3a8d7242b1a22097b47e2f431d" member_type: VOTER last_known_addr { host: "127.4.10.131" port: 40951 } attrs { replace: true } } peers { permanent_uuid: "3eb659f12b9e4722abaec16c70fef5b5" member_type: NON_VOTER last_known_addr { host: "127.4.10.132" port: 44543 } attrs { promote: true } } }
I20260710 11:10:07.136847  5390 raft_consensus.cc:2955] T b7051398c0e94608be51fd50b1e6debb P 92e94c3a8d7242b1a22097b47e2f431d [term 1 FOLLOWER]: Committing config change with OpId 1.2: config changed from index -1 to 2, NON_VOTER 3eb659f12b9e4722abaec16c70fef5b5 (127.4.10.132) added. New config: { opid_index: 2 OBSOLETE_local: false peers { permanent_uuid: "9f98a7dc76f540ef8653c8791927db6e" member_type: VOTER last_known_addr { host: "127.4.10.129" port: 41159 } } peers { permanent_uuid: "648926d317aa4bdab5840b82dce7c507" member_type: VOTER last_known_addr { host: "127.4.10.130" port: 33025 } } peers { permanent_uuid: "92e94c3a8d7242b1a22097b47e2f431d" member_type: VOTER last_known_addr { host: "127.4.10.131" port: 40951 } attrs { replace: true } } peers { permanent_uuid: "3eb659f12b9e4722abaec16c70fef5b5" member_type: NON_VOTER last_known_addr { host: "127.4.10.132" port: 44543 } attrs { promote: true } } }
I20260710 11:10:07.137952  5317 raft_consensus.cc:2955] T b7051398c0e94608be51fd50b1e6debb P 648926d317aa4bdab5840b82dce7c507 [term 1 FOLLOWER]: Committing config change with OpId 1.2: config changed from index -1 to 2, NON_VOTER 3eb659f12b9e4722abaec16c70fef5b5 (127.4.10.132) added. New config: { opid_index: 2 OBSOLETE_local: false peers { permanent_uuid: "9f98a7dc76f540ef8653c8791927db6e" member_type: VOTER last_known_addr { host: "127.4.10.129" port: 41159 } } peers { permanent_uuid: "648926d317aa4bdab5840b82dce7c507" member_type: VOTER last_known_addr { host: "127.4.10.130" port: 33025 } } peers { permanent_uuid: "92e94c3a8d7242b1a22097b47e2f431d" member_type: VOTER last_known_addr { host: "127.4.10.131" port: 40951 } attrs { replace: true } } peers { permanent_uuid: "3eb659f12b9e4722abaec16c70fef5b5" member_type: NON_VOTER last_known_addr { host: "127.4.10.132" port: 44543 } attrs { promote: true } } }
I20260710 11:10:07.150596  5143 catalog_manager.cc:5697] T b7051398c0e94608be51fd50b1e6debb P 9f98a7dc76f540ef8653c8791927db6e reported cstate change: config changed from index -1 to 2, NON_VOTER 3eb659f12b9e4722abaec16c70fef5b5 (127.4.10.132) added. New cstate: current_term: 1 leader_uuid: "9f98a7dc76f540ef8653c8791927db6e" committed_config { opid_index: 2 OBSOLETE_local: false peers { permanent_uuid: "9f98a7dc76f540ef8653c8791927db6e" member_type: VOTER last_known_addr { host: "127.4.10.129" port: 41159 } health_report { overall_health: HEALTHY } } peers { permanent_uuid: "648926d317aa4bdab5840b82dce7c507" member_type: VOTER last_known_addr { host: "127.4.10.130" port: 33025 } health_report { overall_health: HEALTHY } } peers { permanent_uuid: "92e94c3a8d7242b1a22097b47e2f431d" member_type: VOTER last_known_addr { host: "127.4.10.131" port: 40951 } attrs { replace: true } health_report { overall_health: HEALTHY } } peers { permanent_uuid: "3eb659f12b9e4722abaec16c70fef5b5" member_type: NON_VOTER last_known_addr { host: "127.4.10.132" port: 44543 } attrs { promote: true } health_report { overall_health: UNKNOWN } } }
I20260710 11:10:07.422917  5916 ts_tablet_manager.cc:933] T 854a3fc1a10f448f91a0f21b58e41b6b P 3eb659f12b9e4722abaec16c70fef5b5: Initiating tablet copy from peer 648926d317aa4bdab5840b82dce7c507 (127.4.10.130:33025)
I20260710 11:10:07.424770  5916 tablet_copy_client.cc:323] T 854a3fc1a10f448f91a0f21b58e41b6b P 3eb659f12b9e4722abaec16c70fef5b5: tablet copy: Beginning tablet copy session from remote peer at address 127.4.10.130:33025
I20260710 11:10:07.426386  5332 tablet_copy_service.cc:140] P 648926d317aa4bdab5840b82dce7c507: Received BeginTabletCopySession request for tablet 854a3fc1a10f448f91a0f21b58e41b6b from peer 3eb659f12b9e4722abaec16c70fef5b5 ({username='slave'} at 127.0.0.1:59664)
I20260710 11:10:07.426951  5332 tablet_copy_service.cc:161] P 648926d317aa4bdab5840b82dce7c507: Beginning new tablet copy session on tablet 854a3fc1a10f448f91a0f21b58e41b6b from peer 3eb659f12b9e4722abaec16c70fef5b5 at {username='slave'} at 127.0.0.1:59664: session id = 3eb659f12b9e4722abaec16c70fef5b5-854a3fc1a10f448f91a0f21b58e41b6b
I20260710 11:10:07.432394  5332 tablet_copy_source_session.cc:215] T 854a3fc1a10f448f91a0f21b58e41b6b P 648926d317aa4bdab5840b82dce7c507: Tablet Copy: opened 0 blocks and 1 log segments
I20260710 11:10:07.435586  5916 data_dirs.cc:400] Could only allocate 1 dirs of requested 3 for tablet 854a3fc1a10f448f91a0f21b58e41b6b. 1 dirs total, 0 dirs full, 0 dirs failed
I20260710 11:10:07.449921  5916 tablet_copy_client.cc:806] T 854a3fc1a10f448f91a0f21b58e41b6b P 3eb659f12b9e4722abaec16c70fef5b5: tablet copy: Starting download of 0 data blocks...
I20260710 11:10:07.450568  5916 tablet_copy_client.cc:670] T 854a3fc1a10f448f91a0f21b58e41b6b P 3eb659f12b9e4722abaec16c70fef5b5: tablet copy: Starting download of 1 WAL segments...
I20260710 11:10:07.454012  5916 tablet_copy_client.cc:538] T 854a3fc1a10f448f91a0f21b58e41b6b P 3eb659f12b9e4722abaec16c70fef5b5: tablet copy: Tablet Copy complete. Replacing tablet superblock.
I20260710 11:10:07.459982  5916 tablet_bootstrap.cc:492] T 854a3fc1a10f448f91a0f21b58e41b6b P 3eb659f12b9e4722abaec16c70fef5b5: Bootstrap starting.
