[==========] Running 8 tests from 2 test suites.
[----------] Global test environment set-up.
[----------] 6 tests from LeaderRebalancerTest
[ RUN      ] LeaderRebalancerTest.FunctionalTestForDivided
WARNING: Logging before InitGoogleLogging() is written to STDERR
I20260710 11:09:28.768188 32148 internal_mini_cluster.cc:156] Creating distributed mini masters. Addrs: 127.31.101.62:39423
I20260710 11:09:28.769745 32148 env_posix.cc:2285] Not raising this process' open files per process limit of 1048576; it is already as high as it can go
I20260710 11:09:28.770762 32148 file_cache.cc:504] Constructed file cache file cache with capacity 419430
W20260710 11:09:28.789935 32154 instance_detector.cc:116] could not retrieve AWS instance metadata: Network error: curl error: HTTP response code said error: The requested URL returned error: 404
I20260710 11:09:28.790802 32148 server_base.cc:1061] running on GCE node
W20260710 11:09:28.789954 32157 instance_detector.cc:116] could not retrieve OpenStack instance metadata: Network error: curl error: HTTP response code said error: The requested URL returned error: 404
W20260710 11:09:28.790006 32155 instance_detector.cc:116] could not retrieve Azure instance metadata: Network error: curl error: HTTP response code said error: The requested URL returned error: 404
I20260710 11:09:29.996454 32148 hybrid_clock.cc:584] initializing the hybrid clock with 'system_unsync' time source
W20260710 11:09:29.996690 32148 system_unsync_time.cc:38] NTP support is disabled. Clock error bounds will not be accurate. This configuration is not suitable for distributed clusters.
I20260710 11:09:29.996974 32148 hybrid_clock.cc:648] HybridClock initialized: now 1783681769996945 us; error 0 us; skew 500 ppm
I20260710 11:09:29.997923 32148 server_base.cc:861] Flag tcmalloc_max_total_thread_cache_bytes is not working since tcmalloc is not enabled.
I20260710 11:09:30.005017 32148 webserver.cc:533] Webserver started at http://127.31.101.62:45123/ using document root <none> and password file <none>
I20260710 11:09:30.005949 32148 fs_manager.cc:362] Metadata directory not provided
I20260710 11:09:30.006228 32148 fs_manager.cc:368] Using write-ahead log directory (fs_wal_dir) as metadata directory
I20260710 11:09:30.006742 32148 server_base.cc:909] This appears to be a new deployment of Kudu; creating new FS layout
I20260710 11:09:30.013005 32148 fs_manager.cc:1068] Generated new instance metadata in path /tmp/dist-test-taskJT9SPn/test-tmp/auto_leader_rebalancer-test.0.LeaderRebalancerTest.FunctionalTestForDivided.1783681768602262-32148-0/minicluster-data/master-0-root/instance:
uuid: "605b5bf025574a519fc9a9bc75727eb2"
format_stamp: "Formatted at 2026-07-10 11:09:30 on dist-test-slave-17gd"
I20260710 11:09:30.021512 32148 fs_manager.cc:696] Time spent creating directory manager: real 0.008s	user 0.006s	sys 0.004s
I20260710 11:09:30.026695 32163 log_block_manager.cc:4127] Time spent loading block containers with low live blocks: real 0.000s	user 0.000s	sys 0.000s
I20260710 11:09:30.027802 32148 fs_manager.cc:730] Time spent opening block manager: real 0.003s	user 0.002s	sys 0.002s
I20260710 11:09:30.028211 32148 fs_manager.cc:647] Opened local filesystem: /tmp/dist-test-taskJT9SPn/test-tmp/auto_leader_rebalancer-test.0.LeaderRebalancerTest.FunctionalTestForDivided.1783681768602262-32148-0/minicluster-data/master-0-root
uuid: "605b5bf025574a519fc9a9bc75727eb2"
format_stamp: "Formatted at 2026-07-10 11:09:30 on dist-test-slave-17gd"
I20260710 11:09:30.028568 32148 fs_report.cc:389] FS layout report
--------------------
wal directory: /tmp/dist-test-taskJT9SPn/test-tmp/auto_leader_rebalancer-test.0.LeaderRebalancerTest.FunctionalTestForDivided.1783681768602262-32148-0/minicluster-data/master-0-root
metadata directory: /tmp/dist-test-taskJT9SPn/test-tmp/auto_leader_rebalancer-test.0.LeaderRebalancerTest.FunctionalTestForDivided.1783681768602262-32148-0/minicluster-data/master-0-root
1 data directories: /tmp/dist-test-taskJT9SPn/test-tmp/auto_leader_rebalancer-test.0.LeaderRebalancerTest.FunctionalTestForDivided.1783681768602262-32148-0/minicluster-data/master-0-root/data
Total live blocks: 0
Total live bytes: 0
Total live bytes (after alignment): 0
Total number of LBM containers: 0 (0 full)
Did not check for missing blocks
Did not check for orphaned blocks
Total full LBM containers with extra space: 0 (0 repaired)
Total full LBM container extra space in bytes: 0 (0 repaired)
Total incomplete LBM containers: 0 (0 repaired)
Total LBM partial records: 0 (0 repaired)
Total corrupted LBM metadata records in RocksDB: 0 (0 repaired)
I20260710 11:09:30.095978 32148 rpc_server.cc:225] running with OpenSSL 1.1.1  11 Sep 2018
I20260710 11:09:30.097569 32148 env_posix.cc:2285] Not raising this process' running threads per effective uid limit of 18446744073709551615; it is already as high as it can go
I20260710 11:09:30.098034 32148 kserver.cc:163] Server-wide thread pool size limit: 3276
I20260710 11:09:30.168676 32148 rpc_server.cc:307] RPC server started. Bound to: 127.31.101.62:39423
I20260710 11:09:30.168807 32214 acceptor_pool.cc:272] collecting diagnostics on the listening RPC socket 127.31.101.62:39423 every 8 connection(s)
I20260710 11:09:30.176524 32215 data_dirs.cc:400] Could only allocate 1 dirs of requested 3 for tablet 00000000000000000000000000000000. 1 dirs total, 0 dirs full, 0 dirs failed
I20260710 11:09:30.197806 32215 tablet_bootstrap.cc:492] T 00000000000000000000000000000000 P 605b5bf025574a519fc9a9bc75727eb2: Bootstrap starting.
I20260710 11:09:30.203787 32215 tablet_bootstrap.cc:654] T 00000000000000000000000000000000 P 605b5bf025574a519fc9a9bc75727eb2: Neither blocks nor log segments found. Creating new log.
I20260710 11:09:30.205636 32215 log.cc:826] T 00000000000000000000000000000000 P 605b5bf025574a519fc9a9bc75727eb2: Log is configured to *not* fsync() on all Append() calls
I20260710 11:09:30.210125 32215 tablet_bootstrap.cc:492] T 00000000000000000000000000000000 P 605b5bf025574a519fc9a9bc75727eb2: No bootstrap required, opened a new log
I20260710 11:09:30.230701 32215 raft_consensus.cc:359] T 00000000000000000000000000000000 P 605b5bf025574a519fc9a9bc75727eb2 [term 0 FOLLOWER]: Replica starting. Triggering 0 pending ops. Active config: opid_index: -1 OBSOLETE_local: true peers { permanent_uuid: "605b5bf025574a519fc9a9bc75727eb2" member_type: VOTER }
I20260710 11:09:30.231251 32215 raft_consensus.cc:385] T 00000000000000000000000000000000 P 605b5bf025574a519fc9a9bc75727eb2 [term 0 FOLLOWER]: Consensus starting up: Expiring failure detector timer to make a prompt election more likely
I20260710 11:09:30.231580 32215 raft_consensus.cc:740] T 00000000000000000000000000000000 P 605b5bf025574a519fc9a9bc75727eb2 [term 0 FOLLOWER]: Becoming Follower/Learner. State: Replica: 605b5bf025574a519fc9a9bc75727eb2, State: Initialized, Role: FOLLOWER
I20260710 11:09:30.232570 32215 consensus_queue.cc:260] T 00000000000000000000000000000000 P 605b5bf025574a519fc9a9bc75727eb2 [NON_LEADER]: Queue going to NON_LEADER mode. State: All replicated index: 0, Majority replicated index: 0, Committed index: 0, Last appended: 0.0, Last appended by leader: 0, Current term: 0, Majority size: -1, State: 0, Mode: NON_LEADER, active raft config: opid_index: -1 OBSOLETE_local: true peers { permanent_uuid: "605b5bf025574a519fc9a9bc75727eb2" member_type: VOTER }
I20260710 11:09:30.233079 32215 raft_consensus.cc:399] T 00000000000000000000000000000000 P 605b5bf025574a519fc9a9bc75727eb2 [term 0 FOLLOWER]: Only one voter in the Raft config. Triggering election immediately
I20260710 11:09:30.233378 32215 raft_consensus.cc:493] T 00000000000000000000000000000000 P 605b5bf025574a519fc9a9bc75727eb2 [term 0 FOLLOWER]: Starting leader election (initial election of a single-replica configuration)
I20260710 11:09:30.233719 32215 raft_consensus.cc:3060] T 00000000000000000000000000000000 P 605b5bf025574a519fc9a9bc75727eb2 [term 0 FOLLOWER]: Advancing to term 1
I20260710 11:09:30.237712 32215 raft_consensus.cc:515] T 00000000000000000000000000000000 P 605b5bf025574a519fc9a9bc75727eb2 [term 1 FOLLOWER]: Starting leader election with config: opid_index: -1 OBSOLETE_local: true peers { permanent_uuid: "605b5bf025574a519fc9a9bc75727eb2" member_type: VOTER }
I20260710 11:09:30.238451 32215 leader_election.cc:304] T 00000000000000000000000000000000 P 605b5bf025574a519fc9a9bc75727eb2 [CANDIDATE]: Term 1 election: Election decided. Result: candidate won. Election summary: received 1 responses out of 1 voters: 1 yes votes; 0 no votes. yes voters: 605b5bf025574a519fc9a9bc75727eb2; no voters: 
I20260710 11:09:30.240118 32215 leader_election.cc:290] T 00000000000000000000000000000000 P 605b5bf025574a519fc9a9bc75727eb2 [CANDIDATE]: Term 1 election: Requested vote from peers 
I20260710 11:09:30.240484 32218 raft_consensus.cc:2804] T 00000000000000000000000000000000 P 605b5bf025574a519fc9a9bc75727eb2 [term 1 FOLLOWER]: Leader election won for term 1
I20260710 11:09:30.242772 32218 raft_consensus.cc:697] T 00000000000000000000000000000000 P 605b5bf025574a519fc9a9bc75727eb2 [term 1 LEADER]: Becoming Leader. State: Replica: 605b5bf025574a519fc9a9bc75727eb2, State: Running, Role: LEADER
I20260710 11:09:30.243703 32218 consensus_queue.cc:237] T 00000000000000000000000000000000 P 605b5bf025574a519fc9a9bc75727eb2 [LEADER]: Queue going to LEADER mode. State: All replicated index: 0, Majority replicated index: 0, Committed index: 0, Last appended: 0.0, Last appended by leader: 0, Current term: 1, Majority size: 1, State: 0, Mode: LEADER, active raft config: opid_index: -1 OBSOLETE_local: true peers { permanent_uuid: "605b5bf025574a519fc9a9bc75727eb2" member_type: VOTER }
I20260710 11:09:30.244740 32215 sys_catalog.cc:565] T 00000000000000000000000000000000 P 605b5bf025574a519fc9a9bc75727eb2 [sys.catalog]: configured and running, proceeding with master startup.
I20260710 11:09:30.255551 32220 sys_catalog.cc:455] T 00000000000000000000000000000000 P 605b5bf025574a519fc9a9bc75727eb2 [sys.catalog]: SysCatalogTable state changed. Reason: New leader 605b5bf025574a519fc9a9bc75727eb2. Latest consensus state: current_term: 1 leader_uuid: "605b5bf025574a519fc9a9bc75727eb2" committed_config { opid_index: -1 OBSOLETE_local: true peers { permanent_uuid: "605b5bf025574a519fc9a9bc75727eb2" member_type: VOTER } }
I20260710 11:09:30.256342 32220 sys_catalog.cc:458] T 00000000000000000000000000000000 P 605b5bf025574a519fc9a9bc75727eb2 [sys.catalog]: This master's current role is: LEADER
I20260710 11:09:30.257143 32219 sys_catalog.cc:455] T 00000000000000000000000000000000 P 605b5bf025574a519fc9a9bc75727eb2 [sys.catalog]: SysCatalogTable state changed. Reason: RaftConsensus started. Latest consensus state: current_term: 1 leader_uuid: "605b5bf025574a519fc9a9bc75727eb2" committed_config { opid_index: -1 OBSOLETE_local: true peers { permanent_uuid: "605b5bf025574a519fc9a9bc75727eb2" member_type: VOTER } }
I20260710 11:09:30.257867 32219 sys_catalog.cc:458] T 00000000000000000000000000000000 P 605b5bf025574a519fc9a9bc75727eb2 [sys.catalog]: This master's current role is: LEADER
I20260710 11:09:30.260004 32228 catalog_manager.cc:1511] Loading table and tablet metadata into memory...
I20260710 11:09:30.274297 32228 catalog_manager.cc:1520] Initializing Kudu cluster ID...
I20260710 11:09:30.276681 32148 internal_mini_cluster.cc:184] Waiting to initialize catalog manager on master 0
I20260710 11:09:30.290573 32228 catalog_manager.cc:1383] Generated new cluster ID: d968098ce2ad4fe88d1a061010a47a86
I20260710 11:09:30.290885 32228 catalog_manager.cc:1531] Initializing Kudu internal certificate authority...
I20260710 11:09:30.322481 32228 catalog_manager.cc:1406] Generated new certificate authority record
I20260710 11:09:30.324031 32228 catalog_manager.cc:1540] Loading token signing keys...
I20260710 11:09:30.339098 32228 catalog_manager.cc:6070] T 00000000000000000000000000000000 P 605b5bf025574a519fc9a9bc75727eb2: Generated new TSK 0
I20260710 11:09:30.339972 32228 catalog_manager.cc:1550] Initializing in-progress tserver states...
I20260710 11:09:30.407759 32148 file_cache.cc:504] Constructed file cache file cache with capacity 419430
W20260710 11:09:30.416755 32237 instance_detector.cc:116] could not retrieve AWS instance metadata: Network error: curl error: HTTP response code said error: The requested URL returned error: 404
W20260710 11:09:30.417768 32238 instance_detector.cc:116] could not retrieve Azure instance metadata: Network error: curl error: HTTP response code said error: The requested URL returned error: 404
I20260710 11:09:30.421633 32148 server_base.cc:1061] running on GCE node
W20260710 11:09:30.422057 32240 instance_detector.cc:116] could not retrieve OpenStack instance metadata: Network error: curl error: HTTP response code said error: The requested URL returned error: 404
I20260710 11:09:30.423141 32148 hybrid_clock.cc:584] initializing the hybrid clock with 'system_unsync' time source
W20260710 11:09:30.423435 32148 system_unsync_time.cc:38] NTP support is disabled. Clock error bounds will not be accurate. This configuration is not suitable for distributed clusters.
I20260710 11:09:30.423638 32148 hybrid_clock.cc:648] HybridClock initialized: now 1783681770423620 us; error 0 us; skew 500 ppm
I20260710 11:09:30.424427 32148 server_base.cc:861] Flag tcmalloc_max_total_thread_cache_bytes is not working since tcmalloc is not enabled.
I20260710 11:09:30.428452 32148 webserver.cc:533] Webserver started at http://127.31.101.1:39081/ using document root <none> and password file <none>
I20260710 11:09:30.429162 32148 fs_manager.cc:362] Metadata directory not provided
I20260710 11:09:30.429405 32148 fs_manager.cc:368] Using write-ahead log directory (fs_wal_dir) as metadata directory
I20260710 11:09:30.429735 32148 server_base.cc:909] This appears to be a new deployment of Kudu; creating new FS layout
I20260710 11:09:30.431231 32148 fs_manager.cc:1068] Generated new instance metadata in path /tmp/dist-test-taskJT9SPn/test-tmp/auto_leader_rebalancer-test.0.LeaderRebalancerTest.FunctionalTestForDivided.1783681768602262-32148-0/minicluster-data/ts-0-root/instance:
uuid: "1678ab34a2aa4474bece9dc5ca833a73"
format_stamp: "Formatted at 2026-07-10 11:09:30 on dist-test-slave-17gd"
I20260710 11:09:30.437986 32148 fs_manager.cc:696] Time spent creating directory manager: real 0.006s	user 0.006s	sys 0.001s
I20260710 11:09:30.442981 32245 log_block_manager.cc:4127] Time spent loading block containers with low live blocks: real 0.000s	user 0.000s	sys 0.000s
I20260710 11:09:30.443851 32148 fs_manager.cc:730] Time spent opening block manager: real 0.003s	user 0.003s	sys 0.002s
I20260710 11:09:30.444199 32148 fs_manager.cc:647] Opened local filesystem: /tmp/dist-test-taskJT9SPn/test-tmp/auto_leader_rebalancer-test.0.LeaderRebalancerTest.FunctionalTestForDivided.1783681768602262-32148-0/minicluster-data/ts-0-root
uuid: "1678ab34a2aa4474bece9dc5ca833a73"
format_stamp: "Formatted at 2026-07-10 11:09:30 on dist-test-slave-17gd"
I20260710 11:09:30.444573 32148 fs_report.cc:389] FS layout report
--------------------
wal directory: /tmp/dist-test-taskJT9SPn/test-tmp/auto_leader_rebalancer-test.0.LeaderRebalancerTest.FunctionalTestForDivided.1783681768602262-32148-0/minicluster-data/ts-0-root
metadata directory: /tmp/dist-test-taskJT9SPn/test-tmp/auto_leader_rebalancer-test.0.LeaderRebalancerTest.FunctionalTestForDivided.1783681768602262-32148-0/minicluster-data/ts-0-root
1 data directories: /tmp/dist-test-taskJT9SPn/test-tmp/auto_leader_rebalancer-test.0.LeaderRebalancerTest.FunctionalTestForDivided.1783681768602262-32148-0/minicluster-data/ts-0-root/data
Total live blocks: 0
Total live bytes: 0
Total live bytes (after alignment): 0
Total number of LBM containers: 0 (0 full)
Did not check for missing blocks
Did not check for orphaned blocks
Total full LBM containers with extra space: 0 (0 repaired)
Total full LBM container extra space in bytes: 0 (0 repaired)
Total incomplete LBM containers: 0 (0 repaired)
Total LBM partial records: 0 (0 repaired)
Total corrupted LBM metadata records in RocksDB: 0 (0 repaired)
I20260710 11:09:30.477917 32148 rpc_server.cc:225] running with OpenSSL 1.1.1  11 Sep 2018
I20260710 11:09:30.479722 32148 kserver.cc:163] Server-wide thread pool size limit: 3276
I20260710 11:09:30.482517 32148 txn_system_client.cc:432] TxnSystemClient initialization is disabled...
I20260710 11:09:30.487869 32148 ts_tablet_manager.cc:585] Loaded tablet metadata (0 total tablets, 0 live tablets)
I20260710 11:09:30.488185 32148 ts_tablet_manager.cc:531] Time spent load tablet metadata: real 0.000s	user 0.000s	sys 0.000s
I20260710 11:09:30.488488 32148 ts_tablet_manager.cc:616] Registered 0 tablets
I20260710 11:09:30.488711 32148 ts_tablet_manager.cc:595] Time spent register tablets: real 0.000s	user 0.000s	sys 0.000s
I20260710 11:09:30.577762 32148 rpc_server.cc:307] RPC server started. Bound to: 127.31.101.1:43501
I20260710 11:09:30.577899 32307 acceptor_pool.cc:272] collecting diagnostics on the listening RPC socket 127.31.101.1:43501 every 8 connection(s)
I20260710 11:09:30.584703 32148 file_cache.cc:504] Constructed file cache file cache with capacity 419430
W20260710 11:09:30.600775 32312 instance_detector.cc:116] could not retrieve AWS instance metadata: Network error: curl error: HTTP response code said error: The requested URL returned error: 404
I20260710 11:09:30.612468 32148 server_base.cc:1061] running on GCE node
W20260710 11:09:30.613557 32313 instance_detector.cc:116] could not retrieve Azure instance metadata: Network error: curl error: HTTP response code said error: The requested URL returned error: 404
W20260710 11:09:30.614459 32315 instance_detector.cc:116] could not retrieve OpenStack instance metadata: Network error: curl error: HTTP response code said error: The requested URL returned error: 404
I20260710 11:09:30.615634 32148 hybrid_clock.cc:584] initializing the hybrid clock with 'system_unsync' time source
W20260710 11:09:30.615926 32148 system_unsync_time.cc:38] NTP support is disabled. Clock error bounds will not be accurate. This configuration is not suitable for distributed clusters.
I20260710 11:09:30.616159 32148 hybrid_clock.cc:648] HybridClock initialized: now 1783681770616138 us; error 0 us; skew 500 ppm
I20260710 11:09:30.616935 32148 server_base.cc:861] Flag tcmalloc_max_total_thread_cache_bytes is not working since tcmalloc is not enabled.
I20260710 11:09:30.620628 32148 webserver.cc:533] Webserver started at http://127.31.101.2:36941/ using document root <none> and password file <none>
I20260710 11:09:30.621253 32148 fs_manager.cc:362] Metadata directory not provided
I20260710 11:09:30.621196 32308 heartbeater.cc:344] Connected to a master server at 127.31.101.62:39423
I20260710 11:09:30.621588 32148 fs_manager.cc:368] Using write-ahead log directory (fs_wal_dir) as metadata directory
I20260710 11:09:30.621816 32308 heartbeater.cc:461] Registering TS with master...
I20260710 11:09:30.621969 32148 server_base.cc:909] This appears to be a new deployment of Kudu; creating new FS layout
I20260710 11:09:30.623005 32308 heartbeater.cc:507] Master 127.31.101.62:39423 requested a full tablet report, sending...
I20260710 11:09:30.623472 32148 fs_manager.cc:1068] Generated new instance metadata in path /tmp/dist-test-taskJT9SPn/test-tmp/auto_leader_rebalancer-test.0.LeaderRebalancerTest.FunctionalTestForDivided.1783681768602262-32148-0/minicluster-data/ts-1-root/instance:
uuid: "01f001d19bf7490a87ee225d6cad572f"
format_stamp: "Formatted at 2026-07-10 11:09:30 on dist-test-slave-17gd"
I20260710 11:09:30.626545 32180 ts_manager.cc:194] Registered new tserver with Master: 1678ab34a2aa4474bece9dc5ca833a73 (127.31.101.1:43501)
I20260710 11:09:30.629451 32180 master_service.cc:502] Signed X509 certificate for tserver {username='slave'} at 127.0.0.1:35376
I20260710 11:09:30.629707 32148 fs_manager.cc:696] Time spent creating directory manager: real 0.006s	user 0.007s	sys 0.000s
I20260710 11:09:30.634773 32320 log_block_manager.cc:4127] Time spent loading block containers with low live blocks: real 0.000s	user 0.000s	sys 0.000s
I20260710 11:09:30.635615 32148 fs_manager.cc:730] Time spent opening block manager: real 0.003s	user 0.004s	sys 0.000s
I20260710 11:09:30.635898 32148 fs_manager.cc:647] Opened local filesystem: /tmp/dist-test-taskJT9SPn/test-tmp/auto_leader_rebalancer-test.0.LeaderRebalancerTest.FunctionalTestForDivided.1783681768602262-32148-0/minicluster-data/ts-1-root
uuid: "01f001d19bf7490a87ee225d6cad572f"
format_stamp: "Formatted at 2026-07-10 11:09:30 on dist-test-slave-17gd"
I20260710 11:09:30.636183 32148 fs_report.cc:389] FS layout report
--------------------
wal directory: /tmp/dist-test-taskJT9SPn/test-tmp/auto_leader_rebalancer-test.0.LeaderRebalancerTest.FunctionalTestForDivided.1783681768602262-32148-0/minicluster-data/ts-1-root
metadata directory: /tmp/dist-test-taskJT9SPn/test-tmp/auto_leader_rebalancer-test.0.LeaderRebalancerTest.FunctionalTestForDivided.1783681768602262-32148-0/minicluster-data/ts-1-root
1 data directories: /tmp/dist-test-taskJT9SPn/test-tmp/auto_leader_rebalancer-test.0.LeaderRebalancerTest.FunctionalTestForDivided.1783681768602262-32148-0/minicluster-data/ts-1-root/data
Total live blocks: 0
Total live bytes: 0
Total live bytes (after alignment): 0
Total number of LBM containers: 0 (0 full)
Did not check for missing blocks
Did not check for orphaned blocks
Total full LBM containers with extra space: 0 (0 repaired)
Total full LBM container extra space in bytes: 0 (0 repaired)
Total incomplete LBM containers: 0 (0 repaired)
Total LBM partial records: 0 (0 repaired)
Total corrupted LBM metadata records in RocksDB: 0 (0 repaired)
I20260710 11:09:30.656599 32148 rpc_server.cc:225] running with OpenSSL 1.1.1  11 Sep 2018
I20260710 11:09:30.657829 32148 kserver.cc:163] Server-wide thread pool size limit: 3276
I20260710 11:09:30.660413 32148 txn_system_client.cc:432] TxnSystemClient initialization is disabled...
I20260710 11:09:30.663328 32148 ts_tablet_manager.cc:585] Loaded tablet metadata (0 total tablets, 0 live tablets)
I20260710 11:09:30.663508 32148 ts_tablet_manager.cc:531] Time spent load tablet metadata: real 0.000s	user 0.000s	sys 0.000s
I20260710 11:09:30.663793 32148 ts_tablet_manager.cc:616] Registered 0 tablets
I20260710 11:09:30.663934 32148 ts_tablet_manager.cc:595] Time spent register tablets: real 0.000s	user 0.000s	sys 0.000s
I20260710 11:09:30.759487 32148 rpc_server.cc:307] RPC server started. Bound to: 127.31.101.2:36641
I20260710 11:09:30.759606 32382 acceptor_pool.cc:272] collecting diagnostics on the listening RPC socket 127.31.101.2:36641 every 8 connection(s)
I20260710 11:09:30.764360 32148 file_cache.cc:504] Constructed file cache file cache with capacity 419430
W20260710 11:09:30.777434 32386 instance_detector.cc:116] could not retrieve AWS instance metadata: Network error: curl error: HTTP response code said error: The requested URL returned error: 404
I20260710 11:09:30.780172 32383 heartbeater.cc:344] Connected to a master server at 127.31.101.62:39423
I20260710 11:09:30.780609 32383 heartbeater.cc:461] Registering TS with master...
I20260710 11:09:30.781522 32383 heartbeater.cc:507] Master 127.31.101.62:39423 requested a full tablet report, sending...
W20260710 11:09:30.782440 32387 instance_detector.cc:116] could not retrieve Azure instance metadata: Network error: curl error: HTTP response code said error: The requested URL returned error: 404
I20260710 11:09:30.784792 32180 ts_manager.cc:194] Registered new tserver with Master: 01f001d19bf7490a87ee225d6cad572f (127.31.101.2:36641)
W20260710 11:09:30.786466 32389 instance_detector.cc:116] could not retrieve OpenStack instance metadata: Network error: curl error: HTTP response code said error: The requested URL returned error: 404
I20260710 11:09:30.787233 32180 master_service.cc:502] Signed X509 certificate for tserver {username='slave'} at 127.0.0.1:35390
I20260710 11:09:30.791538 32148 server_base.cc:1061] running on GCE node
I20260710 11:09:30.792579 32148 hybrid_clock.cc:584] initializing the hybrid clock with 'system_unsync' time source
W20260710 11:09:30.792827 32148 system_unsync_time.cc:38] NTP support is disabled. Clock error bounds will not be accurate. This configuration is not suitable for distributed clusters.
I20260710 11:09:30.793017 32148 hybrid_clock.cc:648] HybridClock initialized: now 1783681770793001 us; error 0 us; skew 500 ppm
I20260710 11:09:30.793748 32148 server_base.cc:861] Flag tcmalloc_max_total_thread_cache_bytes is not working since tcmalloc is not enabled.
I20260710 11:09:30.796525 32148 webserver.cc:533] Webserver started at http://127.31.101.3:44703/ using document root <none> and password file <none>
I20260710 11:09:30.797134 32148 fs_manager.cc:362] Metadata directory not provided
I20260710 11:09:30.797372 32148 fs_manager.cc:368] Using write-ahead log directory (fs_wal_dir) as metadata directory
I20260710 11:09:30.797693 32148 server_base.cc:909] This appears to be a new deployment of Kudu; creating new FS layout
I20260710 11:09:30.799063 32148 fs_manager.cc:1068] Generated new instance metadata in path /tmp/dist-test-taskJT9SPn/test-tmp/auto_leader_rebalancer-test.0.LeaderRebalancerTest.FunctionalTestForDivided.1783681768602262-32148-0/minicluster-data/ts-2-root/instance:
uuid: "e4b2aa9710b94a2ea8c9e19dcf79c38f"
format_stamp: "Formatted at 2026-07-10 11:09:30 on dist-test-slave-17gd"
I20260710 11:09:30.804921 32148 fs_manager.cc:696] Time spent creating directory manager: real 0.005s	user 0.005s	sys 0.001s
I20260710 11:09:30.809238 32394 log_block_manager.cc:4127] Time spent loading block containers with low live blocks: real 0.000s	user 0.000s	sys 0.000s
I20260710 11:09:30.810261 32148 fs_manager.cc:730] Time spent opening block manager: real 0.003s	user 0.001s	sys 0.002s
I20260710 11:09:30.810606 32148 fs_manager.cc:647] Opened local filesystem: /tmp/dist-test-taskJT9SPn/test-tmp/auto_leader_rebalancer-test.0.LeaderRebalancerTest.FunctionalTestForDivided.1783681768602262-32148-0/minicluster-data/ts-2-root
uuid: "e4b2aa9710b94a2ea8c9e19dcf79c38f"
format_stamp: "Formatted at 2026-07-10 11:09:30 on dist-test-slave-17gd"
I20260710 11:09:30.810968 32148 fs_report.cc:389] FS layout report
--------------------
wal directory: /tmp/dist-test-taskJT9SPn/test-tmp/auto_leader_rebalancer-test.0.LeaderRebalancerTest.FunctionalTestForDivided.1783681768602262-32148-0/minicluster-data/ts-2-root
metadata directory: /tmp/dist-test-taskJT9SPn/test-tmp/auto_leader_rebalancer-test.0.LeaderRebalancerTest.FunctionalTestForDivided.1783681768602262-32148-0/minicluster-data/ts-2-root
1 data directories: /tmp/dist-test-taskJT9SPn/test-tmp/auto_leader_rebalancer-test.0.LeaderRebalancerTest.FunctionalTestForDivided.1783681768602262-32148-0/minicluster-data/ts-2-root/data
Total live blocks: 0
Total live bytes: 0
Total live bytes (after alignment): 0
Total number of LBM containers: 0 (0 full)
Did not check for missing blocks
Did not check for orphaned blocks
Total full LBM containers with extra space: 0 (0 repaired)
Total full LBM container extra space in bytes: 0 (0 repaired)
Total incomplete LBM containers: 0 (0 repaired)
Total LBM partial records: 0 (0 repaired)
Total corrupted LBM metadata records in RocksDB: 0 (0 repaired)
I20260710 11:09:30.834306 32148 rpc_server.cc:225] running with OpenSSL 1.1.1  11 Sep 2018
I20260710 11:09:30.835705 32148 kserver.cc:163] Server-wide thread pool size limit: 3276
I20260710 11:09:30.837410 32148 txn_system_client.cc:432] TxnSystemClient initialization is disabled...
I20260710 11:09:30.840265 32148 ts_tablet_manager.cc:585] Loaded tablet metadata (0 total tablets, 0 live tablets)
I20260710 11:09:30.840515 32148 ts_tablet_manager.cc:531] Time spent load tablet metadata: real 0.000s	user 0.000s	sys 0.000s
I20260710 11:09:30.840780 32148 ts_tablet_manager.cc:616] Registered 0 tablets
I20260710 11:09:30.840992 32148 ts_tablet_manager.cc:595] Time spent register tablets: real 0.000s	user 0.000s	sys 0.000s
I20260710 11:09:30.945896 32148 rpc_server.cc:307] RPC server started. Bound to: 127.31.101.3:40533
I20260710 11:09:30.946076 32456 acceptor_pool.cc:272] collecting diagnostics on the listening RPC socket 127.31.101.3:40533 every 8 connection(s)
I20260710 11:09:30.964712 32457 heartbeater.cc:344] Connected to a master server at 127.31.101.62:39423
I20260710 11:09:30.965103 32457 heartbeater.cc:461] Registering TS with master...
I20260710 11:09:30.965963 32457 heartbeater.cc:507] Master 127.31.101.62:39423 requested a full tablet report, sending...
I20260710 11:09:30.968152 32180 ts_manager.cc:194] Registered new tserver with Master: e4b2aa9710b94a2ea8c9e19dcf79c38f (127.31.101.3:40533)
I20260710 11:09:30.968696 32148 internal_mini_cluster.cc:371] 3 TS(s) registered with all masters after 0.014464591s
I20260710 11:09:30.969826 32180 master_service.cc:502] Signed X509 certificate for tserver {username='slave'} at 127.0.0.1:35396
I20260710 11:09:31.023392 32180 catalog_manager.cc:2283] Servicing CreateTable request from {username='slave'} at 127.0.0.1:35408:
name: "test-workload"
schema {
  columns {
    name: "key"
    type: INT32
    is_key: true
    is_nullable: false
    encoding: AUTO_ENCODING
    compression: DEFAULT_COMPRESSION
    cfile_block_size: 0
    immutable: false
  }
  columns {
    name: "int_val"
    type: INT32
    is_key: false
    is_nullable: false
    encoding: AUTO_ENCODING
    compression: DEFAULT_COMPRESSION
    cfile_block_size: 0
    immutable: false
  }
  columns {
    name: "string_val"
    type: STRING
    is_key: false
    is_nullable: true
    encoding: AUTO_ENCODING
    compression: DEFAULT_COMPRESSION
    cfile_block_size: 0
    immutable: false
  }
}
num_replicas: 3
split_rows_range_bounds {
  rows: "\004\001\000\216\3438\016\004\001\000\034\307q\034\004\001\000\252\252\252*\004\001\0008\216\3438\004\001\000\306q\034G\004\001\000TUUU\004\001\000\3428\216c\004\001\000p\034\307q""\004\001\000\216\3438\016\004\001\000\034\307q\034\004\001\000\252\252\252*\004\001\0008\216\3438\004\001\000\306q\034G\004\001\000TUUU\004\001\000\3428\216c\004\001\000p\034\307q"
  indirect_data: """"
}
partition_schema {
  range_schema {
    columns {
      name: "key"
    }
  }
}
W20260710 11:09:31.026890 32180 catalog_manager.cc:7077] The number of live tablet servers is not enough to re-replicate a tablet replica of the newly created table test-workload in case of a server failure: 4 tablet servers would be needed, 3 are available. Consider bringing up more tablet servers.
I20260710 11:09:31.131619 32422 tablet_service.cc:1511] Processing CreateTablet for tablet 3c6161831b154e5d80df4af33e96d489 (DEFAULT_TABLE table=test-workload [id=be83a0c8b7524bc8a8a9700152f1a2c0]), partition=RANGE (key) PARTITION VALUES < 238609294
I20260710 11:09:31.133191 32422 data_dirs.cc:400] Could only allocate 1 dirs of requested 3 for tablet 3c6161831b154e5d80df4af33e96d489. 1 dirs total, 0 dirs full, 0 dirs failed
I20260710 11:09:31.134555 32272 tablet_service.cc:1511] Processing CreateTablet for tablet fb80fe13391743a2a30314c104dc71b3 (DEFAULT_TABLE table=test-workload [id=be83a0c8b7524bc8a8a9700152f1a2c0]), partition=RANGE (key) PARTITION 238609294 <= VALUES < 477218588
I20260710 11:09:31.134869 32271 tablet_service.cc:1511] Processing CreateTablet for tablet ddb58b172e7f4d909d26d377435acf3e (DEFAULT_TABLE table=test-workload [id=be83a0c8b7524bc8a8a9700152f1a2c0]), partition=RANGE (key) PARTITION 477218588 <= VALUES < 715827882
I20260710 11:09:31.135097 32270 tablet_service.cc:1511] Processing CreateTablet for tablet 19b53ce9e7134b9fb4a48b4cfda55e60 (DEFAULT_TABLE table=test-workload [id=be83a0c8b7524bc8a8a9700152f1a2c0]), partition=RANGE (key) PARTITION 715827882 <= VALUES < 954437176
I20260710 11:09:31.136109 32272 data_dirs.cc:400] Could only allocate 1 dirs of requested 3 for tablet fb80fe13391743a2a30314c104dc71b3. 1 dirs total, 0 dirs full, 0 dirs failed
I20260710 11:09:31.136965 32273 tablet_service.cc:1511] Processing CreateTablet for tablet 3c6161831b154e5d80df4af33e96d489 (DEFAULT_TABLE table=test-workload [id=be83a0c8b7524bc8a8a9700152f1a2c0]), partition=RANGE (key) PARTITION VALUES < 238609294
I20260710 11:09:31.138587 32270 data_dirs.cc:400] Could only allocate 1 dirs of requested 3 for tablet 19b53ce9e7134b9fb4a48b4cfda55e60. 1 dirs total, 0 dirs full, 0 dirs failed
I20260710 11:09:31.140410 32269 tablet_service.cc:1511] Processing CreateTablet for tablet 69c9adb7968c4e279449cfbc4133a980 (DEFAULT_TABLE table=test-workload [id=be83a0c8b7524bc8a8a9700152f1a2c0]), partition=RANGE (key) PARTITION 954437176 <= VALUES < 1193046470
I20260710 11:09:31.141911 32269 data_dirs.cc:400] Could only allocate 1 dirs of requested 3 for tablet 69c9adb7968c4e279449cfbc4133a980. 1 dirs total, 0 dirs full, 0 dirs failed
I20260710 11:09:31.144299 32419 tablet_service.cc:1511] Processing CreateTablet for tablet 19b53ce9e7134b9fb4a48b4cfda55e60 (DEFAULT_TABLE table=test-workload [id=be83a0c8b7524bc8a8a9700152f1a2c0]), partition=RANGE (key) PARTITION 715827882 <= VALUES < 954437176
I20260710 11:09:31.145735 32419 data_dirs.cc:400] Could only allocate 1 dirs of requested 3 for tablet 19b53ce9e7134b9fb4a48b4cfda55e60. 1 dirs total, 0 dirs full, 0 dirs failed
I20260710 11:09:31.144250 32420 tablet_service.cc:1511] Processing CreateTablet for tablet ddb58b172e7f4d909d26d377435acf3e (DEFAULT_TABLE table=test-workload [id=be83a0c8b7524bc8a8a9700152f1a2c0]), partition=RANGE (key) PARTITION 477218588 <= VALUES < 715827882
I20260710 11:09:31.131453 32421 tablet_service.cc:1511] Processing CreateTablet for tablet fb80fe13391743a2a30314c104dc71b3 (DEFAULT_TABLE table=test-workload [id=be83a0c8b7524bc8a8a9700152f1a2c0]), partition=RANGE (key) PARTITION 238609294 <= VALUES < 477218588
I20260710 11:09:31.149708 32421 data_dirs.cc:400] Could only allocate 1 dirs of requested 3 for tablet fb80fe13391743a2a30314c104dc71b3. 1 dirs total, 0 dirs full, 0 dirs failed
I20260710 11:09:31.152452 32418 tablet_service.cc:1511] Processing CreateTablet for tablet 69c9adb7968c4e279449cfbc4133a980 (DEFAULT_TABLE table=test-workload [id=be83a0c8b7524bc8a8a9700152f1a2c0]), partition=RANGE (key) PARTITION 954437176 <= VALUES < 1193046470
I20260710 11:09:31.151880 32273 data_dirs.cc:400] Could only allocate 1 dirs of requested 3 for tablet 3c6161831b154e5d80df4af33e96d489. 1 dirs total, 0 dirs full, 0 dirs failed
I20260710 11:09:31.152895 32420 data_dirs.cc:400] Could only allocate 1 dirs of requested 3 for tablet ddb58b172e7f4d909d26d377435acf3e. 1 dirs total, 0 dirs full, 0 dirs failed
I20260710 11:09:31.154436 32268 tablet_service.cc:1511] Processing CreateTablet for tablet e09564a9f5804632bb2eeb3406bcdbab (DEFAULT_TABLE table=test-workload [id=be83a0c8b7524bc8a8a9700152f1a2c0]), partition=RANGE (key) PARTITION 1193046470 <= VALUES < 1431655764
I20260710 11:09:31.163707 32418 data_dirs.cc:400] Could only allocate 1 dirs of requested 3 for tablet 69c9adb7968c4e279449cfbc4133a980. 1 dirs total, 0 dirs full, 0 dirs failed
I20260710 11:09:31.170555 32271 data_dirs.cc:400] Could only allocate 1 dirs of requested 3 for tablet ddb58b172e7f4d909d26d377435acf3e. 1 dirs total, 0 dirs full, 0 dirs failed
I20260710 11:09:31.186671 32268 data_dirs.cc:400] Could only allocate 1 dirs of requested 3 for tablet e09564a9f5804632bb2eeb3406bcdbab. 1 dirs total, 0 dirs full, 0 dirs failed
I20260710 11:09:31.211768 32348 tablet_service.cc:1511] Processing CreateTablet for tablet 3c6161831b154e5d80df4af33e96d489 (DEFAULT_TABLE table=test-workload [id=be83a0c8b7524bc8a8a9700152f1a2c0]), partition=RANGE (key) PARTITION VALUES < 238609294
I20260710 11:09:31.213158 32348 data_dirs.cc:400] Could only allocate 1 dirs of requested 3 for tablet 3c6161831b154e5d80df4af33e96d489. 1 dirs total, 0 dirs full, 0 dirs failed
I20260710 11:09:31.214581 32267 tablet_service.cc:1511] Processing CreateTablet for tablet 79d55cac34d54e2394c813ffe3ae4e80 (DEFAULT_TABLE table=test-workload [id=be83a0c8b7524bc8a8a9700152f1a2c0]), partition=RANGE (key) PARTITION 1431655764 <= VALUES < 1670265058
I20260710 11:09:31.234268 32267 data_dirs.cc:400] Could only allocate 1 dirs of requested 3 for tablet 79d55cac34d54e2394c813ffe3ae4e80. 1 dirs total, 0 dirs full, 0 dirs failed
I20260710 11:09:31.249444 32346 tablet_service.cc:1511] Processing CreateTablet for tablet ddb58b172e7f4d909d26d377435acf3e (DEFAULT_TABLE table=test-workload [id=be83a0c8b7524bc8a8a9700152f1a2c0]), partition=RANGE (key) PARTITION 477218588 <= VALUES < 715827882
I20260710 11:09:31.252462 32346 data_dirs.cc:400] Could only allocate 1 dirs of requested 3 for tablet ddb58b172e7f4d909d26d377435acf3e. 1 dirs total, 0 dirs full, 0 dirs failed
I20260710 11:09:31.254650 32343 tablet_service.cc:1511] Processing CreateTablet for tablet e09564a9f5804632bb2eeb3406bcdbab (DEFAULT_TABLE table=test-workload [id=be83a0c8b7524bc8a8a9700152f1a2c0]), partition=RANGE (key) PARTITION 1193046470 <= VALUES < 1431655764
I20260710 11:09:31.258085 32343 data_dirs.cc:400] Could only allocate 1 dirs of requested 3 for tablet e09564a9f5804632bb2eeb3406bcdbab. 1 dirs total, 0 dirs full, 0 dirs failed
I20260710 11:09:31.262895 32416 tablet_service.cc:1511] Processing CreateTablet for tablet 79d55cac34d54e2394c813ffe3ae4e80 (DEFAULT_TABLE table=test-workload [id=be83a0c8b7524bc8a8a9700152f1a2c0]), partition=RANGE (key) PARTITION 1431655764 <= VALUES < 1670265058
I20260710 11:09:31.265818 32416 data_dirs.cc:400] Could only allocate 1 dirs of requested 3 for tablet 79d55cac34d54e2394c813ffe3ae4e80. 1 dirs total, 0 dirs full, 0 dirs failed
I20260710 11:09:31.225546 32344 tablet_service.cc:1511] Processing CreateTablet for tablet 69c9adb7968c4e279449cfbc4133a980 (DEFAULT_TABLE table=test-workload [id=be83a0c8b7524bc8a8a9700152f1a2c0]), partition=RANGE (key) PARTITION 954437176 <= VALUES < 1193046470
I20260710 11:09:31.270119 32344 data_dirs.cc:400] Could only allocate 1 dirs of requested 3 for tablet 69c9adb7968c4e279449cfbc4133a980. 1 dirs total, 0 dirs full, 0 dirs failed
I20260710 11:09:31.273176 32342 tablet_service.cc:1511] Processing CreateTablet for tablet 79d55cac34d54e2394c813ffe3ae4e80 (DEFAULT_TABLE table=test-workload [id=be83a0c8b7524bc8a8a9700152f1a2c0]), partition=RANGE (key) PARTITION 1431655764 <= VALUES < 1670265058
I20260710 11:09:31.275271 32342 data_dirs.cc:400] Could only allocate 1 dirs of requested 3 for tablet 79d55cac34d54e2394c813ffe3ae4e80. 1 dirs total, 0 dirs full, 0 dirs failed
I20260710 11:09:31.235642 32345 tablet_service.cc:1511] Processing CreateTablet for tablet 19b53ce9e7134b9fb4a48b4cfda55e60 (DEFAULT_TABLE table=test-workload [id=be83a0c8b7524bc8a8a9700152f1a2c0]), partition=RANGE (key) PARTITION 715827882 <= VALUES < 954437176
I20260710 11:09:31.268325 32347 tablet_service.cc:1511] Processing CreateTablet for tablet fb80fe13391743a2a30314c104dc71b3 (DEFAULT_TABLE table=test-workload [id=be83a0c8b7524bc8a8a9700152f1a2c0]), partition=RANGE (key) PARTITION 238609294 <= VALUES < 477218588
I20260710 11:09:31.278822 32347 data_dirs.cc:400] Could only allocate 1 dirs of requested 3 for tablet fb80fe13391743a2a30314c104dc71b3. 1 dirs total, 0 dirs full, 0 dirs failed
I20260710 11:09:31.280292 32417 tablet_service.cc:1511] Processing CreateTablet for tablet e09564a9f5804632bb2eeb3406bcdbab (DEFAULT_TABLE table=test-workload [id=be83a0c8b7524bc8a8a9700152f1a2c0]), partition=RANGE (key) PARTITION 1193046470 <= VALUES < 1431655764
I20260710 11:09:31.283152 32417 data_dirs.cc:400] Could only allocate 1 dirs of requested 3 for tablet e09564a9f5804632bb2eeb3406bcdbab. 1 dirs total, 0 dirs full, 0 dirs failed
I20260710 11:09:31.285249 32345 data_dirs.cc:400] Could only allocate 1 dirs of requested 3 for tablet 19b53ce9e7134b9fb4a48b4cfda55e60. 1 dirs total, 0 dirs full, 0 dirs failed
I20260710 11:09:31.305502 32270 tablet_service.cc:1511] Processing CreateTablet for tablet c2e957595b4b413bb112271476986644 (DEFAULT_TABLE table=test-workload [id=be83a0c8b7524bc8a8a9700152f1a2c0]), partition=RANGE (key) PARTITION 1670265058 <= VALUES < 1908874352
I20260710 11:09:31.307554 32270 data_dirs.cc:400] Could only allocate 1 dirs of requested 3 for tablet c2e957595b4b413bb112271476986644. 1 dirs total, 0 dirs full, 0 dirs failed
I20260710 11:09:31.344964 32341 tablet_service.cc:1511] Processing CreateTablet for tablet c2e957595b4b413bb112271476986644 (DEFAULT_TABLE table=test-workload [id=be83a0c8b7524bc8a8a9700152f1a2c0]), partition=RANGE (key) PARTITION 1670265058 <= VALUES < 1908874352
W20260710 11:09:31.347826 32227 auto_rebalancer.cc:288] Could not retrieve cluster info: Service unavailable: Tablet not running
I20260710 11:09:31.348452 32341 data_dirs.cc:400] Could only allocate 1 dirs of requested 3 for tablet c2e957595b4b413bb112271476986644. 1 dirs total, 0 dirs full, 0 dirs failed
I20260710 11:09:31.343667 32419 tablet_service.cc:1511] Processing CreateTablet for tablet c2e957595b4b413bb112271476986644 (DEFAULT_TABLE table=test-workload [id=be83a0c8b7524bc8a8a9700152f1a2c0]), partition=RANGE (key) PARTITION 1670265058 <= VALUES < 1908874352
I20260710 11:09:31.364333 32419 data_dirs.cc:400] Could only allocate 1 dirs of requested 3 for tablet c2e957595b4b413bb112271476986644. 1 dirs total, 0 dirs full, 0 dirs failed
I20260710 11:09:31.365602 32475 tablet_bootstrap.cc:492] T 19b53ce9e7134b9fb4a48b4cfda55e60 P 1678ab34a2aa4474bece9dc5ca833a73: Bootstrap starting.
I20260710 11:09:31.372548 32340 tablet_service.cc:1511] Processing CreateTablet for tablet 78ea08bfff004171b807cb8ba44995c3 (DEFAULT_TABLE table=test-workload [id=be83a0c8b7524bc8a8a9700152f1a2c0]), partition=RANGE (key) PARTITION 1908874352 <= VALUES
I20260710 11:09:31.373858 32340 data_dirs.cc:400] Could only allocate 1 dirs of requested 3 for tablet 78ea08bfff004171b807cb8ba44995c3. 1 dirs total, 0 dirs full, 0 dirs failed
I20260710 11:09:31.391479 32476 tablet_bootstrap.cc:492] T ddb58b172e7f4d909d26d377435acf3e P e4b2aa9710b94a2ea8c9e19dcf79c38f: Bootstrap starting.
I20260710 11:09:31.402670 32268 tablet_service.cc:1511] Processing CreateTablet for tablet 78ea08bfff004171b807cb8ba44995c3 (DEFAULT_TABLE table=test-workload [id=be83a0c8b7524bc8a8a9700152f1a2c0]), partition=RANGE (key) PARTITION 1908874352 <= VALUES
I20260710 11:09:31.418679 32417 tablet_service.cc:1511] Processing CreateTablet for tablet 78ea08bfff004171b807cb8ba44995c3 (DEFAULT_TABLE table=test-workload [id=be83a0c8b7524bc8a8a9700152f1a2c0]), partition=RANGE (key) PARTITION 1908874352 <= VALUES
I20260710 11:09:31.420308 32417 data_dirs.cc:400] Could only allocate 1 dirs of requested 3 for tablet 78ea08bfff004171b807cb8ba44995c3. 1 dirs total, 0 dirs full, 0 dirs failed
I20260710 11:09:31.419392 32268 data_dirs.cc:400] Could only allocate 1 dirs of requested 3 for tablet 78ea08bfff004171b807cb8ba44995c3. 1 dirs total, 0 dirs full, 0 dirs failed
I20260710 11:09:31.425341 32477 tablet_bootstrap.cc:492] T fb80fe13391743a2a30314c104dc71b3 P 01f001d19bf7490a87ee225d6cad572f: Bootstrap starting.
I20260710 11:09:31.452708 32476 tablet_bootstrap.cc:654] T ddb58b172e7f4d909d26d377435acf3e P e4b2aa9710b94a2ea8c9e19dcf79c38f: Neither blocks nor log segments found. Creating new log.
I20260710 11:09:31.453063 32477 tablet_bootstrap.cc:654] T fb80fe13391743a2a30314c104dc71b3 P 01f001d19bf7490a87ee225d6cad572f: Neither blocks nor log segments found. Creating new log.
I20260710 11:09:31.454686 32475 tablet_bootstrap.cc:654] T 19b53ce9e7134b9fb4a48b4cfda55e60 P 1678ab34a2aa4474bece9dc5ca833a73: Neither blocks nor log segments found. Creating new log.
I20260710 11:09:31.465245 32475 tablet_bootstrap.cc:492] T 19b53ce9e7134b9fb4a48b4cfda55e60 P 1678ab34a2aa4474bece9dc5ca833a73: No bootstrap required, opened a new log
I20260710 11:09:31.465735 32475 ts_tablet_manager.cc:1403] T 19b53ce9e7134b9fb4a48b4cfda55e60 P 1678ab34a2aa4474bece9dc5ca833a73: Time spent bootstrapping tablet: real 0.224s	user 0.005s	sys 0.009s
I20260710 11:09:31.467784 32477 tablet_bootstrap.cc:492] T fb80fe13391743a2a30314c104dc71b3 P 01f001d19bf7490a87ee225d6cad572f: No bootstrap required, opened a new log
I20260710 11:09:31.468438 32477 ts_tablet_manager.cc:1403] T fb80fe13391743a2a30314c104dc71b3 P 01f001d19bf7490a87ee225d6cad572f: Time spent bootstrapping tablet: real 0.045s	user 0.009s	sys 0.006s
I20260710 11:09:31.468511 32475 raft_consensus.cc:359] T 19b53ce9e7134b9fb4a48b4cfda55e60 P 1678ab34a2aa4474bece9dc5ca833a73 [term 0 FOLLOWER]: Replica starting. Triggering 0 pending ops. Active config: opid_index: -1 OBSOLETE_local: false peers { permanent_uuid: "1678ab34a2aa4474bece9dc5ca833a73" member_type: VOTER last_known_addr { host: "127.31.101.1" port: 43501 } } peers { permanent_uuid: "01f001d19bf7490a87ee225d6cad572f" member_type: VOTER last_known_addr { host: "127.31.101.2" port: 36641 } } peers { permanent_uuid: "e4b2aa9710b94a2ea8c9e19dcf79c38f" member_type: VOTER last_known_addr { host: "127.31.101.3" port: 40533 } }
I20260710 11:09:31.469364 32475 raft_consensus.cc:385] T 19b53ce9e7134b9fb4a48b4cfda55e60 P 1678ab34a2aa4474bece9dc5ca833a73 [term 0 FOLLOWER]: Consensus starting up: Expiring failure detector timer to make a prompt election more likely
I20260710 11:09:31.469691 32475 raft_consensus.cc:740] T 19b53ce9e7134b9fb4a48b4cfda55e60 P 1678ab34a2aa4474bece9dc5ca833a73 [term 0 FOLLOWER]: Becoming Follower/Learner. State: Replica: 1678ab34a2aa4474bece9dc5ca833a73, State: Initialized, Role: FOLLOWER
I20260710 11:09:31.470441 32475 consensus_queue.cc:260] T 19b53ce9e7134b9fb4a48b4cfda55e60 P 1678ab34a2aa4474bece9dc5ca833a73 [NON_LEADER]: Queue going to NON_LEADER mode. State: All replicated index: 0, Majority replicated index: 0, Committed index: 0, Last appended: 0.0, Last appended by leader: 0, Current term: 0, Majority size: -1, State: 0, Mode: NON_LEADER, active raft config: opid_index: -1 OBSOLETE_local: false peers { permanent_uuid: "1678ab34a2aa4474bece9dc5ca833a73" member_type: VOTER last_known_addr { host: "127.31.101.1" port: 43501 } } peers { permanent_uuid: "01f001d19bf7490a87ee225d6cad572f" member_type: VOTER last_known_addr { host: "127.31.101.2" port: 36641 } } peers { permanent_uuid: "e4b2aa9710b94a2ea8c9e19dcf79c38f" member_type: VOTER last_known_addr { host: "127.31.101.3" port: 40533 } }
I20260710 11:09:31.471832 32476 tablet_bootstrap.cc:492] T ddb58b172e7f4d909d26d377435acf3e P e4b2aa9710b94a2ea8c9e19dcf79c38f: No bootstrap required, opened a new log
I20260710 11:09:31.472275 32476 ts_tablet_manager.cc:1403] T ddb58b172e7f4d909d26d377435acf3e P e4b2aa9710b94a2ea8c9e19dcf79c38f: Time spent bootstrapping tablet: real 0.143s	user 0.004s	sys 0.013s
I20260710 11:09:31.472010 32477 raft_consensus.cc:359] T fb80fe13391743a2a30314c104dc71b3 P 01f001d19bf7490a87ee225d6cad572f [term 0 FOLLOWER]: Replica starting. Triggering 0 pending ops. Active config: opid_index: -1 OBSOLETE_local: false peers { permanent_uuid: "1678ab34a2aa4474bece9dc5ca833a73" member_type: VOTER last_known_addr { host: "127.31.101.1" port: 43501 } } peers { permanent_uuid: "01f001d19bf7490a87ee225d6cad572f" member_type: VOTER last_known_addr { host: "127.31.101.2" port: 36641 } } peers { permanent_uuid: "e4b2aa9710b94a2ea8c9e19dcf79c38f" member_type: VOTER last_known_addr { host: "127.31.101.3" port: 40533 } }
I20260710 11:09:31.472905 32477 raft_consensus.cc:385] T fb80fe13391743a2a30314c104dc71b3 P 01f001d19bf7490a87ee225d6cad572f [term 0 FOLLOWER]: Consensus starting up: Expiring failure detector timer to make a prompt election more likely
I20260710 11:09:31.473263 32477 raft_consensus.cc:740] T fb80fe13391743a2a30314c104dc71b3 P 01f001d19bf7490a87ee225d6cad572f [term 0 FOLLOWER]: Becoming Follower/Learner. State: Replica: 01f001d19bf7490a87ee225d6cad572f, State: Initialized, Role: FOLLOWER
I20260710 11:09:31.474220 32477 consensus_queue.cc:260] T fb80fe13391743a2a30314c104dc71b3 P 01f001d19bf7490a87ee225d6cad572f [NON_LEADER]: Queue going to NON_LEADER mode. State: All replicated index: 0, Majority replicated index: 0, Committed index: 0, Last appended: 0.0, Last appended by leader: 0, Current term: 0, Majority size: -1, State: 0, Mode: NON_LEADER, active raft config: opid_index: -1 OBSOLETE_local: false peers { permanent_uuid: "1678ab34a2aa4474bece9dc5ca833a73" member_type: VOTER last_known_addr { host: "127.31.101.1" port: 43501 } } peers { permanent_uuid: "01f001d19bf7490a87ee225d6cad572f" member_type: VOTER last_known_addr { host: "127.31.101.2" port: 36641 } } peers { permanent_uuid: "e4b2aa9710b94a2ea8c9e19dcf79c38f" member_type: VOTER last_known_addr { host: "127.31.101.3" port: 40533 } }
I20260710 11:09:31.475777 32476 raft_consensus.cc:359] T ddb58b172e7f4d909d26d377435acf3e P e4b2aa9710b94a2ea8c9e19dcf79c38f [term 0 FOLLOWER]: Replica starting. Triggering 0 pending ops. Active config: opid_index: -1 OBSOLETE_local: false peers { permanent_uuid: "1678ab34a2aa4474bece9dc5ca833a73" member_type: VOTER last_known_addr { host: "127.31.101.1" port: 43501 } } peers { permanent_uuid: "01f001d19bf7490a87ee225d6cad572f" member_type: VOTER last_known_addr { host: "127.31.101.2" port: 36641 } } peers { permanent_uuid: "e4b2aa9710b94a2ea8c9e19dcf79c38f" member_type: VOTER last_known_addr { host: "127.31.101.3" port: 40533 } }
I20260710 11:09:31.476590 32476 raft_consensus.cc:385] T ddb58b172e7f4d909d26d377435acf3e P e4b2aa9710b94a2ea8c9e19dcf79c38f [term 0 FOLLOWER]: Consensus starting up: Expiring failure detector timer to make a prompt election more likely
I20260710 11:09:31.476972 32476 raft_consensus.cc:740] T ddb58b172e7f4d909d26d377435acf3e P e4b2aa9710b94a2ea8c9e19dcf79c38f [term 0 FOLLOWER]: Becoming Follower/Learner. State: Replica: e4b2aa9710b94a2ea8c9e19dcf79c38f, State: Initialized, Role: FOLLOWER
