I20260710 10:59:53.706187 14541 raft_consensus.cc:740] T daff6840c2244d94a6d1df51f31e2179 P 1b04acc4e33545ff8a0ae0f0bc9ecf9c [term 0 FOLLOWER]: Becoming Follower/Learner. State: Replica: 1b04acc4e33545ff8a0ae0f0bc9ecf9c, State: Initialized, Role: FOLLOWER
I20260710 10:59:53.706943 14539 raft_consensus.cc:359] T a5896357c1c34ef7bdbd17f83435ee31 P 20ef7e7ef5694b34acd3e33fd92f1d8e [term 0 FOLLOWER]: Replica starting. Triggering 0 pending ops. Active config: opid_index: -1 OBSOLETE_local: false peers { permanent_uuid: "689fedfcc3484e80ada55379185e06f5" member_type: VOTER last_known_addr { host: "127.13.100.129" port: 36125 } } peers { permanent_uuid: "1b04acc4e33545ff8a0ae0f0bc9ecf9c" member_type: VOTER last_known_addr { host: "127.13.100.130" port: 43889 } } peers { permanent_uuid: "20ef7e7ef5694b34acd3e33fd92f1d8e" member_type: VOTER last_known_addr { host: "127.13.100.131" port: 45617 } }
I20260710 10:59:53.707105 14541 consensus_queue.cc:260] T daff6840c2244d94a6d1df51f31e2179 P 1b04acc4e33545ff8a0ae0f0bc9ecf9c [NON_LEADER]: Queue going to NON_LEADER mode. State: All replicated index: 0, Majority replicated index: 0, Committed index: 0, Last appended: 0.0, Last appended by leader: 0, Current term: 0, Majority size: -1, State: 0, Mode: NON_LEADER, active raft config: opid_index: -1 OBSOLETE_local: false peers { permanent_uuid: "1b04acc4e33545ff8a0ae0f0bc9ecf9c" member_type: VOTER last_known_addr { host: "127.13.100.130" port: 43889 } } peers { permanent_uuid: "20ef7e7ef5694b34acd3e33fd92f1d8e" member_type: VOTER last_known_addr { host: "127.13.100.131" port: 45617 } } peers { permanent_uuid: "689fedfcc3484e80ada55379185e06f5" member_type: VOTER last_known_addr { host: "127.13.100.129" port: 36125 } }
I20260710 10:59:53.707584 14542 leader_election.cc:290] T 652d90d13beb44bb81af1d66ce622fa4 P 689fedfcc3484e80ada55379185e06f5 [CANDIDATE]: Term 1 pre-election: Requested pre-vote from peers 1b04acc4e33545ff8a0ae0f0bc9ecf9c (127.13.100.130:43889), 20ef7e7ef5694b34acd3e33fd92f1d8e (127.13.100.131:45617)
I20260710 10:59:53.707724 14539 raft_consensus.cc:385] T a5896357c1c34ef7bdbd17f83435ee31 P 20ef7e7ef5694b34acd3e33fd92f1d8e [term 0 FOLLOWER]: Consensus starting up: Expiring failure detector timer to make a prompt election more likely
I20260710 10:59:53.708029 14538 raft_consensus.cc:359] T a5896357c1c34ef7bdbd17f83435ee31 P 689fedfcc3484e80ada55379185e06f5 [term 0 FOLLOWER]: Replica starting. Triggering 0 pending ops. Active config: opid_index: -1 OBSOLETE_local: false peers { permanent_uuid: "689fedfcc3484e80ada55379185e06f5" member_type: VOTER last_known_addr { host: "127.13.100.129" port: 36125 } } peers { permanent_uuid: "1b04acc4e33545ff8a0ae0f0bc9ecf9c" member_type: VOTER last_known_addr { host: "127.13.100.130" port: 43889 } } peers { permanent_uuid: "20ef7e7ef5694b34acd3e33fd92f1d8e" member_type: VOTER last_known_addr { host: "127.13.100.131" port: 45617 } }
I20260710 10:59:53.708848 14538 raft_consensus.cc:385] T a5896357c1c34ef7bdbd17f83435ee31 P 689fedfcc3484e80ada55379185e06f5 [term 0 FOLLOWER]: Consensus starting up: Expiring failure detector timer to make a prompt election more likely
I20260710 10:59:53.709153 14538 raft_consensus.cc:740] T a5896357c1c34ef7bdbd17f83435ee31 P 689fedfcc3484e80ada55379185e06f5 [term 0 FOLLOWER]: Becoming Follower/Learner. State: Replica: 689fedfcc3484e80ada55379185e06f5, State: Initialized, Role: FOLLOWER
I20260710 10:59:53.709699 14541 ts_tablet_manager.cc:1434] T daff6840c2244d94a6d1df51f31e2179 P 1b04acc4e33545ff8a0ae0f0bc9ecf9c: Time spent starting tablet: real 0.007s	user 0.004s	sys 0.004s
I20260710 10:59:53.709916 14538 consensus_queue.cc:260] T a5896357c1c34ef7bdbd17f83435ee31 P 689fedfcc3484e80ada55379185e06f5 [NON_LEADER]: Queue going to NON_LEADER mode. State: All replicated index: 0, Majority replicated index: 0, Committed index: 0, Last appended: 0.0, Last appended by leader: 0, Current term: 0, Majority size: -1, State: 0, Mode: NON_LEADER, active raft config: opid_index: -1 OBSOLETE_local: false peers { permanent_uuid: "689fedfcc3484e80ada55379185e06f5" member_type: VOTER last_known_addr { host: "127.13.100.129" port: 36125 } } peers { permanent_uuid: "1b04acc4e33545ff8a0ae0f0bc9ecf9c" member_type: VOTER last_known_addr { host: "127.13.100.130" port: 43889 } } peers { permanent_uuid: "20ef7e7ef5694b34acd3e33fd92f1d8e" member_type: VOTER last_known_addr { host: "127.13.100.131" port: 45617 } }
I20260710 10:59:53.710717 14541 tablet_bootstrap.cc:492] T c6526a1998b34c58a6cf6d284e176ec0 P 1b04acc4e33545ff8a0ae0f0bc9ecf9c: Bootstrap starting.
I20260710 10:59:53.711107 14498 tablet_service.cc:1917] Received RequestConsensusVote() RPC: tablet_id: "652d90d13beb44bb81af1d66ce622fa4" candidate_uuid: "689fedfcc3484e80ada55379185e06f5" candidate_term: 1 candidate_status { last_received { term: 0 index: 0 } } ignore_live_leader: false dest_uuid: "20ef7e7ef5694b34acd3e33fd92f1d8e" is_pre_election: true
I20260710 10:59:53.711462 14424 tablet_service.cc:1917] Received RequestConsensusVote() RPC: tablet_id: "652d90d13beb44bb81af1d66ce622fa4" candidate_uuid: "689fedfcc3484e80ada55379185e06f5" candidate_term: 1 candidate_status { last_received { term: 0 index: 0 } } ignore_live_leader: false dest_uuid: "1b04acc4e33545ff8a0ae0f0bc9ecf9c" is_pre_election: true
I20260710 10:59:53.712213 14538 ts_tablet_manager.cc:1434] T a5896357c1c34ef7bdbd17f83435ee31 P 689fedfcc3484e80ada55379185e06f5: Time spent starting tablet: real 0.007s	user 0.003s	sys 0.004s
W20260710 10:59:53.712917 14314 leader_election.cc:343] T 652d90d13beb44bb81af1d66ce622fa4 P 689fedfcc3484e80ada55379185e06f5 [CANDIDATE]: Term 1 pre-election: Tablet error from VoteRequest() call to peer 20ef7e7ef5694b34acd3e33fd92f1d8e (127.13.100.131:45617): Illegal state: must be running to vote when last-logged opid is not known
I20260710 10:59:53.713272 14538 tablet_bootstrap.cc:492] T d7bee1f2bbe94dcdbd5c0ea6a43a69aa P 689fedfcc3484e80ada55379185e06f5: Bootstrap starting.
I20260710 10:59:53.712075 14424 raft_consensus.cc:2468] T 652d90d13beb44bb81af1d66ce622fa4 P 1b04acc4e33545ff8a0ae0f0bc9ecf9c [term 0 FOLLOWER]: Leader pre-election vote request: Granting yes vote for candidate 689fedfcc3484e80ada55379185e06f5 in term 0.
I20260710 10:59:53.718883 14541 tablet_bootstrap.cc:654] T c6526a1998b34c58a6cf6d284e176ec0 P 1b04acc4e33545ff8a0ae0f0bc9ecf9c: Neither blocks nor log segments found. Creating new log.
I20260710 10:59:53.720778 14538 tablet_bootstrap.cc:654] T d7bee1f2bbe94dcdbd5c0ea6a43a69aa P 689fedfcc3484e80ada55379185e06f5: Neither blocks nor log segments found. Creating new log.
I20260710 10:59:53.720647 14313 leader_election.cc:304] T 652d90d13beb44bb81af1d66ce622fa4 P 689fedfcc3484e80ada55379185e06f5 [CANDIDATE]: Term 1 pre-election: Election decided. Result: candidate won. Election summary: received 3 responses out of 3 voters: 2 yes votes; 1 no votes. yes voters: 1b04acc4e33545ff8a0ae0f0bc9ecf9c, 689fedfcc3484e80ada55379185e06f5; no voters: 20ef7e7ef5694b34acd3e33fd92f1d8e
I20260710 10:59:53.708060 14539 raft_consensus.cc:740] T a5896357c1c34ef7bdbd17f83435ee31 P 20ef7e7ef5694b34acd3e33fd92f1d8e [term 0 FOLLOWER]: Becoming Follower/Learner. State: Replica: 20ef7e7ef5694b34acd3e33fd92f1d8e, State: Initialized, Role: FOLLOWER
I20260710 10:59:53.722028 14542 raft_consensus.cc:2804] T 652d90d13beb44bb81af1d66ce622fa4 P 689fedfcc3484e80ada55379185e06f5 [term 0 FOLLOWER]: Leader pre-election won for term 1
I20260710 10:59:53.722500 14542 raft_consensus.cc:493] T 652d90d13beb44bb81af1d66ce622fa4 P 689fedfcc3484e80ada55379185e06f5 [term 0 FOLLOWER]: Starting leader election (no leader contacted us within the election timeout)
I20260710 10:59:53.722136 14539 consensus_queue.cc:260] T a5896357c1c34ef7bdbd17f83435ee31 P 20ef7e7ef5694b34acd3e33fd92f1d8e [NON_LEADER]: Queue going to NON_LEADER mode. State: All replicated index: 0, Majority replicated index: 0, Committed index: 0, Last appended: 0.0, Last appended by leader: 0, Current term: 0, Majority size: -1, State: 0, Mode: NON_LEADER, active raft config: opid_index: -1 OBSOLETE_local: false peers { permanent_uuid: "689fedfcc3484e80ada55379185e06f5" member_type: VOTER last_known_addr { host: "127.13.100.129" port: 36125 } } peers { permanent_uuid: "1b04acc4e33545ff8a0ae0f0bc9ecf9c" member_type: VOTER last_known_addr { host: "127.13.100.130" port: 43889 } } peers { permanent_uuid: "20ef7e7ef5694b34acd3e33fd92f1d8e" member_type: VOTER last_known_addr { host: "127.13.100.131" port: 45617 } }
I20260710 10:59:53.722856 14542 raft_consensus.cc:3060] T 652d90d13beb44bb81af1d66ce622fa4 P 689fedfcc3484e80ada55379185e06f5 [term 0 FOLLOWER]: Advancing to term 1
I20260710 10:59:53.727784 14539 ts_tablet_manager.cc:1434] T a5896357c1c34ef7bdbd17f83435ee31 P 20ef7e7ef5694b34acd3e33fd92f1d8e: Time spent starting tablet: real 0.023s	user 0.009s	sys 0.000s
I20260710 10:59:53.728930 14539 tablet_bootstrap.cc:492] T daff6840c2244d94a6d1df51f31e2179 P 20ef7e7ef5694b34acd3e33fd92f1d8e: Bootstrap starting.
I20260710 10:59:53.731645 14541 tablet_bootstrap.cc:492] T c6526a1998b34c58a6cf6d284e176ec0 P 1b04acc4e33545ff8a0ae0f0bc9ecf9c: No bootstrap required, opened a new log
I20260710 10:59:53.732318 14541 ts_tablet_manager.cc:1403] T c6526a1998b34c58a6cf6d284e176ec0 P 1b04acc4e33545ff8a0ae0f0bc9ecf9c: Time spent bootstrapping tablet: real 0.022s	user 0.016s	sys 0.002s
I20260710 10:59:53.735759 14539 tablet_bootstrap.cc:654] T daff6840c2244d94a6d1df51f31e2179 P 20ef7e7ef5694b34acd3e33fd92f1d8e: Neither blocks nor log segments found. Creating new log.
I20260710 10:59:53.736467 14541 raft_consensus.cc:359] T c6526a1998b34c58a6cf6d284e176ec0 P 1b04acc4e33545ff8a0ae0f0bc9ecf9c [term 0 FOLLOWER]: Replica starting. Triggering 0 pending ops. Active config: opid_index: -1 OBSOLETE_local: false peers { permanent_uuid: "689fedfcc3484e80ada55379185e06f5" member_type: VOTER last_known_addr { host: "127.13.100.129" port: 36125 } } peers { permanent_uuid: "1b04acc4e33545ff8a0ae0f0bc9ecf9c" member_type: VOTER last_known_addr { host: "127.13.100.130" port: 43889 } } peers { permanent_uuid: "20ef7e7ef5694b34acd3e33fd92f1d8e" member_type: VOTER last_known_addr { host: "127.13.100.131" port: 45617 } }
I20260710 10:59:53.737702 14541 raft_consensus.cc:385] T c6526a1998b34c58a6cf6d284e176ec0 P 1b04acc4e33545ff8a0ae0f0bc9ecf9c [term 0 FOLLOWER]: Consensus starting up: Expiring failure detector timer to make a prompt election more likely
I20260710 10:59:53.738168 14541 raft_consensus.cc:740] T c6526a1998b34c58a6cf6d284e176ec0 P 1b04acc4e33545ff8a0ae0f0bc9ecf9c [term 0 FOLLOWER]: Becoming Follower/Learner. State: Replica: 1b04acc4e33545ff8a0ae0f0bc9ecf9c, State: Initialized, Role: FOLLOWER
I20260710 10:59:53.739375 14541 consensus_queue.cc:260] T c6526a1998b34c58a6cf6d284e176ec0 P 1b04acc4e33545ff8a0ae0f0bc9ecf9c [NON_LEADER]: Queue going to NON_LEADER mode. State: All replicated index: 0, Majority replicated index: 0, Committed index: 0, Last appended: 0.0, Last appended by leader: 0, Current term: 0, Majority size: -1, State: 0, Mode: NON_LEADER, active raft config: opid_index: -1 OBSOLETE_local: false peers { permanent_uuid: "689fedfcc3484e80ada55379185e06f5" member_type: VOTER last_known_addr { host: "127.13.100.129" port: 36125 } } peers { permanent_uuid: "1b04acc4e33545ff8a0ae0f0bc9ecf9c" member_type: VOTER last_known_addr { host: "127.13.100.130" port: 43889 } } peers { permanent_uuid: "20ef7e7ef5694b34acd3e33fd92f1d8e" member_type: VOTER last_known_addr { host: "127.13.100.131" port: 45617 } }
I20260710 10:59:53.743474 14541 ts_tablet_manager.cc:1434] T c6526a1998b34c58a6cf6d284e176ec0 P 1b04acc4e33545ff8a0ae0f0bc9ecf9c: Time spent starting tablet: real 0.011s	user 0.008s	sys 0.004s
I20260710 10:59:53.744892 14541 tablet_bootstrap.cc:492] T 915ea80a0f3e447a854376e4d4d2e768 P 1b04acc4e33545ff8a0ae0f0bc9ecf9c: Bootstrap starting.
I20260710 10:59:53.748692 14539 tablet_bootstrap.cc:492] T daff6840c2244d94a6d1df51f31e2179 P 20ef7e7ef5694b34acd3e33fd92f1d8e: No bootstrap required, opened a new log
I20260710 10:59:53.749210 14539 ts_tablet_manager.cc:1403] T daff6840c2244d94a6d1df51f31e2179 P 20ef7e7ef5694b34acd3e33fd92f1d8e: Time spent bootstrapping tablet: real 0.020s	user 0.014s	sys 0.005s
I20260710 10:59:53.752133 14539 raft_consensus.cc:359] T daff6840c2244d94a6d1df51f31e2179 P 20ef7e7ef5694b34acd3e33fd92f1d8e [term 0 FOLLOWER]: Replica starting. Triggering 0 pending ops. Active config: opid_index: -1 OBSOLETE_local: false peers { permanent_uuid: "1b04acc4e33545ff8a0ae0f0bc9ecf9c" member_type: VOTER last_known_addr { host: "127.13.100.130" port: 43889 } } peers { permanent_uuid: "20ef7e7ef5694b34acd3e33fd92f1d8e" member_type: VOTER last_known_addr { host: "127.13.100.131" port: 45617 } } peers { permanent_uuid: "689fedfcc3484e80ada55379185e06f5" member_type: VOTER last_known_addr { host: "127.13.100.129" port: 36125 } }
I20260710 10:59:53.753116 14539 raft_consensus.cc:385] T daff6840c2244d94a6d1df51f31e2179 P 20ef7e7ef5694b34acd3e33fd92f1d8e [term 0 FOLLOWER]: Consensus starting up: Expiring failure detector timer to make a prompt election more likely
I20260710 10:59:53.753369 14541 tablet_bootstrap.cc:654] T 915ea80a0f3e447a854376e4d4d2e768 P 1b04acc4e33545ff8a0ae0f0bc9ecf9c: Neither blocks nor log segments found. Creating new log.
I20260710 10:59:53.753535 14539 raft_consensus.cc:740] T daff6840c2244d94a6d1df51f31e2179 P 20ef7e7ef5694b34acd3e33fd92f1d8e [term 0 FOLLOWER]: Becoming Follower/Learner. State: Replica: 20ef7e7ef5694b34acd3e33fd92f1d8e, State: Initialized, Role: FOLLOWER
I20260710 10:59:53.754654 14539 consensus_queue.cc:260] T daff6840c2244d94a6d1df51f31e2179 P 20ef7e7ef5694b34acd3e33fd92f1d8e [NON_LEADER]: Queue going to NON_LEADER mode. State: All replicated index: 0, Majority replicated index: 0, Committed index: 0, Last appended: 0.0, Last appended by leader: 0, Current term: 0, Majority size: -1, State: 0, Mode: NON_LEADER, active raft config: opid_index: -1 OBSOLETE_local: false peers { permanent_uuid: "1b04acc4e33545ff8a0ae0f0bc9ecf9c" member_type: VOTER last_known_addr { host: "127.13.100.130" port: 43889 } } peers { permanent_uuid: "20ef7e7ef5694b34acd3e33fd92f1d8e" member_type: VOTER last_known_addr { host: "127.13.100.131" port: 45617 } } peers { permanent_uuid: "689fedfcc3484e80ada55379185e06f5" member_type: VOTER last_known_addr { host: "127.13.100.129" port: 36125 } }
I20260710 10:59:53.757088 14539 ts_tablet_manager.cc:1434] T daff6840c2244d94a6d1df51f31e2179 P 20ef7e7ef5694b34acd3e33fd92f1d8e: Time spent starting tablet: real 0.008s	user 0.002s	sys 0.004s
I20260710 10:59:53.758070 14539 tablet_bootstrap.cc:492] T b759b56bbd8c479a95a8e753b7035bd6 P 20ef7e7ef5694b34acd3e33fd92f1d8e: Bootstrap starting.
I20260710 10:59:53.768811 14542 raft_consensus.cc:515] T 652d90d13beb44bb81af1d66ce622fa4 P 689fedfcc3484e80ada55379185e06f5 [term 1 FOLLOWER]: Starting leader election with config: opid_index: -1 OBSOLETE_local: false peers { permanent_uuid: "689fedfcc3484e80ada55379185e06f5" member_type: VOTER last_known_addr { host: "127.13.100.129" port: 36125 } } peers { permanent_uuid: "1b04acc4e33545ff8a0ae0f0bc9ecf9c" member_type: VOTER last_known_addr { host: "127.13.100.130" port: 43889 } } peers { permanent_uuid: "20ef7e7ef5694b34acd3e33fd92f1d8e" member_type: VOTER last_known_addr { host: "127.13.100.131" port: 45617 } }
I20260710 10:59:53.771224 14541 tablet_bootstrap.cc:492] T 915ea80a0f3e447a854376e4d4d2e768 P 1b04acc4e33545ff8a0ae0f0bc9ecf9c: No bootstrap required, opened a new log
I20260710 10:59:53.771778 14424 tablet_service.cc:1917] Received RequestConsensusVote() RPC: tablet_id: "652d90d13beb44bb81af1d66ce622fa4" candidate_uuid: "689fedfcc3484e80ada55379185e06f5" candidate_term: 1 candidate_status { last_received { term: 0 index: 0 } } ignore_live_leader: false dest_uuid: "1b04acc4e33545ff8a0ae0f0bc9ecf9c"
I20260710 10:59:53.771951 14541 ts_tablet_manager.cc:1403] T 915ea80a0f3e447a854376e4d4d2e768 P 1b04acc4e33545ff8a0ae0f0bc9ecf9c: Time spent bootstrapping tablet: real 0.027s	user 0.012s	sys 0.007s
I20260710 10:59:53.772408 14424 raft_consensus.cc:3060] T 652d90d13beb44bb81af1d66ce622fa4 P 1b04acc4e33545ff8a0ae0f0bc9ecf9c [term 0 FOLLOWER]: Advancing to term 1
I20260710 10:59:53.773248 14539 tablet_bootstrap.cc:654] T b759b56bbd8c479a95a8e753b7035bd6 P 20ef7e7ef5694b34acd3e33fd92f1d8e: Neither blocks nor log segments found. Creating new log.
I20260710 10:59:53.776274 14541 raft_consensus.cc:359] T 915ea80a0f3e447a854376e4d4d2e768 P 1b04acc4e33545ff8a0ae0f0bc9ecf9c [term 0 FOLLOWER]: Replica starting. Triggering 0 pending ops. Active config: opid_index: -1 OBSOLETE_local: false peers { permanent_uuid: "689fedfcc3484e80ada55379185e06f5" member_type: VOTER last_known_addr { host: "127.13.100.129" port: 36125 } } peers { permanent_uuid: "1b04acc4e33545ff8a0ae0f0bc9ecf9c" member_type: VOTER last_known_addr { host: "127.13.100.130" port: 43889 } } peers { permanent_uuid: "20ef7e7ef5694b34acd3e33fd92f1d8e" member_type: VOTER last_known_addr { host: "127.13.100.131" port: 45617 } }
I20260710 10:59:53.777374 14541 raft_consensus.cc:385] T 915ea80a0f3e447a854376e4d4d2e768 P 1b04acc4e33545ff8a0ae0f0bc9ecf9c [term 0 FOLLOWER]: Consensus starting up: Expiring failure detector timer to make a prompt election more likely
I20260710 10:59:53.777993 14541 raft_consensus.cc:740] T 915ea80a0f3e447a854376e4d4d2e768 P 1b04acc4e33545ff8a0ae0f0bc9ecf9c [term 0 FOLLOWER]: Becoming Follower/Learner. State: Replica: 1b04acc4e33545ff8a0ae0f0bc9ecf9c, State: Initialized, Role: FOLLOWER
I20260710 10:59:53.779214 14541 consensus_queue.cc:260] T 915ea80a0f3e447a854376e4d4d2e768 P 1b04acc4e33545ff8a0ae0f0bc9ecf9c [NON_LEADER]: Queue going to NON_LEADER mode. State: All replicated index: 0, Majority replicated index: 0, Committed index: 0, Last appended: 0.0, Last appended by leader: 0, Current term: 0, Majority size: -1, State: 0, Mode: NON_LEADER, active raft config: opid_index: -1 OBSOLETE_local: false peers { permanent_uuid: "689fedfcc3484e80ada55379185e06f5" member_type: VOTER last_known_addr { host: "127.13.100.129" port: 36125 } } peers { permanent_uuid: "1b04acc4e33545ff8a0ae0f0bc9ecf9c" member_type: VOTER last_known_addr { host: "127.13.100.130" port: 43889 } } peers { permanent_uuid: "20ef7e7ef5694b34acd3e33fd92f1d8e" member_type: VOTER last_known_addr { host: "127.13.100.131" port: 45617 } }
I20260710 10:59:53.781749 14424 raft_consensus.cc:2468] T 652d90d13beb44bb81af1d66ce622fa4 P 1b04acc4e33545ff8a0ae0f0bc9ecf9c [term 1 FOLLOWER]: Leader election vote request: Granting yes vote for candidate 689fedfcc3484e80ada55379185e06f5 in term 1.
I20260710 10:59:53.783320 14313 leader_election.cc:304] T 652d90d13beb44bb81af1d66ce622fa4 P 689fedfcc3484e80ada55379185e06f5 [CANDIDATE]: Term 1 election: Election decided. Result: candidate won. Election summary: received 2 responses out of 3 voters: 2 yes votes; 0 no votes. yes voters: 1b04acc4e33545ff8a0ae0f0bc9ecf9c, 689fedfcc3484e80ada55379185e06f5; no voters: 
I20260710 10:59:53.785197 14539 tablet_bootstrap.cc:492] T b759b56bbd8c479a95a8e753b7035bd6 P 20ef7e7ef5694b34acd3e33fd92f1d8e: No bootstrap required, opened a new log
I20260710 10:59:53.785331 14541 ts_tablet_manager.cc:1434] T 915ea80a0f3e447a854376e4d4d2e768 P 1b04acc4e33545ff8a0ae0f0bc9ecf9c: Time spent starting tablet: real 0.013s	user 0.011s	sys 0.000s
I20260710 10:59:53.785984 14539 ts_tablet_manager.cc:1403] T b759b56bbd8c479a95a8e753b7035bd6 P 20ef7e7ef5694b34acd3e33fd92f1d8e: Time spent bootstrapping tablet: real 0.028s	user 0.007s	sys 0.011s
I20260710 10:59:53.786765 14541 tablet_bootstrap.cc:492] T f7ef561e47e141219c14494d43be9466 P 1b04acc4e33545ff8a0ae0f0bc9ecf9c: Bootstrap starting.
I20260710 10:59:53.789345 14539 raft_consensus.cc:359] T b759b56bbd8c479a95a8e753b7035bd6 P 20ef7e7ef5694b34acd3e33fd92f1d8e [term 0 FOLLOWER]: Replica starting. Triggering 0 pending ops. Active config: opid_index: -1 OBSOLETE_local: false peers { permanent_uuid: "689fedfcc3484e80ada55379185e06f5" member_type: VOTER last_known_addr { host: "127.13.100.129" port: 36125 } } peers { permanent_uuid: "1b04acc4e33545ff8a0ae0f0bc9ecf9c" member_type: VOTER last_known_addr { host: "127.13.100.130" port: 43889 } } peers { permanent_uuid: "20ef7e7ef5694b34acd3e33fd92f1d8e" member_type: VOTER last_known_addr { host: "127.13.100.131" port: 45617 } }
I20260710 10:59:53.790570 14539 raft_consensus.cc:385] T b759b56bbd8c479a95a8e753b7035bd6 P 20ef7e7ef5694b34acd3e33fd92f1d8e [term 0 FOLLOWER]: Consensus starting up: Expiring failure detector timer to make a prompt election more likely
I20260710 10:59:53.791043 14539 raft_consensus.cc:740] T b759b56bbd8c479a95a8e753b7035bd6 P 20ef7e7ef5694b34acd3e33fd92f1d8e [term 0 FOLLOWER]: Becoming Follower/Learner. State: Replica: 20ef7e7ef5694b34acd3e33fd92f1d8e, State: Initialized, Role: FOLLOWER
I20260710 10:59:53.792351 14547 raft_consensus.cc:493] T a5896357c1c34ef7bdbd17f83435ee31 P 1b04acc4e33545ff8a0ae0f0bc9ecf9c [term 0 FOLLOWER]: Starting pre-election (no leader contacted us within the election timeout)
I20260710 10:59:53.793289 14542 leader_election.cc:290] T 652d90d13beb44bb81af1d66ce622fa4 P 689fedfcc3484e80ada55379185e06f5 [CANDIDATE]: Term 1 election: Requested vote from peers 1b04acc4e33545ff8a0ae0f0bc9ecf9c (127.13.100.130:43889), 20ef7e7ef5694b34acd3e33fd92f1d8e (127.13.100.131:45617)
I20260710 10:59:53.793049 14498 tablet_service.cc:1917] Received RequestConsensusVote() RPC: tablet_id: "652d90d13beb44bb81af1d66ce622fa4" candidate_uuid: "689fedfcc3484e80ada55379185e06f5" candidate_term: 1 candidate_status { last_received { term: 0 index: 0 } } ignore_live_leader: false dest_uuid: "20ef7e7ef5694b34acd3e33fd92f1d8e"
I20260710 10:59:53.793015 14547 raft_consensus.cc:515] T a5896357c1c34ef7bdbd17f83435ee31 P 1b04acc4e33545ff8a0ae0f0bc9ecf9c [term 0 FOLLOWER]: Starting pre-election with config: opid_index: -1 OBSOLETE_local: false peers { permanent_uuid: "689fedfcc3484e80ada55379185e06f5" member_type: VOTER last_known_addr { host: "127.13.100.129" port: 36125 } } peers { permanent_uuid: "1b04acc4e33545ff8a0ae0f0bc9ecf9c" member_type: VOTER last_known_addr { host: "127.13.100.130" port: 43889 } } peers { permanent_uuid: "20ef7e7ef5694b34acd3e33fd92f1d8e" member_type: VOTER last_known_addr { host: "127.13.100.131" port: 45617 } }
I20260710 10:59:53.793948 14542 raft_consensus.cc:2804] T 652d90d13beb44bb81af1d66ce622fa4 P 689fedfcc3484e80ada55379185e06f5 [term 1 FOLLOWER]: Leader election won for term 1
I20260710 10:59:53.794432 14542 raft_consensus.cc:697] T 652d90d13beb44bb81af1d66ce622fa4 P 689fedfcc3484e80ada55379185e06f5 [term 1 LEADER]: Becoming Leader. State: Replica: 689fedfcc3484e80ada55379185e06f5, State: Running, Role: LEADER
W20260710 10:59:53.794956 14314 leader_election.cc:343] T 652d90d13beb44bb81af1d66ce622fa4 P 689fedfcc3484e80ada55379185e06f5 [CANDIDATE]: Term 1 election: Tablet error from VoteRequest() call to peer 20ef7e7ef5694b34acd3e33fd92f1d8e (127.13.100.131:45617): Illegal state: must be running to vote when last-logged opid is not known
I20260710 10:59:53.792013 14539 consensus_queue.cc:260] T b759b56bbd8c479a95a8e753b7035bd6 P 20ef7e7ef5694b34acd3e33fd92f1d8e [NON_LEADER]: Queue going to NON_LEADER mode. State: All replicated index: 0, Majority replicated index: 0, Committed index: 0, Last appended: 0.0, Last appended by leader: 0, Current term: 0, Majority size: -1, State: 0, Mode: NON_LEADER, active raft config: opid_index: -1 OBSOLETE_local: false peers { permanent_uuid: "689fedfcc3484e80ada55379185e06f5" member_type: VOTER last_known_addr { host: "127.13.100.129" port: 36125 } } peers { permanent_uuid: "1b04acc4e33545ff8a0ae0f0bc9ecf9c" member_type: VOTER last_known_addr { host: "127.13.100.130" port: 43889 } } peers { permanent_uuid: "20ef7e7ef5694b34acd3e33fd92f1d8e" member_type: VOTER last_known_addr { host: "127.13.100.131" port: 45617 } }
I20260710 10:59:53.795276 14542 consensus_queue.cc:237] T 652d90d13beb44bb81af1d66ce622fa4 P 689fedfcc3484e80ada55379185e06f5 [LEADER]: Queue going to LEADER mode. State: All replicated index: 0, Majority replicated index: 0, Committed index: 0, Last appended: 0.0, Last appended by leader: 0, Current term: 1, Majority size: 2, State: 0, Mode: LEADER, active raft config: opid_index: -1 OBSOLETE_local: false peers { permanent_uuid: "689fedfcc3484e80ada55379185e06f5" member_type: VOTER last_known_addr { host: "127.13.100.129" port: 36125 } } peers { permanent_uuid: "1b04acc4e33545ff8a0ae0f0bc9ecf9c" member_type: VOTER last_known_addr { host: "127.13.100.130" port: 43889 } } peers { permanent_uuid: "20ef7e7ef5694b34acd3e33fd92f1d8e" member_type: VOTER last_known_addr { host: "127.13.100.131" port: 45617 } }
I20260710 10:59:53.804944 14539 ts_tablet_manager.cc:1434] T b759b56bbd8c479a95a8e753b7035bd6 P 20ef7e7ef5694b34acd3e33fd92f1d8e: Time spent starting tablet: real 0.018s	user 0.005s	sys 0.002s
I20260710 10:59:53.808617 14547 leader_election.cc:290] T a5896357c1c34ef7bdbd17f83435ee31 P 1b04acc4e33545ff8a0ae0f0bc9ecf9c [CANDIDATE]: Term 1 pre-election: Requested pre-vote from peers 689fedfcc3484e80ada55379185e06f5 (127.13.100.129:36125), 20ef7e7ef5694b34acd3e33fd92f1d8e (127.13.100.131:45617)
I20260710 10:59:53.820079 14539 tablet_bootstrap.cc:492] T 652d90d13beb44bb81af1d66ce622fa4 P 20ef7e7ef5694b34acd3e33fd92f1d8e: Bootstrap starting.
I20260710 10:59:53.827154 14546 raft_consensus.cc:493] T 6f7c0c127501417a9dcbfbb12f8bbc1b P 20ef7e7ef5694b34acd3e33fd92f1d8e [term 0 FOLLOWER]: Starting pre-election (no leader contacted us within the election timeout)
I20260710 10:59:53.827713 14546 raft_consensus.cc:515] T 6f7c0c127501417a9dcbfbb12f8bbc1b P 20ef7e7ef5694b34acd3e33fd92f1d8e [term 0 FOLLOWER]: Starting pre-election with config: opid_index: -1 OBSOLETE_local: false peers { permanent_uuid: "689fedfcc3484e80ada55379185e06f5" member_type: VOTER last_known_addr { host: "127.13.100.129" port: 36125 } } peers { permanent_uuid: "1b04acc4e33545ff8a0ae0f0bc9ecf9c" member_type: VOTER last_known_addr { host: "127.13.100.130" port: 43889 } } peers { permanent_uuid: "20ef7e7ef5694b34acd3e33fd92f1d8e" member_type: VOTER last_known_addr { host: "127.13.100.131" port: 45617 } }
W20260710 10:59:53.828423 14295 auto_rebalancer.cc:288] Could not retrieve cluster info: Service unavailable: Tablet not running
I20260710 10:59:53.828972 14547 raft_consensus.cc:493] T c6526a1998b34c58a6cf6d284e176ec0 P 1b04acc4e33545ff8a0ae0f0bc9ecf9c [term 0 FOLLOWER]: Starting pre-election (no leader contacted us within the election timeout)
I20260710 10:59:53.829421 14547 raft_consensus.cc:515] T c6526a1998b34c58a6cf6d284e176ec0 P 1b04acc4e33545ff8a0ae0f0bc9ecf9c [term 0 FOLLOWER]: Starting pre-election with config: opid_index: -1 OBSOLETE_local: false peers { permanent_uuid: "689fedfcc3484e80ada55379185e06f5" member_type: VOTER last_known_addr { host: "127.13.100.129" port: 36125 } } peers { permanent_uuid: "1b04acc4e33545ff8a0ae0f0bc9ecf9c" member_type: VOTER last_known_addr { host: "127.13.100.130" port: 43889 } } peers { permanent_uuid: "20ef7e7ef5694b34acd3e33fd92f1d8e" member_type: VOTER last_known_addr { host: "127.13.100.131" port: 45617 } }
I20260710 10:59:53.831787 14547 leader_election.cc:290] T c6526a1998b34c58a6cf6d284e176ec0 P 1b04acc4e33545ff8a0ae0f0bc9ecf9c [CANDIDATE]: Term 1 pre-election: Requested pre-vote from peers 689fedfcc3484e80ada55379185e06f5 (127.13.100.129:36125), 20ef7e7ef5694b34acd3e33fd92f1d8e (127.13.100.131:45617)
I20260710 10:59:53.826414 14538 tablet_bootstrap.cc:492] T d7bee1f2bbe94dcdbd5c0ea6a43a69aa P 689fedfcc3484e80ada55379185e06f5: No bootstrap required, opened a new log
I20260710 10:59:53.833184 14538 ts_tablet_manager.cc:1403] T d7bee1f2bbe94dcdbd5c0ea6a43a69aa P 689fedfcc3484e80ada55379185e06f5: Time spent bootstrapping tablet: real 0.120s	user 0.044s	sys 0.049s
I20260710 10:59:53.833572 14541 tablet_bootstrap.cc:654] T f7ef561e47e141219c14494d43be9466 P 1b04acc4e33545ff8a0ae0f0bc9ecf9c: Neither blocks nor log segments found. Creating new log.
I20260710 10:59:53.836319 14538 raft_consensus.cc:359] T d7bee1f2bbe94dcdbd5c0ea6a43a69aa P 689fedfcc3484e80ada55379185e06f5 [term 0 FOLLOWER]: Replica starting. Triggering 0 pending ops. Active config: opid_index: -1 OBSOLETE_local: false peers { permanent_uuid: "689fedfcc3484e80ada55379185e06f5" member_type: VOTER last_known_addr { host: "127.13.100.129" port: 36125 } } peers { permanent_uuid: "1b04acc4e33545ff8a0ae0f0bc9ecf9c" member_type: VOTER last_known_addr { host: "127.13.100.130" port: 43889 } } peers { permanent_uuid: "20ef7e7ef5694b34acd3e33fd92f1d8e" member_type: VOTER last_known_addr { host: "127.13.100.131" port: 45617 } }
I20260710 10:59:53.837591 14538 raft_consensus.cc:385] T d7bee1f2bbe94dcdbd5c0ea6a43a69aa P 689fedfcc3484e80ada55379185e06f5 [term 0 FOLLOWER]: Consensus starting up: Expiring failure detector timer to make a prompt election more likely
I20260710 10:59:53.837895 14538 raft_consensus.cc:740] T d7bee1f2bbe94dcdbd5c0ea6a43a69aa P 689fedfcc3484e80ada55379185e06f5 [term 0 FOLLOWER]: Becoming Follower/Learner. State: Replica: 689fedfcc3484e80ada55379185e06f5, State: Initialized, Role: FOLLOWER
I20260710 10:59:53.838296 14498 tablet_service.cc:1917] Received RequestConsensusVote() RPC: tablet_id: "a5896357c1c34ef7bdbd17f83435ee31" candidate_uuid: "1b04acc4e33545ff8a0ae0f0bc9ecf9c" candidate_term: 1 candidate_status { last_received { term: 0 index: 0 } } ignore_live_leader: false dest_uuid: "20ef7e7ef5694b34acd3e33fd92f1d8e" is_pre_election: true
I20260710 10:59:53.838999 14498 raft_consensus.cc:2468] T a5896357c1c34ef7bdbd17f83435ee31 P 20ef7e7ef5694b34acd3e33fd92f1d8e [term 0 FOLLOWER]: Leader pre-election vote request: Granting yes vote for candidate 1b04acc4e33545ff8a0ae0f0bc9ecf9c in term 0.
I20260710 10:59:53.838649 14538 consensus_queue.cc:260] T d7bee1f2bbe94dcdbd5c0ea6a43a69aa P 689fedfcc3484e80ada55379185e06f5 [NON_LEADER]: Queue going to NON_LEADER mode. State: All replicated index: 0, Majority replicated index: 0, Committed index: 0, Last appended: 0.0, Last appended by leader: 0, Current term: 0, Majority size: -1, State: 0, Mode: NON_LEADER, active raft config: opid_index: -1 OBSOLETE_local: false peers { permanent_uuid: "689fedfcc3484e80ada55379185e06f5" member_type: VOTER last_known_addr { host: "127.13.100.129" port: 36125 } } peers { permanent_uuid: "1b04acc4e33545ff8a0ae0f0bc9ecf9c" member_type: VOTER last_known_addr { host: "127.13.100.130" port: 43889 } } peers { permanent_uuid: "20ef7e7ef5694b34acd3e33fd92f1d8e" member_type: VOTER last_known_addr { host: "127.13.100.131" port: 45617 } }
I20260710 10:59:53.840308 14564 raft_consensus.cc:493] T b759b56bbd8c479a95a8e753b7035bd6 P 689fedfcc3484e80ada55379185e06f5 [term 0 FOLLOWER]: Starting pre-election (no leader contacted us within the election timeout)
I20260710 10:59:53.840199 14497 tablet_service.cc:1917] Received RequestConsensusVote() RPC: tablet_id: "c6526a1998b34c58a6cf6d284e176ec0" candidate_uuid: "1b04acc4e33545ff8a0ae0f0bc9ecf9c" candidate_term: 1 candidate_status { last_received { term: 0 index: 0 } } ignore_live_leader: false dest_uuid: "20ef7e7ef5694b34acd3e33fd92f1d8e" is_pre_election: true
I20260710 10:59:53.840857 14564 raft_consensus.cc:515] T b759b56bbd8c479a95a8e753b7035bd6 P 689fedfcc3484e80ada55379185e06f5 [term 0 FOLLOWER]: Starting pre-election with config: opid_index: -1 OBSOLETE_local: false peers { permanent_uuid: "689fedfcc3484e80ada55379185e06f5" member_type: VOTER last_known_addr { host: "127.13.100.129" port: 36125 } } peers { permanent_uuid: "1b04acc4e33545ff8a0ae0f0bc9ecf9c" member_type: VOTER last_known_addr { host: "127.13.100.130" port: 43889 } } peers { permanent_uuid: "20ef7e7ef5694b34acd3e33fd92f1d8e" member_type: VOTER last_known_addr { host: "127.13.100.131" port: 45617 } }
I20260710 10:59:53.841357 14538 ts_tablet_manager.cc:1434] T d7bee1f2bbe94dcdbd5c0ea6a43a69aa P 689fedfcc3484e80ada55379185e06f5: Time spent starting tablet: real 0.008s	user 0.006s	sys 0.000s
I20260710 10:59:53.842447 14538 tablet_bootstrap.cc:492] T daff6840c2244d94a6d1df51f31e2179 P 689fedfcc3484e80ada55379185e06f5: Bootstrap starting.
I20260710 10:59:53.842185 14389 leader_election.cc:304] T a5896357c1c34ef7bdbd17f83435ee31 P 1b04acc4e33545ff8a0ae0f0bc9ecf9c [CANDIDATE]: Term 1 pre-election: Election decided. Result: candidate won. Election summary: received 2 responses out of 3 voters: 2 yes votes; 0 no votes. yes voters: 1b04acc4e33545ff8a0ae0f0bc9ecf9c, 20ef7e7ef5694b34acd3e33fd92f1d8e; no voters: 
I20260710 10:59:53.846386 14424 tablet_service.cc:1917] Received RequestConsensusVote() RPC: tablet_id: "b759b56bbd8c479a95a8e753b7035bd6" candidate_uuid: "689fedfcc3484e80ada55379185e06f5" candidate_term: 1 candidate_status { last_received { term: 0 index: 0 } } ignore_live_leader: false dest_uuid: "1b04acc4e33545ff8a0ae0f0bc9ecf9c" is_pre_election: true
I20260710 10:59:53.847776 14547 raft_consensus.cc:2804] T a5896357c1c34ef7bdbd17f83435ee31 P 1b04acc4e33545ff8a0ae0f0bc9ecf9c [term 0 FOLLOWER]: Leader pre-election won for term 1
I20260710 10:59:53.848223 14547 raft_consensus.cc:493] T a5896357c1c34ef7bdbd17f83435ee31 P 1b04acc4e33545ff8a0ae0f0bc9ecf9c [term 0 FOLLOWER]: Starting leader election (no leader contacted us within the election timeout)
I20260710 10:59:53.848658 14547 raft_consensus.cc:3060] T a5896357c1c34ef7bdbd17f83435ee31 P 1b04acc4e33545ff8a0ae0f0bc9ecf9c [term 0 FOLLOWER]: Advancing to term 1
W20260710 10:59:53.843248 14389 leader_election.cc:343] T c6526a1998b34c58a6cf6d284e176ec0 P 1b04acc4e33545ff8a0ae0f0bc9ecf9c [CANDIDATE]: Term 1 pre-election: Tablet error from VoteRequest() call to peer 20ef7e7ef5694b34acd3e33fd92f1d8e (127.13.100.131:45617): Illegal state: must be running to vote when last-logged opid is not known
I20260710 10:59:53.843216 14564 leader_election.cc:290] T b759b56bbd8c479a95a8e753b7035bd6 P 689fedfcc3484e80ada55379185e06f5 [CANDIDATE]: Term 1 pre-election: Requested pre-vote from peers 1b04acc4e33545ff8a0ae0f0bc9ecf9c (127.13.100.130:43889), 20ef7e7ef5694b34acd3e33fd92f1d8e (127.13.100.131:45617)
I20260710 10:59:53.852964 14242 catalog_manager.cc:5697] T 652d90d13beb44bb81af1d66ce622fa4 P 689fedfcc3484e80ada55379185e06f5 reported cstate change: term changed from 0 to 1, leader changed from <none> to 689fedfcc3484e80ada55379185e06f5 (127.13.100.129). New cstate: current_term: 1 leader_uuid: "689fedfcc3484e80ada55379185e06f5" committed_config { opid_index: -1 OBSOLETE_local: false peers { permanent_uuid: "689fedfcc3484e80ada55379185e06f5" member_type: VOTER last_known_addr { host: "127.13.100.129" port: 36125 } health_report { overall_health: HEALTHY } } peers { permanent_uuid: "1b04acc4e33545ff8a0ae0f0bc9ecf9c" member_type: VOTER last_known_addr { host: "127.13.100.130" port: 43889 } health_report { overall_health: UNKNOWN } } peers { permanent_uuid: "20ef7e7ef5694b34acd3e33fd92f1d8e" member_type: VOTER last_known_addr { host: "127.13.100.131" port: 45617 } health_report { overall_health: UNKNOWN } } }
I20260710 10:59:53.854426 14538 tablet_bootstrap.cc:654] T daff6840c2244d94a6d1df51f31e2179 P 689fedfcc3484e80ada55379185e06f5: Neither blocks nor log segments found. Creating new log.
W20260710 10:59:53.854365 14313 leader_election.cc:343] T b759b56bbd8c479a95a8e753b7035bd6 P 689fedfcc3484e80ada55379185e06f5 [CANDIDATE]: Term 1 pre-election: Tablet error from VoteRequest() call to peer 1b04acc4e33545ff8a0ae0f0bc9ecf9c (127.13.100.130:43889): Illegal state: must be running to vote when last-logged opid is not known
I20260710 10:59:53.857630 14497 tablet_service.cc:1917] Received RequestConsensusVote() RPC: tablet_id: "b759b56bbd8c479a95a8e753b7035bd6" candidate_uuid: "689fedfcc3484e80ada55379185e06f5" candidate_term: 1 candidate_status { last_received { term: 0 index: 0 } } ignore_live_leader: false dest_uuid: "20ef7e7ef5694b34acd3e33fd92f1d8e" is_pre_election: true
I20260710 10:59:53.858453 14497 raft_consensus.cc:2468] T b759b56bbd8c479a95a8e753b7035bd6 P 20ef7e7ef5694b34acd3e33fd92f1d8e [term 0 FOLLOWER]: Leader pre-election vote request: Granting yes vote for candidate 689fedfcc3484e80ada55379185e06f5 in term 0.
I20260710 10:59:53.859894 14314 leader_election.cc:304] T b759b56bbd8c479a95a8e753b7035bd6 P 689fedfcc3484e80ada55379185e06f5 [CANDIDATE]: Term 1 pre-election: Election decided. Result: candidate won. Election summary: received 3 responses out of 3 voters: 2 yes votes; 1 no votes. yes voters: 20ef7e7ef5694b34acd3e33fd92f1d8e, 689fedfcc3484e80ada55379185e06f5; no voters: 1b04acc4e33545ff8a0ae0f0bc9ecf9c
I20260710 10:59:53.860801 14564 raft_consensus.cc:2804] T b759b56bbd8c479a95a8e753b7035bd6 P 689fedfcc3484e80ada55379185e06f5 [term 0 FOLLOWER]: Leader pre-election won for term 1
I20260710 10:59:53.861189 14564 raft_consensus.cc:493] T b759b56bbd8c479a95a8e753b7035bd6 P 689fedfcc3484e80ada55379185e06f5 [term 0 FOLLOWER]: Starting leader election (no leader contacted us within the election timeout)
I20260710 10:59:53.861599 14564 raft_consensus.cc:3060] T b759b56bbd8c479a95a8e753b7035bd6 P 689fedfcc3484e80ada55379185e06f5 [term 0 FOLLOWER]: Advancing to term 1
I20260710 10:59:53.848235 14546 leader_election.cc:290] T 6f7c0c127501417a9dcbfbb12f8bbc1b P 20ef7e7ef5694b34acd3e33fd92f1d8e [CANDIDATE]: Term 1 pre-election: Requested pre-vote from peers 689fedfcc3484e80ada55379185e06f5 (127.13.100.129:36125), 1b04acc4e33545ff8a0ae0f0bc9ecf9c (127.13.100.130:43889)
I20260710 10:59:53.869839 14349 tablet_service.cc:1917] Received RequestConsensusVote() RPC: tablet_id: "a5896357c1c34ef7bdbd17f83435ee31" candidate_uuid: "1b04acc4e33545ff8a0ae0f0bc9ecf9c" candidate_term: 1 candidate_status { last_received { term: 0 index: 0 } } ignore_live_leader: false dest_uuid: "689fedfcc3484e80ada55379185e06f5" is_pre_election: true
I20260710 10:59:53.870779 14349 raft_consensus.cc:2468] T a5896357c1c34ef7bdbd17f83435ee31 P 689fedfcc3484e80ada55379185e06f5 [term 0 FOLLOWER]: Leader pre-election vote request: Granting yes vote for candidate 1b04acc4e33545ff8a0ae0f0bc9ecf9c in term 0.
I20260710 10:59:53.871833 14538 tablet_bootstrap.cc:492] T daff6840c2244d94a6d1df51f31e2179 P 689fedfcc3484e80ada55379185e06f5: No bootstrap required, opened a new log
I20260710 10:59:53.872159 14348 tablet_service.cc:1917] Received RequestConsensusVote() RPC: tablet_id: "c6526a1998b34c58a6cf6d284e176ec0" candidate_uuid: "1b04acc4e33545ff8a0ae0f0bc9ecf9c" candidate_term: 1 candidate_status { last_received { term: 0 index: 0 } } ignore_live_leader: false dest_uuid: "689fedfcc3484e80ada55379185e06f5" is_pre_election: true
I20260710 10:59:53.872560 14538 ts_tablet_manager.cc:1403] T daff6840c2244d94a6d1df51f31e2179 P 689fedfcc3484e80ada55379185e06f5: Time spent bootstrapping tablet: real 0.030s	user 0.010s	sys 0.011s
I20260710 10:59:53.873114 14348 raft_consensus.cc:2468] T c6526a1998b34c58a6cf6d284e176ec0 P 689fedfcc3484e80ada55379185e06f5 [term 0 FOLLOWER]: Leader pre-election vote request: Granting yes vote for candidate 1b04acc4e33545ff8a0ae0f0bc9ecf9c in term 0.
I20260710 10:59:53.876600 14390 leader_election.cc:304] T c6526a1998b34c58a6cf6d284e176ec0 P 1b04acc4e33545ff8a0ae0f0bc9ecf9c [CANDIDATE]: Term 1 pre-election: Election decided. Result: candidate won. Election summary: received 3 responses out of 3 voters: 2 yes votes; 1 no votes. yes voters: 1b04acc4e33545ff8a0ae0f0bc9ecf9c, 689fedfcc3484e80ada55379185e06f5; no voters: 20ef7e7ef5694b34acd3e33fd92f1d8e
I20260710 10:59:53.878633 14539 tablet_bootstrap.cc:654] T 652d90d13beb44bb81af1d66ce622fa4 P 20ef7e7ef5694b34acd3e33fd92f1d8e: Neither blocks nor log segments found. Creating new log.
I20260710 10:59:53.876560 14538 raft_consensus.cc:359] T daff6840c2244d94a6d1df51f31e2179 P 689fedfcc3484e80ada55379185e06f5 [term 0 FOLLOWER]: Replica starting. Triggering 0 pending ops. Active config: opid_index: -1 OBSOLETE_local: false peers { permanent_uuid: "1b04acc4e33545ff8a0ae0f0bc9ecf9c" member_type: VOTER last_known_addr { host: "127.13.100.130" port: 43889 } } peers { permanent_uuid: "20ef7e7ef5694b34acd3e33fd92f1d8e" member_type: VOTER last_known_addr { host: "127.13.100.131" port: 45617 } } peers { permanent_uuid: "689fedfcc3484e80ada55379185e06f5" member_type: VOTER last_known_addr { host: "127.13.100.129" port: 36125 } }
I20260710 10:59:53.879036 14538 raft_consensus.cc:385] T daff6840c2244d94a6d1df51f31e2179 P 689fedfcc3484e80ada55379185e06f5 [term 0 FOLLOWER]: Consensus starting up: Expiring failure detector timer to make a prompt election more likely
I20260710 10:59:53.879452 14538 raft_consensus.cc:740] T daff6840c2244d94a6d1df51f31e2179 P 689fedfcc3484e80ada55379185e06f5 [term 0 FOLLOWER]: Becoming Follower/Learner. State: Replica: 689fedfcc3484e80ada55379185e06f5, State: Initialized, Role: FOLLOWER
I20260710 10:59:53.880491 14538 consensus_queue.cc:260] T daff6840c2244d94a6d1df51f31e2179 P 689fedfcc3484e80ada55379185e06f5 [NON_LEADER]: Queue going to NON_LEADER mode. State: All replicated index: 0, Majority replicated index: 0, Committed index: 0, Last appended: 0.0, Last appended by leader: 0, Current term: 0, Majority size: -1, State: 0, Mode: NON_LEADER, active raft config: opid_index: -1 OBSOLETE_local: false peers { permanent_uuid: "1b04acc4e33545ff8a0ae0f0bc9ecf9c" member_type: VOTER last_known_addr { host: "127.13.100.130" port: 43889 } } peers { permanent_uuid: "20ef7e7ef5694b34acd3e33fd92f1d8e" member_type: VOTER last_known_addr { host: "127.13.100.131" port: 45617 } } peers { permanent_uuid: "689fedfcc3484e80ada55379185e06f5" member_type: VOTER last_known_addr { host: "127.13.100.129" port: 36125 } }
I20260710 10:59:53.869124 14547 raft_consensus.cc:515] T a5896357c1c34ef7bdbd17f83435ee31 P 1b04acc4e33545ff8a0ae0f0bc9ecf9c [term 1 FOLLOWER]: Starting leader election with config: opid_index: -1 OBSOLETE_local: false peers { permanent_uuid: "689fedfcc3484e80ada55379185e06f5" member_type: VOTER last_known_addr { host: "127.13.100.129" port: 36125 } } peers { permanent_uuid: "1b04acc4e33545ff8a0ae0f0bc9ecf9c" member_type: VOTER last_known_addr { host: "127.13.100.130" port: 43889 } } peers { permanent_uuid: "20ef7e7ef5694b34acd3e33fd92f1d8e" member_type: VOTER last_known_addr { host: "127.13.100.131" port: 45617 } }
I20260710 10:59:53.883038 14538 ts_tablet_manager.cc:1434] T daff6840c2244d94a6d1df51f31e2179 P 689fedfcc3484e80ada55379185e06f5: Time spent starting tablet: real 0.010s	user 0.009s	sys 0.001s
I20260710 10:59:53.883862 14541 tablet_bootstrap.cc:492] T f7ef561e47e141219c14494d43be9466 P 1b04acc4e33545ff8a0ae0f0bc9ecf9c: No bootstrap required, opened a new log
I20260710 10:59:53.884763 14541 ts_tablet_manager.cc:1403] T f7ef561e47e141219c14494d43be9466 P 1b04acc4e33545ff8a0ae0f0bc9ecf9c: Time spent bootstrapping tablet: real 0.098s	user 0.028s	sys 0.021s
I20260710 10:59:53.884982 14538 tablet_bootstrap.cc:492] T 6f7c0c127501417a9dcbfbb12f8bbc1b P 689fedfcc3484e80ada55379185e06f5: Bootstrap starting.
I20260710 10:59:53.882350 14573 raft_consensus.cc:2804] T c6526a1998b34c58a6cf6d284e176ec0 P 1b04acc4e33545ff8a0ae0f0bc9ecf9c [term 0 FOLLOWER]: Leader pre-election won for term 1
I20260710 10:59:53.886098 14348 tablet_service.cc:1917] Received RequestConsensusVote() RPC: tablet_id: "a5896357c1c34ef7bdbd17f83435ee31" candidate_uuid: "1b04acc4e33545ff8a0ae0f0bc9ecf9c" candidate_term: 1 candidate_status { last_received { term: 0 index: 0 } } ignore_live_leader: false dest_uuid: "689fedfcc3484e80ada55379185e06f5"
I20260710 10:59:53.888557 14348 raft_consensus.cc:3060] T a5896357c1c34ef7bdbd17f83435ee31 P 689fedfcc3484e80ada55379185e06f5 [term 0 FOLLOWER]: Advancing to term 1
I20260710 10:59:53.888064 14573 raft_consensus.cc:493] T c6526a1998b34c58a6cf6d284e176ec0 P 1b04acc4e33545ff8a0ae0f0bc9ecf9c [term 0 FOLLOWER]: Starting leader election (no leader contacted us within the election timeout)
I20260710 10:59:53.892474 14541 raft_consensus.cc:359] T f7ef561e47e141219c14494d43be9466 P 1b04acc4e33545ff8a0ae0f0bc9ecf9c [term 0 FOLLOWER]: Replica starting. Triggering 0 pending ops. Active config: opid_index: -1 OBSOLETE_local: false peers { permanent_uuid: "689fedfcc3484e80ada55379185e06f5" member_type: VOTER last_known_addr { host: "127.13.100.129" port: 36125 } } peers { permanent_uuid: "1b04acc4e33545ff8a0ae0f0bc9ecf9c" member_type: VOTER last_known_addr { host: "127.13.100.130" port: 43889 } } peers { permanent_uuid: "20ef7e7ef5694b34acd3e33fd92f1d8e" member_type: VOTER last_known_addr { host: "127.13.100.131" port: 45617 } }
I20260710 10:59:53.893250 14541 raft_consensus.cc:385] T f7ef561e47e141219c14494d43be9466 P 1b04acc4e33545ff8a0ae0f0bc9ecf9c [term 0 FOLLOWER]: Consensus starting up: Expiring failure detector timer to make a prompt election more likely
I20260710 10:59:53.893558 14541 raft_consensus.cc:740] T f7ef561e47e141219c14494d43be9466 P 1b04acc4e33545ff8a0ae0f0bc9ecf9c [term 0 FOLLOWER]: Becoming Follower/Learner. State: Replica: 1b04acc4e33545ff8a0ae0f0bc9ecf9c, State: Initialized, Role: FOLLOWER
I20260710 10:59:53.894299 14541 consensus_queue.cc:260] T f7ef561e47e141219c14494d43be9466 P 1b04acc4e33545ff8a0ae0f0bc9ecf9c [NON_LEADER]: Queue going to NON_LEADER mode. State: All replicated index: 0, Majority replicated index: 0, Committed index: 0, Last appended: 0.0, Last appended by leader: 0, Current term: 0, Majority size: -1, State: 0, Mode: NON_LEADER, active raft config: opid_index: -1 OBSOLETE_local: false peers { permanent_uuid: "689fedfcc3484e80ada55379185e06f5" member_type: VOTER last_known_addr { host: "127.13.100.129" port: 36125 } } peers { permanent_uuid: "1b04acc4e33545ff8a0ae0f0bc9ecf9c" member_type: VOTER last_known_addr { host: "127.13.100.130" port: 43889 } } peers { permanent_uuid: "20ef7e7ef5694b34acd3e33fd92f1d8e" member_type: VOTER last_known_addr { host: "127.13.100.131" port: 45617 } }
I20260710 10:59:53.895926 14546 raft_consensus.cc:493] T e917d726bfb14812b602f90fafdc2a00 P 20ef7e7ef5694b34acd3e33fd92f1d8e [term 0 FOLLOWER]: Starting pre-election (no leader contacted us within the election timeout)
I20260710 10:59:53.896572 14546 raft_consensus.cc:515] T e917d726bfb14812b602f90fafdc2a00 P 20ef7e7ef5694b34acd3e33fd92f1d8e [term 0 FOLLOWER]: Starting pre-election with config: opid_index: -1 OBSOLETE_local: false peers { permanent_uuid: "689fedfcc3484e80ada55379185e06f5" member_type: VOTER last_known_addr { host: "127.13.100.129" port: 36125 } } peers { permanent_uuid: "1b04acc4e33545ff8a0ae0f0bc9ecf9c" member_type: VOTER last_known_addr { host: "127.13.100.130" port: 43889 } } peers { permanent_uuid: "20ef7e7ef5694b34acd3e33fd92f1d8e" member_type: VOTER last_known_addr { host: "127.13.100.131" port: 45617 } }
I20260710 10:59:53.890077 14573 raft_consensus.cc:3060] T c6526a1998b34c58a6cf6d284e176ec0 P 1b04acc4e33545ff8a0ae0f0bc9ecf9c [term 0 FOLLOWER]: Advancing to term 1
I20260710 10:59:53.896163 14538 tablet_bootstrap.cc:654] T 6f7c0c127501417a9dcbfbb12f8bbc1b P 689fedfcc3484e80ada55379185e06f5: Neither blocks nor log segments found. Creating new log.
I20260710 10:59:53.899845 14497 tablet_service.cc:1917] Received RequestConsensusVote() RPC: tablet_id: "a5896357c1c34ef7bdbd17f83435ee31" candidate_uuid: "1b04acc4e33545ff8a0ae0f0bc9ecf9c" candidate_term: 1 candidate_status { last_received { term: 0 index: 0 } } ignore_live_leader: false dest_uuid: "20ef7e7ef5694b34acd3e33fd92f1d8e"
I20260710 10:59:53.900862 14497 raft_consensus.cc:3060] T a5896357c1c34ef7bdbd17f83435ee31 P 20ef7e7ef5694b34acd3e33fd92f1d8e [term 0 FOLLOWER]: Advancing to term 1
I20260710 10:59:53.900414 14547 leader_election.cc:290] T a5896357c1c34ef7bdbd17f83435ee31 P 1b04acc4e33545ff8a0ae0f0bc9ecf9c [CANDIDATE]: Term 1 election: Requested vote from peers 689fedfcc3484e80ada55379185e06f5 (127.13.100.129:36125), 20ef7e7ef5694b34acd3e33fd92f1d8e (127.13.100.131:45617)
I20260710 10:59:53.902565 14546 leader_election.cc:290] T e917d726bfb14812b602f90fafdc2a00 P 20ef7e7ef5694b34acd3e33fd92f1d8e [CANDIDATE]: Term 1 pre-election: Requested pre-vote from peers 689fedfcc3484e80ada55379185e06f5 (127.13.100.129:36125), 1b04acc4e33545ff8a0ae0f0bc9ecf9c (127.13.100.130:43889)
I20260710 10:59:53.910521 14564 raft_consensus.cc:515] T b759b56bbd8c479a95a8e753b7035bd6 P 689fedfcc3484e80ada55379185e06f5 [term 1 FOLLOWER]: Starting leader election with config: opid_index: -1 OBSOLETE_local: false peers { permanent_uuid: "689fedfcc3484e80ada55379185e06f5" member_type: VOTER last_known_addr { host: "127.13.100.129" port: 36125 } } peers { permanent_uuid: "1b04acc4e33545ff8a0ae0f0bc9ecf9c" member_type: VOTER last_known_addr { host: "127.13.100.130" port: 43889 } } peers { permanent_uuid: "20ef7e7ef5694b34acd3e33fd92f1d8e" member_type: VOTER last_known_addr { host: "127.13.100.131" port: 45617 } }
I20260710 10:59:53.913885 14497 raft_consensus.cc:2468] T a5896357c1c34ef7bdbd17f83435ee31 P 20ef7e7ef5694b34acd3e33fd92f1d8e [term 1 FOLLOWER]: Leader election vote request: Granting yes vote for candidate 1b04acc4e33545ff8a0ae0f0bc9ecf9c in term 1.
I20260710 10:59:53.915263 14389 leader_election.cc:304] T a5896357c1c34ef7bdbd17f83435ee31 P 1b04acc4e33545ff8a0ae0f0bc9ecf9c [CANDIDATE]: Term 1 election: Election decided. Result: candidate won. Election summary: received 2 responses out of 3 voters: 2 yes votes; 0 no votes. yes voters: 1b04acc4e33545ff8a0ae0f0bc9ecf9c, 20ef7e7ef5694b34acd3e33fd92f1d8e; no voters: 
I20260710 10:59:53.916203 14547 raft_consensus.cc:2804] T a5896357c1c34ef7bdbd17f83435ee31 P 1b04acc4e33545ff8a0ae0f0bc9ecf9c [term 1 FOLLOWER]: Leader election won for term 1
I20260710 10:59:53.916754 14547 raft_consensus.cc:697] T a5896357c1c34ef7bdbd17f83435ee31 P 1b04acc4e33545ff8a0ae0f0bc9ecf9c [term 1 LEADER]: Becoming Leader. State: Replica: 1b04acc4e33545ff8a0ae0f0bc9ecf9c, State: Running, Role: LEADER
I20260710 10:59:53.917914 14348 raft_consensus.cc:2468] T a5896357c1c34ef7bdbd17f83435ee31 P 689fedfcc3484e80ada55379185e06f5 [term 1 FOLLOWER]: Leader election vote request: Granting yes vote for candidate 1b04acc4e33545ff8a0ae0f0bc9ecf9c in term 1.
