I20260710 11:09:37.486738 14096 leader_election.cc:290] T 597e26dd706e46768d70b5ad7fcfa329 P 0c1d91694270441eacc846df216f9191 [CANDIDATE]: Term 3 election: Requested vote from peers 73e3fe5afd574f0398906bd9a6e8878a (127.13.144.1:34617), 08f3c405d2f64c80a2bc4ef0c4214fab (127.13.144.3:40801)
I20260710 11:09:37.487011 14022 tablet_service.cc:1917] Received RequestConsensusVote() RPC: tablet_id: "597e26dd706e46768d70b5ad7fcfa329" candidate_uuid: "0c1d91694270441eacc846df216f9191" candidate_term: 3 candidate_status { last_received { term: 2 index: 2 } } ignore_live_leader: true dest_uuid: "73e3fe5afd574f0398906bd9a6e8878a"
I20260710 11:09:37.487537 14022 raft_consensus.cc:3055] T 597e26dd706e46768d70b5ad7fcfa329 P 73e3fe5afd574f0398906bd9a6e8878a [term 2 LEADER]: Stepping down as leader of term 2
I20260710 11:09:37.487830 14022 raft_consensus.cc:740] T 597e26dd706e46768d70b5ad7fcfa329 P 73e3fe5afd574f0398906bd9a6e8878a [term 2 LEADER]: Becoming Follower/Learner. State: Replica: 73e3fe5afd574f0398906bd9a6e8878a, State: Running, Role: LEADER
I20260710 11:09:37.488489 14022 consensus_queue.cc:260] T 597e26dd706e46768d70b5ad7fcfa329 P 73e3fe5afd574f0398906bd9a6e8878a [NON_LEADER]: Queue going to NON_LEADER mode. State: All replicated index: 0, Majority replicated index: 2, Committed index: 2, Last appended: 2.2, Last appended by leader: 2, Current term: 2, Majority size: -1, State: 0, Mode: NON_LEADER, active raft config: opid_index: -1 OBSOLETE_local: false peers { permanent_uuid: "73e3fe5afd574f0398906bd9a6e8878a" member_type: VOTER last_known_addr { host: "127.13.144.1" port: 34617 } } peers { permanent_uuid: "0c1d91694270441eacc846df216f9191" member_type: VOTER last_known_addr { host: "127.13.144.2" port: 34353 } } peers { permanent_uuid: "08f3c405d2f64c80a2bc4ef0c4214fab" member_type: VOTER last_known_addr { host: "127.13.144.3" port: 40801 } }
I20260710 11:09:37.489796 14022 raft_consensus.cc:3060] T 597e26dd706e46768d70b5ad7fcfa329 P 73e3fe5afd574f0398906bd9a6e8878a [term 2 FOLLOWER]: Advancing to term 3
I20260710 11:09:37.492297 14170 tablet_service.cc:1917] Received RequestConsensusVote() RPC: tablet_id: "597e26dd706e46768d70b5ad7fcfa329" candidate_uuid: "0c1d91694270441eacc846df216f9191" candidate_term: 3 candidate_status { last_received { term: 2 index: 2 } } ignore_live_leader: true dest_uuid: "08f3c405d2f64c80a2bc4ef0c4214fab"
I20260710 11:09:37.492830 14170 raft_consensus.cc:3060] T 597e26dd706e46768d70b5ad7fcfa329 P 08f3c405d2f64c80a2bc4ef0c4214fab [term 2 FOLLOWER]: Advancing to term 3
I20260710 11:09:37.498173 14022 raft_consensus.cc:2468] T 597e26dd706e46768d70b5ad7fcfa329 P 73e3fe5afd574f0398906bd9a6e8878a [term 3 FOLLOWER]: Leader election vote request: Granting yes vote for candidate 0c1d91694270441eacc846df216f9191 in term 3.
I20260710 11:09:37.498207 14170 raft_consensus.cc:2468] T 597e26dd706e46768d70b5ad7fcfa329 P 08f3c405d2f64c80a2bc4ef0c4214fab [term 3 FOLLOWER]: Leader election vote request: Granting yes vote for candidate 0c1d91694270441eacc846df216f9191 in term 3.
I20260710 11:09:37.499267 14063 leader_election.cc:304] T 597e26dd706e46768d70b5ad7fcfa329 P 0c1d91694270441eacc846df216f9191 [CANDIDATE]: Term 3 election: Election decided. Result: candidate won. Election summary: received 2 responses out of 3 voters: 2 yes votes; 0 no votes. yes voters: 08f3c405d2f64c80a2bc4ef0c4214fab, 0c1d91694270441eacc846df216f9191; no voters: 
I20260710 11:09:37.499940 14329 raft_consensus.cc:2804] T 597e26dd706e46768d70b5ad7fcfa329 P 0c1d91694270441eacc846df216f9191 [term 3 FOLLOWER]: Leader election won for term 3
I20260710 11:09:37.500423 14329 raft_consensus.cc:697] T 597e26dd706e46768d70b5ad7fcfa329 P 0c1d91694270441eacc846df216f9191 [term 3 LEADER]: Becoming Leader. State: Replica: 0c1d91694270441eacc846df216f9191, State: Running, Role: LEADER
I20260710 11:09:37.501173 14329 consensus_queue.cc:237] T 597e26dd706e46768d70b5ad7fcfa329 P 0c1d91694270441eacc846df216f9191 [LEADER]: Queue going to LEADER mode. State: All replicated index: 0, Majority replicated index: 2, Committed index: 2, Last appended: 2.2, Last appended by leader: 2, Current term: 3, Majority size: 2, State: 0, Mode: LEADER, active raft config: opid_index: -1 OBSOLETE_local: false peers { permanent_uuid: "73e3fe5afd574f0398906bd9a6e8878a" member_type: VOTER last_known_addr { host: "127.13.144.1" port: 34617 } } peers { permanent_uuid: "0c1d91694270441eacc846df216f9191" member_type: VOTER last_known_addr { host: "127.13.144.2" port: 34353 } } peers { permanent_uuid: "08f3c405d2f64c80a2bc4ef0c4214fab" member_type: VOTER last_known_addr { host: "127.13.144.3" port: 40801 } }
I20260710 11:09:37.508090 13917 catalog_manager.cc:5697] T 597e26dd706e46768d70b5ad7fcfa329 P 0c1d91694270441eacc846df216f9191 reported cstate change: term changed from 2 to 3, leader changed from 73e3fe5afd574f0398906bd9a6e8878a (127.13.144.1) to 0c1d91694270441eacc846df216f9191 (127.13.144.2). New cstate: current_term: 3 leader_uuid: "0c1d91694270441eacc846df216f9191" committed_config { opid_index: -1 OBSOLETE_local: false peers { permanent_uuid: "73e3fe5afd574f0398906bd9a6e8878a" member_type: VOTER last_known_addr { host: "127.13.144.1" port: 34617 } health_report { overall_health: UNKNOWN } } peers { permanent_uuid: "0c1d91694270441eacc846df216f9191" member_type: VOTER last_known_addr { host: "127.13.144.2" port: 34353 } health_report { overall_health: HEALTHY } } peers { permanent_uuid: "08f3c405d2f64c80a2bc4ef0c4214fab" member_type: VOTER last_known_addr { host: "127.13.144.3" port: 40801 } health_report { overall_health: UNKNOWN } } }
I20260710 11:09:37.646274 14022 raft_consensus.cc:1275] T 9c79a23f4b6e4895af1034d0391cc44f P 73e3fe5afd574f0398906bd9a6e8878a [term 5 FOLLOWER]: Refusing update from remote peer 0c1d91694270441eacc846df216f9191: Log matching property violated. Preceding OpId in replica: term: 4 index: 2. Preceding OpId from leader: term: 5 index: 3. (index mismatch)
I20260710 11:09:37.647490 14329 consensus_queue.cc:1048] T 9c79a23f4b6e4895af1034d0391cc44f P 0c1d91694270441eacc846df216f9191 [LEADER]: Connected to new peer: Peer: permanent_uuid: "73e3fe5afd574f0398906bd9a6e8878a" member_type: VOTER last_known_addr { host: "127.13.144.1" port: 34617 }, Status: LMP_MISMATCH, Last received: 0.0, Next index: 3, Last known committed idx: 2, Time since last communication: 0.000s
I20260710 11:09:37.657691 14170 raft_consensus.cc:1275] T 9c79a23f4b6e4895af1034d0391cc44f P 08f3c405d2f64c80a2bc4ef0c4214fab [term 5 FOLLOWER]: Refusing update from remote peer 0c1d91694270441eacc846df216f9191: Log matching property violated. Preceding OpId in replica: term: 4 index: 2. Preceding OpId from leader: term: 5 index: 3. (index mismatch)
I20260710 11:09:37.658895 14357 consensus_queue.cc:1048] T 9c79a23f4b6e4895af1034d0391cc44f P 0c1d91694270441eacc846df216f9191 [LEADER]: Connected to new peer: Peer: permanent_uuid: "08f3c405d2f64c80a2bc4ef0c4214fab" member_type: VOTER last_known_addr { host: "127.13.144.3" port: 40801 }, Status: LMP_MISMATCH, Last received: 0.0, Next index: 3, Last known committed idx: 2, Time since last communication: 0.000s
I20260710 11:09:37.967171 14170 raft_consensus.cc:1275] T 597e26dd706e46768d70b5ad7fcfa329 P 08f3c405d2f64c80a2bc4ef0c4214fab [term 3 FOLLOWER]: Refusing update from remote peer 0c1d91694270441eacc846df216f9191: Log matching property violated. Preceding OpId in replica: term: 2 index: 2. Preceding OpId from leader: term: 3 index: 3. (index mismatch)
I20260710 11:09:37.968851 14337 consensus_queue.cc:1048] T 597e26dd706e46768d70b5ad7fcfa329 P 0c1d91694270441eacc846df216f9191 [LEADER]: Connected to new peer: Peer: permanent_uuid: "08f3c405d2f64c80a2bc4ef0c4214fab" member_type: VOTER last_known_addr { host: "127.13.144.3" port: 40801 }, Status: LMP_MISMATCH, Last received: 0.0, Next index: 3, Last known committed idx: 2, Time since last communication: 0.001s
I20260710 11:09:37.982923 14022 raft_consensus.cc:1275] T 597e26dd706e46768d70b5ad7fcfa329 P 73e3fe5afd574f0398906bd9a6e8878a [term 3 FOLLOWER]: Refusing update from remote peer 0c1d91694270441eacc846df216f9191: Log matching property violated. Preceding OpId in replica: term: 2 index: 2. Preceding OpId from leader: term: 3 index: 3. (index mismatch)
I20260710 11:09:37.984680 14337 consensus_queue.cc:1048] T 597e26dd706e46768d70b5ad7fcfa329 P 0c1d91694270441eacc846df216f9191 [LEADER]: Connected to new peer: Peer: permanent_uuid: "73e3fe5afd574f0398906bd9a6e8878a" member_type: VOTER last_known_addr { host: "127.13.144.1" port: 34617 }, Status: LMP_MISMATCH, Last received: 0.0, Next index: 3, Last known committed idx: 2, Time since last communication: 0.000s
I20260710 11:09:39.917344 13888 auto_leader_rebalancer.cc:141] leader rebalance for table test-workload
I20260710 11:09:39.938944 14096 tablet_service.cc:2072] Received LeaderStepDown RPC: tablet_id: "597e26dd706e46768d70b5ad7fcfa329"
dest_uuid: "0c1d91694270441eacc846df216f9191"
mode: GRACEFUL
new_leader_uuid: "73e3fe5afd574f0398906bd9a6e8878a"
 from {username='slave'} at 127.0.0.1:49966
I20260710 11:09:39.939563 14096 raft_consensus.cc:606] T 597e26dd706e46768d70b5ad7fcfa329 P 0c1d91694270441eacc846df216f9191 [term 3 LEADER]: Received request to transfer leadership to TS 73e3fe5afd574f0398906bd9a6e8878a
I20260710 11:09:39.942418 14096 tablet_service.cc:2072] Received LeaderStepDown RPC: tablet_id: "7140233d7ae844bfad5edc81bd824caf"
dest_uuid: "0c1d91694270441eacc846df216f9191"
mode: GRACEFUL
new_leader_uuid: "08f3c405d2f64c80a2bc4ef0c4214fab"
 from {username='slave'} at 127.0.0.1:49966
I20260710 11:09:39.942924 14096 raft_consensus.cc:606] T 7140233d7ae844bfad5edc81bd824caf P 0c1d91694270441eacc846df216f9191 [term 2 LEADER]: Received request to transfer leadership to TS 08f3c405d2f64c80a2bc4ef0c4214fab
I20260710 11:09:39.945281 14096 tablet_service.cc:2072] Received LeaderStepDown RPC: tablet_id: "9c79a23f4b6e4895af1034d0391cc44f"
dest_uuid: "0c1d91694270441eacc846df216f9191"
mode: GRACEFUL
new_leader_uuid: "73e3fe5afd574f0398906bd9a6e8878a"
 from {username='slave'} at 127.0.0.1:49966
I20260710 11:09:39.945740 14096 raft_consensus.cc:606] T 9c79a23f4b6e4895af1034d0391cc44f P 0c1d91694270441eacc846df216f9191 [term 5 LEADER]: Received request to transfer leadership to TS 73e3fe5afd574f0398906bd9a6e8878a
I20260710 11:09:39.947930 14096 tablet_service.cc:2072] Received LeaderStepDown RPC: tablet_id: "e55e3ae7124e487fa70ee32232810a5e"
dest_uuid: "0c1d91694270441eacc846df216f9191"
mode: GRACEFUL
new_leader_uuid: "08f3c405d2f64c80a2bc4ef0c4214fab"
 from {username='slave'} at 127.0.0.1:49966
I20260710 11:09:39.948437 14096 raft_consensus.cc:606] T e55e3ae7124e487fa70ee32232810a5e P 0c1d91694270441eacc846df216f9191 [term 3 LEADER]: Received request to transfer leadership to TS 08f3c405d2f64c80a2bc4ef0c4214fab
I20260710 11:09:39.950572 14096 tablet_service.cc:2072] Received LeaderStepDown RPC: tablet_id: "e6820b303d2a4b43b423346ebadbff05"
dest_uuid: "0c1d91694270441eacc846df216f9191"
mode: GRACEFUL
new_leader_uuid: "73e3fe5afd574f0398906bd9a6e8878a"
 from {username='slave'} at 127.0.0.1:49966
I20260710 11:09:39.951012 14096 raft_consensus.cc:606] T e6820b303d2a4b43b423346ebadbff05 P 0c1d91694270441eacc846df216f9191 [term 2 LEADER]: Received request to transfer leadership to TS 73e3fe5afd574f0398906bd9a6e8878a
I20260710 11:09:39.952229 13888 auto_leader_rebalancer.cc:452] table: test-workload, leader rebalance finish, leader transfer count: 5
I20260710 11:09:39.952733 13888 auto_leader_rebalancer.cc:527] All tables' leader rebalancing finished this round
I20260710 11:09:40.059990 14365 raft_consensus.cc:993] T e55e3ae7124e487fa70ee32232810a5e P 0c1d91694270441eacc846df216f9191: : Instructing follower 08f3c405d2f64c80a2bc4ef0c4214fab to start an election
I20260710 11:09:40.060460 14365 raft_consensus.cc:1081] T e55e3ae7124e487fa70ee32232810a5e P 0c1d91694270441eacc846df216f9191 [term 3 LEADER]: Signalling peer 08f3c405d2f64c80a2bc4ef0c4214fab to start an election
I20260710 11:09:40.061838 14170 tablet_service.cc:2044] Received Run Leader Election RPC: tablet_id: "e55e3ae7124e487fa70ee32232810a5e"
dest_uuid: "08f3c405d2f64c80a2bc4ef0c4214fab"
 from {username='slave'} at 127.0.0.1:47130
I20260710 11:09:40.062306 14170 raft_consensus.cc:493] T e55e3ae7124e487fa70ee32232810a5e P 08f3c405d2f64c80a2bc4ef0c4214fab [term 3 FOLLOWER]: Starting forced leader election (received explicit request)
I20260710 11:09:40.062620 14170 raft_consensus.cc:3060] T e55e3ae7124e487fa70ee32232810a5e P 08f3c405d2f64c80a2bc4ef0c4214fab [term 3 FOLLOWER]: Advancing to term 4
I20260710 11:09:40.068392 14170 raft_consensus.cc:515] T e55e3ae7124e487fa70ee32232810a5e P 08f3c405d2f64c80a2bc4ef0c4214fab [term 4 FOLLOWER]: Starting forced leader election with config: opid_index: -1 OBSOLETE_local: false peers { permanent_uuid: "73e3fe5afd574f0398906bd9a6e8878a" member_type: VOTER last_known_addr { host: "127.13.144.1" port: 34617 } } peers { permanent_uuid: "0c1d91694270441eacc846df216f9191" member_type: VOTER last_known_addr { host: "127.13.144.2" port: 34353 } } peers { permanent_uuid: "08f3c405d2f64c80a2bc4ef0c4214fab" member_type: VOTER last_known_addr { host: "127.13.144.3" port: 40801 } }
I20260710 11:09:40.070547 14329 raft_consensus.cc:993] T 7140233d7ae844bfad5edc81bd824caf P 0c1d91694270441eacc846df216f9191: : Instructing follower 08f3c405d2f64c80a2bc4ef0c4214fab to start an election
I20260710 11:09:40.070914 14170 leader_election.cc:290] T e55e3ae7124e487fa70ee32232810a5e P 08f3c405d2f64c80a2bc4ef0c4214fab [CANDIDATE]: Term 4 election: Requested vote from peers 73e3fe5afd574f0398906bd9a6e8878a (127.13.144.1:34617), 0c1d91694270441eacc846df216f9191 (127.13.144.2:34353)
I20260710 11:09:40.071079 14329 raft_consensus.cc:1081] T 7140233d7ae844bfad5edc81bd824caf P 0c1d91694270441eacc846df216f9191 [term 2 LEADER]: Signalling peer 08f3c405d2f64c80a2bc4ef0c4214fab to start an election
I20260710 11:09:40.071126 14023 tablet_service.cc:1917] Received RequestConsensusVote() RPC: tablet_id: "e55e3ae7124e487fa70ee32232810a5e" candidate_uuid: "08f3c405d2f64c80a2bc4ef0c4214fab" candidate_term: 4 candidate_status { last_received { term: 3 index: 3 } } ignore_live_leader: true dest_uuid: "73e3fe5afd574f0398906bd9a6e8878a"
I20260710 11:09:40.071954 14023 raft_consensus.cc:3060] T e55e3ae7124e487fa70ee32232810a5e P 73e3fe5afd574f0398906bd9a6e8878a [term 3 FOLLOWER]: Advancing to term 4
I20260710 11:09:40.072878 14096 tablet_service.cc:1917] Received RequestConsensusVote() RPC: tablet_id: "e55e3ae7124e487fa70ee32232810a5e" candidate_uuid: "08f3c405d2f64c80a2bc4ef0c4214fab" candidate_term: 4 candidate_status { last_received { term: 3 index: 3 } } ignore_live_leader: true dest_uuid: "0c1d91694270441eacc846df216f9191"
I20260710 11:09:40.073030 14170 tablet_service.cc:2044] Received Run Leader Election RPC: tablet_id: "7140233d7ae844bfad5edc81bd824caf"
dest_uuid: "08f3c405d2f64c80a2bc4ef0c4214fab"
 from {username='slave'} at 127.0.0.1:47130
I20260710 11:09:40.073454 14096 raft_consensus.cc:3055] T e55e3ae7124e487fa70ee32232810a5e P 0c1d91694270441eacc846df216f9191 [term 3 LEADER]: Stepping down as leader of term 3
I20260710 11:09:40.073495 14170 raft_consensus.cc:493] T 7140233d7ae844bfad5edc81bd824caf P 08f3c405d2f64c80a2bc4ef0c4214fab [term 2 FOLLOWER]: Starting forced leader election (received explicit request)
I20260710 11:09:40.073887 14096 raft_consensus.cc:740] T e55e3ae7124e487fa70ee32232810a5e P 0c1d91694270441eacc846df216f9191 [term 3 LEADER]: Becoming Follower/Learner. State: Replica: 0c1d91694270441eacc846df216f9191, State: Running, Role: LEADER
I20260710 11:09:40.074012 14170 raft_consensus.cc:3060] T 7140233d7ae844bfad5edc81bd824caf P 08f3c405d2f64c80a2bc4ef0c4214fab [term 2 FOLLOWER]: Advancing to term 3
I20260710 11:09:40.074797 14096 consensus_queue.cc:260] T e55e3ae7124e487fa70ee32232810a5e P 0c1d91694270441eacc846df216f9191 [NON_LEADER]: Queue going to NON_LEADER mode. State: All replicated index: 0, Majority replicated index: 3, Committed index: 3, Last appended: 3.3, Last appended by leader: 3, Current term: 3, Majority size: -1, State: 0, Mode: NON_LEADER, active raft config: opid_index: -1 OBSOLETE_local: false peers { permanent_uuid: "73e3fe5afd574f0398906bd9a6e8878a" member_type: VOTER last_known_addr { host: "127.13.144.1" port: 34617 } } peers { permanent_uuid: "0c1d91694270441eacc846df216f9191" member_type: VOTER last_known_addr { host: "127.13.144.2" port: 34353 } } peers { permanent_uuid: "08f3c405d2f64c80a2bc4ef0c4214fab" member_type: VOTER last_known_addr { host: "127.13.144.3" port: 40801 } }
I20260710 11:09:40.076017 14096 raft_consensus.cc:3060] T e55e3ae7124e487fa70ee32232810a5e P 0c1d91694270441eacc846df216f9191 [term 3 FOLLOWER]: Advancing to term 4
I20260710 11:09:40.078914 14023 raft_consensus.cc:2468] T e55e3ae7124e487fa70ee32232810a5e P 73e3fe5afd574f0398906bd9a6e8878a [term 4 FOLLOWER]: Leader election vote request: Granting yes vote for candidate 08f3c405d2f64c80a2bc4ef0c4214fab in term 4.
I20260710 11:09:40.080195 14137 leader_election.cc:304] T e55e3ae7124e487fa70ee32232810a5e P 08f3c405d2f64c80a2bc4ef0c4214fab [CANDIDATE]: Term 4 election: Election decided. Result: candidate won. Election summary: received 2 responses out of 3 voters: 2 yes votes; 0 no votes. yes voters: 08f3c405d2f64c80a2bc4ef0c4214fab, 73e3fe5afd574f0398906bd9a6e8878a; no voters: 
I20260710 11:09:40.080478 14170 raft_consensus.cc:515] T 7140233d7ae844bfad5edc81bd824caf P 08f3c405d2f64c80a2bc4ef0c4214fab [term 3 FOLLOWER]: Starting forced leader election with config: opid_index: -1 OBSOLETE_local: false peers { permanent_uuid: "73e3fe5afd574f0398906bd9a6e8878a" member_type: VOTER last_known_addr { host: "127.13.144.1" port: 34617 } } peers { permanent_uuid: "0c1d91694270441eacc846df216f9191" member_type: VOTER last_known_addr { host: "127.13.144.2" port: 34353 } } peers { permanent_uuid: "08f3c405d2f64c80a2bc4ef0c4214fab" member_type: VOTER last_known_addr { host: "127.13.144.3" port: 40801 } }
I20260710 11:09:40.081130 14362 raft_consensus.cc:2804] T e55e3ae7124e487fa70ee32232810a5e P 08f3c405d2f64c80a2bc4ef0c4214fab [term 4 FOLLOWER]: Leader election won for term 4
I20260710 11:09:40.082625 14096 raft_consensus.cc:2468] T e55e3ae7124e487fa70ee32232810a5e P 0c1d91694270441eacc846df216f9191 [term 4 FOLLOWER]: Leader election vote request: Granting yes vote for candidate 08f3c405d2f64c80a2bc4ef0c4214fab in term 4.
I20260710 11:09:40.083551 14023 tablet_service.cc:1917] Received RequestConsensusVote() RPC: tablet_id: "7140233d7ae844bfad5edc81bd824caf" candidate_uuid: "08f3c405d2f64c80a2bc4ef0c4214fab" candidate_term: 3 candidate_status { last_received { term: 2 index: 2 } } ignore_live_leader: true dest_uuid: "73e3fe5afd574f0398906bd9a6e8878a"
I20260710 11:09:40.083643 14095 tablet_service.cc:1917] Received RequestConsensusVote() RPC: tablet_id: "7140233d7ae844bfad5edc81bd824caf" candidate_uuid: "08f3c405d2f64c80a2bc4ef0c4214fab" candidate_term: 3 candidate_status { last_received { term: 2 index: 2 } } ignore_live_leader: true dest_uuid: "0c1d91694270441eacc846df216f9191"
I20260710 11:09:40.083869 14362 raft_consensus.cc:697] T e55e3ae7124e487fa70ee32232810a5e P 08f3c405d2f64c80a2bc4ef0c4214fab [term 4 LEADER]: Becoming Leader. State: Replica: 08f3c405d2f64c80a2bc4ef0c4214fab, State: Running, Role: LEADER
I20260710 11:09:40.084539 14095 raft_consensus.cc:3055] T 7140233d7ae844bfad5edc81bd824caf P 0c1d91694270441eacc846df216f9191 [term 2 LEADER]: Stepping down as leader of term 2
I20260710 11:09:40.084550 14023 raft_consensus.cc:3060] T 7140233d7ae844bfad5edc81bd824caf P 73e3fe5afd574f0398906bd9a6e8878a [term 2 FOLLOWER]: Advancing to term 3
I20260710 11:09:40.085165 14170 leader_election.cc:290] T 7140233d7ae844bfad5edc81bd824caf P 08f3c405d2f64c80a2bc4ef0c4214fab [CANDIDATE]: Term 3 election: Requested vote from peers 73e3fe5afd574f0398906bd9a6e8878a (127.13.144.1:34617), 0c1d91694270441eacc846df216f9191 (127.13.144.2:34353)
I20260710 11:09:40.085161 14362 consensus_queue.cc:237] T e55e3ae7124e487fa70ee32232810a5e P 08f3c405d2f64c80a2bc4ef0c4214fab [LEADER]: Queue going to LEADER mode. State: All replicated index: 0, Majority replicated index: 3, Committed index: 3, Last appended: 3.3, Last appended by leader: 3, Current term: 4, Majority size: 2, State: 0, Mode: LEADER, active raft config: opid_index: -1 OBSOLETE_local: false peers { permanent_uuid: "73e3fe5afd574f0398906bd9a6e8878a" member_type: VOTER last_known_addr { host: "127.13.144.1" port: 34617 } } peers { permanent_uuid: "0c1d91694270441eacc846df216f9191" member_type: VOTER last_known_addr { host: "127.13.144.2" port: 34353 } } peers { permanent_uuid: "08f3c405d2f64c80a2bc4ef0c4214fab" member_type: VOTER last_known_addr { host: "127.13.144.3" port: 40801 } }
I20260710 11:09:40.085052 14095 raft_consensus.cc:740] T 7140233d7ae844bfad5edc81bd824caf P 0c1d91694270441eacc846df216f9191 [term 2 LEADER]: Becoming Follower/Learner. State: Replica: 0c1d91694270441eacc846df216f9191, State: Running, Role: LEADER
I20260710 11:09:40.087378 14095 consensus_queue.cc:260] T 7140233d7ae844bfad5edc81bd824caf P 0c1d91694270441eacc846df216f9191 [NON_LEADER]: Queue going to NON_LEADER mode. State: All replicated index: 0, Majority replicated index: 2, Committed index: 2, Last appended: 2.2, Last appended by leader: 2, Current term: 2, Majority size: -1, State: 0, Mode: NON_LEADER, active raft config: opid_index: -1 OBSOLETE_local: false peers { permanent_uuid: "73e3fe5afd574f0398906bd9a6e8878a" member_type: VOTER last_known_addr { host: "127.13.144.1" port: 34617 } } peers { permanent_uuid: "0c1d91694270441eacc846df216f9191" member_type: VOTER last_known_addr { host: "127.13.144.2" port: 34353 } } peers { permanent_uuid: "08f3c405d2f64c80a2bc4ef0c4214fab" member_type: VOTER last_known_addr { host: "127.13.144.3" port: 40801 } }
I20260710 11:09:40.088557 14095 raft_consensus.cc:3060] T 7140233d7ae844bfad5edc81bd824caf P 0c1d91694270441eacc846df216f9191 [term 2 FOLLOWER]: Advancing to term 3
I20260710 11:09:40.092953 14023 raft_consensus.cc:2468] T 7140233d7ae844bfad5edc81bd824caf P 73e3fe5afd574f0398906bd9a6e8878a [term 3 FOLLOWER]: Leader election vote request: Granting yes vote for candidate 08f3c405d2f64c80a2bc4ef0c4214fab in term 3.
I20260710 11:09:40.093631 14095 raft_consensus.cc:2468] T 7140233d7ae844bfad5edc81bd824caf P 0c1d91694270441eacc846df216f9191 [term 3 FOLLOWER]: Leader election vote request: Granting yes vote for candidate 08f3c405d2f64c80a2bc4ef0c4214fab in term 3.
I20260710 11:09:40.094465 14137 leader_election.cc:304] T 7140233d7ae844bfad5edc81bd824caf P 08f3c405d2f64c80a2bc4ef0c4214fab [CANDIDATE]: Term 3 election: Election decided. Result: candidate won. Election summary: received 2 responses out of 3 voters: 2 yes votes; 0 no votes. yes voters: 08f3c405d2f64c80a2bc4ef0c4214fab, 73e3fe5afd574f0398906bd9a6e8878a; no voters: 
I20260710 11:09:40.095281 14362 raft_consensus.cc:2804] T 7140233d7ae844bfad5edc81bd824caf P 08f3c405d2f64c80a2bc4ef0c4214fab [term 3 FOLLOWER]: Leader election won for term 3
I20260710 11:09:40.095767 14362 raft_consensus.cc:697] T 7140233d7ae844bfad5edc81bd824caf P 08f3c405d2f64c80a2bc4ef0c4214fab [term 3 LEADER]: Becoming Leader. State: Replica: 08f3c405d2f64c80a2bc4ef0c4214fab, State: Running, Role: LEADER
I20260710 11:09:40.096733 14362 consensus_queue.cc:237] T 7140233d7ae844bfad5edc81bd824caf P 08f3c405d2f64c80a2bc4ef0c4214fab [LEADER]: Queue going to LEADER mode. State: All replicated index: 0, Majority replicated index: 2, Committed index: 2, Last appended: 2.2, Last appended by leader: 2, Current term: 3, Majority size: 2, State: 0, Mode: LEADER, active raft config: opid_index: -1 OBSOLETE_local: false peers { permanent_uuid: "73e3fe5afd574f0398906bd9a6e8878a" member_type: VOTER last_known_addr { host: "127.13.144.1" port: 34617 } } peers { permanent_uuid: "0c1d91694270441eacc846df216f9191" member_type: VOTER last_known_addr { host: "127.13.144.2" port: 34353 } } peers { permanent_uuid: "08f3c405d2f64c80a2bc4ef0c4214fab" member_type: VOTER last_known_addr { host: "127.13.144.3" port: 40801 } }
I20260710 11:09:40.097473 13917 catalog_manager.cc:5697] T e55e3ae7124e487fa70ee32232810a5e P 08f3c405d2f64c80a2bc4ef0c4214fab reported cstate change: term changed from 3 to 4, leader changed from 0c1d91694270441eacc846df216f9191 (127.13.144.2) to 08f3c405d2f64c80a2bc4ef0c4214fab (127.13.144.3). New cstate: current_term: 4 leader_uuid: "08f3c405d2f64c80a2bc4ef0c4214fab" committed_config { opid_index: -1 OBSOLETE_local: false peers { permanent_uuid: "73e3fe5afd574f0398906bd9a6e8878a" member_type: VOTER last_known_addr { host: "127.13.144.1" port: 34617 } health_report { overall_health: UNKNOWN } } peers { permanent_uuid: "0c1d91694270441eacc846df216f9191" member_type: VOTER last_known_addr { host: "127.13.144.2" port: 34353 } health_report { overall_health: UNKNOWN } } peers { permanent_uuid: "08f3c405d2f64c80a2bc4ef0c4214fab" member_type: VOTER last_known_addr { host: "127.13.144.3" port: 40801 } health_report { overall_health: HEALTHY } } }
I20260710 11:09:40.113209 14365 raft_consensus.cc:993] T 597e26dd706e46768d70b5ad7fcfa329 P 0c1d91694270441eacc846df216f9191: : Instructing follower 73e3fe5afd574f0398906bd9a6e8878a to start an election
I20260710 11:09:40.113638 14366 raft_consensus.cc:1081] T 597e26dd706e46768d70b5ad7fcfa329 P 0c1d91694270441eacc846df216f9191 [term 3 LEADER]: Signalling peer 73e3fe5afd574f0398906bd9a6e8878a to start an election
I20260710 11:09:40.115028 14023 tablet_service.cc:2044] Received Run Leader Election RPC: tablet_id: "597e26dd706e46768d70b5ad7fcfa329"
dest_uuid: "73e3fe5afd574f0398906bd9a6e8878a"
 from {username='slave'} at 127.0.0.1:60250
I20260710 11:09:40.115548 14023 raft_consensus.cc:493] T 597e26dd706e46768d70b5ad7fcfa329 P 73e3fe5afd574f0398906bd9a6e8878a [term 3 FOLLOWER]: Starting forced leader election (received explicit request)
I20260710 11:09:40.115952 14023 raft_consensus.cc:3060] T 597e26dd706e46768d70b5ad7fcfa329 P 73e3fe5afd574f0398906bd9a6e8878a [term 3 FOLLOWER]: Advancing to term 4
I20260710 11:09:40.116223 13917 catalog_manager.cc:5697] T 7140233d7ae844bfad5edc81bd824caf P 08f3c405d2f64c80a2bc4ef0c4214fab reported cstate change: term changed from 2 to 3, leader changed from 0c1d91694270441eacc846df216f9191 (127.13.144.2) to 08f3c405d2f64c80a2bc4ef0c4214fab (127.13.144.3). New cstate: current_term: 3 leader_uuid: "08f3c405d2f64c80a2bc4ef0c4214fab" committed_config { opid_index: -1 OBSOLETE_local: false peers { permanent_uuid: "73e3fe5afd574f0398906bd9a6e8878a" member_type: VOTER last_known_addr { host: "127.13.144.1" port: 34617 } health_report { overall_health: UNKNOWN } } peers { permanent_uuid: "0c1d91694270441eacc846df216f9191" member_type: VOTER last_known_addr { host: "127.13.144.2" port: 34353 } health_report { overall_health: UNKNOWN } } peers { permanent_uuid: "08f3c405d2f64c80a2bc4ef0c4214fab" member_type: VOTER last_known_addr { host: "127.13.144.3" port: 40801 } health_report { overall_health: HEALTHY } } }
I20260710 11:09:40.121706 14023 raft_consensus.cc:515] T 597e26dd706e46768d70b5ad7fcfa329 P 73e3fe5afd574f0398906bd9a6e8878a [term 4 FOLLOWER]: Starting forced leader election with config: opid_index: -1 OBSOLETE_local: false peers { permanent_uuid: "73e3fe5afd574f0398906bd9a6e8878a" member_type: VOTER last_known_addr { host: "127.13.144.1" port: 34617 } } peers { permanent_uuid: "0c1d91694270441eacc846df216f9191" member_type: VOTER last_known_addr { host: "127.13.144.2" port: 34353 } } peers { permanent_uuid: "08f3c405d2f64c80a2bc4ef0c4214fab" member_type: VOTER last_known_addr { host: "127.13.144.3" port: 40801 } }
I20260710 11:09:40.123965 14023 leader_election.cc:290] T 597e26dd706e46768d70b5ad7fcfa329 P 73e3fe5afd574f0398906bd9a6e8878a [CANDIDATE]: Term 4 election: Requested vote from peers 0c1d91694270441eacc846df216f9191 (127.13.144.2:34353), 08f3c405d2f64c80a2bc4ef0c4214fab (127.13.144.3:40801)
I20260710 11:09:40.124887 14095 tablet_service.cc:1917] Received RequestConsensusVote() RPC: tablet_id: "597e26dd706e46768d70b5ad7fcfa329" candidate_uuid: "73e3fe5afd574f0398906bd9a6e8878a" candidate_term: 4 candidate_status { last_received { term: 3 index: 3 } } ignore_live_leader: true dest_uuid: "0c1d91694270441eacc846df216f9191"
I20260710 11:09:40.125108 14170 tablet_service.cc:1917] Received RequestConsensusVote() RPC: tablet_id: "597e26dd706e46768d70b5ad7fcfa329" candidate_uuid: "73e3fe5afd574f0398906bd9a6e8878a" candidate_term: 4 candidate_status { last_received { term: 3 index: 3 } } ignore_live_leader: true dest_uuid: "08f3c405d2f64c80a2bc4ef0c4214fab"
I20260710 11:09:40.125512 14095 raft_consensus.cc:3055] T 597e26dd706e46768d70b5ad7fcfa329 P 0c1d91694270441eacc846df216f9191 [term 3 LEADER]: Stepping down as leader of term 3
I20260710 11:09:40.125613 14170 raft_consensus.cc:3060] T 597e26dd706e46768d70b5ad7fcfa329 P 08f3c405d2f64c80a2bc4ef0c4214fab [term 3 FOLLOWER]: Advancing to term 4
I20260710 11:09:40.125860 14095 raft_consensus.cc:740] T 597e26dd706e46768d70b5ad7fcfa329 P 0c1d91694270441eacc846df216f9191 [term 3 LEADER]: Becoming Follower/Learner. State: Replica: 0c1d91694270441eacc846df216f9191, State: Running, Role: LEADER
I20260710 11:09:40.126498 14095 consensus_queue.cc:260] T 597e26dd706e46768d70b5ad7fcfa329 P 0c1d91694270441eacc846df216f9191 [NON_LEADER]: Queue going to NON_LEADER mode. State: All replicated index: 0, Majority replicated index: 3, Committed index: 3, Last appended: 3.3, Last appended by leader: 3, Current term: 3, Majority size: -1, State: 0, Mode: NON_LEADER, active raft config: opid_index: -1 OBSOLETE_local: false peers { permanent_uuid: "73e3fe5afd574f0398906bd9a6e8878a" member_type: VOTER last_known_addr { host: "127.13.144.1" port: 34617 } } peers { permanent_uuid: "0c1d91694270441eacc846df216f9191" member_type: VOTER last_known_addr { host: "127.13.144.2" port: 34353 } } peers { permanent_uuid: "08f3c405d2f64c80a2bc4ef0c4214fab" member_type: VOTER last_known_addr { host: "127.13.144.3" port: 40801 } }
I20260710 11:09:40.127353 14095 raft_consensus.cc:3060] T 597e26dd706e46768d70b5ad7fcfa329 P 0c1d91694270441eacc846df216f9191 [term 3 FOLLOWER]: Advancing to term 4
I20260710 11:09:40.129703 14170 raft_consensus.cc:2468] T 597e26dd706e46768d70b5ad7fcfa329 P 08f3c405d2f64c80a2bc4ef0c4214fab [term 4 FOLLOWER]: Leader election vote request: Granting yes vote for candidate 73e3fe5afd574f0398906bd9a6e8878a in term 4.
I20260710 11:09:40.130945 13988 leader_election.cc:304] T 597e26dd706e46768d70b5ad7fcfa329 P 73e3fe5afd574f0398906bd9a6e8878a [CANDIDATE]: Term 4 election: Election decided. Result: candidate won. Election summary: received 2 responses out of 3 voters: 2 yes votes; 0 no votes. yes voters: 08f3c405d2f64c80a2bc4ef0c4214fab, 73e3fe5afd574f0398906bd9a6e8878a; no voters: 
I20260710 11:09:40.131779 14095 raft_consensus.cc:2468] T 597e26dd706e46768d70b5ad7fcfa329 P 0c1d91694270441eacc846df216f9191 [term 4 FOLLOWER]: Leader election vote request: Granting yes vote for candidate 73e3fe5afd574f0398906bd9a6e8878a in term 4.
I20260710 11:09:40.132937 14374 raft_consensus.cc:2804] T 597e26dd706e46768d70b5ad7fcfa329 P 73e3fe5afd574f0398906bd9a6e8878a [term 4 FOLLOWER]: Leader election won for term 4
I20260710 11:09:40.134052 14374 raft_consensus.cc:697] T 597e26dd706e46768d70b5ad7fcfa329 P 73e3fe5afd574f0398906bd9a6e8878a [term 4 LEADER]: Becoming Leader. State: Replica: 73e3fe5afd574f0398906bd9a6e8878a, State: Running, Role: LEADER
I20260710 11:09:40.134814 14374 consensus_queue.cc:237] T 597e26dd706e46768d70b5ad7fcfa329 P 73e3fe5afd574f0398906bd9a6e8878a [LEADER]: Queue going to LEADER mode. State: All replicated index: 0, Majority replicated index: 3, Committed index: 3, Last appended: 3.3, Last appended by leader: 3, Current term: 4, Majority size: 2, State: 0, Mode: LEADER, active raft config: opid_index: -1 OBSOLETE_local: false peers { permanent_uuid: "73e3fe5afd574f0398906bd9a6e8878a" member_type: VOTER last_known_addr { host: "127.13.144.1" port: 34617 } } peers { permanent_uuid: "0c1d91694270441eacc846df216f9191" member_type: VOTER last_known_addr { host: "127.13.144.2" port: 34353 } } peers { permanent_uuid: "08f3c405d2f64c80a2bc4ef0c4214fab" member_type: VOTER last_known_addr { host: "127.13.144.3" port: 40801 } }
I20260710 11:09:40.142170 13917 catalog_manager.cc:5697] T 597e26dd706e46768d70b5ad7fcfa329 P 73e3fe5afd574f0398906bd9a6e8878a reported cstate change: term changed from 3 to 4, leader changed from 0c1d91694270441eacc846df216f9191 (127.13.144.2) to 73e3fe5afd574f0398906bd9a6e8878a (127.13.144.1). New cstate: current_term: 4 leader_uuid: "73e3fe5afd574f0398906bd9a6e8878a" committed_config { opid_index: -1 OBSOLETE_local: false peers { permanent_uuid: "73e3fe5afd574f0398906bd9a6e8878a" member_type: VOTER last_known_addr { host: "127.13.144.1" port: 34617 } health_report { overall_health: HEALTHY } } peers { permanent_uuid: "0c1d91694270441eacc846df216f9191" member_type: VOTER last_known_addr { host: "127.13.144.2" port: 34353 } health_report { overall_health: UNKNOWN } } peers { permanent_uuid: "08f3c405d2f64c80a2bc4ef0c4214fab" member_type: VOTER last_known_addr { host: "127.13.144.3" port: 40801 } health_report { overall_health: UNKNOWN } } }
I20260710 11:09:40.162536 14365 raft_consensus.cc:993] T e6820b303d2a4b43b423346ebadbff05 P 0c1d91694270441eacc846df216f9191: : Instructing follower 73e3fe5afd574f0398906bd9a6e8878a to start an election
I20260710 11:09:40.162948 14366 raft_consensus.cc:1081] T e6820b303d2a4b43b423346ebadbff05 P 0c1d91694270441eacc846df216f9191 [term 2 LEADER]: Signalling peer 73e3fe5afd574f0398906bd9a6e8878a to start an election
I20260710 11:09:40.164397 14023 tablet_service.cc:2044] Received Run Leader Election RPC: tablet_id: "e6820b303d2a4b43b423346ebadbff05"
dest_uuid: "73e3fe5afd574f0398906bd9a6e8878a"
 from {username='slave'} at 127.0.0.1:60250
I20260710 11:09:40.164904 14023 raft_consensus.cc:493] T e6820b303d2a4b43b423346ebadbff05 P 73e3fe5afd574f0398906bd9a6e8878a [term 2 FOLLOWER]: Starting forced leader election (received explicit request)
I20260710 11:09:40.165227 14023 raft_consensus.cc:3060] T e6820b303d2a4b43b423346ebadbff05 P 73e3fe5afd574f0398906bd9a6e8878a [term 2 FOLLOWER]: Advancing to term 3
I20260710 11:09:40.169381 14023 raft_consensus.cc:515] T e6820b303d2a4b43b423346ebadbff05 P 73e3fe5afd574f0398906bd9a6e8878a [term 3 FOLLOWER]: Starting forced leader election with config: opid_index: -1 OBSOLETE_local: false peers { permanent_uuid: "73e3fe5afd574f0398906bd9a6e8878a" member_type: VOTER last_known_addr { host: "127.13.144.1" port: 34617 } } peers { permanent_uuid: "0c1d91694270441eacc846df216f9191" member_type: VOTER last_known_addr { host: "127.13.144.2" port: 34353 } } peers { permanent_uuid: "08f3c405d2f64c80a2bc4ef0c4214fab" member_type: VOTER last_known_addr { host: "127.13.144.3" port: 40801 } }
I20260710 11:09:40.170776 14023 leader_election.cc:290] T e6820b303d2a4b43b423346ebadbff05 P 73e3fe5afd574f0398906bd9a6e8878a [CANDIDATE]: Term 3 election: Requested vote from peers 0c1d91694270441eacc846df216f9191 (127.13.144.2:34353), 08f3c405d2f64c80a2bc4ef0c4214fab (127.13.144.3:40801)
I20260710 11:09:40.171685 14095 tablet_service.cc:1917] Received RequestConsensusVote() RPC: tablet_id: "e6820b303d2a4b43b423346ebadbff05" candidate_uuid: "73e3fe5afd574f0398906bd9a6e8878a" candidate_term: 3 candidate_status { last_received { term: 2 index: 2 } } ignore_live_leader: true dest_uuid: "0c1d91694270441eacc846df216f9191"
I20260710 11:09:40.171809 14170 tablet_service.cc:1917] Received RequestConsensusVote() RPC: tablet_id: "e6820b303d2a4b43b423346ebadbff05" candidate_uuid: "73e3fe5afd574f0398906bd9a6e8878a" candidate_term: 3 candidate_status { last_received { term: 2 index: 2 } } ignore_live_leader: true dest_uuid: "08f3c405d2f64c80a2bc4ef0c4214fab"
I20260710 11:09:40.172299 14095 raft_consensus.cc:3055] T e6820b303d2a4b43b423346ebadbff05 P 0c1d91694270441eacc846df216f9191 [term 2 LEADER]: Stepping down as leader of term 2
I20260710 11:09:40.172299 14170 raft_consensus.cc:3060] T e6820b303d2a4b43b423346ebadbff05 P 08f3c405d2f64c80a2bc4ef0c4214fab [term 2 FOLLOWER]: Advancing to term 3
I20260710 11:09:40.172780 14095 raft_consensus.cc:740] T e6820b303d2a4b43b423346ebadbff05 P 0c1d91694270441eacc846df216f9191 [term 2 LEADER]: Becoming Follower/Learner. State: Replica: 0c1d91694270441eacc846df216f9191, State: Running, Role: LEADER
I20260710 11:09:40.173593 14095 consensus_queue.cc:260] T e6820b303d2a4b43b423346ebadbff05 P 0c1d91694270441eacc846df216f9191 [NON_LEADER]: Queue going to NON_LEADER mode. State: All replicated index: 0, Majority replicated index: 2, Committed index: 2, Last appended: 2.2, Last appended by leader: 2, Current term: 2, Majority size: -1, State: 0, Mode: NON_LEADER, active raft config: opid_index: -1 OBSOLETE_local: false peers { permanent_uuid: "73e3fe5afd574f0398906bd9a6e8878a" member_type: VOTER last_known_addr { host: "127.13.144.1" port: 34617 } } peers { permanent_uuid: "0c1d91694270441eacc846df216f9191" member_type: VOTER last_known_addr { host: "127.13.144.2" port: 34353 } } peers { permanent_uuid: "08f3c405d2f64c80a2bc4ef0c4214fab" member_type: VOTER last_known_addr { host: "127.13.144.3" port: 40801 } }
I20260710 11:09:40.174726 14095 raft_consensus.cc:3060] T e6820b303d2a4b43b423346ebadbff05 P 0c1d91694270441eacc846df216f9191 [term 2 FOLLOWER]: Advancing to term 3
I20260710 11:09:40.178632 14170 raft_consensus.cc:2468] T e6820b303d2a4b43b423346ebadbff05 P 08f3c405d2f64c80a2bc4ef0c4214fab [term 3 FOLLOWER]: Leader election vote request: Granting yes vote for candidate 73e3fe5afd574f0398906bd9a6e8878a in term 3.
I20260710 11:09:40.179692 13988 leader_election.cc:304] T e6820b303d2a4b43b423346ebadbff05 P 73e3fe5afd574f0398906bd9a6e8878a [CANDIDATE]: Term 3 election: Election decided. Result: candidate won. Election summary: received 2 responses out of 3 voters: 2 yes votes; 0 no votes. yes voters: 08f3c405d2f64c80a2bc4ef0c4214fab, 73e3fe5afd574f0398906bd9a6e8878a; no voters: 
I20260710 11:09:40.180469 14374 raft_consensus.cc:2804] T e6820b303d2a4b43b423346ebadbff05 P 73e3fe5afd574f0398906bd9a6e8878a [term 3 FOLLOWER]: Leader election won for term 3
I20260710 11:09:40.180883 14374 raft_consensus.cc:697] T e6820b303d2a4b43b423346ebadbff05 P 73e3fe5afd574f0398906bd9a6e8878a [term 3 LEADER]: Becoming Leader. State: Replica: 73e3fe5afd574f0398906bd9a6e8878a, State: Running, Role: LEADER
I20260710 11:09:40.181334 14095 raft_consensus.cc:2468] T e6820b303d2a4b43b423346ebadbff05 P 0c1d91694270441eacc846df216f9191 [term 3 FOLLOWER]: Leader election vote request: Granting yes vote for candidate 73e3fe5afd574f0398906bd9a6e8878a in term 3.
I20260710 11:09:40.181622 14374 consensus_queue.cc:237] T e6820b303d2a4b43b423346ebadbff05 P 73e3fe5afd574f0398906bd9a6e8878a [LEADER]: Queue going to LEADER mode. State: All replicated index: 0, Majority replicated index: 2, Committed index: 2, Last appended: 2.2, Last appended by leader: 2, Current term: 3, Majority size: 2, State: 0, Mode: LEADER, active raft config: opid_index: -1 OBSOLETE_local: false peers { permanent_uuid: "73e3fe5afd574f0398906bd9a6e8878a" member_type: VOTER last_known_addr { host: "127.13.144.1" port: 34617 } } peers { permanent_uuid: "0c1d91694270441eacc846df216f9191" member_type: VOTER last_known_addr { host: "127.13.144.2" port: 34353 } } peers { permanent_uuid: "08f3c405d2f64c80a2bc4ef0c4214fab" member_type: VOTER last_known_addr { host: "127.13.144.3" port: 40801 } }
I20260710 11:09:40.188541 13917 catalog_manager.cc:5697] T e6820b303d2a4b43b423346ebadbff05 P 73e3fe5afd574f0398906bd9a6e8878a reported cstate change: term changed from 2 to 3, leader changed from 0c1d91694270441eacc846df216f9191 (127.13.144.2) to 73e3fe5afd574f0398906bd9a6e8878a (127.13.144.1). New cstate: current_term: 3 leader_uuid: "73e3fe5afd574f0398906bd9a6e8878a" committed_config { opid_index: -1 OBSOLETE_local: false peers { permanent_uuid: "73e3fe5afd574f0398906bd9a6e8878a" member_type: VOTER last_known_addr { host: "127.13.144.1" port: 34617 } health_report { overall_health: HEALTHY } } peers { permanent_uuid: "0c1d91694270441eacc846df216f9191" member_type: VOTER last_known_addr { host: "127.13.144.2" port: 34353 } health_report { overall_health: UNKNOWN } } peers { permanent_uuid: "08f3c405d2f64c80a2bc4ef0c4214fab" member_type: VOTER last_known_addr { host: "127.13.144.3" port: 40801 } health_report { overall_health: UNKNOWN } } }
I20260710 11:09:40.324643 14365 raft_consensus.cc:993] T 9c79a23f4b6e4895af1034d0391cc44f P 0c1d91694270441eacc846df216f9191: : Instructing follower 73e3fe5afd574f0398906bd9a6e8878a to start an election
I20260710 11:09:40.325086 14365 raft_consensus.cc:1081] T 9c79a23f4b6e4895af1034d0391cc44f P 0c1d91694270441eacc846df216f9191 [term 5 LEADER]: Signalling peer 73e3fe5afd574f0398906bd9a6e8878a to start an election
I20260710 11:09:40.326576 14023 tablet_service.cc:2044] Received Run Leader Election RPC: tablet_id: "9c79a23f4b6e4895af1034d0391cc44f"
dest_uuid: "73e3fe5afd574f0398906bd9a6e8878a"
 from {username='slave'} at 127.0.0.1:60250
I20260710 11:09:40.327034 14023 raft_consensus.cc:493] T 9c79a23f4b6e4895af1034d0391cc44f P 73e3fe5afd574f0398906bd9a6e8878a [term 5 FOLLOWER]: Starting forced leader election (received explicit request)
I20260710 11:09:40.327327 14023 raft_consensus.cc:3060] T 9c79a23f4b6e4895af1034d0391cc44f P 73e3fe5afd574f0398906bd9a6e8878a [term 5 FOLLOWER]: Advancing to term 6
I20260710 11:09:40.332824 14023 raft_consensus.cc:515] T 9c79a23f4b6e4895af1034d0391cc44f P 73e3fe5afd574f0398906bd9a6e8878a [term 6 FOLLOWER]: Starting forced leader election with config: opid_index: -1 OBSOLETE_local: false peers { permanent_uuid: "73e3fe5afd574f0398906bd9a6e8878a" member_type: VOTER last_known_addr { host: "127.13.144.1" port: 34617 } } peers { permanent_uuid: "0c1d91694270441eacc846df216f9191" member_type: VOTER last_known_addr { host: "127.13.144.2" port: 34353 } } peers { permanent_uuid: "08f3c405d2f64c80a2bc4ef0c4214fab" member_type: VOTER last_known_addr { host: "127.13.144.3" port: 40801 } }
I20260710 11:09:40.334748 14023 leader_election.cc:290] T 9c79a23f4b6e4895af1034d0391cc44f P 73e3fe5afd574f0398906bd9a6e8878a [CANDIDATE]: Term 6 election: Requested vote from peers 0c1d91694270441eacc846df216f9191 (127.13.144.2:34353), 08f3c405d2f64c80a2bc4ef0c4214fab (127.13.144.3:40801)
I20260710 11:09:40.335737 14095 tablet_service.cc:1917] Received RequestConsensusVote() RPC: tablet_id: "9c79a23f4b6e4895af1034d0391cc44f" candidate_uuid: "73e3fe5afd574f0398906bd9a6e8878a" candidate_term: 6 candidate_status { last_received { term: 5 index: 3 } } ignore_live_leader: true dest_uuid: "0c1d91694270441eacc846df216f9191"
I20260710 11:09:40.336328 14095 raft_consensus.cc:3055] T 9c79a23f4b6e4895af1034d0391cc44f P 0c1d91694270441eacc846df216f9191 [term 5 LEADER]: Stepping down as leader of term 5
I20260710 11:09:40.336369 14170 tablet_service.cc:1917] Received RequestConsensusVote() RPC: tablet_id: "9c79a23f4b6e4895af1034d0391cc44f" candidate_uuid: "73e3fe5afd574f0398906bd9a6e8878a" candidate_term: 6 candidate_status { last_received { term: 5 index: 3 } } ignore_live_leader: true dest_uuid: "08f3c405d2f64c80a2bc4ef0c4214fab"
I20260710 11:09:40.336807 14095 raft_consensus.cc:740] T 9c79a23f4b6e4895af1034d0391cc44f P 0c1d91694270441eacc846df216f9191 [term 5 LEADER]: Becoming Follower/Learner. State: Replica: 0c1d91694270441eacc846df216f9191, State: Running, Role: LEADER
I20260710 11:09:40.336948 14170 raft_consensus.cc:3060] T 9c79a23f4b6e4895af1034d0391cc44f P 08f3c405d2f64c80a2bc4ef0c4214fab [term 5 FOLLOWER]: Advancing to term 6
I20260710 11:09:40.337574 14095 consensus_queue.cc:260] T 9c79a23f4b6e4895af1034d0391cc44f P 0c1d91694270441eacc846df216f9191 [NON_LEADER]: Queue going to NON_LEADER mode. State: All replicated index: 0, Majority replicated index: 3, Committed index: 3, Last appended: 5.3, Last appended by leader: 3, Current term: 5, Majority size: -1, State: 0, Mode: NON_LEADER, active raft config: opid_index: -1 OBSOLETE_local: false peers { permanent_uuid: "73e3fe5afd574f0398906bd9a6e8878a" member_type: VOTER last_known_addr { host: "127.13.144.1" port: 34617 } } peers { permanent_uuid: "0c1d91694270441eacc846df216f9191" member_type: VOTER last_known_addr { host: "127.13.144.2" port: 34353 } } peers { permanent_uuid: "08f3c405d2f64c80a2bc4ef0c4214fab" member_type: VOTER last_known_addr { host: "127.13.144.3" port: 40801 } }
I20260710 11:09:40.340792 14095 raft_consensus.cc:3060] T 9c79a23f4b6e4895af1034d0391cc44f P 0c1d91694270441eacc846df216f9191 [term 5 FOLLOWER]: Advancing to term 6
I20260710 11:09:40.342691 14170 raft_consensus.cc:2468] T 9c79a23f4b6e4895af1034d0391cc44f P 08f3c405d2f64c80a2bc4ef0c4214fab [term 6 FOLLOWER]: Leader election vote request: Granting yes vote for candidate 73e3fe5afd574f0398906bd9a6e8878a in term 6.
I20260710 11:09:40.343623 13988 leader_election.cc:304] T 9c79a23f4b6e4895af1034d0391cc44f P 73e3fe5afd574f0398906bd9a6e8878a [CANDIDATE]: Term 6 election: Election decided. Result: candidate won. Election summary: received 2 responses out of 3 voters: 2 yes votes; 0 no votes. yes voters: 08f3c405d2f64c80a2bc4ef0c4214fab, 73e3fe5afd574f0398906bd9a6e8878a; no voters: 
I20260710 11:09:40.344345 14374 raft_consensus.cc:2804] T 9c79a23f4b6e4895af1034d0391cc44f P 73e3fe5afd574f0398906bd9a6e8878a [term 6 FOLLOWER]: Leader election won for term 6
I20260710 11:09:40.344797 14374 raft_consensus.cc:697] T 9c79a23f4b6e4895af1034d0391cc44f P 73e3fe5afd574f0398906bd9a6e8878a [term 6 LEADER]: Becoming Leader. State: Replica: 73e3fe5afd574f0398906bd9a6e8878a, State: Running, Role: LEADER
I20260710 11:09:40.345638 14374 consensus_queue.cc:237] T 9c79a23f4b6e4895af1034d0391cc44f P 73e3fe5afd574f0398906bd9a6e8878a [LEADER]: Queue going to LEADER mode. State: All replicated index: 0, Majority replicated index: 3, Committed index: 3, Last appended: 5.3, Last appended by leader: 3, Current term: 6, Majority size: 2, State: 0, Mode: LEADER, active raft config: opid_index: -1 OBSOLETE_local: false peers { permanent_uuid: "73e3fe5afd574f0398906bd9a6e8878a" member_type: VOTER last_known_addr { host: "127.13.144.1" port: 34617 } } peers { permanent_uuid: "0c1d91694270441eacc846df216f9191" member_type: VOTER last_known_addr { host: "127.13.144.2" port: 34353 } } peers { permanent_uuid: "08f3c405d2f64c80a2bc4ef0c4214fab" member_type: VOTER last_known_addr { host: "127.13.144.3" port: 40801 } }
I20260710 11:09:40.346227 14095 raft_consensus.cc:2468] T 9c79a23f4b6e4895af1034d0391cc44f P 0c1d91694270441eacc846df216f9191 [term 6 FOLLOWER]: Leader election vote request: Granting yes vote for candidate 73e3fe5afd574f0398906bd9a6e8878a in term 6.
I20260710 11:09:40.352875 13917 catalog_manager.cc:5697] T 9c79a23f4b6e4895af1034d0391cc44f P 73e3fe5afd574f0398906bd9a6e8878a reported cstate change: term changed from 5 to 6, leader changed from 0c1d91694270441eacc846df216f9191 (127.13.144.2) to 73e3fe5afd574f0398906bd9a6e8878a (127.13.144.1). New cstate: current_term: 6 leader_uuid: "73e3fe5afd574f0398906bd9a6e8878a" committed_config { opid_index: -1 OBSOLETE_local: false peers { permanent_uuid: "73e3fe5afd574f0398906bd9a6e8878a" member_type: VOTER last_known_addr { host: "127.13.144.1" port: 34617 } health_report { overall_health: HEALTHY } } peers { permanent_uuid: "0c1d91694270441eacc846df216f9191" member_type: VOTER last_known_addr { host: "127.13.144.2" port: 34353 } health_report { overall_health: UNKNOWN } } peers { permanent_uuid: "08f3c405d2f64c80a2bc4ef0c4214fab" member_type: VOTER last_known_addr { host: "127.13.144.3" port: 40801 } health_report { overall_health: UNKNOWN } } }
I20260710 11:09:40.471679 14095 raft_consensus.cc:1275] T e55e3ae7124e487fa70ee32232810a5e P 0c1d91694270441eacc846df216f9191 [term 4 FOLLOWER]: Refusing update from remote peer 08f3c405d2f64c80a2bc4ef0c4214fab: Log matching property violated. Preceding OpId in replica: term: 3 index: 3. Preceding OpId from leader: term: 4 index: 4. (index mismatch)
I20260710 11:09:40.472981 14362 consensus_queue.cc:1048] T e55e3ae7124e487fa70ee32232810a5e P 08f3c405d2f64c80a2bc4ef0c4214fab [LEADER]: Connected to new peer: Peer: permanent_uuid: "0c1d91694270441eacc846df216f9191" member_type: VOTER last_known_addr { host: "127.13.144.2" port: 34353 }, Status: LMP_MISMATCH, Last received: 0.0, Next index: 4, Last known committed idx: 3, Time since last communication: 0.000s
I20260710 11:09:40.482025 14023 raft_consensus.cc:1275] T e55e3ae7124e487fa70ee32232810a5e P 73e3fe5afd574f0398906bd9a6e8878a [term 4 FOLLOWER]: Refusing update from remote peer 08f3c405d2f64c80a2bc4ef0c4214fab: Log matching property violated. Preceding OpId in replica: term: 3 index: 3. Preceding OpId from leader: term: 4 index: 4. (index mismatch)
I20260710 11:09:40.483850 14367 consensus_queue.cc:1048] T e55e3ae7124e487fa70ee32232810a5e P 08f3c405d2f64c80a2bc4ef0c4214fab [LEADER]: Connected to new peer: Peer: permanent_uuid: "73e3fe5afd574f0398906bd9a6e8878a" member_type: VOTER last_known_addr { host: "127.13.144.1" port: 34617 }, Status: LMP_MISMATCH, Last received: 0.0, Next index: 4, Last known committed idx: 3, Time since last communication: 0.001s
I20260710 11:09:40.514097 14095 raft_consensus.cc:1275] T 7140233d7ae844bfad5edc81bd824caf P 0c1d91694270441eacc846df216f9191 [term 3 FOLLOWER]: Refusing update from remote peer 08f3c405d2f64c80a2bc4ef0c4214fab: Log matching property violated. Preceding OpId in replica: term: 2 index: 2. Preceding OpId from leader: term: 3 index: 3. (index mismatch)
I20260710 11:09:40.515450 14367 consensus_queue.cc:1048] T 7140233d7ae844bfad5edc81bd824caf P 08f3c405d2f64c80a2bc4ef0c4214fab [LEADER]: Connected to new peer: Peer: permanent_uuid: "0c1d91694270441eacc846df216f9191" member_type: VOTER last_known_addr { host: "127.13.144.2" port: 34353 }, Status: LMP_MISMATCH, Last received: 0.0, Next index: 3, Last known committed idx: 2, Time since last communication: 0.000s
