I20260710 11:10:01.711710 15147 tablet_service.cc:1917] Received RequestConsensusVote() RPC: tablet_id: "46eed030f58449d79aa7149ead72d12c" candidate_uuid: "b22f36723c094fda8a7d8a7d9d7ecd18" candidate_term: 3 candidate_status { last_received { term: 1 index: 3 } } ignore_live_leader: false dest_uuid: "5a7d8e37adee4c8db6dd39cbcae405ec" is_pre_election: true
I20260710 11:10:01.712874 15559 leader_election.cc:290] T 46eed030f58449d79aa7149ead72d12c P b22f36723c094fda8a7d8a7d9d7ecd18 [CANDIDATE]: Term 3 pre-election: Requested pre-vote from peers 2cf019e19d2b4ce5bee7b6b74e16a8a0 (127.13.144.1:40397), 5a7d8e37adee4c8db6dd39cbcae405ec (127.13.144.3:43471), 77f74ed18ca446cf998d0f471a82fa2b (127.13.144.4:39479)
I20260710 11:10:01.714717 14995 tablet_service.cc:1917] Received RequestConsensusVote() RPC: tablet_id: "46eed030f58449d79aa7149ead72d12c" candidate_uuid: "b22f36723c094fda8a7d8a7d9d7ecd18" candidate_term: 3 candidate_status { last_received { term: 1 index: 3 } } ignore_live_leader: false dest_uuid: "2cf019e19d2b4ce5bee7b6b74e16a8a0" is_pre_election: true
I20260710 11:10:01.719802 14995 raft_consensus.cc:2468] T 46eed030f58449d79aa7149ead72d12c P 2cf019e19d2b4ce5bee7b6b74e16a8a0 [term 2 FOLLOWER]: Leader pre-election vote request: Granting yes vote for candidate b22f36723c094fda8a7d8a7d9d7ecd18 in term 2.
I20260710 11:10:01.716048 15418 tablet_service.cc:1917] Received RequestConsensusVote() RPC: tablet_id: "46eed030f58449d79aa7149ead72d12c" candidate_uuid: "b22f36723c094fda8a7d8a7d9d7ecd18" candidate_term: 3 candidate_status { last_received { term: 1 index: 3 } } ignore_live_leader: false dest_uuid: "77f74ed18ca446cf998d0f471a82fa2b" is_pre_election: true
I20260710 11:10:01.724885 15043 leader_election.cc:304] T 46eed030f58449d79aa7149ead72d12c P b22f36723c094fda8a7d8a7d9d7ecd18 [CANDIDATE]: Term 3 pre-election: Election decided. Result: candidate lost. Election summary: received 3 responses out of 4 voters: 1 yes votes; 2 no votes. yes voters: b22f36723c094fda8a7d8a7d9d7ecd18; no voters: 5a7d8e37adee4c8db6dd39cbcae405ec, 77f74ed18ca446cf998d0f471a82fa2b
I20260710 11:10:01.725769 15528 raft_consensus.cc:2749] T 46eed030f58449d79aa7149ead72d12c P b22f36723c094fda8a7d8a7d9d7ecd18 [term 2 FOLLOWER]: Leader pre-election lost for term 3. Reason: could not achieve majority
I20260710 11:10:01.727715 15147 raft_consensus.cc:1275] T e0dd9e0564a64749a49153f698cab674 P 5a7d8e37adee4c8db6dd39cbcae405ec [term 3 FOLLOWER]: Refusing update from remote peer 2cf019e19d2b4ce5bee7b6b74e16a8a0: Log matching property violated. Preceding OpId in replica: term: 2 index: 3. Preceding OpId from leader: term: 3 index: 4. (index mismatch)
I20260710 11:10:01.731065 15515 consensus_queue.cc:1048] T e0dd9e0564a64749a49153f698cab674 P 2cf019e19d2b4ce5bee7b6b74e16a8a0 [LEADER]: Connected to new peer: Peer: permanent_uuid: "5a7d8e37adee4c8db6dd39cbcae405ec" member_type: VOTER last_known_addr { host: "127.13.144.3" port: 43471 }, Status: LMP_MISMATCH, Last received: 0.0, Next index: 4, Last known committed idx: 2, Time since last communication: 0.001s
I20260710 11:10:01.758543 15072 raft_consensus.cc:1275] T e0dd9e0564a64749a49153f698cab674 P b22f36723c094fda8a7d8a7d9d7ecd18 [term 3 FOLLOWER]: Refusing update from remote peer 2cf019e19d2b4ce5bee7b6b74e16a8a0: Log matching property violated. Preceding OpId in replica: term: 2 index: 3. Preceding OpId from leader: term: 3 index: 4. (index mismatch)
I20260710 11:10:01.766037 15515 consensus_queue.cc:1048] T e0dd9e0564a64749a49153f698cab674 P 2cf019e19d2b4ce5bee7b6b74e16a8a0 [LEADER]: Connected to new peer: Peer: permanent_uuid: "b22f36723c094fda8a7d8a7d9d7ecd18" member_type: VOTER last_known_addr { host: "127.13.144.2" port: 38239 } attrs { replace: true }, Status: LMP_MISMATCH, Last received: 0.0, Next index: 4, Last known committed idx: 3, Time since last communication: 0.000s
I20260710 11:10:01.793540 15515 raft_consensus.cc:1064] T e0dd9e0564a64749a49153f698cab674 P 2cf019e19d2b4ce5bee7b6b74e16a8a0: attempting to promote NON_VOTER 77f74ed18ca446cf998d0f471a82fa2b to VOTER
W20260710 11:10:01.793992 15515 raft_consensus.cc:1068] T e0dd9e0564a64749a49153f698cab674 P 2cf019e19d2b4ce5bee7b6b74e16a8a0: Unable to promote non-voter 77f74ed18ca446cf998d0f471a82fa2b: Illegal state: Leader has not yet committed an operation in its own term
I20260710 11:10:01.850535 15550 raft_consensus.cc:1064] T e0dd9e0564a64749a49153f698cab674 P 2cf019e19d2b4ce5bee7b6b74e16a8a0: attempting to promote NON_VOTER 77f74ed18ca446cf998d0f471a82fa2b to VOTER
I20260710 11:10:01.853196 15550 consensus_queue.cc:237] T e0dd9e0564a64749a49153f698cab674 P 2cf019e19d2b4ce5bee7b6b74e16a8a0 [LEADER]: Queue going to LEADER mode. State: All replicated index: 0, Majority replicated index: 4, Committed index: 4, Last appended: 3.4, Last appended by leader: 3, Current term: 3, Majority size: 3, State: 0, Mode: LEADER, active raft config: opid_index: 5 OBSOLETE_local: false peers { permanent_uuid: "2cf019e19d2b4ce5bee7b6b74e16a8a0" member_type: VOTER last_known_addr { host: "127.13.144.1" port: 40397 } } peers { permanent_uuid: "b22f36723c094fda8a7d8a7d9d7ecd18" member_type: VOTER last_known_addr { host: "127.13.144.2" port: 38239 } attrs { replace: true } } peers { permanent_uuid: "5a7d8e37adee4c8db6dd39cbcae405ec" member_type: VOTER last_known_addr { host: "127.13.144.3" port: 43471 } } peers { permanent_uuid: "77f74ed18ca446cf998d0f471a82fa2b" member_type: VOTER last_known_addr { host: "127.13.144.4" port: 39479 } attrs { promote: false } }
I20260710 11:10:01.861938 15149 raft_consensus.cc:1275] T e0dd9e0564a64749a49153f698cab674 P 5a7d8e37adee4c8db6dd39cbcae405ec [term 3 FOLLOWER]: Refusing update from remote peer 2cf019e19d2b4ce5bee7b6b74e16a8a0: Log matching property violated. Preceding OpId in replica: term: 3 index: 4. Preceding OpId from leader: term: 3 index: 5. (index mismatch)
I20260710 11:10:01.863695 15519 consensus_queue.cc:1048] T e0dd9e0564a64749a49153f698cab674 P 2cf019e19d2b4ce5bee7b6b74e16a8a0 [LEADER]: Connected to new peer: Peer: permanent_uuid: "5a7d8e37adee4c8db6dd39cbcae405ec" member_type: VOTER last_known_addr { host: "127.13.144.3" port: 43471 }, Status: LMP_MISMATCH, Last received: 0.0, Next index: 5, Last known committed idx: 4, Time since last communication: 0.000s
I20260710 11:10:01.876799 15417 raft_consensus.cc:1275] T e0dd9e0564a64749a49153f698cab674 P 77f74ed18ca446cf998d0f471a82fa2b [term 3 LEARNER]: Refusing update from remote peer 2cf019e19d2b4ce5bee7b6b74e16a8a0: Log matching property violated. Preceding OpId in replica: term: 3 index: 4. Preceding OpId from leader: term: 3 index: 5. (index mismatch)
I20260710 11:10:01.878415 15519 consensus_queue.cc:1048] T e0dd9e0564a64749a49153f698cab674 P 2cf019e19d2b4ce5bee7b6b74e16a8a0 [LEADER]: Connected to new peer: Peer: permanent_uuid: "77f74ed18ca446cf998d0f471a82fa2b" member_type: VOTER last_known_addr { host: "127.13.144.4" port: 39479 } attrs { promote: false }, Status: LMP_MISMATCH, Last received: 0.0, Next index: 5, Last known committed idx: 4, Time since last communication: 0.000s
I20260710 11:10:01.888748 15515 raft_consensus.cc:2955] T e0dd9e0564a64749a49153f698cab674 P 2cf019e19d2b4ce5bee7b6b74e16a8a0 [term 3 LEADER]: Committing config change with OpId 3.5: config changed from index 2 to 5, 77f74ed18ca446cf998d0f471a82fa2b (127.13.144.4) changed from NON_VOTER to VOTER. New config: { opid_index: 5 OBSOLETE_local: false peers { permanent_uuid: "2cf019e19d2b4ce5bee7b6b74e16a8a0" member_type: VOTER last_known_addr { host: "127.13.144.1" port: 40397 } } peers { permanent_uuid: "b22f36723c094fda8a7d8a7d9d7ecd18" member_type: VOTER last_known_addr { host: "127.13.144.2" port: 38239 } attrs { replace: true } } peers { permanent_uuid: "5a7d8e37adee4c8db6dd39cbcae405ec" member_type: VOTER last_known_addr { host: "127.13.144.3" port: 43471 } } peers { permanent_uuid: "77f74ed18ca446cf998d0f471a82fa2b" member_type: VOTER last_known_addr { host: "127.13.144.4" port: 39479 } attrs { promote: false } } }
I20260710 11:10:01.895177 15418 raft_consensus.cc:2955] T e0dd9e0564a64749a49153f698cab674 P 77f74ed18ca446cf998d0f471a82fa2b [term 3 FOLLOWER]: Committing config change with OpId 3.5: config changed from index 2 to 5, 77f74ed18ca446cf998d0f471a82fa2b (127.13.144.4) changed from NON_VOTER to VOTER. New config: { opid_index: 5 OBSOLETE_local: false peers { permanent_uuid: "2cf019e19d2b4ce5bee7b6b74e16a8a0" member_type: VOTER last_known_addr { host: "127.13.144.1" port: 40397 } } peers { permanent_uuid: "b22f36723c094fda8a7d8a7d9d7ecd18" member_type: VOTER last_known_addr { host: "127.13.144.2" port: 38239 } attrs { replace: true } } peers { permanent_uuid: "5a7d8e37adee4c8db6dd39cbcae405ec" member_type: VOTER last_known_addr { host: "127.13.144.3" port: 43471 } } peers { permanent_uuid: "77f74ed18ca446cf998d0f471a82fa2b" member_type: VOTER last_known_addr { host: "127.13.144.4" port: 39479 } attrs { promote: false } } }
I20260710 11:10:01.903908 15516 raft_consensus.cc:493] T 46eed030f58449d79aa7149ead72d12c P 5a7d8e37adee4c8db6dd39cbcae405ec [term 1 FOLLOWER]: Starting pre-election (detected failure of leader b22f36723c094fda8a7d8a7d9d7ecd18)
I20260710 11:10:01.904502 15516 raft_consensus.cc:515] T 46eed030f58449d79aa7149ead72d12c P 5a7d8e37adee4c8db6dd39cbcae405ec [term 1 FOLLOWER]: Starting pre-election with config: opid_index: 3 OBSOLETE_local: false peers { permanent_uuid: "2cf019e19d2b4ce5bee7b6b74e16a8a0" member_type: VOTER last_known_addr { host: "127.13.144.1" port: 40397 } attrs { replace: true } } peers { permanent_uuid: "b22f36723c094fda8a7d8a7d9d7ecd18" member_type: VOTER last_known_addr { host: "127.13.144.2" port: 38239 } } peers { permanent_uuid: "5a7d8e37adee4c8db6dd39cbcae405ec" member_type: VOTER last_known_addr { host: "127.13.144.3" port: 43471 } } peers { permanent_uuid: "77f74ed18ca446cf998d0f471a82fa2b" member_type: VOTER last_known_addr { host: "127.13.144.4" port: 39479 } attrs { promote: false } }
I20260710 11:10:01.909713 14995 tablet_service.cc:1917] Received RequestConsensusVote() RPC: tablet_id: "46eed030f58449d79aa7149ead72d12c" candidate_uuid: "5a7d8e37adee4c8db6dd39cbcae405ec" candidate_term: 2 candidate_status { last_received { term: 1 index: 3 } } ignore_live_leader: false dest_uuid: "2cf019e19d2b4ce5bee7b6b74e16a8a0" is_pre_election: true
I20260710 11:10:01.910598 14995 raft_consensus.cc:2393] T 46eed030f58449d79aa7149ead72d12c P 2cf019e19d2b4ce5bee7b6b74e16a8a0 [term 2 FOLLOWER]: Leader pre-election vote request: Denying vote to candidate 5a7d8e37adee4c8db6dd39cbcae405ec in current term 2: Already voted for candidate 2cf019e19d2b4ce5bee7b6b74e16a8a0 in this term.
I20260710 11:10:01.935880 15074 tablet_service.cc:1917] Received RequestConsensusVote() RPC: tablet_id: "46eed030f58449d79aa7149ead72d12c" candidate_uuid: "5a7d8e37adee4c8db6dd39cbcae405ec" candidate_term: 2 candidate_status { last_received { term: 1 index: 3 } } ignore_live_leader: false dest_uuid: "b22f36723c094fda8a7d8a7d9d7ecd18" is_pre_election: true
I20260710 11:10:01.936725 15074 raft_consensus.cc:2468] T 46eed030f58449d79aa7149ead72d12c P b22f36723c094fda8a7d8a7d9d7ecd18 [term 2 FOLLOWER]: Leader pre-election vote request: Granting yes vote for candidate 5a7d8e37adee4c8db6dd39cbcae405ec in term 2.
I20260710 11:10:01.937058 15516 leader_election.cc:290] T 46eed030f58449d79aa7149ead72d12c P 5a7d8e37adee4c8db6dd39cbcae405ec [CANDIDATE]: Term 2 pre-election: Requested pre-vote from peers 2cf019e19d2b4ce5bee7b6b74e16a8a0 (127.13.144.1:40397), b22f36723c094fda8a7d8a7d9d7ecd18 (127.13.144.2:38239), 77f74ed18ca446cf998d0f471a82fa2b (127.13.144.4:39479)
I20260710 11:10:01.937304 15417 tablet_service.cc:1917] Received RequestConsensusVote() RPC: tablet_id: "46eed030f58449d79aa7149ead72d12c" candidate_uuid: "5a7d8e37adee4c8db6dd39cbcae405ec" candidate_term: 2 candidate_status { last_received { term: 1 index: 3 } } ignore_live_leader: false dest_uuid: "77f74ed18ca446cf998d0f471a82fa2b" is_pre_election: true
I20260710 11:10:01.941093 15117 leader_election.cc:304] T 46eed030f58449d79aa7149ead72d12c P 5a7d8e37adee4c8db6dd39cbcae405ec [CANDIDATE]: Term 2 pre-election: Election decided. Result: candidate lost. Election summary: received 4 responses out of 4 voters: 2 yes votes; 2 no votes. yes voters: 5a7d8e37adee4c8db6dd39cbcae405ec, b22f36723c094fda8a7d8a7d9d7ecd18; no voters: 2cf019e19d2b4ce5bee7b6b74e16a8a0, 77f74ed18ca446cf998d0f471a82fa2b
I20260710 11:10:01.943396 15516 raft_consensus.cc:3060] T 46eed030f58449d79aa7149ead72d12c P 5a7d8e37adee4c8db6dd39cbcae405ec [term 1 FOLLOWER]: Advancing to term 2
I20260710 11:10:01.968658 15516 raft_consensus.cc:2749] T 46eed030f58449d79aa7149ead72d12c P 5a7d8e37adee4c8db6dd39cbcae405ec [term 2 FOLLOWER]: Leader pre-election lost for term 2. Reason: could not achieve majority
I20260710 11:10:01.976150 15562 raft_consensus.cc:493] T 46eed030f58449d79aa7149ead72d12c P 77f74ed18ca446cf998d0f471a82fa2b [term 1 FOLLOWER]: Starting pre-election (detected failure of leader b22f36723c094fda8a7d8a7d9d7ecd18)
I20260710 11:10:01.983857 15562 raft_consensus.cc:515] T 46eed030f58449d79aa7149ead72d12c P 77f74ed18ca446cf998d0f471a82fa2b [term 1 FOLLOWER]: Starting pre-election with config: opid_index: 3 OBSOLETE_local: false peers { permanent_uuid: "2cf019e19d2b4ce5bee7b6b74e16a8a0" member_type: VOTER last_known_addr { host: "127.13.144.1" port: 40397 } attrs { replace: true } } peers { permanent_uuid: "b22f36723c094fda8a7d8a7d9d7ecd18" member_type: VOTER last_known_addr { host: "127.13.144.2" port: 38239 } } peers { permanent_uuid: "5a7d8e37adee4c8db6dd39cbcae405ec" member_type: VOTER last_known_addr { host: "127.13.144.3" port: 43471 } } peers { permanent_uuid: "77f74ed18ca446cf998d0f471a82fa2b" member_type: VOTER last_known_addr { host: "127.13.144.4" port: 39479 } attrs { promote: false } }
I20260710 11:10:01.986315 14897 catalog_manager.cc:5697] T e0dd9e0564a64749a49153f698cab674 P 2cf019e19d2b4ce5bee7b6b74e16a8a0 reported cstate change: config changed from index 2 to 5, 77f74ed18ca446cf998d0f471a82fa2b (127.13.144.4) changed from NON_VOTER to VOTER. New cstate: current_term: 3 leader_uuid: "2cf019e19d2b4ce5bee7b6b74e16a8a0" committed_config { opid_index: 5 OBSOLETE_local: false peers { permanent_uuid: "2cf019e19d2b4ce5bee7b6b74e16a8a0" member_type: VOTER last_known_addr { host: "127.13.144.1" port: 40397 } health_report { overall_health: HEALTHY } } peers { permanent_uuid: "b22f36723c094fda8a7d8a7d9d7ecd18" member_type: VOTER last_known_addr { host: "127.13.144.2" port: 38239 } attrs { replace: true } health_report { overall_health: UNKNOWN } } peers { permanent_uuid: "5a7d8e37adee4c8db6dd39cbcae405ec" member_type: VOTER last_known_addr { host: "127.13.144.3" port: 43471 } health_report { overall_health: HEALTHY } } peers { permanent_uuid: "77f74ed18ca446cf998d0f471a82fa2b" member_type: VOTER last_known_addr { host: "127.13.144.4" port: 39479 } attrs { promote: false } health_report { overall_health: HEALTHY } } }
I20260710 11:10:01.988821 14995 tablet_service.cc:1917] Received RequestConsensusVote() RPC: tablet_id: "46eed030f58449d79aa7149ead72d12c" candidate_uuid: "77f74ed18ca446cf998d0f471a82fa2b" candidate_term: 2 candidate_status { last_received { term: 1 index: 3 } } ignore_live_leader: false dest_uuid: "2cf019e19d2b4ce5bee7b6b74e16a8a0" is_pre_election: true
I20260710 11:10:01.989734 14995 raft_consensus.cc:2393] T 46eed030f58449d79aa7149ead72d12c P 2cf019e19d2b4ce5bee7b6b74e16a8a0 [term 2 FOLLOWER]: Leader pre-election vote request: Denying vote to candidate 77f74ed18ca446cf998d0f471a82fa2b in current term 2: Already voted for candidate 2cf019e19d2b4ce5bee7b6b74e16a8a0 in this term.
I20260710 11:10:01.978574 15148 raft_consensus.cc:2955] T e0dd9e0564a64749a49153f698cab674 P 5a7d8e37adee4c8db6dd39cbcae405ec [term 3 FOLLOWER]: Committing config change with OpId 3.5: config changed from index 2 to 5, 77f74ed18ca446cf998d0f471a82fa2b (127.13.144.4) changed from NON_VOTER to VOTER. New config: { opid_index: 5 OBSOLETE_local: false peers { permanent_uuid: "2cf019e19d2b4ce5bee7b6b74e16a8a0" member_type: VOTER last_known_addr { host: "127.13.144.1" port: 40397 } } peers { permanent_uuid: "b22f36723c094fda8a7d8a7d9d7ecd18" member_type: VOTER last_known_addr { host: "127.13.144.2" port: 38239 } attrs { replace: true } } peers { permanent_uuid: "5a7d8e37adee4c8db6dd39cbcae405ec" member_type: VOTER last_known_addr { host: "127.13.144.3" port: 43471 } } peers { permanent_uuid: "77f74ed18ca446cf998d0f471a82fa2b" member_type: VOTER last_known_addr { host: "127.13.144.4" port: 39479 } attrs { promote: false } } }
I20260710 11:10:01.994611 15074 tablet_service.cc:1917] Received RequestConsensusVote() RPC: tablet_id: "46eed030f58449d79aa7149ead72d12c" candidate_uuid: "77f74ed18ca446cf998d0f471a82fa2b" candidate_term: 2 candidate_status { last_received { term: 1 index: 3 } } ignore_live_leader: false dest_uuid: "b22f36723c094fda8a7d8a7d9d7ecd18" is_pre_election: true
I20260710 11:10:01.995247 15074 raft_consensus.cc:2468] T 46eed030f58449d79aa7149ead72d12c P b22f36723c094fda8a7d8a7d9d7ecd18 [term 2 FOLLOWER]: Leader pre-election vote request: Granting yes vote for candidate 77f74ed18ca446cf998d0f471a82fa2b in term 2.
I20260710 11:10:01.996197 15149 tablet_service.cc:1917] Received RequestConsensusVote() RPC: tablet_id: "46eed030f58449d79aa7149ead72d12c" candidate_uuid: "77f74ed18ca446cf998d0f471a82fa2b" candidate_term: 2 candidate_status { last_received { term: 1 index: 3 } } ignore_live_leader: false dest_uuid: "5a7d8e37adee4c8db6dd39cbcae405ec" is_pre_election: true
I20260710 11:10:02.000927 15562 leader_election.cc:290] T 46eed030f58449d79aa7149ead72d12c P 77f74ed18ca446cf998d0f471a82fa2b [CANDIDATE]: Term 2 pre-election: Requested pre-vote from peers 2cf019e19d2b4ce5bee7b6b74e16a8a0 (127.13.144.1:40397), b22f36723c094fda8a7d8a7d9d7ecd18 (127.13.144.2:38239), 5a7d8e37adee4c8db6dd39cbcae405ec (127.13.144.3:43471)
I20260710 11:10:02.015024 15149 raft_consensus.cc:2468] T 46eed030f58449d79aa7149ead72d12c P 5a7d8e37adee4c8db6dd39cbcae405ec [term 2 FOLLOWER]: Leader pre-election vote request: Granting yes vote for candidate 77f74ed18ca446cf998d0f471a82fa2b in term 2.
I20260710 11:10:02.022647 15381 leader_election.cc:304] T 46eed030f58449d79aa7149ead72d12c P 77f74ed18ca446cf998d0f471a82fa2b [CANDIDATE]: Term 2 pre-election: Election decided. Result: candidate won. Election summary: received 4 responses out of 4 voters: 3 yes votes; 1 no votes. yes voters: 5a7d8e37adee4c8db6dd39cbcae405ec, 77f74ed18ca446cf998d0f471a82fa2b, b22f36723c094fda8a7d8a7d9d7ecd18; no voters: 2cf019e19d2b4ce5bee7b6b74e16a8a0
I20260710 11:10:02.027217 15562 raft_consensus.cc:2804] T 46eed030f58449d79aa7149ead72d12c P 77f74ed18ca446cf998d0f471a82fa2b [term 1 FOLLOWER]: Leader pre-election won for term 2
I20260710 11:10:02.027860 15562 raft_consensus.cc:493] T 46eed030f58449d79aa7149ead72d12c P 77f74ed18ca446cf998d0f471a82fa2b [term 1 FOLLOWER]: Starting leader election (detected failure of leader b22f36723c094fda8a7d8a7d9d7ecd18)
I20260710 11:10:02.028369 15562 raft_consensus.cc:3060] T 46eed030f58449d79aa7149ead72d12c P 77f74ed18ca446cf998d0f471a82fa2b [term 1 FOLLOWER]: Advancing to term 2
I20260710 11:10:02.036891 14995 consensus_queue.cc:237] T e0dd9e0564a64749a49153f698cab674 P 2cf019e19d2b4ce5bee7b6b74e16a8a0 [LEADER]: Queue going to LEADER mode. State: All replicated index: 0, Majority replicated index: 5, Committed index: 5, Last appended: 3.5, Last appended by leader: 3, Current term: 3, Majority size: 2, State: 0, Mode: LEADER, active raft config: opid_index: 6 OBSOLETE_local: false peers { permanent_uuid: "2cf019e19d2b4ce5bee7b6b74e16a8a0" member_type: VOTER last_known_addr { host: "127.13.144.1" port: 40397 } } peers { permanent_uuid: "5a7d8e37adee4c8db6dd39cbcae405ec" member_type: VOTER last_known_addr { host: "127.13.144.3" port: 43471 } } peers { permanent_uuid: "77f74ed18ca446cf998d0f471a82fa2b" member_type: VOTER last_known_addr { host: "127.13.144.4" port: 39479 } attrs { promote: false } }
I20260710 11:10:02.050441 15149 raft_consensus.cc:1275] T e0dd9e0564a64749a49153f698cab674 P 5a7d8e37adee4c8db6dd39cbcae405ec [term 3 FOLLOWER]: Refusing update from remote peer 2cf019e19d2b4ce5bee7b6b74e16a8a0: Log matching property violated. Preceding OpId in replica: term: 3 index: 5. Preceding OpId from leader: term: 3 index: 6. (index mismatch)
I20260710 11:10:02.052026 15515 consensus_queue.cc:1048] T e0dd9e0564a64749a49153f698cab674 P 2cf019e19d2b4ce5bee7b6b74e16a8a0 [LEADER]: Connected to new peer: Peer: permanent_uuid: "5a7d8e37adee4c8db6dd39cbcae405ec" member_type: VOTER last_known_addr { host: "127.13.144.3" port: 43471 }, Status: LMP_MISMATCH, Last received: 0.0, Next index: 6, Last known committed idx: 5, Time since last communication: 0.000s
I20260710 11:10:02.070456 15147 raft_consensus.cc:2955] T e0dd9e0564a64749a49153f698cab674 P 5a7d8e37adee4c8db6dd39cbcae405ec [term 3 FOLLOWER]: Committing config change with OpId 3.6: config changed from index 5 to 6, VOTER b22f36723c094fda8a7d8a7d9d7ecd18 (127.13.144.2) evicted. New config: { opid_index: 6 OBSOLETE_local: false peers { permanent_uuid: "2cf019e19d2b4ce5bee7b6b74e16a8a0" member_type: VOTER last_known_addr { host: "127.13.144.1" port: 40397 } } peers { permanent_uuid: "5a7d8e37adee4c8db6dd39cbcae405ec" member_type: VOTER last_known_addr { host: "127.13.144.3" port: 43471 } } peers { permanent_uuid: "77f74ed18ca446cf998d0f471a82fa2b" member_type: VOTER last_known_addr { host: "127.13.144.4" port: 39479 } attrs { promote: false } } }
I20260710 11:10:02.073565 15572 raft_consensus.cc:2955] T e0dd9e0564a64749a49153f698cab674 P 2cf019e19d2b4ce5bee7b6b74e16a8a0 [term 3 LEADER]: Committing config change with OpId 3.6: config changed from index 5 to 6, VOTER b22f36723c094fda8a7d8a7d9d7ecd18 (127.13.144.2) evicted. New config: { opid_index: 6 OBSOLETE_local: false peers { permanent_uuid: "2cf019e19d2b4ce5bee7b6b74e16a8a0" member_type: VOTER last_known_addr { host: "127.13.144.1" port: 40397 } } peers { permanent_uuid: "5a7d8e37adee4c8db6dd39cbcae405ec" member_type: VOTER last_known_addr { host: "127.13.144.3" port: 43471 } } peers { permanent_uuid: "77f74ed18ca446cf998d0f471a82fa2b" member_type: VOTER last_known_addr { host: "127.13.144.4" port: 39479 } attrs { promote: false } } }
I20260710 11:10:02.116707 15417 raft_consensus.cc:1275] T e0dd9e0564a64749a49153f698cab674 P 77f74ed18ca446cf998d0f471a82fa2b [term 3 FOLLOWER]: Refusing update from remote peer 2cf019e19d2b4ce5bee7b6b74e16a8a0: Log matching property violated. Preceding OpId in replica: term: 3 index: 5. Preceding OpId from leader: term: 3 index: 6. (index mismatch)
I20260710 11:10:02.118144 14887 catalog_manager.cc:5210] ChangeConfig:REMOVE_PEER RPC for tablet e0dd9e0564a64749a49153f698cab674 with cas_config_opid_index 5: ChangeConfig:REMOVE_PEER succeeded (attempt 1)
I20260710 11:10:02.126652 15515 consensus_queue.cc:1048] T e0dd9e0564a64749a49153f698cab674 P 2cf019e19d2b4ce5bee7b6b74e16a8a0 [LEADER]: Connected to new peer: Peer: permanent_uuid: "77f74ed18ca446cf998d0f471a82fa2b" member_type: VOTER last_known_addr { host: "127.13.144.4" port: 39479 } attrs { promote: false }, Status: LMP_MISMATCH, Last received: 0.0, Next index: 6, Last known committed idx: 5, Time since last communication: 0.001s
I20260710 11:10:02.134747 15417 raft_consensus.cc:2955] T e0dd9e0564a64749a49153f698cab674 P 77f74ed18ca446cf998d0f471a82fa2b [term 3 FOLLOWER]: Committing config change with OpId 3.6: config changed from index 5 to 6, VOTER b22f36723c094fda8a7d8a7d9d7ecd18 (127.13.144.2) evicted. New config: { opid_index: 6 OBSOLETE_local: false peers { permanent_uuid: "2cf019e19d2b4ce5bee7b6b74e16a8a0" member_type: VOTER last_known_addr { host: "127.13.144.1" port: 40397 } } peers { permanent_uuid: "5a7d8e37adee4c8db6dd39cbcae405ec" member_type: VOTER last_known_addr { host: "127.13.144.3" port: 43471 } } peers { permanent_uuid: "77f74ed18ca446cf998d0f471a82fa2b" member_type: VOTER last_known_addr { host: "127.13.144.4" port: 39479 } attrs { promote: false } } }
I20260710 11:10:02.136834 14899 catalog_manager.cc:5697] T e0dd9e0564a64749a49153f698cab674 P 5a7d8e37adee4c8db6dd39cbcae405ec reported cstate change: config changed from index 5 to 6, VOTER b22f36723c094fda8a7d8a7d9d7ecd18 (127.13.144.2) evicted. New cstate: current_term: 3 leader_uuid: "2cf019e19d2b4ce5bee7b6b74e16a8a0" committed_config { opid_index: 6 OBSOLETE_local: false peers { permanent_uuid: "2cf019e19d2b4ce5bee7b6b74e16a8a0" member_type: VOTER last_known_addr { host: "127.13.144.1" port: 40397 } } peers { permanent_uuid: "5a7d8e37adee4c8db6dd39cbcae405ec" member_type: VOTER last_known_addr { host: "127.13.144.3" port: 43471 } } peers { permanent_uuid: "77f74ed18ca446cf998d0f471a82fa2b" member_type: VOTER last_known_addr { host: "127.13.144.4" port: 39479 } attrs { promote: false } } }
I20260710 11:10:02.050406 15562 raft_consensus.cc:515] T 46eed030f58449d79aa7149ead72d12c P 77f74ed18ca446cf998d0f471a82fa2b [term 2 FOLLOWER]: Starting leader election with config: opid_index: 3 OBSOLETE_local: false peers { permanent_uuid: "2cf019e19d2b4ce5bee7b6b74e16a8a0" member_type: VOTER last_known_addr { host: "127.13.144.1" port: 40397 } attrs { replace: true } } peers { permanent_uuid: "b22f36723c094fda8a7d8a7d9d7ecd18" member_type: VOTER last_known_addr { host: "127.13.144.2" port: 38239 } } peers { permanent_uuid: "5a7d8e37adee4c8db6dd39cbcae405ec" member_type: VOTER last_known_addr { host: "127.13.144.3" port: 43471 } } peers { permanent_uuid: "77f74ed18ca446cf998d0f471a82fa2b" member_type: VOTER last_known_addr { host: "127.13.144.4" port: 39479 } attrs { promote: false } }
I20260710 11:10:02.144968 15073 raft_consensus.cc:1275] T e0dd9e0564a64749a49153f698cab674 P b22f36723c094fda8a7d8a7d9d7ecd18 [term 3 FOLLOWER]: Refusing update from remote peer 2cf019e19d2b4ce5bee7b6b74e16a8a0: Log matching property violated. Preceding OpId in replica: term: 3 index: 4. Preceding OpId from leader: term: 3 index: 5. (index mismatch)
I20260710 11:10:02.148152 14996 tablet_service.cc:1917] Received RequestConsensusVote() RPC: tablet_id: "46eed030f58449d79aa7149ead72d12c" candidate_uuid: "77f74ed18ca446cf998d0f471a82fa2b" candidate_term: 2 candidate_status { last_received { term: 1 index: 3 } } ignore_live_leader: false dest_uuid: "2cf019e19d2b4ce5bee7b6b74e16a8a0"
I20260710 11:10:02.148967 14996 raft_consensus.cc:2393] T 46eed030f58449d79aa7149ead72d12c P 2cf019e19d2b4ce5bee7b6b74e16a8a0 [term 2 FOLLOWER]: Leader election vote request: Denying vote to candidate 77f74ed18ca446cf998d0f471a82fa2b in current term 2: Already voted for candidate 2cf019e19d2b4ce5bee7b6b74e16a8a0 in this term.
I20260710 11:10:02.173898 15065 tablet_service.cc:1558] Processing DeleteTablet for tablet e0dd9e0564a64749a49153f698cab674 with delete_type TABLET_DATA_TOMBSTONED (TS b22f36723c094fda8a7d8a7d9d7ecd18 not found in new config with opid_index 6) from {username='slave'} at 127.0.0.1:35230
I20260710 11:10:02.177021 15073 tablet_service.cc:1917] Received RequestConsensusVote() RPC: tablet_id: "46eed030f58449d79aa7149ead72d12c" candidate_uuid: "77f74ed18ca446cf998d0f471a82fa2b" candidate_term: 2 candidate_status { last_received { term: 1 index: 3 } } ignore_live_leader: false dest_uuid: "b22f36723c094fda8a7d8a7d9d7ecd18"
I20260710 11:10:02.195204 15577 tablet_replica.cc:333] T e0dd9e0564a64749a49153f698cab674 P b22f36723c094fda8a7d8a7d9d7ecd18: stopping tablet replica
I20260710 11:10:02.196261 15577 raft_consensus.cc:2243] T e0dd9e0564a64749a49153f698cab674 P b22f36723c094fda8a7d8a7d9d7ecd18 [term 3 FOLLOWER]: Raft consensus shutting down.
I20260710 11:10:02.196919 15577 pending_rounds.cc:70] T e0dd9e0564a64749a49153f698cab674 P b22f36723c094fda8a7d8a7d9d7ecd18: Trying to abort 1 pending ops.
I20260710 11:10:02.197322 15577 pending_rounds.cc:77] T e0dd9e0564a64749a49153f698cab674 P b22f36723c094fda8a7d8a7d9d7ecd18: Aborting op as it isn't in flight: id { term: 3 index: 4 } timestamp: 7305960657709768704 op_type: NO_OP noop_request { }
I20260710 11:10:02.197841 15577 raft_consensus.cc:2889] T e0dd9e0564a64749a49153f698cab674 P b22f36723c094fda8a7d8a7d9d7ecd18 [term 3 FOLLOWER]: NO_OP replication failed: Aborted: Op aborted
I20260710 11:10:02.198226 15577 raft_consensus.cc:2272] T e0dd9e0564a64749a49153f698cab674 P b22f36723c094fda8a7d8a7d9d7ecd18 [term 3 FOLLOWER]: Raft consensus is shut down!
I20260710 11:10:02.198864 15147 tablet_service.cc:1917] Received RequestConsensusVote() RPC: tablet_id: "46eed030f58449d79aa7149ead72d12c" candidate_uuid: "77f74ed18ca446cf998d0f471a82fa2b" candidate_term: 2 candidate_status { last_received { term: 1 index: 3 } } ignore_live_leader: false dest_uuid: "5a7d8e37adee4c8db6dd39cbcae405ec"
I20260710 11:10:02.206112 15562 leader_election.cc:290] T 46eed030f58449d79aa7149ead72d12c P 77f74ed18ca446cf998d0f471a82fa2b [CANDIDATE]: Term 2 election: Requested vote from peers 2cf019e19d2b4ce5bee7b6b74e16a8a0 (127.13.144.1:40397), b22f36723c094fda8a7d8a7d9d7ecd18 (127.13.144.2:38239), 5a7d8e37adee4c8db6dd39cbcae405ec (127.13.144.3:43471)
I20260710 11:10:02.210925 15147 raft_consensus.cc:2468] T 46eed030f58449d79aa7149ead72d12c P 5a7d8e37adee4c8db6dd39cbcae405ec [term 2 FOLLOWER]: Leader election vote request: Granting yes vote for candidate 77f74ed18ca446cf998d0f471a82fa2b in term 2.
I20260710 11:10:02.207758 15073 raft_consensus.cc:2468] T 46eed030f58449d79aa7149ead72d12c P b22f36723c094fda8a7d8a7d9d7ecd18 [term 2 FOLLOWER]: Leader election vote request: Granting yes vote for candidate 77f74ed18ca446cf998d0f471a82fa2b in term 2.
I20260710 11:10:02.212971 15577 ts_tablet_manager.cc:1916] T e0dd9e0564a64749a49153f698cab674 P b22f36723c094fda8a7d8a7d9d7ecd18: Deleting tablet data with delete state TABLET_DATA_TOMBSTONED
I20260710 11:10:02.213460 15380 leader_election.cc:304] T 46eed030f58449d79aa7149ead72d12c P 77f74ed18ca446cf998d0f471a82fa2b [CANDIDATE]: Term 2 election: Election decided. Result: candidate won. Election summary: received 4 responses out of 4 voters: 3 yes votes; 1 no votes. yes voters: 5a7d8e37adee4c8db6dd39cbcae405ec, 77f74ed18ca446cf998d0f471a82fa2b, b22f36723c094fda8a7d8a7d9d7ecd18; no voters: 2cf019e19d2b4ce5bee7b6b74e16a8a0
I20260710 11:10:02.215247 15562 raft_consensus.cc:2804] T 46eed030f58449d79aa7149ead72d12c P 77f74ed18ca446cf998d0f471a82fa2b [term 2 FOLLOWER]: Leader election won for term 2
I20260710 11:10:02.215880 15562 raft_consensus.cc:697] T 46eed030f58449d79aa7149ead72d12c P 77f74ed18ca446cf998d0f471a82fa2b [term 2 LEADER]: Becoming Leader. State: Replica: 77f74ed18ca446cf998d0f471a82fa2b, State: Running, Role: LEADER
I20260710 11:10:02.217433 15562 consensus_queue.cc:237] T 46eed030f58449d79aa7149ead72d12c P 77f74ed18ca446cf998d0f471a82fa2b [LEADER]: Queue going to LEADER mode. State: All replicated index: 0, Majority replicated index: 3, Committed index: 3, Last appended: 1.3, Last appended by leader: 3, Current term: 2, Majority size: 3, State: 0, Mode: LEADER, active raft config: opid_index: 3 OBSOLETE_local: false peers { permanent_uuid: "2cf019e19d2b4ce5bee7b6b74e16a8a0" member_type: VOTER last_known_addr { host: "127.13.144.1" port: 40397 } attrs { replace: true } } peers { permanent_uuid: "b22f36723c094fda8a7d8a7d9d7ecd18" member_type: VOTER last_known_addr { host: "127.13.144.2" port: 38239 } } peers { permanent_uuid: "5a7d8e37adee4c8db6dd39cbcae405ec" member_type: VOTER last_known_addr { host: "127.13.144.3" port: 43471 } } peers { permanent_uuid: "77f74ed18ca446cf998d0f471a82fa2b" member_type: VOTER last_known_addr { host: "127.13.144.4" port: 39479 } attrs { promote: false } }
I20260710 11:10:02.235574 14897 catalog_manager.cc:5697] T 46eed030f58449d79aa7149ead72d12c P 77f74ed18ca446cf998d0f471a82fa2b reported cstate change: term changed from 1 to 2, leader changed from b22f36723c094fda8a7d8a7d9d7ecd18 (127.13.144.2) to 77f74ed18ca446cf998d0f471a82fa2b (127.13.144.4). New cstate: current_term: 2 leader_uuid: "77f74ed18ca446cf998d0f471a82fa2b" committed_config { opid_index: 3 OBSOLETE_local: false peers { permanent_uuid: "2cf019e19d2b4ce5bee7b6b74e16a8a0" member_type: VOTER last_known_addr { host: "127.13.144.1" port: 40397 } attrs { replace: true } health_report { overall_health: UNKNOWN } } peers { permanent_uuid: "b22f36723c094fda8a7d8a7d9d7ecd18" member_type: VOTER last_known_addr { host: "127.13.144.2" port: 38239 } health_report { overall_health: UNKNOWN } } peers { permanent_uuid: "5a7d8e37adee4c8db6dd39cbcae405ec" member_type: VOTER last_known_addr { host: "127.13.144.3" port: 43471 } health_report { overall_health: UNKNOWN } } peers { permanent_uuid: "77f74ed18ca446cf998d0f471a82fa2b" member_type: VOTER last_known_addr { host: "127.13.144.4" port: 39479 } attrs { promote: false } health_report { overall_health: HEALTHY } } }
I20260710 11:10:02.245652 15577 ts_tablet_manager.cc:1929] T e0dd9e0564a64749a49153f698cab674 P b22f36723c094fda8a7d8a7d9d7ecd18: tablet deleted with delete type TABLET_DATA_TOMBSTONED: last-logged OpId 3.4
I20260710 11:10:02.247265 15577 log.cc:1199] T e0dd9e0564a64749a49153f698cab674 P b22f36723c094fda8a7d8a7d9d7ecd18: Deleting WAL directory at /tmp/dist-test-taskEb805M/test-tmp/auto_leader_rebalancer-test.0.LeaderRebalancerTest.AddTserver.1783681767541499-13888-0/minicluster-data/ts-1-root/wals/e0dd9e0564a64749a49153f698cab674
I20260710 11:10:02.248860 14885 catalog_manager.cc:5028] TS b22f36723c094fda8a7d8a7d9d7ecd18 (127.13.144.2:38239): tablet e0dd9e0564a64749a49153f698cab674 (table test-workload [id=b367873c7be341e18c3c3c311212c375]) successfully deleted
I20260710 11:10:02.668236 14996 raft_consensus.cc:1275] T 46eed030f58449d79aa7149ead72d12c P 2cf019e19d2b4ce5bee7b6b74e16a8a0 [term 2 FOLLOWER]: Refusing update from remote peer 77f74ed18ca446cf998d0f471a82fa2b: Log matching property violated. Preceding OpId in replica: term: 1 index: 2. Preceding OpId from leader: term: 2 index: 4. (index mismatch)
I20260710 11:10:02.671085 15562 consensus_queue.cc:1048] T 46eed030f58449d79aa7149ead72d12c P 77f74ed18ca446cf998d0f471a82fa2b [LEADER]: Connected to new peer: Peer: permanent_uuid: "2cf019e19d2b4ce5bee7b6b74e16a8a0" member_type: VOTER last_known_addr { host: "127.13.144.1" port: 40397 } attrs { replace: true }, Status: LMP_MISMATCH, Last received: 0.0, Next index: 4, Last known committed idx: 2, Time since last communication: 0.000s
I20260710 11:10:02.689666 14996 raft_consensus.cc:2955] T 46eed030f58449d79aa7149ead72d12c P 2cf019e19d2b4ce5bee7b6b74e16a8a0 [term 2 FOLLOWER]: Committing config change with OpId 1.3: config changed from index 2 to 3, 77f74ed18ca446cf998d0f471a82fa2b (127.13.144.4) changed from NON_VOTER to VOTER. New config: { opid_index: 3 OBSOLETE_local: false peers { permanent_uuid: "2cf019e19d2b4ce5bee7b6b74e16a8a0" member_type: VOTER last_known_addr { host: "127.13.144.1" port: 40397 } attrs { replace: true } } peers { permanent_uuid: "b22f36723c094fda8a7d8a7d9d7ecd18" member_type: VOTER last_known_addr { host: "127.13.144.2" port: 38239 } } peers { permanent_uuid: "5a7d8e37adee4c8db6dd39cbcae405ec" member_type: VOTER last_known_addr { host: "127.13.144.3" port: 43471 } } peers { permanent_uuid: "77f74ed18ca446cf998d0f471a82fa2b" member_type: VOTER last_known_addr { host: "127.13.144.4" port: 39479 } attrs { promote: false } } }
I20260710 11:10:02.775552 15147 raft_consensus.cc:1275] T 46eed030f58449d79aa7149ead72d12c P 5a7d8e37adee4c8db6dd39cbcae405ec [term 2 FOLLOWER]: Refusing update from remote peer 77f74ed18ca446cf998d0f471a82fa2b: Log matching property violated. Preceding OpId in replica: term: 1 index: 3. Preceding OpId from leader: term: 2 index: 4. (index mismatch)
I20260710 11:10:02.787871 15562 consensus_queue.cc:1048] T 46eed030f58449d79aa7149ead72d12c P 77f74ed18ca446cf998d0f471a82fa2b [LEADER]: Connected to new peer: Peer: permanent_uuid: "5a7d8e37adee4c8db6dd39cbcae405ec" member_type: VOTER last_known_addr { host: "127.13.144.3" port: 43471 }, Status: LMP_MISMATCH, Last received: 0.0, Next index: 4, Last known committed idx: 3, Time since last communication: 0.001s
I20260710 11:10:02.843089 15073 raft_consensus.cc:1275] T 46eed030f58449d79aa7149ead72d12c P b22f36723c094fda8a7d8a7d9d7ecd18 [term 2 FOLLOWER]: Refusing update from remote peer 77f74ed18ca446cf998d0f471a82fa2b: Log matching property violated. Preceding OpId in replica: term: 1 index: 3. Preceding OpId from leader: term: 2 index: 4. (index mismatch)
I20260710 11:10:02.845939 15562 consensus_queue.cc:1048] T 46eed030f58449d79aa7149ead72d12c P 77f74ed18ca446cf998d0f471a82fa2b [LEADER]: Connected to new peer: Peer: permanent_uuid: "b22f36723c094fda8a7d8a7d9d7ecd18" member_type: VOTER last_known_addr { host: "127.13.144.2" port: 38239 }, Status: LMP_MISMATCH, Last received: 0.0, Next index: 4, Last known committed idx: 3, Time since last communication: 0.000s
I20260710 11:10:03.307650 15417 consensus_queue.cc:237] T 46eed030f58449d79aa7149ead72d12c P 77f74ed18ca446cf998d0f471a82fa2b [LEADER]: Queue going to LEADER mode. State: All replicated index: 0, Majority replicated index: 4, Committed index: 4, Last appended: 2.4, Last appended by leader: 3, Current term: 2, Majority size: 2, State: 0, Mode: LEADER, active raft config: opid_index: 5 OBSOLETE_local: false peers { permanent_uuid: "b22f36723c094fda8a7d8a7d9d7ecd18" member_type: VOTER last_known_addr { host: "127.13.144.2" port: 38239 } } peers { permanent_uuid: "5a7d8e37adee4c8db6dd39cbcae405ec" member_type: VOTER last_known_addr { host: "127.13.144.3" port: 43471 } } peers { permanent_uuid: "77f74ed18ca446cf998d0f471a82fa2b" member_type: VOTER last_known_addr { host: "127.13.144.4" port: 39479 } attrs { promote: false } }
I20260710 11:10:03.325862 15148 raft_consensus.cc:1275] T 46eed030f58449d79aa7149ead72d12c P 5a7d8e37adee4c8db6dd39cbcae405ec [term 2 FOLLOWER]: Refusing update from remote peer 77f74ed18ca446cf998d0f471a82fa2b: Log matching property violated. Preceding OpId in replica: term: 2 index: 4. Preceding OpId from leader: term: 2 index: 5. (index mismatch)
I20260710 11:10:03.327497 15581 consensus_queue.cc:1048] T 46eed030f58449d79aa7149ead72d12c P 77f74ed18ca446cf998d0f471a82fa2b [LEADER]: Connected to new peer: Peer: permanent_uuid: "5a7d8e37adee4c8db6dd39cbcae405ec" member_type: VOTER last_known_addr { host: "127.13.144.3" port: 43471 }, Status: LMP_MISMATCH, Last received: 0.0, Next index: 5, Last known committed idx: 4, Time since last communication: 0.000s
I20260710 11:10:03.339061 15562 raft_consensus.cc:2955] T 46eed030f58449d79aa7149ead72d12c P 77f74ed18ca446cf998d0f471a82fa2b [term 2 LEADER]: Committing config change with OpId 2.5: config changed from index 3 to 5, VOTER 2cf019e19d2b4ce5bee7b6b74e16a8a0 (127.13.144.1) evicted. New config: { opid_index: 5 OBSOLETE_local: false peers { permanent_uuid: "b22f36723c094fda8a7d8a7d9d7ecd18" member_type: VOTER last_known_addr { host: "127.13.144.2" port: 38239 } } peers { permanent_uuid: "5a7d8e37adee4c8db6dd39cbcae405ec" member_type: VOTER last_known_addr { host: "127.13.144.3" port: 43471 } } peers { permanent_uuid: "77f74ed18ca446cf998d0f471a82fa2b" member_type: VOTER last_known_addr { host: "127.13.144.4" port: 39479 } attrs { promote: false } } }
I20260710 11:10:03.346550 15148 raft_consensus.cc:2955] T 46eed030f58449d79aa7149ead72d12c P 5a7d8e37adee4c8db6dd39cbcae405ec [term 2 FOLLOWER]: Committing config change with OpId 2.5: config changed from index 3 to 5, VOTER 2cf019e19d2b4ce5bee7b6b74e16a8a0 (127.13.144.1) evicted. New config: { opid_index: 5 OBSOLETE_local: false peers { permanent_uuid: "b22f36723c094fda8a7d8a7d9d7ecd18" member_type: VOTER last_known_addr { host: "127.13.144.2" port: 38239 } } peers { permanent_uuid: "5a7d8e37adee4c8db6dd39cbcae405ec" member_type: VOTER last_known_addr { host: "127.13.144.3" port: 43471 } } peers { permanent_uuid: "77f74ed18ca446cf998d0f471a82fa2b" member_type: VOTER last_known_addr { host: "127.13.144.4" port: 39479 } attrs { promote: false } } }
I20260710 11:10:03.357653 15072 raft_consensus.cc:1275] T 46eed030f58449d79aa7149ead72d12c P b22f36723c094fda8a7d8a7d9d7ecd18 [term 2 FOLLOWER]: Refusing update from remote peer 77f74ed18ca446cf998d0f471a82fa2b: Log matching property violated. Preceding OpId in replica: term: 2 index: 4. Preceding OpId from leader: term: 2 index: 5. (index mismatch)
I20260710 11:10:03.359750 15587 consensus_queue.cc:1048] T 46eed030f58449d79aa7149ead72d12c P 77f74ed18ca446cf998d0f471a82fa2b [LEADER]: Connected to new peer: Peer: permanent_uuid: "b22f36723c094fda8a7d8a7d9d7ecd18" member_type: VOTER last_known_addr { host: "127.13.144.2" port: 38239 }, Status: LMP_MISMATCH, Last received: 0.0, Next index: 5, Last known committed idx: 4, Time since last communication: 0.000s
I20260710 11:10:03.366153 15072 raft_consensus.cc:2955] T 46eed030f58449d79aa7149ead72d12c P b22f36723c094fda8a7d8a7d9d7ecd18 [term 2 FOLLOWER]: Committing config change with OpId 2.5: config changed from index 3 to 5, VOTER 2cf019e19d2b4ce5bee7b6b74e16a8a0 (127.13.144.1) evicted. New config: { opid_index: 5 OBSOLETE_local: false peers { permanent_uuid: "b22f36723c094fda8a7d8a7d9d7ecd18" member_type: VOTER last_known_addr { host: "127.13.144.2" port: 38239 } } peers { permanent_uuid: "5a7d8e37adee4c8db6dd39cbcae405ec" member_type: VOTER last_known_addr { host: "127.13.144.3" port: 43471 } } peers { permanent_uuid: "77f74ed18ca446cf998d0f471a82fa2b" member_type: VOTER last_known_addr { host: "127.13.144.4" port: 39479 } attrs { promote: false } } }
I20260710 11:10:03.373217 14887 catalog_manager.cc:5210] ChangeConfig:REMOVE_PEER RPC for tablet 46eed030f58449d79aa7149ead72d12c with cas_config_opid_index 3: ChangeConfig:REMOVE_PEER succeeded (attempt 1)
I20260710 11:10:03.376971 14897 catalog_manager.cc:5697] T 46eed030f58449d79aa7149ead72d12c P 77f74ed18ca446cf998d0f471a82fa2b reported cstate change: config changed from index 3 to 5, VOTER 2cf019e19d2b4ce5bee7b6b74e16a8a0 (127.13.144.1) evicted. New cstate: current_term: 2 leader_uuid: "77f74ed18ca446cf998d0f471a82fa2b" committed_config { opid_index: 5 OBSOLETE_local: false peers { permanent_uuid: "b22f36723c094fda8a7d8a7d9d7ecd18" member_type: VOTER last_known_addr { host: "127.13.144.2" port: 38239 } health_report { overall_health: UNKNOWN } } peers { permanent_uuid: "5a7d8e37adee4c8db6dd39cbcae405ec" member_type: VOTER last_known_addr { host: "127.13.144.3" port: 43471 } health_report { overall_health: HEALTHY } } peers { permanent_uuid: "77f74ed18ca446cf998d0f471a82fa2b" member_type: VOTER last_known_addr { host: "127.13.144.4" port: 39479 } attrs { promote: false } health_report { overall_health: HEALTHY } } }
I20260710 11:10:03.434899 14991 tablet_service.cc:1558] Processing DeleteTablet for tablet 46eed030f58449d79aa7149ead72d12c with delete_type TABLET_DATA_TOMBSTONED (TS 2cf019e19d2b4ce5bee7b6b74e16a8a0 not found in new config with opid_index 5) from {username='slave'} at 127.0.0.1:33656
I20260710 11:10:03.441329 15594 tablet_replica.cc:333] T 46eed030f58449d79aa7149ead72d12c P 2cf019e19d2b4ce5bee7b6b74e16a8a0: stopping tablet replica
I20260710 11:10:03.442550 15594 raft_consensus.cc:2243] T 46eed030f58449d79aa7149ead72d12c P 2cf019e19d2b4ce5bee7b6b74e16a8a0 [term 2 FOLLOWER]: Raft consensus shutting down.
I20260710 11:10:03.443288 15594 raft_consensus.cc:2272] T 46eed030f58449d79aa7149ead72d12c P 2cf019e19d2b4ce5bee7b6b74e16a8a0 [term 2 FOLLOWER]: Raft consensus is shut down!
I20260710 11:10:03.447232 15594 ts_tablet_manager.cc:1916] T 46eed030f58449d79aa7149ead72d12c P 2cf019e19d2b4ce5bee7b6b74e16a8a0: Deleting tablet data with delete state TABLET_DATA_TOMBSTONED
I20260710 11:10:03.465546 15594 ts_tablet_manager.cc:1929] T 46eed030f58449d79aa7149ead72d12c P 2cf019e19d2b4ce5bee7b6b74e16a8a0: tablet deleted with delete type TABLET_DATA_TOMBSTONED: last-logged OpId 2.4
I20260710 11:10:03.465986 15594 log.cc:1199] T 46eed030f58449d79aa7149ead72d12c P 2cf019e19d2b4ce5bee7b6b74e16a8a0: Deleting WAL directory at /tmp/dist-test-taskEb805M/test-tmp/auto_leader_rebalancer-test.0.LeaderRebalancerTest.AddTserver.1783681767541499-13888-0/minicluster-data/ts-0-root/wals/46eed030f58449d79aa7149ead72d12c
I20260710 11:10:03.467769 14887 catalog_manager.cc:5028] TS 2cf019e19d2b4ce5bee7b6b74e16a8a0 (127.13.144.1:40397): tablet 46eed030f58449d79aa7149ead72d12c (table test-workload [id=b367873c7be341e18c3c3c311212c375]) successfully deleted
I20260710 11:10:04.557070 14995 consensus_queue.cc:237] T 1d59b58cef4740128b0abe9b09383dfb P 2cf019e19d2b4ce5bee7b6b74e16a8a0 [LEADER]: Queue going to LEADER mode. State: All replicated index: 0, Majority replicated index: 1, Committed index: 1, Last appended: 1.1, Last appended by leader: 0, Current term: 1, Majority size: 2, State: 0, Mode: LEADER, active raft config: opid_index: 2 OBSOLETE_local: false peers { permanent_uuid: "2cf019e19d2b4ce5bee7b6b74e16a8a0" member_type: VOTER last_known_addr { host: "127.13.144.1" port: 40397 } } peers { permanent_uuid: "b22f36723c094fda8a7d8a7d9d7ecd18" member_type: VOTER last_known_addr { host: "127.13.144.2" port: 38239 } } peers { permanent_uuid: "5a7d8e37adee4c8db6dd39cbcae405ec" member_type: VOTER last_known_addr { host: "127.13.144.3" port: 43471 } attrs { replace: true } } peers { permanent_uuid: "77f74ed18ca446cf998d0f471a82fa2b" member_type: NON_VOTER last_known_addr { host: "127.13.144.4" port: 39479 } attrs { promote: true } }
I20260710 11:10:04.564670 15147 raft_consensus.cc:1275] T 1d59b58cef4740128b0abe9b09383dfb P 5a7d8e37adee4c8db6dd39cbcae405ec [term 1 FOLLOWER]: Refusing update from remote peer 2cf019e19d2b4ce5bee7b6b74e16a8a0: Log matching property violated. Preceding OpId in replica: term: 1 index: 1. Preceding OpId from leader: term: 1 index: 2. (index mismatch)
W20260710 11:10:04.565277 14968 consensus_peers.cc:597] T 1d59b58cef4740128b0abe9b09383dfb P 2cf019e19d2b4ce5bee7b6b74e16a8a0 -> Peer 77f74ed18ca446cf998d0f471a82fa2b (127.13.144.4:39479): Couldn't send request to peer 77f74ed18ca446cf998d0f471a82fa2b. Error code: TABLET_NOT_FOUND (6). Status: Not found: Tablet not found: 1d59b58cef4740128b0abe9b09383dfb. This is attempt 1: this message will repeat every 5th retry.
I20260710 11:10:04.566215 15073 raft_consensus.cc:1275] T 1d59b58cef4740128b0abe9b09383dfb P b22f36723c094fda8a7d8a7d9d7ecd18 [term 1 FOLLOWER]: Refusing update from remote peer 2cf019e19d2b4ce5bee7b6b74e16a8a0: Log matching property violated. Preceding OpId in replica: term: 1 index: 1. Preceding OpId from leader: term: 1 index: 2. (index mismatch)
I20260710 11:10:04.566337 15596 consensus_queue.cc:1048] T 1d59b58cef4740128b0abe9b09383dfb P 2cf019e19d2b4ce5bee7b6b74e16a8a0 [LEADER]: Connected to new peer: Peer: permanent_uuid: "5a7d8e37adee4c8db6dd39cbcae405ec" member_type: VOTER last_known_addr { host: "127.13.144.3" port: 43471 } attrs { replace: true }, Status: LMP_MISMATCH, Last received: 0.0, Next index: 2, Last known committed idx: 1, Time since last communication: 0.001s
I20260710 11:10:04.567798 15515 consensus_queue.cc:1048] T 1d59b58cef4740128b0abe9b09383dfb P 2cf019e19d2b4ce5bee7b6b74e16a8a0 [LEADER]: Connected to new peer: Peer: permanent_uuid: "b22f36723c094fda8a7d8a7d9d7ecd18" member_type: VOTER last_known_addr { host: "127.13.144.2" port: 38239 }, Status: LMP_MISMATCH, Last received: 0.0, Next index: 2, Last known committed idx: 1, Time since last communication: 0.000s
I20260710 11:10:04.579721 15596 raft_consensus.cc:2955] T 1d59b58cef4740128b0abe9b09383dfb P 2cf019e19d2b4ce5bee7b6b74e16a8a0 [term 1 LEADER]: Committing config change with OpId 1.2: config changed from index -1 to 2, NON_VOTER 77f74ed18ca446cf998d0f471a82fa2b (127.13.144.4) added. New config: { opid_index: 2 OBSOLETE_local: false peers { permanent_uuid: "2cf019e19d2b4ce5bee7b6b74e16a8a0" member_type: VOTER last_known_addr { host: "127.13.144.1" port: 40397 } } peers { permanent_uuid: "b22f36723c094fda8a7d8a7d9d7ecd18" member_type: VOTER last_known_addr { host: "127.13.144.2" port: 38239 } } peers { permanent_uuid: "5a7d8e37adee4c8db6dd39cbcae405ec" member_type: VOTER last_known_addr { host: "127.13.144.3" port: 43471 } attrs { replace: true } } peers { permanent_uuid: "77f74ed18ca446cf998d0f471a82fa2b" member_type: NON_VOTER last_known_addr { host: "127.13.144.4" port: 39479 } attrs { promote: true } } }
I20260710 11:10:04.581694 15073 raft_consensus.cc:2955] T 1d59b58cef4740128b0abe9b09383dfb P b22f36723c094fda8a7d8a7d9d7ecd18 [term 1 FOLLOWER]: Committing config change with OpId 1.2: config changed from index -1 to 2, NON_VOTER 77f74ed18ca446cf998d0f471a82fa2b (127.13.144.4) added. New config: { opid_index: 2 OBSOLETE_local: false peers { permanent_uuid: "2cf019e19d2b4ce5bee7b6b74e16a8a0" member_type: VOTER last_known_addr { host: "127.13.144.1" port: 40397 } } peers { permanent_uuid: "b22f36723c094fda8a7d8a7d9d7ecd18" member_type: VOTER last_known_addr { host: "127.13.144.2" port: 38239 } } peers { permanent_uuid: "5a7d8e37adee4c8db6dd39cbcae405ec" member_type: VOTER last_known_addr { host: "127.13.144.3" port: 43471 } attrs { replace: true } } peers { permanent_uuid: "77f74ed18ca446cf998d0f471a82fa2b" member_type: NON_VOTER last_known_addr { host: "127.13.144.4" port: 39479 } attrs { promote: true } } }
