I20260710 11:09:54.811124 20908 raft_consensus.cc:2468] T 0a3dd55a04e94efb8811c9532bc4ad45 P 6ed3b31384ca4a0aa9faee88c6013270 [term 1 FOLLOWER]: Leader election vote request: Granting yes vote for candidate 8918a279f0ae4bf5adf0c74714da921f in term 1.
I20260710 11:09:54.812539 20905 tablet_service.cc:1917] Received RequestConsensusVote() RPC: tablet_id: "cd58b078421e4fe98707f55cbf37d726" candidate_uuid: "8918a279f0ae4bf5adf0c74714da921f" candidate_term: 1 candidate_status { last_received { term: 0 index: 0 } } ignore_live_leader: false dest_uuid: "6ed3b31384ca4a0aa9faee88c6013270"
I20260710 11:09:54.813216 20905 raft_consensus.cc:3060] T cd58b078421e4fe98707f55cbf37d726 P 6ed3b31384ca4a0aa9faee88c6013270 [term 0 FOLLOWER]: Advancing to term 1
I20260710 11:09:54.813797 20947 leader_election.cc:304] T 0a3dd55a04e94efb8811c9532bc4ad45 P 8918a279f0ae4bf5adf0c74714da921f [CANDIDATE]: Term 1 election: Election decided. Result: candidate won. Election summary: received 3 responses out of 3 voters: 2 yes votes; 1 no votes. yes voters: 6ed3b31384ca4a0aa9faee88c6013270, 8918a279f0ae4bf5adf0c74714da921f; no voters: d596d41b213b4cfc86697a781a5bec30
I20260710 11:09:54.814826 20731 catalog_manager.cc:5697] T f86902cf386d4dbab3b70021f5471d8d P 6ed3b31384ca4a0aa9faee88c6013270 reported cstate change: term changed from 0 to 1, leader changed from <none> to 6ed3b31384ca4a0aa9faee88c6013270 (127.19.57.2). New cstate: current_term: 1 leader_uuid: "6ed3b31384ca4a0aa9faee88c6013270" committed_config { opid_index: -1 OBSOLETE_local: false peers { permanent_uuid: "d596d41b213b4cfc86697a781a5bec30" member_type: VOTER last_known_addr { host: "127.19.57.1" port: 33101 } health_report { overall_health: UNKNOWN } } peers { permanent_uuid: "6ed3b31384ca4a0aa9faee88c6013270" member_type: VOTER last_known_addr { host: "127.19.57.2" port: 39581 } health_report { overall_health: HEALTHY } } peers { permanent_uuid: "8918a279f0ae4bf5adf0c74714da921f" member_type: VOTER last_known_addr { host: "127.19.57.3" port: 38455 } health_report { overall_health: UNKNOWN } } }
I20260710 11:09:54.815650 21066 raft_consensus.cc:2749] T 472f636f666d4b22b19b6716dfdcca1f P 8918a279f0ae4bf5adf0c74714da921f [term 0 FOLLOWER]: Leader pre-election lost for term 1. Reason: could not achieve majority
I20260710 11:09:54.820597 20982 tablet_service.cc:1917] Received RequestConsensusVote() RPC: tablet_id: "33dcee0f83344f07974f8bde49b73501" candidate_uuid: "6ed3b31384ca4a0aa9faee88c6013270" candidate_term: 1 candidate_status { last_received { term: 0 index: 0 } } ignore_live_leader: false dest_uuid: "8918a279f0ae4bf5adf0c74714da921f"
I20260710 11:09:54.821218 20982 raft_consensus.cc:3060] T 33dcee0f83344f07974f8bde49b73501 P 8918a279f0ae4bf5adf0c74714da921f [term 0 FOLLOWER]: Advancing to term 1
I20260710 11:09:54.824108 21129 leader_election.cc:290] T 33dcee0f83344f07974f8bde49b73501 P 6ed3b31384ca4a0aa9faee88c6013270 [CANDIDATE]: Term 1 election: Requested vote from peers d596d41b213b4cfc86697a781a5bec30 (127.19.57.1:33101), 8918a279f0ae4bf5adf0c74714da921f (127.19.57.3:38455)
I20260710 11:09:54.823292 21061 raft_consensus.cc:2804] T 0a3dd55a04e94efb8811c9532bc4ad45 P 8918a279f0ae4bf5adf0c74714da921f [term 1 FOLLOWER]: Leader election won for term 1
I20260710 11:09:54.827550 20832 tablet_service.cc:1917] Received RequestConsensusVote() RPC: tablet_id: "33dcee0f83344f07974f8bde49b73501" candidate_uuid: "6ed3b31384ca4a0aa9faee88c6013270" candidate_term: 1 candidate_status { last_received { term: 0 index: 0 } } ignore_live_leader: false dest_uuid: "d596d41b213b4cfc86697a781a5bec30"
I20260710 11:09:54.828338 21061 raft_consensus.cc:697] T 0a3dd55a04e94efb8811c9532bc4ad45 P 8918a279f0ae4bf5adf0c74714da921f [term 1 LEADER]: Becoming Leader. State: Replica: 8918a279f0ae4bf5adf0c74714da921f, State: Running, Role: LEADER
W20260710 11:09:54.828931 20873 leader_election.cc:343] T 33dcee0f83344f07974f8bde49b73501 P 6ed3b31384ca4a0aa9faee88c6013270 [CANDIDATE]: Term 1 election: Tablet error from VoteRequest() call to peer d596d41b213b4cfc86697a781a5bec30 (127.19.57.1:33101): Illegal state: must be running to vote when last-logged opid is not known
I20260710 11:09:54.829234 21061 consensus_queue.cc:237] T 0a3dd55a04e94efb8811c9532bc4ad45 P 8918a279f0ae4bf5adf0c74714da921f [LEADER]: Queue going to LEADER mode. State: All replicated index: 0, Majority replicated index: 0, Committed index: 0, Last appended: 0.0, Last appended by leader: 0, Current term: 1, Majority size: 2, State: 0, Mode: LEADER, active raft config: opid_index: -1 OBSOLETE_local: false peers { permanent_uuid: "d596d41b213b4cfc86697a781a5bec30" member_type: VOTER last_known_addr { host: "127.19.57.1" port: 33101 } } peers { permanent_uuid: "6ed3b31384ca4a0aa9faee88c6013270" member_type: VOTER last_known_addr { host: "127.19.57.2" port: 39581 } } peers { permanent_uuid: "8918a279f0ae4bf5adf0c74714da921f" member_type: VOTER last_known_addr { host: "127.19.57.3" port: 38455 } }
I20260710 11:09:54.835593 20834 raft_consensus.cc:2468] T cd58b078421e4fe98707f55cbf37d726 P d596d41b213b4cfc86697a781a5bec30 [term 1 FOLLOWER]: Leader election vote request: Granting yes vote for candidate 8918a279f0ae4bf5adf0c74714da921f in term 1.
I20260710 11:09:54.826254 20905 raft_consensus.cc:2468] T cd58b078421e4fe98707f55cbf37d726 P 6ed3b31384ca4a0aa9faee88c6013270 [term 1 FOLLOWER]: Leader election vote request: Granting yes vote for candidate 8918a279f0ae4bf5adf0c74714da921f in term 1.
I20260710 11:09:54.838107 21027 consensus_queue.cc:1048] T 985bc9b5290c4106a3d5a12f867d5661 P 8918a279f0ae4bf5adf0c74714da921f [LEADER]: Connected to new peer: Peer: permanent_uuid: "6ed3b31384ca4a0aa9faee88c6013270" member_type: VOTER last_known_addr { host: "127.19.57.2" port: 39581 }, Status: LMP_MISMATCH, Last received: 0.0, Next index: 1, Last known committed idx: 0, Time since last communication: 0.001s
I20260710 11:09:54.841122 21023 tablet_bootstrap.cc:492] T 7b44fb98635f4eab97167322fb51e834 P 8918a279f0ae4bf5adf0c74714da921f: No bootstrap required, opened a new log
I20260710 11:09:54.841591 21023 ts_tablet_manager.cc:1403] T 7b44fb98635f4eab97167322fb51e834 P 8918a279f0ae4bf5adf0c74714da921f: Time spent bootstrapping tablet: real 0.214s	user 0.019s	sys 0.054s
I20260710 11:09:54.841984 20732 catalog_manager.cc:5697] T 7b44fb98635f4eab97167322fb51e834 P d596d41b213b4cfc86697a781a5bec30 reported cstate change: term changed from 0 to 1, leader changed from <none> to d596d41b213b4cfc86697a781a5bec30 (127.19.57.1). New cstate: current_term: 1 leader_uuid: "d596d41b213b4cfc86697a781a5bec30" committed_config { opid_index: -1 OBSOLETE_local: false peers { permanent_uuid: "d596d41b213b4cfc86697a781a5bec30" member_type: VOTER last_known_addr { host: "127.19.57.1" port: 33101 } health_report { overall_health: HEALTHY } } peers { permanent_uuid: "6ed3b31384ca4a0aa9faee88c6013270" member_type: VOTER last_known_addr { host: "127.19.57.2" port: 39581 } health_report { overall_health: UNKNOWN } } peers { permanent_uuid: "8918a279f0ae4bf5adf0c74714da921f" member_type: VOTER last_known_addr { host: "127.19.57.3" port: 38455 } health_report { overall_health: UNKNOWN } } }
I20260710 11:09:54.851445 20982 raft_consensus.cc:2468] T 33dcee0f83344f07974f8bde49b73501 P 8918a279f0ae4bf5adf0c74714da921f [term 1 FOLLOWER]: Leader election vote request: Granting yes vote for candidate 6ed3b31384ca4a0aa9faee88c6013270 in term 1.
I20260710 11:09:54.852958 20873 leader_election.cc:304] T 33dcee0f83344f07974f8bde49b73501 P 6ed3b31384ca4a0aa9faee88c6013270 [CANDIDATE]: Term 1 election: Election decided. Result: candidate won. Election summary: received 3 responses out of 3 voters: 2 yes votes; 1 no votes. yes voters: 6ed3b31384ca4a0aa9faee88c6013270, 8918a279f0ae4bf5adf0c74714da921f; no voters: d596d41b213b4cfc86697a781a5bec30
I20260710 11:09:54.854143 21127 raft_consensus.cc:2804] T 33dcee0f83344f07974f8bde49b73501 P 6ed3b31384ca4a0aa9faee88c6013270 [term 1 FOLLOWER]: Leader election won for term 1
I20260710 11:09:54.854619 21127 raft_consensus.cc:697] T 33dcee0f83344f07974f8bde49b73501 P 6ed3b31384ca4a0aa9faee88c6013270 [term 1 LEADER]: Becoming Leader. State: Replica: 6ed3b31384ca4a0aa9faee88c6013270, State: Running, Role: LEADER
I20260710 11:09:54.855465 21127 consensus_queue.cc:237] T 33dcee0f83344f07974f8bde49b73501 P 6ed3b31384ca4a0aa9faee88c6013270 [LEADER]: Queue going to LEADER mode. State: All replicated index: 0, Majority replicated index: 0, Committed index: 0, Last appended: 0.0, Last appended by leader: 0, Current term: 1, Majority size: 2, State: 0, Mode: LEADER, active raft config: opid_index: -1 OBSOLETE_local: false peers { permanent_uuid: "d596d41b213b4cfc86697a781a5bec30" member_type: VOTER last_known_addr { host: "127.19.57.1" port: 33101 } } peers { permanent_uuid: "6ed3b31384ca4a0aa9faee88c6013270" member_type: VOTER last_known_addr { host: "127.19.57.2" port: 39581 } } peers { permanent_uuid: "8918a279f0ae4bf5adf0c74714da921f" member_type: VOTER last_known_addr { host: "127.19.57.3" port: 38455 } }
I20260710 11:09:54.862032 20947 leader_election.cc:304] T cd58b078421e4fe98707f55cbf37d726 P 8918a279f0ae4bf5adf0c74714da921f [CANDIDATE]: Term 1 election: Election decided. Result: candidate won. Election summary: received 2 responses out of 3 voters: 2 yes votes; 0 no votes. yes voters: 6ed3b31384ca4a0aa9faee88c6013270, 8918a279f0ae4bf5adf0c74714da921f; no voters: 
I20260710 11:09:54.862870 21066 raft_consensus.cc:2804] T cd58b078421e4fe98707f55cbf37d726 P 8918a279f0ae4bf5adf0c74714da921f [term 1 FOLLOWER]: Leader election won for term 1
I20260710 11:09:54.865105 21023 raft_consensus.cc:359] T 7b44fb98635f4eab97167322fb51e834 P 8918a279f0ae4bf5adf0c74714da921f [term 0 FOLLOWER]: Replica starting. Triggering 0 pending ops. Active config: opid_index: -1 OBSOLETE_local: false peers { permanent_uuid: "d596d41b213b4cfc86697a781a5bec30" member_type: VOTER last_known_addr { host: "127.19.57.1" port: 33101 } } peers { permanent_uuid: "6ed3b31384ca4a0aa9faee88c6013270" member_type: VOTER last_known_addr { host: "127.19.57.2" port: 39581 } } peers { permanent_uuid: "8918a279f0ae4bf5adf0c74714da921f" member_type: VOTER last_known_addr { host: "127.19.57.3" port: 38455 } }
I20260710 11:09:54.865954 21023 raft_consensus.cc:385] T 7b44fb98635f4eab97167322fb51e834 P 8918a279f0ae4bf5adf0c74714da921f [term 0 FOLLOWER]: Consensus starting up: Expiring failure detector timer to make a prompt election more likely
I20260710 11:09:54.866199 21023 raft_consensus.cc:740] T 7b44fb98635f4eab97167322fb51e834 P 8918a279f0ae4bf5adf0c74714da921f [term 0 FOLLOWER]: Becoming Follower/Learner. State: Replica: 8918a279f0ae4bf5adf0c74714da921f, State: Initialized, Role: FOLLOWER
I20260710 11:09:54.866824 21023 consensus_queue.cc:260] T 7b44fb98635f4eab97167322fb51e834 P 8918a279f0ae4bf5adf0c74714da921f [NON_LEADER]: Queue going to NON_LEADER mode. State: All replicated index: 0, Majority replicated index: 0, Committed index: 0, Last appended: 0.0, Last appended by leader: 0, Current term: 0, Majority size: -1, State: 0, Mode: NON_LEADER, active raft config: opid_index: -1 OBSOLETE_local: false peers { permanent_uuid: "d596d41b213b4cfc86697a781a5bec30" member_type: VOTER last_known_addr { host: "127.19.57.1" port: 33101 } } peers { permanent_uuid: "6ed3b31384ca4a0aa9faee88c6013270" member_type: VOTER last_known_addr { host: "127.19.57.2" port: 39581 } } peers { permanent_uuid: "8918a279f0ae4bf5adf0c74714da921f" member_type: VOTER last_known_addr { host: "127.19.57.3" port: 38455 } }
I20260710 11:09:54.868736 21023 ts_tablet_manager.cc:1434] T 7b44fb98635f4eab97167322fb51e834 P 8918a279f0ae4bf5adf0c74714da921f: Time spent starting tablet: real 0.027s	user 0.004s	sys 0.000s
I20260710 11:09:54.869683 21023 tablet_bootstrap.cc:492] T 3617d59bfc174b8b99449aeef5eaf60d P 8918a279f0ae4bf5adf0c74714da921f: Bootstrap starting.
I20260710 11:09:54.863318 21066 raft_consensus.cc:697] T cd58b078421e4fe98707f55cbf37d726 P 8918a279f0ae4bf5adf0c74714da921f [term 1 LEADER]: Becoming Leader. State: Replica: 8918a279f0ae4bf5adf0c74714da921f, State: Running, Role: LEADER
I20260710 11:09:54.877349 21066 consensus_queue.cc:237] T cd58b078421e4fe98707f55cbf37d726 P 8918a279f0ae4bf5adf0c74714da921f [LEADER]: Queue going to LEADER mode. State: All replicated index: 0, Majority replicated index: 0, Committed index: 0, Last appended: 0.0, Last appended by leader: 0, Current term: 1, Majority size: 2, State: 0, Mode: LEADER, active raft config: opid_index: -1 OBSOLETE_local: false peers { permanent_uuid: "d596d41b213b4cfc86697a781a5bec30" member_type: VOTER last_known_addr { host: "127.19.57.1" port: 33101 } } peers { permanent_uuid: "6ed3b31384ca4a0aa9faee88c6013270" member_type: VOTER last_known_addr { host: "127.19.57.2" port: 39581 } } peers { permanent_uuid: "8918a279f0ae4bf5adf0c74714da921f" member_type: VOTER last_known_addr { host: "127.19.57.3" port: 38455 } }
I20260710 11:09:54.882361 20732 catalog_manager.cc:5697] T 0a3dd55a04e94efb8811c9532bc4ad45 P 8918a279f0ae4bf5adf0c74714da921f reported cstate change: term changed from 0 to 1, leader changed from <none> to 8918a279f0ae4bf5adf0c74714da921f (127.19.57.3). New cstate: current_term: 1 leader_uuid: "8918a279f0ae4bf5adf0c74714da921f" committed_config { opid_index: -1 OBSOLETE_local: false peers { permanent_uuid: "d596d41b213b4cfc86697a781a5bec30" member_type: VOTER last_known_addr { host: "127.19.57.1" port: 33101 } health_report { overall_health: UNKNOWN } } peers { permanent_uuid: "6ed3b31384ca4a0aa9faee88c6013270" member_type: VOTER last_known_addr { host: "127.19.57.2" port: 39581 } health_report { overall_health: UNKNOWN } } peers { permanent_uuid: "8918a279f0ae4bf5adf0c74714da921f" member_type: VOTER last_known_addr { host: "127.19.57.3" port: 38455 } health_report { overall_health: HEALTHY } } }
I20260710 11:09:54.888427 21025 tablet_bootstrap.cc:492] T 33dcee0f83344f07974f8bde49b73501 P d596d41b213b4cfc86697a781a5bec30: No bootstrap required, opened a new log
I20260710 11:09:54.888952 21025 ts_tablet_manager.cc:1403] T 33dcee0f83344f07974f8bde49b73501 P d596d41b213b4cfc86697a781a5bec30: Time spent bootstrapping tablet: real 0.163s	user 0.029s	sys 0.000s
I20260710 11:09:54.902803 21024 tablet_bootstrap.cc:654] T 472f636f666d4b22b19b6716dfdcca1f P 6ed3b31384ca4a0aa9faee88c6013270: Neither blocks nor log segments found. Creating new log.
I20260710 11:09:54.912444 21025 raft_consensus.cc:359] T 33dcee0f83344f07974f8bde49b73501 P d596d41b213b4cfc86697a781a5bec30 [term 0 FOLLOWER]: Replica starting. Triggering 0 pending ops. Active config: opid_index: -1 OBSOLETE_local: false peers { permanent_uuid: "d596d41b213b4cfc86697a781a5bec30" member_type: VOTER last_known_addr { host: "127.19.57.1" port: 33101 } } peers { permanent_uuid: "6ed3b31384ca4a0aa9faee88c6013270" member_type: VOTER last_known_addr { host: "127.19.57.2" port: 39581 } } peers { permanent_uuid: "8918a279f0ae4bf5adf0c74714da921f" member_type: VOTER last_known_addr { host: "127.19.57.3" port: 38455 } }
I20260710 11:09:54.912693 21023 tablet_bootstrap.cc:654] T 3617d59bfc174b8b99449aeef5eaf60d P 8918a279f0ae4bf5adf0c74714da921f: Neither blocks nor log segments found. Creating new log.
I20260710 11:09:54.912663 20732 catalog_manager.cc:5697] T cd58b078421e4fe98707f55cbf37d726 P 8918a279f0ae4bf5adf0c74714da921f reported cstate change: term changed from 0 to 1, leader changed from <none> to 8918a279f0ae4bf5adf0c74714da921f (127.19.57.3). New cstate: current_term: 1 leader_uuid: "8918a279f0ae4bf5adf0c74714da921f" committed_config { opid_index: -1 OBSOLETE_local: false peers { permanent_uuid: "d596d41b213b4cfc86697a781a5bec30" member_type: VOTER last_known_addr { host: "127.19.57.1" port: 33101 } health_report { overall_health: UNKNOWN } } peers { permanent_uuid: "6ed3b31384ca4a0aa9faee88c6013270" member_type: VOTER last_known_addr { host: "127.19.57.2" port: 39581 } health_report { overall_health: UNKNOWN } } peers { permanent_uuid: "8918a279f0ae4bf5adf0c74714da921f" member_type: VOTER last_known_addr { host: "127.19.57.3" port: 38455 } health_report { overall_health: HEALTHY } } }
I20260710 11:09:54.925693 21025 raft_consensus.cc:385] T 33dcee0f83344f07974f8bde49b73501 P d596d41b213b4cfc86697a781a5bec30 [term 0 FOLLOWER]: Consensus starting up: Expiring failure detector timer to make a prompt election more likely
I20260710 11:09:54.929304 21025 raft_consensus.cc:740] T 33dcee0f83344f07974f8bde49b73501 P d596d41b213b4cfc86697a781a5bec30 [term 0 FOLLOWER]: Becoming Follower/Learner. State: Replica: d596d41b213b4cfc86697a781a5bec30, State: Initialized, Role: FOLLOWER
I20260710 11:09:54.930050 21025 consensus_queue.cc:260] T 33dcee0f83344f07974f8bde49b73501 P d596d41b213b4cfc86697a781a5bec30 [NON_LEADER]: Queue going to NON_LEADER mode. State: All replicated index: 0, Majority replicated index: 0, Committed index: 0, Last appended: 0.0, Last appended by leader: 0, Current term: 0, Majority size: -1, State: 0, Mode: NON_LEADER, active raft config: opid_index: -1 OBSOLETE_local: false peers { permanent_uuid: "d596d41b213b4cfc86697a781a5bec30" member_type: VOTER last_known_addr { host: "127.19.57.1" port: 33101 } } peers { permanent_uuid: "6ed3b31384ca4a0aa9faee88c6013270" member_type: VOTER last_known_addr { host: "127.19.57.2" port: 39581 } } peers { permanent_uuid: "8918a279f0ae4bf5adf0c74714da921f" member_type: VOTER last_known_addr { host: "127.19.57.3" port: 38455 } }
I20260710 11:09:54.914207 20731 catalog_manager.cc:5697] T 33dcee0f83344f07974f8bde49b73501 P 6ed3b31384ca4a0aa9faee88c6013270 reported cstate change: term changed from 0 to 1, leader changed from <none> to 6ed3b31384ca4a0aa9faee88c6013270 (127.19.57.2). New cstate: current_term: 1 leader_uuid: "6ed3b31384ca4a0aa9faee88c6013270" committed_config { opid_index: -1 OBSOLETE_local: false peers { permanent_uuid: "d596d41b213b4cfc86697a781a5bec30" member_type: VOTER last_known_addr { host: "127.19.57.1" port: 33101 } health_report { overall_health: UNKNOWN } } peers { permanent_uuid: "6ed3b31384ca4a0aa9faee88c6013270" member_type: VOTER last_known_addr { host: "127.19.57.2" port: 39581 } health_report { overall_health: HEALTHY } } peers { permanent_uuid: "8918a279f0ae4bf5adf0c74714da921f" member_type: VOTER last_known_addr { host: "127.19.57.3" port: 38455 } health_report { overall_health: UNKNOWN } } }
I20260710 11:09:54.932749 21025 ts_tablet_manager.cc:1434] T 33dcee0f83344f07974f8bde49b73501 P d596d41b213b4cfc86697a781a5bec30: Time spent starting tablet: real 0.044s	user 0.017s	sys 0.001s
I20260710 11:09:54.933804 21025 tablet_bootstrap.cc:492] T 0a3dd55a04e94efb8811c9532bc4ad45 P d596d41b213b4cfc86697a781a5bec30: Bootstrap starting.
I20260710 11:09:54.934041 21023 tablet_bootstrap.cc:492] T 3617d59bfc174b8b99449aeef5eaf60d P 8918a279f0ae4bf5adf0c74714da921f: No bootstrap required, opened a new log
I20260710 11:09:54.934494 21023 ts_tablet_manager.cc:1403] T 3617d59bfc174b8b99449aeef5eaf60d P 8918a279f0ae4bf5adf0c74714da921f: Time spent bootstrapping tablet: real 0.065s	user 0.014s	sys 0.005s
I20260710 11:09:54.937289 21023 raft_consensus.cc:359] T 3617d59bfc174b8b99449aeef5eaf60d P 8918a279f0ae4bf5adf0c74714da921f [term 0 FOLLOWER]: Replica starting. Triggering 0 pending ops. Active config: opid_index: -1 OBSOLETE_local: false peers { permanent_uuid: "d596d41b213b4cfc86697a781a5bec30" member_type: VOTER last_known_addr { host: "127.19.57.1" port: 33101 } } peers { permanent_uuid: "6ed3b31384ca4a0aa9faee88c6013270" member_type: VOTER last_known_addr { host: "127.19.57.2" port: 39581 } } peers { permanent_uuid: "8918a279f0ae4bf5adf0c74714da921f" member_type: VOTER last_known_addr { host: "127.19.57.3" port: 38455 } }
I20260710 11:09:54.937899 21023 raft_consensus.cc:385] T 3617d59bfc174b8b99449aeef5eaf60d P 8918a279f0ae4bf5adf0c74714da921f [term 0 FOLLOWER]: Consensus starting up: Expiring failure detector timer to make a prompt election more likely
I20260710 11:09:54.938395 21023 raft_consensus.cc:740] T 3617d59bfc174b8b99449aeef5eaf60d P 8918a279f0ae4bf5adf0c74714da921f [term 0 FOLLOWER]: Becoming Follower/Learner. State: Replica: 8918a279f0ae4bf5adf0c74714da921f, State: Initialized, Role: FOLLOWER
I20260710 11:09:54.939002 21023 consensus_queue.cc:260] T 3617d59bfc174b8b99449aeef5eaf60d P 8918a279f0ae4bf5adf0c74714da921f [NON_LEADER]: Queue going to NON_LEADER mode. State: All replicated index: 0, Majority replicated index: 0, Committed index: 0, Last appended: 0.0, Last appended by leader: 0, Current term: 0, Majority size: -1, State: 0, Mode: NON_LEADER, active raft config: opid_index: -1 OBSOLETE_local: false peers { permanent_uuid: "d596d41b213b4cfc86697a781a5bec30" member_type: VOTER last_known_addr { host: "127.19.57.1" port: 33101 } } peers { permanent_uuid: "6ed3b31384ca4a0aa9faee88c6013270" member_type: VOTER last_known_addr { host: "127.19.57.2" port: 39581 } } peers { permanent_uuid: "8918a279f0ae4bf5adf0c74714da921f" member_type: VOTER last_known_addr { host: "127.19.57.3" port: 38455 } }
I20260710 11:09:54.940308 21025 tablet_bootstrap.cc:654] T 0a3dd55a04e94efb8811c9532bc4ad45 P d596d41b213b4cfc86697a781a5bec30: Neither blocks nor log segments found. Creating new log.
I20260710 11:09:54.940585 21066 raft_consensus.cc:493] T 7b44fb98635f4eab97167322fb51e834 P 8918a279f0ae4bf5adf0c74714da921f [term 0 FOLLOWER]: Starting pre-election (no leader contacted us within the election timeout)
I20260710 11:09:54.941133 21066 raft_consensus.cc:515] T 7b44fb98635f4eab97167322fb51e834 P 8918a279f0ae4bf5adf0c74714da921f [term 0 FOLLOWER]: Starting pre-election with config: opid_index: -1 OBSOLETE_local: false peers { permanent_uuid: "d596d41b213b4cfc86697a781a5bec30" member_type: VOTER last_known_addr { host: "127.19.57.1" port: 33101 } } peers { permanent_uuid: "6ed3b31384ca4a0aa9faee88c6013270" member_type: VOTER last_known_addr { host: "127.19.57.2" port: 39581 } } peers { permanent_uuid: "8918a279f0ae4bf5adf0c74714da921f" member_type: VOTER last_known_addr { host: "127.19.57.3" port: 38455 } }
I20260710 11:09:54.943075 21024 tablet_bootstrap.cc:492] T 472f636f666d4b22b19b6716dfdcca1f P 6ed3b31384ca4a0aa9faee88c6013270: No bootstrap required, opened a new log
I20260710 11:09:54.943598 21024 ts_tablet_manager.cc:1403] T 472f636f666d4b22b19b6716dfdcca1f P 6ed3b31384ca4a0aa9faee88c6013270: Time spent bootstrapping tablet: real 0.149s	user 0.012s	sys 0.003s
I20260710 11:09:54.944767 20905 tablet_service.cc:1917] Received RequestConsensusVote() RPC: tablet_id: "7b44fb98635f4eab97167322fb51e834" candidate_uuid: "8918a279f0ae4bf5adf0c74714da921f" candidate_term: 1 candidate_status { last_received { term: 0 index: 0 } } ignore_live_leader: false dest_uuid: "6ed3b31384ca4a0aa9faee88c6013270" is_pre_election: true
I20260710 11:09:54.945240 20834 tablet_service.cc:1917] Received RequestConsensusVote() RPC: tablet_id: "7b44fb98635f4eab97167322fb51e834" candidate_uuid: "8918a279f0ae4bf5adf0c74714da921f" candidate_term: 1 candidate_status { last_received { term: 0 index: 0 } } ignore_live_leader: false dest_uuid: "d596d41b213b4cfc86697a781a5bec30" is_pre_election: true
I20260710 11:09:54.943053 21066 leader_election.cc:290] T 7b44fb98635f4eab97167322fb51e834 P 8918a279f0ae4bf5adf0c74714da921f [CANDIDATE]: Term 1 pre-election: Requested pre-vote from peers d596d41b213b4cfc86697a781a5bec30 (127.19.57.1:33101), 6ed3b31384ca4a0aa9faee88c6013270 (127.19.57.2:39581)
I20260710 11:09:54.945557 20905 raft_consensus.cc:2393] T 7b44fb98635f4eab97167322fb51e834 P 6ed3b31384ca4a0aa9faee88c6013270 [term 1 FOLLOWER]: Leader pre-election vote request: Denying vote to candidate 8918a279f0ae4bf5adf0c74714da921f in current term 1: Already voted for candidate d596d41b213b4cfc86697a781a5bec30 in this term.
I20260710 11:09:54.947191 20947 leader_election.cc:304] T 7b44fb98635f4eab97167322fb51e834 P 8918a279f0ae4bf5adf0c74714da921f [CANDIDATE]: Term 1 pre-election: Election decided. Result: candidate lost. Election summary: received 3 responses out of 3 voters: 1 yes votes; 2 no votes. yes voters: 8918a279f0ae4bf5adf0c74714da921f; no voters: 6ed3b31384ca4a0aa9faee88c6013270, d596d41b213b4cfc86697a781a5bec30
I20260710 11:09:54.947466 21023 ts_tablet_manager.cc:1434] T 3617d59bfc174b8b99449aeef5eaf60d P 8918a279f0ae4bf5adf0c74714da921f: Time spent starting tablet: real 0.013s	user 0.007s	sys 0.000s
I20260710 11:09:54.948323 21066 raft_consensus.cc:3060] T 7b44fb98635f4eab97167322fb51e834 P 8918a279f0ae4bf5adf0c74714da921f [term 0 FOLLOWER]: Advancing to term 1
I20260710 11:09:54.947551 21024 raft_consensus.cc:359] T 472f636f666d4b22b19b6716dfdcca1f P 6ed3b31384ca4a0aa9faee88c6013270 [term 0 FOLLOWER]: Replica starting. Triggering 0 pending ops. Active config: opid_index: -1 OBSOLETE_local: false peers { permanent_uuid: "d596d41b213b4cfc86697a781a5bec30" member_type: VOTER last_known_addr { host: "127.19.57.1" port: 33101 } } peers { permanent_uuid: "6ed3b31384ca4a0aa9faee88c6013270" member_type: VOTER last_known_addr { host: "127.19.57.2" port: 39581 } } peers { permanent_uuid: "8918a279f0ae4bf5adf0c74714da921f" member_type: VOTER last_known_addr { host: "127.19.57.3" port: 38455 } }
I20260710 11:09:54.951565 21024 raft_consensus.cc:385] T 472f636f666d4b22b19b6716dfdcca1f P 6ed3b31384ca4a0aa9faee88c6013270 [term 0 FOLLOWER]: Consensus starting up: Expiring failure detector timer to make a prompt election more likely
I20260710 11:09:54.951896 21024 raft_consensus.cc:740] T 472f636f666d4b22b19b6716dfdcca1f P 6ed3b31384ca4a0aa9faee88c6013270 [term 0 FOLLOWER]: Becoming Follower/Learner. State: Replica: 6ed3b31384ca4a0aa9faee88c6013270, State: Initialized, Role: FOLLOWER
I20260710 11:09:54.953112 21024 consensus_queue.cc:260] T 472f636f666d4b22b19b6716dfdcca1f P 6ed3b31384ca4a0aa9faee88c6013270 [NON_LEADER]: Queue going to NON_LEADER mode. State: All replicated index: 0, Majority replicated index: 0, Committed index: 0, Last appended: 0.0, Last appended by leader: 0, Current term: 0, Majority size: -1, State: 0, Mode: NON_LEADER, active raft config: opid_index: -1 OBSOLETE_local: false peers { permanent_uuid: "d596d41b213b4cfc86697a781a5bec30" member_type: VOTER last_known_addr { host: "127.19.57.1" port: 33101 } } peers { permanent_uuid: "6ed3b31384ca4a0aa9faee88c6013270" member_type: VOTER last_known_addr { host: "127.19.57.2" port: 39581 } } peers { permanent_uuid: "8918a279f0ae4bf5adf0c74714da921f" member_type: VOTER last_known_addr { host: "127.19.57.3" port: 38455 } }
I20260710 11:09:54.954839 21066 raft_consensus.cc:2749] T 7b44fb98635f4eab97167322fb51e834 P 8918a279f0ae4bf5adf0c74714da921f [term 1 FOLLOWER]: Leader pre-election lost for term 1. Reason: could not achieve majority
I20260710 11:09:54.955749 21024 ts_tablet_manager.cc:1434] T 472f636f666d4b22b19b6716dfdcca1f P 6ed3b31384ca4a0aa9faee88c6013270: Time spent starting tablet: real 0.012s	user 0.004s	sys 0.002s
I20260710 11:09:54.956751 21024 tablet_bootstrap.cc:492] T 3617d59bfc174b8b99449aeef5eaf60d P 6ed3b31384ca4a0aa9faee88c6013270: Bootstrap starting.
I20260710 11:09:54.962615 21024 tablet_bootstrap.cc:654] T 3617d59bfc174b8b99449aeef5eaf60d P 6ed3b31384ca4a0aa9faee88c6013270: Neither blocks nor log segments found. Creating new log.
I20260710 11:09:54.966184 21025 tablet_bootstrap.cc:492] T 0a3dd55a04e94efb8811c9532bc4ad45 P d596d41b213b4cfc86697a781a5bec30: No bootstrap required, opened a new log
I20260710 11:09:54.966704 21025 ts_tablet_manager.cc:1403] T 0a3dd55a04e94efb8811c9532bc4ad45 P d596d41b213b4cfc86697a781a5bec30: Time spent bootstrapping tablet: real 0.033s	user 0.010s	sys 0.019s
I20260710 11:09:54.969115 21025 raft_consensus.cc:359] T 0a3dd55a04e94efb8811c9532bc4ad45 P d596d41b213b4cfc86697a781a5bec30 [term 0 FOLLOWER]: Replica starting. Triggering 0 pending ops. Active config: opid_index: -1 OBSOLETE_local: false peers { permanent_uuid: "d596d41b213b4cfc86697a781a5bec30" member_type: VOTER last_known_addr { host: "127.19.57.1" port: 33101 } } peers { permanent_uuid: "6ed3b31384ca4a0aa9faee88c6013270" member_type: VOTER last_known_addr { host: "127.19.57.2" port: 39581 } } peers { permanent_uuid: "8918a279f0ae4bf5adf0c74714da921f" member_type: VOTER last_known_addr { host: "127.19.57.3" port: 38455 } }
I20260710 11:09:54.969568 21025 raft_consensus.cc:385] T 0a3dd55a04e94efb8811c9532bc4ad45 P d596d41b213b4cfc86697a781a5bec30 [term 0 FOLLOWER]: Consensus starting up: Expiring failure detector timer to make a prompt election more likely
I20260710 11:09:54.969769 21025 raft_consensus.cc:740] T 0a3dd55a04e94efb8811c9532bc4ad45 P d596d41b213b4cfc86697a781a5bec30 [term 0 FOLLOWER]: Becoming Follower/Learner. State: Replica: d596d41b213b4cfc86697a781a5bec30, State: Initialized, Role: FOLLOWER
I20260710 11:09:54.970237 21024 tablet_bootstrap.cc:492] T 3617d59bfc174b8b99449aeef5eaf60d P 6ed3b31384ca4a0aa9faee88c6013270: No bootstrap required, opened a new log
I20260710 11:09:54.970278 21025 consensus_queue.cc:260] T 0a3dd55a04e94efb8811c9532bc4ad45 P d596d41b213b4cfc86697a781a5bec30 [NON_LEADER]: Queue going to NON_LEADER mode. State: All replicated index: 0, Majority replicated index: 0, Committed index: 0, Last appended: 0.0, Last appended by leader: 0, Current term: 0, Majority size: -1, State: 0, Mode: NON_LEADER, active raft config: opid_index: -1 OBSOLETE_local: false peers { permanent_uuid: "d596d41b213b4cfc86697a781a5bec30" member_type: VOTER last_known_addr { host: "127.19.57.1" port: 33101 } } peers { permanent_uuid: "6ed3b31384ca4a0aa9faee88c6013270" member_type: VOTER last_known_addr { host: "127.19.57.2" port: 39581 } } peers { permanent_uuid: "8918a279f0ae4bf5adf0c74714da921f" member_type: VOTER last_known_addr { host: "127.19.57.3" port: 38455 } }
I20260710 11:09:54.970824 21024 ts_tablet_manager.cc:1403] T 3617d59bfc174b8b99449aeef5eaf60d P 6ed3b31384ca4a0aa9faee88c6013270: Time spent bootstrapping tablet: real 0.014s	user 0.007s	sys 0.005s
I20260710 11:09:54.972301 21025 ts_tablet_manager.cc:1434] T 0a3dd55a04e94efb8811c9532bc4ad45 P d596d41b213b4cfc86697a781a5bec30: Time spent starting tablet: real 0.005s	user 0.004s	sys 0.000s
I20260710 11:09:54.973369 21025 tablet_bootstrap.cc:492] T 8d122000c1554f2ab73cd87c7a300673 P d596d41b213b4cfc86697a781a5bec30: Bootstrap starting.
I20260710 11:09:54.973083 21024 raft_consensus.cc:359] T 3617d59bfc174b8b99449aeef5eaf60d P 6ed3b31384ca4a0aa9faee88c6013270 [term 0 FOLLOWER]: Replica starting. Triggering 0 pending ops. Active config: opid_index: -1 OBSOLETE_local: false peers { permanent_uuid: "d596d41b213b4cfc86697a781a5bec30" member_type: VOTER last_known_addr { host: "127.19.57.1" port: 33101 } } peers { permanent_uuid: "6ed3b31384ca4a0aa9faee88c6013270" member_type: VOTER last_known_addr { host: "127.19.57.2" port: 39581 } } peers { permanent_uuid: "8918a279f0ae4bf5adf0c74714da921f" member_type: VOTER last_known_addr { host: "127.19.57.3" port: 38455 } }
I20260710 11:09:54.973803 21024 raft_consensus.cc:385] T 3617d59bfc174b8b99449aeef5eaf60d P 6ed3b31384ca4a0aa9faee88c6013270 [term 0 FOLLOWER]: Consensus starting up: Expiring failure detector timer to make a prompt election more likely
I20260710 11:09:54.974014 21024 raft_consensus.cc:740] T 3617d59bfc174b8b99449aeef5eaf60d P 6ed3b31384ca4a0aa9faee88c6013270 [term 0 FOLLOWER]: Becoming Follower/Learner. State: Replica: 6ed3b31384ca4a0aa9faee88c6013270, State: Initialized, Role: FOLLOWER
I20260710 11:09:54.974632 21024 consensus_queue.cc:260] T 3617d59bfc174b8b99449aeef5eaf60d P 6ed3b31384ca4a0aa9faee88c6013270 [NON_LEADER]: Queue going to NON_LEADER mode. State: All replicated index: 0, Majority replicated index: 0, Committed index: 0, Last appended: 0.0, Last appended by leader: 0, Current term: 0, Majority size: -1, State: 0, Mode: NON_LEADER, active raft config: opid_index: -1 OBSOLETE_local: false peers { permanent_uuid: "d596d41b213b4cfc86697a781a5bec30" member_type: VOTER last_known_addr { host: "127.19.57.1" port: 33101 } } peers { permanent_uuid: "6ed3b31384ca4a0aa9faee88c6013270" member_type: VOTER last_known_addr { host: "127.19.57.2" port: 39581 } } peers { permanent_uuid: "8918a279f0ae4bf5adf0c74714da921f" member_type: VOTER last_known_addr { host: "127.19.57.3" port: 38455 } }
I20260710 11:09:54.976563 21024 ts_tablet_manager.cc:1434] T 3617d59bfc174b8b99449aeef5eaf60d P 6ed3b31384ca4a0aa9faee88c6013270: Time spent starting tablet: real 0.005s	user 0.002s	sys 0.000s
I20260710 11:09:54.978585 21024 tablet_bootstrap.cc:492] T e8902379fd084257b532479a833a9408 P 6ed3b31384ca4a0aa9faee88c6013270: Bootstrap starting.
I20260710 11:09:54.978647 21025 tablet_bootstrap.cc:654] T 8d122000c1554f2ab73cd87c7a300673 P d596d41b213b4cfc86697a781a5bec30: Neither blocks nor log segments found. Creating new log.
I20260710 11:09:54.985103 21024 tablet_bootstrap.cc:654] T e8902379fd084257b532479a833a9408 P 6ed3b31384ca4a0aa9faee88c6013270: Neither blocks nor log segments found. Creating new log.
I20260710 11:09:54.989497 21025 tablet_bootstrap.cc:492] T 8d122000c1554f2ab73cd87c7a300673 P d596d41b213b4cfc86697a781a5bec30: No bootstrap required, opened a new log
I20260710 11:09:54.989955 21025 ts_tablet_manager.cc:1403] T 8d122000c1554f2ab73cd87c7a300673 P d596d41b213b4cfc86697a781a5bec30: Time spent bootstrapping tablet: real 0.017s	user 0.011s	sys 0.004s
W20260710 11:09:54.990347 20873 consensus_peers.cc:597] T 8d122000c1554f2ab73cd87c7a300673 P 6ed3b31384ca4a0aa9faee88c6013270 -> Peer d596d41b213b4cfc86697a781a5bec30 (127.19.57.1:33101): Couldn't send request to peer d596d41b213b4cfc86697a781a5bec30. Error code: TABLET_NOT_RUNNING (12). Status: Illegal state: Tablet not RUNNING: BOOTSTRAPPING. This is attempt 1: this message will repeat every 5th retry.
I20260710 11:09:54.992511 21024 tablet_bootstrap.cc:492] T e8902379fd084257b532479a833a9408 P 6ed3b31384ca4a0aa9faee88c6013270: No bootstrap required, opened a new log
I20260710 11:09:54.992985 21024 ts_tablet_manager.cc:1403] T e8902379fd084257b532479a833a9408 P 6ed3b31384ca4a0aa9faee88c6013270: Time spent bootstrapping tablet: real 0.015s	user 0.009s	sys 0.004s
I20260710 11:09:54.992516 21025 raft_consensus.cc:359] T 8d122000c1554f2ab73cd87c7a300673 P d596d41b213b4cfc86697a781a5bec30 [term 0 FOLLOWER]: Replica starting. Triggering 0 pending ops. Active config: opid_index: -1 OBSOLETE_local: false peers { permanent_uuid: "d596d41b213b4cfc86697a781a5bec30" member_type: VOTER last_known_addr { host: "127.19.57.1" port: 33101 } } peers { permanent_uuid: "6ed3b31384ca4a0aa9faee88c6013270" member_type: VOTER last_known_addr { host: "127.19.57.2" port: 39581 } } peers { permanent_uuid: "8918a279f0ae4bf5adf0c74714da921f" member_type: VOTER last_known_addr { host: "127.19.57.3" port: 38455 } }
I20260710 11:09:54.993327 21025 raft_consensus.cc:385] T 8d122000c1554f2ab73cd87c7a300673 P d596d41b213b4cfc86697a781a5bec30 [term 0 FOLLOWER]: Consensus starting up: Expiring failure detector timer to make a prompt election more likely
I20260710 11:09:54.993598 21025 raft_consensus.cc:740] T 8d122000c1554f2ab73cd87c7a300673 P d596d41b213b4cfc86697a781a5bec30 [term 0 FOLLOWER]: Becoming Follower/Learner. State: Replica: d596d41b213b4cfc86697a781a5bec30, State: Initialized, Role: FOLLOWER
I20260710 11:09:54.994176 21025 consensus_queue.cc:260] T 8d122000c1554f2ab73cd87c7a300673 P d596d41b213b4cfc86697a781a5bec30 [NON_LEADER]: Queue going to NON_LEADER mode. State: All replicated index: 0, Majority replicated index: 0, Committed index: 0, Last appended: 0.0, Last appended by leader: 0, Current term: 0, Majority size: -1, State: 0, Mode: NON_LEADER, active raft config: opid_index: -1 OBSOLETE_local: false peers { permanent_uuid: "d596d41b213b4cfc86697a781a5bec30" member_type: VOTER last_known_addr { host: "127.19.57.1" port: 33101 } } peers { permanent_uuid: "6ed3b31384ca4a0aa9faee88c6013270" member_type: VOTER last_known_addr { host: "127.19.57.2" port: 39581 } } peers { permanent_uuid: "8918a279f0ae4bf5adf0c74714da921f" member_type: VOTER last_known_addr { host: "127.19.57.3" port: 38455 } }
I20260710 11:09:54.995185 21024 raft_consensus.cc:359] T e8902379fd084257b532479a833a9408 P 6ed3b31384ca4a0aa9faee88c6013270 [term 0 FOLLOWER]: Replica starting. Triggering 0 pending ops. Active config: opid_index: -1 OBSOLETE_local: false peers { permanent_uuid: "d596d41b213b4cfc86697a781a5bec30" member_type: VOTER last_known_addr { host: "127.19.57.1" port: 33101 } } peers { permanent_uuid: "6ed3b31384ca4a0aa9faee88c6013270" member_type: VOTER last_known_addr { host: "127.19.57.2" port: 39581 } } peers { permanent_uuid: "8918a279f0ae4bf5adf0c74714da921f" member_type: VOTER last_known_addr { host: "127.19.57.3" port: 38455 } }
I20260710 11:09:54.995687 21024 raft_consensus.cc:385] T e8902379fd084257b532479a833a9408 P 6ed3b31384ca4a0aa9faee88c6013270 [term 0 FOLLOWER]: Consensus starting up: Expiring failure detector timer to make a prompt election more likely
I20260710 11:09:54.995878 21024 raft_consensus.cc:740] T e8902379fd084257b532479a833a9408 P 6ed3b31384ca4a0aa9faee88c6013270 [term 0 FOLLOWER]: Becoming Follower/Learner. State: Replica: 6ed3b31384ca4a0aa9faee88c6013270, State: Initialized, Role: FOLLOWER
I20260710 11:09:54.995959 21025 ts_tablet_manager.cc:1434] T 8d122000c1554f2ab73cd87c7a300673 P d596d41b213b4cfc86697a781a5bec30: Time spent starting tablet: real 0.006s	user 0.004s	sys 0.000s
I20260710 11:09:54.996465 21024 consensus_queue.cc:260] T e8902379fd084257b532479a833a9408 P 6ed3b31384ca4a0aa9faee88c6013270 [NON_LEADER]: Queue going to NON_LEADER mode. State: All replicated index: 0, Majority replicated index: 0, Committed index: 0, Last appended: 0.0, Last appended by leader: 0, Current term: 0, Majority size: -1, State: 0, Mode: NON_LEADER, active raft config: opid_index: -1 OBSOLETE_local: false peers { permanent_uuid: "d596d41b213b4cfc86697a781a5bec30" member_type: VOTER last_known_addr { host: "127.19.57.1" port: 33101 } } peers { permanent_uuid: "6ed3b31384ca4a0aa9faee88c6013270" member_type: VOTER last_known_addr { host: "127.19.57.2" port: 39581 } } peers { permanent_uuid: "8918a279f0ae4bf5adf0c74714da921f" member_type: VOTER last_known_addr { host: "127.19.57.3" port: 38455 } }
I20260710 11:09:54.997479 21025 tablet_bootstrap.cc:492] T e8902379fd084257b532479a833a9408 P d596d41b213b4cfc86697a781a5bec30: Bootstrap starting.
I20260710 11:09:54.998266 21024 ts_tablet_manager.cc:1434] T e8902379fd084257b532479a833a9408 P 6ed3b31384ca4a0aa9faee88c6013270: Time spent starting tablet: real 0.005s	user 0.004s	sys 0.000s
I20260710 11:09:55.003206 21025 tablet_bootstrap.cc:654] T e8902379fd084257b532479a833a9408 P d596d41b213b4cfc86697a781a5bec30: Neither blocks nor log segments found. Creating new log.
I20260710 11:09:55.007503 21025 tablet_bootstrap.cc:492] T e8902379fd084257b532479a833a9408 P d596d41b213b4cfc86697a781a5bec30: No bootstrap required, opened a new log
I20260710 11:09:55.007952 21025 ts_tablet_manager.cc:1403] T e8902379fd084257b532479a833a9408 P d596d41b213b4cfc86697a781a5bec30: Time spent bootstrapping tablet: real 0.011s	user 0.008s	sys 0.000s
I20260710 11:09:55.009963 21025 raft_consensus.cc:359] T e8902379fd084257b532479a833a9408 P d596d41b213b4cfc86697a781a5bec30 [term 0 FOLLOWER]: Replica starting. Triggering 0 pending ops. Active config: opid_index: -1 OBSOLETE_local: false peers { permanent_uuid: "d596d41b213b4cfc86697a781a5bec30" member_type: VOTER last_known_addr { host: "127.19.57.1" port: 33101 } } peers { permanent_uuid: "6ed3b31384ca4a0aa9faee88c6013270" member_type: VOTER last_known_addr { host: "127.19.57.2" port: 39581 } } peers { permanent_uuid: "8918a279f0ae4bf5adf0c74714da921f" member_type: VOTER last_known_addr { host: "127.19.57.3" port: 38455 } }
I20260710 11:09:55.010401 21025 raft_consensus.cc:385] T e8902379fd084257b532479a833a9408 P d596d41b213b4cfc86697a781a5bec30 [term 0 FOLLOWER]: Consensus starting up: Expiring failure detector timer to make a prompt election more likely
I20260710 11:09:55.010617 21025 raft_consensus.cc:740] T e8902379fd084257b532479a833a9408 P d596d41b213b4cfc86697a781a5bec30 [term 0 FOLLOWER]: Becoming Follower/Learner. State: Replica: d596d41b213b4cfc86697a781a5bec30, State: Initialized, Role: FOLLOWER
I20260710 11:09:55.011087 21025 consensus_queue.cc:260] T e8902379fd084257b532479a833a9408 P d596d41b213b4cfc86697a781a5bec30 [NON_LEADER]: Queue going to NON_LEADER mode. State: All replicated index: 0, Majority replicated index: 0, Committed index: 0, Last appended: 0.0, Last appended by leader: 0, Current term: 0, Majority size: -1, State: 0, Mode: NON_LEADER, active raft config: opid_index: -1 OBSOLETE_local: false peers { permanent_uuid: "d596d41b213b4cfc86697a781a5bec30" member_type: VOTER last_known_addr { host: "127.19.57.1" port: 33101 } } peers { permanent_uuid: "6ed3b31384ca4a0aa9faee88c6013270" member_type: VOTER last_known_addr { host: "127.19.57.2" port: 39581 } } peers { permanent_uuid: "8918a279f0ae4bf5adf0c74714da921f" member_type: VOTER last_known_addr { host: "127.19.57.3" port: 38455 } }
I20260710 11:09:55.012499 21025 ts_tablet_manager.cc:1434] T e8902379fd084257b532479a833a9408 P d596d41b213b4cfc86697a781a5bec30: Time spent starting tablet: real 0.004s	user 0.000s	sys 0.003s
I20260710 11:09:55.013298 21025 tablet_bootstrap.cc:492] T 9d144c41aa244a1fbe5d0ae961d50bc9 P d596d41b213b4cfc86697a781a5bec30: Bootstrap starting.
I20260710 11:09:55.018020 21025 tablet_bootstrap.cc:654] T 9d144c41aa244a1fbe5d0ae961d50bc9 P d596d41b213b4cfc86697a781a5bec30: Neither blocks nor log segments found. Creating new log.
I20260710 11:09:55.021876 21025 tablet_bootstrap.cc:492] T 9d144c41aa244a1fbe5d0ae961d50bc9 P d596d41b213b4cfc86697a781a5bec30: No bootstrap required, opened a new log
I20260710 11:09:55.022290 21025 ts_tablet_manager.cc:1403] T 9d144c41aa244a1fbe5d0ae961d50bc9 P d596d41b213b4cfc86697a781a5bec30: Time spent bootstrapping tablet: real 0.009s	user 0.006s	sys 0.001s
W20260710 11:09:55.024384 20873 consensus_peers.cc:597] T 9617c517dc2c41f3a043496f668fb462 P 6ed3b31384ca4a0aa9faee88c6013270 -> Peer d596d41b213b4cfc86697a781a5bec30 (127.19.57.1:33101): Couldn't send request to peer d596d41b213b4cfc86697a781a5bec30. Error code: TABLET_NOT_RUNNING (12). Status: Illegal state: Tablet not RUNNING: INITIALIZED. This is attempt 1: this message will repeat every 5th retry.
I20260710 11:09:55.024375 21025 raft_consensus.cc:359] T 9d144c41aa244a1fbe5d0ae961d50bc9 P d596d41b213b4cfc86697a781a5bec30 [term 0 FOLLOWER]: Replica starting. Triggering 0 pending ops. Active config: opid_index: -1 OBSOLETE_local: false peers { permanent_uuid: "d596d41b213b4cfc86697a781a5bec30" member_type: VOTER last_known_addr { host: "127.19.57.1" port: 33101 } } peers { permanent_uuid: "6ed3b31384ca4a0aa9faee88c6013270" member_type: VOTER last_known_addr { host: "127.19.57.2" port: 39581 } } peers { permanent_uuid: "8918a279f0ae4bf5adf0c74714da921f" member_type: VOTER last_known_addr { host: "127.19.57.3" port: 38455 } }
I20260710 11:09:55.024935 21025 raft_consensus.cc:385] T 9d144c41aa244a1fbe5d0ae961d50bc9 P d596d41b213b4cfc86697a781a5bec30 [term 0 FOLLOWER]: Consensus starting up: Expiring failure detector timer to make a prompt election more likely
I20260710 11:09:55.025130 21025 raft_consensus.cc:740] T 9d144c41aa244a1fbe5d0ae961d50bc9 P d596d41b213b4cfc86697a781a5bec30 [term 0 FOLLOWER]: Becoming Follower/Learner. State: Replica: d596d41b213b4cfc86697a781a5bec30, State: Initialized, Role: FOLLOWER
I20260710 11:09:55.025604 21025 consensus_queue.cc:260] T 9d144c41aa244a1fbe5d0ae961d50bc9 P d596d41b213b4cfc86697a781a5bec30 [NON_LEADER]: Queue going to NON_LEADER mode. State: All replicated index: 0, Majority replicated index: 0, Committed index: 0, Last appended: 0.0, Last appended by leader: 0, Current term: 0, Majority size: -1, State: 0, Mode: NON_LEADER, active raft config: opid_index: -1 OBSOLETE_local: false peers { permanent_uuid: "d596d41b213b4cfc86697a781a5bec30" member_type: VOTER last_known_addr { host: "127.19.57.1" port: 33101 } } peers { permanent_uuid: "6ed3b31384ca4a0aa9faee88c6013270" member_type: VOTER last_known_addr { host: "127.19.57.2" port: 39581 } } peers { permanent_uuid: "8918a279f0ae4bf5adf0c74714da921f" member_type: VOTER last_known_addr { host: "127.19.57.3" port: 38455 } }
I20260710 11:09:55.027034 21025 ts_tablet_manager.cc:1434] T 9d144c41aa244a1fbe5d0ae961d50bc9 P d596d41b213b4cfc86697a781a5bec30: Time spent starting tablet: real 0.004s	user 0.002s	sys 0.002s
I20260710 11:09:55.027910 21025 tablet_bootstrap.cc:492] T 472f636f666d4b22b19b6716dfdcca1f P d596d41b213b4cfc86697a781a5bec30: Bootstrap starting.
I20260710 11:09:55.033100 21025 tablet_bootstrap.cc:654] T 472f636f666d4b22b19b6716dfdcca1f P d596d41b213b4cfc86697a781a5bec30: Neither blocks nor log segments found. Creating new log.
I20260710 11:09:55.037344 21025 tablet_bootstrap.cc:492] T 472f636f666d4b22b19b6716dfdcca1f P d596d41b213b4cfc86697a781a5bec30: No bootstrap required, opened a new log
I20260710 11:09:55.037781 21025 ts_tablet_manager.cc:1403] T 472f636f666d4b22b19b6716dfdcca1f P d596d41b213b4cfc86697a781a5bec30: Time spent bootstrapping tablet: real 0.010s	user 0.008s	sys 0.001s
I20260710 11:09:55.039820 21025 raft_consensus.cc:359] T 472f636f666d4b22b19b6716dfdcca1f P d596d41b213b4cfc86697a781a5bec30 [term 0 FOLLOWER]: Replica starting. Triggering 0 pending ops. Active config: opid_index: -1 OBSOLETE_local: false peers { permanent_uuid: "d596d41b213b4cfc86697a781a5bec30" member_type: VOTER last_known_addr { host: "127.19.57.1" port: 33101 } } peers { permanent_uuid: "6ed3b31384ca4a0aa9faee88c6013270" member_type: VOTER last_known_addr { host: "127.19.57.2" port: 39581 } } peers { permanent_uuid: "8918a279f0ae4bf5adf0c74714da921f" member_type: VOTER last_known_addr { host: "127.19.57.3" port: 38455 } }
I20260710 11:09:55.040258 21025 raft_consensus.cc:385] T 472f636f666d4b22b19b6716dfdcca1f P d596d41b213b4cfc86697a781a5bec30 [term 0 FOLLOWER]: Consensus starting up: Expiring failure detector timer to make a prompt election more likely
I20260710 11:09:55.040504 21025 raft_consensus.cc:740] T 472f636f666d4b22b19b6716dfdcca1f P d596d41b213b4cfc86697a781a5bec30 [term 0 FOLLOWER]: Becoming Follower/Learner. State: Replica: d596d41b213b4cfc86697a781a5bec30, State: Initialized, Role: FOLLOWER
I20260710 11:09:55.041101 21025 consensus_queue.cc:260] T 472f636f666d4b22b19b6716dfdcca1f P d596d41b213b4cfc86697a781a5bec30 [NON_LEADER]: Queue going to NON_LEADER mode. State: All replicated index: 0, Majority replicated index: 0, Committed index: 0, Last appended: 0.0, Last appended by leader: 0, Current term: 0, Majority size: -1, State: 0, Mode: NON_LEADER, active raft config: opid_index: -1 OBSOLETE_local: false peers { permanent_uuid: "d596d41b213b4cfc86697a781a5bec30" member_type: VOTER last_known_addr { host: "127.19.57.1" port: 33101 } } peers { permanent_uuid: "6ed3b31384ca4a0aa9faee88c6013270" member_type: VOTER last_known_addr { host: "127.19.57.2" port: 39581 } } peers { permanent_uuid: "8918a279f0ae4bf5adf0c74714da921f" member_type: VOTER last_known_addr { host: "127.19.57.3" port: 38455 } }
I20260710 11:09:55.042552 21025 ts_tablet_manager.cc:1434] T 472f636f666d4b22b19b6716dfdcca1f P d596d41b213b4cfc86697a781a5bec30: Time spent starting tablet: real 0.004s	user 0.000s	sys 0.004s
I20260710 11:09:55.043454 21025 tablet_bootstrap.cc:492] T 9617c517dc2c41f3a043496f668fb462 P d596d41b213b4cfc86697a781a5bec30: Bootstrap starting.
I20260710 11:09:55.048913 21025 tablet_bootstrap.cc:654] T 9617c517dc2c41f3a043496f668fb462 P d596d41b213b4cfc86697a781a5bec30: Neither blocks nor log segments found. Creating new log.
I20260710 11:09:55.054431 21025 tablet_bootstrap.cc:492] T 9617c517dc2c41f3a043496f668fb462 P d596d41b213b4cfc86697a781a5bec30: No bootstrap required, opened a new log
I20260710 11:09:55.054821 21025 ts_tablet_manager.cc:1403] T 9617c517dc2c41f3a043496f668fb462 P d596d41b213b4cfc86697a781a5bec30: Time spent bootstrapping tablet: real 0.012s	user 0.009s	sys 0.001s
I20260710 11:09:55.057346 21025 raft_consensus.cc:359] T 9617c517dc2c41f3a043496f668fb462 P d596d41b213b4cfc86697a781a5bec30 [term 0 FOLLOWER]: Replica starting. Triggering 0 pending ops. Active config: opid_index: -1 OBSOLETE_local: false peers { permanent_uuid: "d596d41b213b4cfc86697a781a5bec30" member_type: VOTER last_known_addr { host: "127.19.57.1" port: 33101 } } peers { permanent_uuid: "6ed3b31384ca4a0aa9faee88c6013270" member_type: VOTER last_known_addr { host: "127.19.57.2" port: 39581 } } peers { permanent_uuid: "8918a279f0ae4bf5adf0c74714da921f" member_type: VOTER last_known_addr { host: "127.19.57.3" port: 38455 } }
I20260710 11:09:55.058012 21025 raft_consensus.cc:385] T 9617c517dc2c41f3a043496f668fb462 P d596d41b213b4cfc86697a781a5bec30 [term 0 FOLLOWER]: Consensus starting up: Expiring failure detector timer to make a prompt election more likely
I20260710 11:09:55.057765 21127 consensus_queue.cc:1048] T 8d122000c1554f2ab73cd87c7a300673 P 6ed3b31384ca4a0aa9faee88c6013270 [LEADER]: Connected to new peer: Peer: permanent_uuid: "8918a279f0ae4bf5adf0c74714da921f" member_type: VOTER last_known_addr { host: "127.19.57.3" port: 38455 }, Status: LMP_MISMATCH, Last received: 0.0, Next index: 1, Last known committed idx: 0, Time since last communication: 0.000s
I20260710 11:09:55.058333 21129 consensus_queue.cc:1048] T 9617c517dc2c41f3a043496f668fb462 P 6ed3b31384ca4a0aa9faee88c6013270 [LEADER]: Connected to new peer: Peer: permanent_uuid: "8918a279f0ae4bf5adf0c74714da921f" member_type: VOTER last_known_addr { host: "127.19.57.3" port: 38455 }, Status: LMP_MISMATCH, Last received: 0.0, Next index: 1, Last known committed idx: 0, Time since last communication: 0.000s
I20260710 11:09:55.058812 21025 raft_consensus.cc:740] T 9617c517dc2c41f3a043496f668fb462 P d596d41b213b4cfc86697a781a5bec30 [term 0 FOLLOWER]: Becoming Follower/Learner. State: Replica: d596d41b213b4cfc86697a781a5bec30, State: Initialized, Role: FOLLOWER
