I20260710 11:09:28.944897  3837 consensus_queue.cc:260] T 73bbafff8b6c4565a4fa936c3322182a P 4efd70ebc1d049deb04c5379f6072bce [NON_LEADER]: Queue going to NON_LEADER mode. State: All replicated index: 0, Majority replicated index: 0, Committed index: 0, Last appended: 0.0, Last appended by leader: 0, Current term: 0, Majority size: -1, State: 0, Mode: NON_LEADER, active raft config: opid_index: -1 OBSOLETE_local: false peers { permanent_uuid: "4efd70ebc1d049deb04c5379f6072bce" member_type: VOTER last_known_addr { host: "127.3.109.129" port: 42403 } } peers { permanent_uuid: "d809faeecf154bc8895168dad415585e" member_type: VOTER last_known_addr { host: "127.3.109.130" port: 44607 } } peers { permanent_uuid: "efe51aaeaaee425d97ec36f426935e86" member_type: VOTER last_known_addr { host: "127.3.109.131" port: 44291 } }
I20260710 11:09:28.952567  3838 ts_tablet_manager.cc:1434] T 8a6111a841274551a4950356dc3f306d P efe51aaeaaee425d97ec36f426935e86: Time spent starting tablet: real 0.015s	user 0.005s	sys 0.007s
I20260710 11:09:28.953740  3837 ts_tablet_manager.cc:1434] T 73bbafff8b6c4565a4fa936c3322182a P 4efd70ebc1d049deb04c5379f6072bce: Time spent starting tablet: real 0.013s	user 0.008s	sys 0.005s
I20260710 11:09:28.954334  3745 heartbeater.cc:499] Master 127.3.109.190:39643 was elected leader, sending a full tablet report...
I20260710 11:09:28.954973  3839 ts_tablet_manager.cc:1434] T 97ae4729b2cd45bb9198ddd965d6cca7 P d809faeecf154bc8895168dad415585e: Time spent starting tablet: real 0.021s	user 0.010s	sys 0.006s
I20260710 11:09:28.955919  3839 tablet_bootstrap.cc:492] T 4e7929e19a934ae3bd870ef39289062b P d809faeecf154bc8895168dad415585e: Bootstrap starting.
I20260710 11:09:28.957859  3819 heartbeater.cc:499] Master 127.3.109.190:39643 was elected leader, sending a full tablet report...
W20260710 11:09:28.958436  3820 tablet.cc:2406] T 8a6111a841274551a4950356dc3f306d P efe51aaeaaee425d97ec36f426935e86: Can't schedule compaction. Clean time has not been advanced past its initial value.
I20260710 11:09:28.958905  3670 heartbeater.cc:499] Master 127.3.109.190:39643 was elected leader, sending a full tablet report...
I20260710 11:09:28.959854  3837 tablet_bootstrap.cc:492] T 4e7929e19a934ae3bd870ef39289062b P 4efd70ebc1d049deb04c5379f6072bce: Bootstrap starting.
I20260710 11:09:28.969758  3838 tablet_bootstrap.cc:492] T 81f3eca9be984d1c89dd176b9200aa0d P efe51aaeaaee425d97ec36f426935e86: Bootstrap starting.
I20260710 11:09:28.972502  3839 tablet_bootstrap.cc:654] T 4e7929e19a934ae3bd870ef39289062b P d809faeecf154bc8895168dad415585e: Neither blocks nor log segments found. Creating new log.
I20260710 11:09:28.974077  3837 tablet_bootstrap.cc:654] T 4e7929e19a934ae3bd870ef39289062b P 4efd70ebc1d049deb04c5379f6072bce: Neither blocks nor log segments found. Creating new log.
I20260710 11:09:28.976612  3838 tablet_bootstrap.cc:654] T 81f3eca9be984d1c89dd176b9200aa0d P efe51aaeaaee425d97ec36f426935e86: Neither blocks nor log segments found. Creating new log.
I20260710 11:09:28.990688  3839 tablet_bootstrap.cc:492] T 4e7929e19a934ae3bd870ef39289062b P d809faeecf154bc8895168dad415585e: No bootstrap required, opened a new log
I20260710 11:09:28.991389  3839 ts_tablet_manager.cc:1403] T 4e7929e19a934ae3bd870ef39289062b P d809faeecf154bc8895168dad415585e: Time spent bootstrapping tablet: real 0.036s	user 0.013s	sys 0.009s
I20260710 11:09:28.994356  3839 raft_consensus.cc:359] T 4e7929e19a934ae3bd870ef39289062b P d809faeecf154bc8895168dad415585e [term 0 FOLLOWER]: Replica starting. Triggering 0 pending ops. Active config: opid_index: -1 OBSOLETE_local: false peers { permanent_uuid: "4efd70ebc1d049deb04c5379f6072bce" member_type: VOTER last_known_addr { host: "127.3.109.129" port: 42403 } } peers { permanent_uuid: "d809faeecf154bc8895168dad415585e" member_type: VOTER last_known_addr { host: "127.3.109.130" port: 44607 } } peers { permanent_uuid: "efe51aaeaaee425d97ec36f426935e86" member_type: VOTER last_known_addr { host: "127.3.109.131" port: 44291 } }
I20260710 11:09:28.995173  3839 raft_consensus.cc:385] T 4e7929e19a934ae3bd870ef39289062b P d809faeecf154bc8895168dad415585e [term 0 FOLLOWER]: Consensus starting up: Expiring failure detector timer to make a prompt election more likely
I20260710 11:09:28.995499  3839 raft_consensus.cc:740] T 4e7929e19a934ae3bd870ef39289062b P d809faeecf154bc8895168dad415585e [term 0 FOLLOWER]: Becoming Follower/Learner. State: Replica: d809faeecf154bc8895168dad415585e, State: Initialized, Role: FOLLOWER
I20260710 11:09:28.996147  3839 consensus_queue.cc:260] T 4e7929e19a934ae3bd870ef39289062b P d809faeecf154bc8895168dad415585e [NON_LEADER]: Queue going to NON_LEADER mode. State: All replicated index: 0, Majority replicated index: 0, Committed index: 0, Last appended: 0.0, Last appended by leader: 0, Current term: 0, Majority size: -1, State: 0, Mode: NON_LEADER, active raft config: opid_index: -1 OBSOLETE_local: false peers { permanent_uuid: "4efd70ebc1d049deb04c5379f6072bce" member_type: VOTER last_known_addr { host: "127.3.109.129" port: 42403 } } peers { permanent_uuid: "d809faeecf154bc8895168dad415585e" member_type: VOTER last_known_addr { host: "127.3.109.130" port: 44607 } } peers { permanent_uuid: "efe51aaeaaee425d97ec36f426935e86" member_type: VOTER last_known_addr { host: "127.3.109.131" port: 44291 } }
I20260710 11:09:28.998278  3839 ts_tablet_manager.cc:1434] T 4e7929e19a934ae3bd870ef39289062b P d809faeecf154bc8895168dad415585e: Time spent starting tablet: real 0.006s	user 0.005s	sys 0.000s
I20260710 11:09:28.999183  3839 tablet_bootstrap.cc:492] T d6f6f6916b4a449ab3b9fbc6a256067a P d809faeecf154bc8895168dad415585e: Bootstrap starting.
I20260710 11:09:29.005100  3839 tablet_bootstrap.cc:654] T d6f6f6916b4a449ab3b9fbc6a256067a P d809faeecf154bc8895168dad415585e: Neither blocks nor log segments found. Creating new log.
I20260710 11:09:29.007812  3838 tablet_bootstrap.cc:492] T 81f3eca9be984d1c89dd176b9200aa0d P efe51aaeaaee425d97ec36f426935e86: No bootstrap required, opened a new log
I20260710 11:09:29.008122  3837 tablet_bootstrap.cc:492] T 4e7929e19a934ae3bd870ef39289062b P 4efd70ebc1d049deb04c5379f6072bce: No bootstrap required, opened a new log
I20260710 11:09:29.008265  3838 ts_tablet_manager.cc:1403] T 81f3eca9be984d1c89dd176b9200aa0d P efe51aaeaaee425d97ec36f426935e86: Time spent bootstrapping tablet: real 0.039s	user 0.004s	sys 0.017s
I20260710 11:09:29.009243  3837 ts_tablet_manager.cc:1403] T 4e7929e19a934ae3bd870ef39289062b P 4efd70ebc1d049deb04c5379f6072bce: Time spent bootstrapping tablet: real 0.050s	user 0.017s	sys 0.006s
I20260710 11:09:29.012287  3838 raft_consensus.cc:359] T 81f3eca9be984d1c89dd176b9200aa0d P efe51aaeaaee425d97ec36f426935e86 [term 0 FOLLOWER]: Replica starting. Triggering 0 pending ops. Active config: opid_index: -1 OBSOLETE_local: false peers { permanent_uuid: "4efd70ebc1d049deb04c5379f6072bce" member_type: VOTER last_known_addr { host: "127.3.109.129" port: 42403 } } peers { permanent_uuid: "d809faeecf154bc8895168dad415585e" member_type: VOTER last_known_addr { host: "127.3.109.130" port: 44607 } } peers { permanent_uuid: "efe51aaeaaee425d97ec36f426935e86" member_type: VOTER last_known_addr { host: "127.3.109.131" port: 44291 } }
I20260710 11:09:29.013080  3838 raft_consensus.cc:385] T 81f3eca9be984d1c89dd176b9200aa0d P efe51aaeaaee425d97ec36f426935e86 [term 0 FOLLOWER]: Consensus starting up: Expiring failure detector timer to make a prompt election more likely
I20260710 11:09:29.013319  3839 tablet_bootstrap.cc:492] T d6f6f6916b4a449ab3b9fbc6a256067a P d809faeecf154bc8895168dad415585e: No bootstrap required, opened a new log
I20260710 11:09:29.013458  3838 raft_consensus.cc:740] T 81f3eca9be984d1c89dd176b9200aa0d P efe51aaeaaee425d97ec36f426935e86 [term 0 FOLLOWER]: Becoming Follower/Learner. State: Replica: efe51aaeaaee425d97ec36f426935e86, State: Initialized, Role: FOLLOWER
I20260710 11:09:29.013839  3839 ts_tablet_manager.cc:1403] T d6f6f6916b4a449ab3b9fbc6a256067a P d809faeecf154bc8895168dad415585e: Time spent bootstrapping tablet: real 0.015s	user 0.013s	sys 0.000s
I20260710 11:09:29.014297  3837 raft_consensus.cc:359] T 4e7929e19a934ae3bd870ef39289062b P 4efd70ebc1d049deb04c5379f6072bce [term 0 FOLLOWER]: Replica starting. Triggering 0 pending ops. Active config: opid_index: -1 OBSOLETE_local: false peers { permanent_uuid: "4efd70ebc1d049deb04c5379f6072bce" member_type: VOTER last_known_addr { host: "127.3.109.129" port: 42403 } } peers { permanent_uuid: "d809faeecf154bc8895168dad415585e" member_type: VOTER last_known_addr { host: "127.3.109.130" port: 44607 } } peers { permanent_uuid: "efe51aaeaaee425d97ec36f426935e86" member_type: VOTER last_known_addr { host: "127.3.109.131" port: 44291 } }
I20260710 11:09:29.014513  3838 consensus_queue.cc:260] T 81f3eca9be984d1c89dd176b9200aa0d P efe51aaeaaee425d97ec36f426935e86 [NON_LEADER]: Queue going to NON_LEADER mode. State: All replicated index: 0, Majority replicated index: 0, Committed index: 0, Last appended: 0.0, Last appended by leader: 0, Current term: 0, Majority size: -1, State: 0, Mode: NON_LEADER, active raft config: opid_index: -1 OBSOLETE_local: false peers { permanent_uuid: "4efd70ebc1d049deb04c5379f6072bce" member_type: VOTER last_known_addr { host: "127.3.109.129" port: 42403 } } peers { permanent_uuid: "d809faeecf154bc8895168dad415585e" member_type: VOTER last_known_addr { host: "127.3.109.130" port: 44607 } } peers { permanent_uuid: "efe51aaeaaee425d97ec36f426935e86" member_type: VOTER last_known_addr { host: "127.3.109.131" port: 44291 } }
I20260710 11:09:29.015017  3837 raft_consensus.cc:385] T 4e7929e19a934ae3bd870ef39289062b P 4efd70ebc1d049deb04c5379f6072bce [term 0 FOLLOWER]: Consensus starting up: Expiring failure detector timer to make a prompt election more likely
I20260710 11:09:29.015406  3837 raft_consensus.cc:740] T 4e7929e19a934ae3bd870ef39289062b P 4efd70ebc1d049deb04c5379f6072bce [term 0 FOLLOWER]: Becoming Follower/Learner. State: Replica: 4efd70ebc1d049deb04c5379f6072bce, State: Initialized, Role: FOLLOWER
I20260710 11:09:29.016099  3837 consensus_queue.cc:260] T 4e7929e19a934ae3bd870ef39289062b P 4efd70ebc1d049deb04c5379f6072bce [NON_LEADER]: Queue going to NON_LEADER mode. State: All replicated index: 0, Majority replicated index: 0, Committed index: 0, Last appended: 0.0, Last appended by leader: 0, Current term: 0, Majority size: -1, State: 0, Mode: NON_LEADER, active raft config: opid_index: -1 OBSOLETE_local: false peers { permanent_uuid: "4efd70ebc1d049deb04c5379f6072bce" member_type: VOTER last_known_addr { host: "127.3.109.129" port: 42403 } } peers { permanent_uuid: "d809faeecf154bc8895168dad415585e" member_type: VOTER last_known_addr { host: "127.3.109.130" port: 44607 } } peers { permanent_uuid: "efe51aaeaaee425d97ec36f426935e86" member_type: VOTER last_known_addr { host: "127.3.109.131" port: 44291 } }
I20260710 11:09:29.016930  3838 ts_tablet_manager.cc:1434] T 81f3eca9be984d1c89dd176b9200aa0d P efe51aaeaaee425d97ec36f426935e86: Time spent starting tablet: real 0.008s	user 0.000s	sys 0.009s
I20260710 11:09:29.017892  3838 tablet_bootstrap.cc:492] T d8de71a1bdd64aa7a9c279e40f5dc3d8 P efe51aaeaaee425d97ec36f426935e86: Bootstrap starting.
I20260710 11:09:29.018412  3837 ts_tablet_manager.cc:1434] T 4e7929e19a934ae3bd870ef39289062b P 4efd70ebc1d049deb04c5379f6072bce: Time spent starting tablet: real 0.008s	user 0.001s	sys 0.004s
I20260710 11:09:29.021044  3837 tablet_bootstrap.cc:492] T 8a6111a841274551a4950356dc3f306d P 4efd70ebc1d049deb04c5379f6072bce: Bootstrap starting.
I20260710 11:09:29.027336  3837 tablet_bootstrap.cc:654] T 8a6111a841274551a4950356dc3f306d P 4efd70ebc1d049deb04c5379f6072bce: Neither blocks nor log segments found. Creating new log.
I20260710 11:09:29.019317  3839 raft_consensus.cc:359] T d6f6f6916b4a449ab3b9fbc6a256067a P d809faeecf154bc8895168dad415585e [term 0 FOLLOWER]: Replica starting. Triggering 0 pending ops. Active config: opid_index: -1 OBSOLETE_local: false peers { permanent_uuid: "4efd70ebc1d049deb04c5379f6072bce" member_type: VOTER last_known_addr { host: "127.3.109.129" port: 42403 } } peers { permanent_uuid: "d809faeecf154bc8895168dad415585e" member_type: VOTER last_known_addr { host: "127.3.109.130" port: 44607 } } peers { permanent_uuid: "efe51aaeaaee425d97ec36f426935e86" member_type: VOTER last_known_addr { host: "127.3.109.131" port: 44291 } }
I20260710 11:09:29.028301  3839 raft_consensus.cc:385] T d6f6f6916b4a449ab3b9fbc6a256067a P d809faeecf154bc8895168dad415585e [term 0 FOLLOWER]: Consensus starting up: Expiring failure detector timer to make a prompt election more likely
I20260710 11:09:29.028628  3839 raft_consensus.cc:740] T d6f6f6916b4a449ab3b9fbc6a256067a P d809faeecf154bc8895168dad415585e [term 0 FOLLOWER]: Becoming Follower/Learner. State: Replica: d809faeecf154bc8895168dad415585e, State: Initialized, Role: FOLLOWER
I20260710 11:09:29.029426  3839 consensus_queue.cc:260] T d6f6f6916b4a449ab3b9fbc6a256067a P d809faeecf154bc8895168dad415585e [NON_LEADER]: Queue going to NON_LEADER mode. State: All replicated index: 0, Majority replicated index: 0, Committed index: 0, Last appended: 0.0, Last appended by leader: 0, Current term: 0, Majority size: -1, State: 0, Mode: NON_LEADER, active raft config: opid_index: -1 OBSOLETE_local: false peers { permanent_uuid: "4efd70ebc1d049deb04c5379f6072bce" member_type: VOTER last_known_addr { host: "127.3.109.129" port: 42403 } } peers { permanent_uuid: "d809faeecf154bc8895168dad415585e" member_type: VOTER last_known_addr { host: "127.3.109.130" port: 44607 } } peers { permanent_uuid: "efe51aaeaaee425d97ec36f426935e86" member_type: VOTER last_known_addr { host: "127.3.109.131" port: 44291 } }
I20260710 11:09:29.031818  3839 ts_tablet_manager.cc:1434] T d6f6f6916b4a449ab3b9fbc6a256067a P d809faeecf154bc8895168dad415585e: Time spent starting tablet: real 0.018s	user 0.006s	sys 0.000s
I20260710 11:09:29.032735  3839 tablet_bootstrap.cc:492] T 73bbafff8b6c4565a4fa936c3322182a P d809faeecf154bc8895168dad415585e: Bootstrap starting.
I20260710 11:09:29.039022  3839 tablet_bootstrap.cc:654] T 73bbafff8b6c4565a4fa936c3322182a P d809faeecf154bc8895168dad415585e: Neither blocks nor log segments found. Creating new log.
I20260710 11:09:29.044679  3837 tablet_bootstrap.cc:492] T 8a6111a841274551a4950356dc3f306d P 4efd70ebc1d049deb04c5379f6072bce: No bootstrap required, opened a new log
I20260710 11:09:29.045173  3837 ts_tablet_manager.cc:1403] T 8a6111a841274551a4950356dc3f306d P 4efd70ebc1d049deb04c5379f6072bce: Time spent bootstrapping tablet: real 0.024s	user 0.017s	sys 0.004s
I20260710 11:09:29.046967  3838 tablet_bootstrap.cc:654] T d8de71a1bdd64aa7a9c279e40f5dc3d8 P efe51aaeaaee425d97ec36f426935e86: Neither blocks nor log segments found. Creating new log.
I20260710 11:09:29.048027  3837 raft_consensus.cc:359] T 8a6111a841274551a4950356dc3f306d P 4efd70ebc1d049deb04c5379f6072bce [term 0 FOLLOWER]: Replica starting. Triggering 0 pending ops. Active config: opid_index: -1 OBSOLETE_local: false peers { permanent_uuid: "4efd70ebc1d049deb04c5379f6072bce" member_type: VOTER last_known_addr { host: "127.3.109.129" port: 42403 } } peers { permanent_uuid: "d809faeecf154bc8895168dad415585e" member_type: VOTER last_known_addr { host: "127.3.109.130" port: 44607 } } peers { permanent_uuid: "efe51aaeaaee425d97ec36f426935e86" member_type: VOTER last_known_addr { host: "127.3.109.131" port: 44291 } }
I20260710 11:09:29.048833  3837 raft_consensus.cc:385] T 8a6111a841274551a4950356dc3f306d P 4efd70ebc1d049deb04c5379f6072bce [term 0 FOLLOWER]: Consensus starting up: Expiring failure detector timer to make a prompt election more likely
I20260710 11:09:29.049230  3837 raft_consensus.cc:740] T 8a6111a841274551a4950356dc3f306d P 4efd70ebc1d049deb04c5379f6072bce [term 0 FOLLOWER]: Becoming Follower/Learner. State: Replica: 4efd70ebc1d049deb04c5379f6072bce, State: Initialized, Role: FOLLOWER
I20260710 11:09:29.050199  3837 consensus_queue.cc:260] T 8a6111a841274551a4950356dc3f306d P 4efd70ebc1d049deb04c5379f6072bce [NON_LEADER]: Queue going to NON_LEADER mode. State: All replicated index: 0, Majority replicated index: 0, Committed index: 0, Last appended: 0.0, Last appended by leader: 0, Current term: 0, Majority size: -1, State: 0, Mode: NON_LEADER, active raft config: opid_index: -1 OBSOLETE_local: false peers { permanent_uuid: "4efd70ebc1d049deb04c5379f6072bce" member_type: VOTER last_known_addr { host: "127.3.109.129" port: 42403 } } peers { permanent_uuid: "d809faeecf154bc8895168dad415585e" member_type: VOTER last_known_addr { host: "127.3.109.130" port: 44607 } } peers { permanent_uuid: "efe51aaeaaee425d97ec36f426935e86" member_type: VOTER last_known_addr { host: "127.3.109.131" port: 44291 } }
I20260710 11:09:29.058874  3837 ts_tablet_manager.cc:1434] T 8a6111a841274551a4950356dc3f306d P 4efd70ebc1d049deb04c5379f6072bce: Time spent starting tablet: real 0.013s	user 0.005s	sys 0.001s
I20260710 11:09:29.060813  3839 tablet_bootstrap.cc:492] T 73bbafff8b6c4565a4fa936c3322182a P d809faeecf154bc8895168dad415585e: No bootstrap required, opened a new log
I20260710 11:09:29.061502  3839 ts_tablet_manager.cc:1403] T 73bbafff8b6c4565a4fa936c3322182a P d809faeecf154bc8895168dad415585e: Time spent bootstrapping tablet: real 0.029s	user 0.021s	sys 0.007s
I20260710 11:09:29.065294  3839 raft_consensus.cc:359] T 73bbafff8b6c4565a4fa936c3322182a P d809faeecf154bc8895168dad415585e [term 0 FOLLOWER]: Replica starting. Triggering 0 pending ops. Active config: opid_index: -1 OBSOLETE_local: false peers { permanent_uuid: "4efd70ebc1d049deb04c5379f6072bce" member_type: VOTER last_known_addr { host: "127.3.109.129" port: 42403 } } peers { permanent_uuid: "d809faeecf154bc8895168dad415585e" member_type: VOTER last_known_addr { host: "127.3.109.130" port: 44607 } } peers { permanent_uuid: "efe51aaeaaee425d97ec36f426935e86" member_type: VOTER last_known_addr { host: "127.3.109.131" port: 44291 } }
I20260710 11:09:29.066105  3839 raft_consensus.cc:385] T 73bbafff8b6c4565a4fa936c3322182a P d809faeecf154bc8895168dad415585e [term 0 FOLLOWER]: Consensus starting up: Expiring failure detector timer to make a prompt election more likely
I20260710 11:09:29.066316  3839 raft_consensus.cc:740] T 73bbafff8b6c4565a4fa936c3322182a P d809faeecf154bc8895168dad415585e [term 0 FOLLOWER]: Becoming Follower/Learner. State: Replica: d809faeecf154bc8895168dad415585e, State: Initialized, Role: FOLLOWER
I20260710 11:09:29.067008  3839 consensus_queue.cc:260] T 73bbafff8b6c4565a4fa936c3322182a P d809faeecf154bc8895168dad415585e [NON_LEADER]: Queue going to NON_LEADER mode. State: All replicated index: 0, Majority replicated index: 0, Committed index: 0, Last appended: 0.0, Last appended by leader: 0, Current term: 0, Majority size: -1, State: 0, Mode: NON_LEADER, active raft config: opid_index: -1 OBSOLETE_local: false peers { permanent_uuid: "4efd70ebc1d049deb04c5379f6072bce" member_type: VOTER last_known_addr { host: "127.3.109.129" port: 42403 } } peers { permanent_uuid: "d809faeecf154bc8895168dad415585e" member_type: VOTER last_known_addr { host: "127.3.109.130" port: 44607 } } peers { permanent_uuid: "efe51aaeaaee425d97ec36f426935e86" member_type: VOTER last_known_addr { host: "127.3.109.131" port: 44291 } }
I20260710 11:09:29.067982  3837 tablet_bootstrap.cc:492] T 256198ed108d4f4b866a5854a397edaf P 4efd70ebc1d049deb04c5379f6072bce: Bootstrap starting.
I20260710 11:09:29.069988  3839 ts_tablet_manager.cc:1434] T 73bbafff8b6c4565a4fa936c3322182a P d809faeecf154bc8895168dad415585e: Time spent starting tablet: real 0.008s	user 0.007s	sys 0.000s
I20260710 11:09:29.070875  3839 tablet_bootstrap.cc:492] T d8de71a1bdd64aa7a9c279e40f5dc3d8 P d809faeecf154bc8895168dad415585e: Bootstrap starting.
I20260710 11:09:29.074878  3837 tablet_bootstrap.cc:654] T 256198ed108d4f4b866a5854a397edaf P 4efd70ebc1d049deb04c5379f6072bce: Neither blocks nor log segments found. Creating new log.
I20260710 11:09:29.077381  3839 tablet_bootstrap.cc:654] T d8de71a1bdd64aa7a9c279e40f5dc3d8 P d809faeecf154bc8895168dad415585e: Neither blocks nor log segments found. Creating new log.
I20260710 11:09:29.081199  3838 tablet_bootstrap.cc:492] T d8de71a1bdd64aa7a9c279e40f5dc3d8 P efe51aaeaaee425d97ec36f426935e86: No bootstrap required, opened a new log
I20260710 11:09:29.081830  3838 ts_tablet_manager.cc:1403] T d8de71a1bdd64aa7a9c279e40f5dc3d8 P efe51aaeaaee425d97ec36f426935e86: Time spent bootstrapping tablet: real 0.064s	user 0.016s	sys 0.012s
I20260710 11:09:29.085597  3838 raft_consensus.cc:359] T d8de71a1bdd64aa7a9c279e40f5dc3d8 P efe51aaeaaee425d97ec36f426935e86 [term 0 FOLLOWER]: Replica starting. Triggering 0 pending ops. Active config: opid_index: -1 OBSOLETE_local: false peers { permanent_uuid: "4efd70ebc1d049deb04c5379f6072bce" member_type: VOTER last_known_addr { host: "127.3.109.129" port: 42403 } } peers { permanent_uuid: "d809faeecf154bc8895168dad415585e" member_type: VOTER last_known_addr { host: "127.3.109.130" port: 44607 } } peers { permanent_uuid: "efe51aaeaaee425d97ec36f426935e86" member_type: VOTER last_known_addr { host: "127.3.109.131" port: 44291 } }
I20260710 11:09:29.086474  3838 raft_consensus.cc:385] T d8de71a1bdd64aa7a9c279e40f5dc3d8 P efe51aaeaaee425d97ec36f426935e86 [term 0 FOLLOWER]: Consensus starting up: Expiring failure detector timer to make a prompt election more likely
I20260710 11:09:29.086796  3838 raft_consensus.cc:740] T d8de71a1bdd64aa7a9c279e40f5dc3d8 P efe51aaeaaee425d97ec36f426935e86 [term 0 FOLLOWER]: Becoming Follower/Learner. State: Replica: efe51aaeaaee425d97ec36f426935e86, State: Initialized, Role: FOLLOWER
I20260710 11:09:29.087606  3838 consensus_queue.cc:260] T d8de71a1bdd64aa7a9c279e40f5dc3d8 P efe51aaeaaee425d97ec36f426935e86 [NON_LEADER]: Queue going to NON_LEADER mode. State: All replicated index: 0, Majority replicated index: 0, Committed index: 0, Last appended: 0.0, Last appended by leader: 0, Current term: 0, Majority size: -1, State: 0, Mode: NON_LEADER, active raft config: opid_index: -1 OBSOLETE_local: false peers { permanent_uuid: "4efd70ebc1d049deb04c5379f6072bce" member_type: VOTER last_known_addr { host: "127.3.109.129" port: 42403 } } peers { permanent_uuid: "d809faeecf154bc8895168dad415585e" member_type: VOTER last_known_addr { host: "127.3.109.130" port: 44607 } } peers { permanent_uuid: "efe51aaeaaee425d97ec36f426935e86" member_type: VOTER last_known_addr { host: "127.3.109.131" port: 44291 } }
I20260710 11:09:29.088738  3839 tablet_bootstrap.cc:492] T d8de71a1bdd64aa7a9c279e40f5dc3d8 P d809faeecf154bc8895168dad415585e: No bootstrap required, opened a new log
I20260710 11:09:29.089197  3839 ts_tablet_manager.cc:1403] T d8de71a1bdd64aa7a9c279e40f5dc3d8 P d809faeecf154bc8895168dad415585e: Time spent bootstrapping tablet: real 0.019s	user 0.012s	sys 0.004s
I20260710 11:09:29.089744  3838 ts_tablet_manager.cc:1434] T d8de71a1bdd64aa7a9c279e40f5dc3d8 P efe51aaeaaee425d97ec36f426935e86: Time spent starting tablet: real 0.008s	user 0.008s	sys 0.000s
I20260710 11:09:29.090665  3838 tablet_bootstrap.cc:492] T 73bbafff8b6c4565a4fa936c3322182a P efe51aaeaaee425d97ec36f426935e86: Bootstrap starting.
I20260710 11:09:29.091910  3839 raft_consensus.cc:359] T d8de71a1bdd64aa7a9c279e40f5dc3d8 P d809faeecf154bc8895168dad415585e [term 0 FOLLOWER]: Replica starting. Triggering 0 pending ops. Active config: opid_index: -1 OBSOLETE_local: false peers { permanent_uuid: "4efd70ebc1d049deb04c5379f6072bce" member_type: VOTER last_known_addr { host: "127.3.109.129" port: 42403 } } peers { permanent_uuid: "d809faeecf154bc8895168dad415585e" member_type: VOTER last_known_addr { host: "127.3.109.130" port: 44607 } } peers { permanent_uuid: "efe51aaeaaee425d97ec36f426935e86" member_type: VOTER last_known_addr { host: "127.3.109.131" port: 44291 } }
I20260710 11:09:29.092612  3839 raft_consensus.cc:385] T d8de71a1bdd64aa7a9c279e40f5dc3d8 P d809faeecf154bc8895168dad415585e [term 0 FOLLOWER]: Consensus starting up: Expiring failure detector timer to make a prompt election more likely
I20260710 11:09:29.092890  3839 raft_consensus.cc:740] T d8de71a1bdd64aa7a9c279e40f5dc3d8 P d809faeecf154bc8895168dad415585e [term 0 FOLLOWER]: Becoming Follower/Learner. State: Replica: d809faeecf154bc8895168dad415585e, State: Initialized, Role: FOLLOWER
I20260710 11:09:29.093825  3839 consensus_queue.cc:260] T d8de71a1bdd64aa7a9c279e40f5dc3d8 P d809faeecf154bc8895168dad415585e [NON_LEADER]: Queue going to NON_LEADER mode. State: All replicated index: 0, Majority replicated index: 0, Committed index: 0, Last appended: 0.0, Last appended by leader: 0, Current term: 0, Majority size: -1, State: 0, Mode: NON_LEADER, active raft config: opid_index: -1 OBSOLETE_local: false peers { permanent_uuid: "4efd70ebc1d049deb04c5379f6072bce" member_type: VOTER last_known_addr { host: "127.3.109.129" port: 42403 } } peers { permanent_uuid: "d809faeecf154bc8895168dad415585e" member_type: VOTER last_known_addr { host: "127.3.109.130" port: 44607 } } peers { permanent_uuid: "efe51aaeaaee425d97ec36f426935e86" member_type: VOTER last_known_addr { host: "127.3.109.131" port: 44291 } }
I20260710 11:09:29.096702  3839 ts_tablet_manager.cc:1434] T d8de71a1bdd64aa7a9c279e40f5dc3d8 P d809faeecf154bc8895168dad415585e: Time spent starting tablet: real 0.007s	user 0.005s	sys 0.000s
I20260710 11:09:29.097641  3839 tablet_bootstrap.cc:492] T dd80a570f3d644399313d498326305e7 P d809faeecf154bc8895168dad415585e: Bootstrap starting.
I20260710 11:09:29.100462  3837 tablet_bootstrap.cc:492] T 256198ed108d4f4b866a5854a397edaf P 4efd70ebc1d049deb04c5379f6072bce: No bootstrap required, opened a new log
I20260710 11:09:29.100975  3837 ts_tablet_manager.cc:1403] T 256198ed108d4f4b866a5854a397edaf P 4efd70ebc1d049deb04c5379f6072bce: Time spent bootstrapping tablet: real 0.033s	user 0.013s	sys 0.008s
I20260710 11:09:29.103941  3839 tablet_bootstrap.cc:654] T dd80a570f3d644399313d498326305e7 P d809faeecf154bc8895168dad415585e: Neither blocks nor log segments found. Creating new log.
I20260710 11:09:29.103730  3837 raft_consensus.cc:359] T 256198ed108d4f4b866a5854a397edaf P 4efd70ebc1d049deb04c5379f6072bce [term 0 FOLLOWER]: Replica starting. Triggering 0 pending ops. Active config: opid_index: -1 OBSOLETE_local: false peers { permanent_uuid: "efe51aaeaaee425d97ec36f426935e86" member_type: VOTER last_known_addr { host: "127.3.109.131" port: 44291 } } peers { permanent_uuid: "4efd70ebc1d049deb04c5379f6072bce" member_type: VOTER last_known_addr { host: "127.3.109.129" port: 42403 } } peers { permanent_uuid: "d809faeecf154bc8895168dad415585e" member_type: VOTER last_known_addr { host: "127.3.109.130" port: 44607 } }
I20260710 11:09:29.104524  3837 raft_consensus.cc:385] T 256198ed108d4f4b866a5854a397edaf P 4efd70ebc1d049deb04c5379f6072bce [term 0 FOLLOWER]: Consensus starting up: Expiring failure detector timer to make a prompt election more likely
I20260710 11:09:29.104858  3837 raft_consensus.cc:740] T 256198ed108d4f4b866a5854a397edaf P 4efd70ebc1d049deb04c5379f6072bce [term 0 FOLLOWER]: Becoming Follower/Learner. State: Replica: 4efd70ebc1d049deb04c5379f6072bce, State: Initialized, Role: FOLLOWER
I20260710 11:09:29.105697  3837 consensus_queue.cc:260] T 256198ed108d4f4b866a5854a397edaf P 4efd70ebc1d049deb04c5379f6072bce [NON_LEADER]: Queue going to NON_LEADER mode. State: All replicated index: 0, Majority replicated index: 0, Committed index: 0, Last appended: 0.0, Last appended by leader: 0, Current term: 0, Majority size: -1, State: 0, Mode: NON_LEADER, active raft config: opid_index: -1 OBSOLETE_local: false peers { permanent_uuid: "efe51aaeaaee425d97ec36f426935e86" member_type: VOTER last_known_addr { host: "127.3.109.131" port: 44291 } } peers { permanent_uuid: "4efd70ebc1d049deb04c5379f6072bce" member_type: VOTER last_known_addr { host: "127.3.109.129" port: 42403 } } peers { permanent_uuid: "d809faeecf154bc8895168dad415585e" member_type: VOTER last_known_addr { host: "127.3.109.130" port: 44607 } }
I20260710 11:09:29.110872  3837 ts_tablet_manager.cc:1434] T 256198ed108d4f4b866a5854a397edaf P 4efd70ebc1d049deb04c5379f6072bce: Time spent starting tablet: real 0.010s	user 0.006s	sys 0.000s
I20260710 11:09:29.111876  3837 tablet_bootstrap.cc:492] T d6f6f6916b4a449ab3b9fbc6a256067a P 4efd70ebc1d049deb04c5379f6072bce: Bootstrap starting.
I20260710 11:09:29.113420  3838 tablet_bootstrap.cc:654] T 73bbafff8b6c4565a4fa936c3322182a P efe51aaeaaee425d97ec36f426935e86: Neither blocks nor log segments found. Creating new log.
I20260710 11:09:29.115294  3839 tablet_bootstrap.cc:492] T dd80a570f3d644399313d498326305e7 P d809faeecf154bc8895168dad415585e: No bootstrap required, opened a new log
I20260710 11:09:29.115738  3839 ts_tablet_manager.cc:1403] T dd80a570f3d644399313d498326305e7 P d809faeecf154bc8895168dad415585e: Time spent bootstrapping tablet: real 0.018s	user 0.015s	sys 0.000s
I20260710 11:09:29.119251  3839 raft_consensus.cc:359] T dd80a570f3d644399313d498326305e7 P d809faeecf154bc8895168dad415585e [term 0 FOLLOWER]: Replica starting. Triggering 0 pending ops. Active config: opid_index: -1 OBSOLETE_local: false peers { permanent_uuid: "4efd70ebc1d049deb04c5379f6072bce" member_type: VOTER last_known_addr { host: "127.3.109.129" port: 42403 } } peers { permanent_uuid: "d809faeecf154bc8895168dad415585e" member_type: VOTER last_known_addr { host: "127.3.109.130" port: 44607 } } peers { permanent_uuid: "efe51aaeaaee425d97ec36f426935e86" member_type: VOTER last_known_addr { host: "127.3.109.131" port: 44291 } }
I20260710 11:09:29.120180  3839 raft_consensus.cc:385] T dd80a570f3d644399313d498326305e7 P d809faeecf154bc8895168dad415585e [term 0 FOLLOWER]: Consensus starting up: Expiring failure detector timer to make a prompt election more likely
I20260710 11:09:29.120548  3839 raft_consensus.cc:740] T dd80a570f3d644399313d498326305e7 P d809faeecf154bc8895168dad415585e [term 0 FOLLOWER]: Becoming Follower/Learner. State: Replica: d809faeecf154bc8895168dad415585e, State: Initialized, Role: FOLLOWER
I20260710 11:09:29.121697  3839 consensus_queue.cc:260] T dd80a570f3d644399313d498326305e7 P d809faeecf154bc8895168dad415585e [NON_LEADER]: Queue going to NON_LEADER mode. State: All replicated index: 0, Majority replicated index: 0, Committed index: 0, Last appended: 0.0, Last appended by leader: 0, Current term: 0, Majority size: -1, State: 0, Mode: NON_LEADER, active raft config: opid_index: -1 OBSOLETE_local: false peers { permanent_uuid: "4efd70ebc1d049deb04c5379f6072bce" member_type: VOTER last_known_addr { host: "127.3.109.129" port: 42403 } } peers { permanent_uuid: "d809faeecf154bc8895168dad415585e" member_type: VOTER last_known_addr { host: "127.3.109.130" port: 44607 } } peers { permanent_uuid: "efe51aaeaaee425d97ec36f426935e86" member_type: VOTER last_known_addr { host: "127.3.109.131" port: 44291 } }
I20260710 11:09:29.124238  3837 tablet_bootstrap.cc:654] T d6f6f6916b4a449ab3b9fbc6a256067a P 4efd70ebc1d049deb04c5379f6072bce: Neither blocks nor log segments found. Creating new log.
I20260710 11:09:29.124482  3839 ts_tablet_manager.cc:1434] T dd80a570f3d644399313d498326305e7 P d809faeecf154bc8895168dad415585e: Time spent starting tablet: real 0.008s	user 0.008s	sys 0.001s
I20260710 11:09:29.125420  3839 tablet_bootstrap.cc:492] T 256198ed108d4f4b866a5854a397edaf P d809faeecf154bc8895168dad415585e: Bootstrap starting.
I20260710 11:09:29.132334  3839 tablet_bootstrap.cc:654] T 256198ed108d4f4b866a5854a397edaf P d809faeecf154bc8895168dad415585e: Neither blocks nor log segments found. Creating new log.
I20260710 11:09:29.138809  3837 tablet_bootstrap.cc:492] T d6f6f6916b4a449ab3b9fbc6a256067a P 4efd70ebc1d049deb04c5379f6072bce: No bootstrap required, opened a new log
I20260710 11:09:29.139122  3838 tablet_bootstrap.cc:492] T 73bbafff8b6c4565a4fa936c3322182a P efe51aaeaaee425d97ec36f426935e86: No bootstrap required, opened a new log
I20260710 11:09:29.139261  3837 ts_tablet_manager.cc:1403] T d6f6f6916b4a449ab3b9fbc6a256067a P 4efd70ebc1d049deb04c5379f6072bce: Time spent bootstrapping tablet: real 0.028s	user 0.007s	sys 0.003s
I20260710 11:09:29.139523  3838 ts_tablet_manager.cc:1403] T 73bbafff8b6c4565a4fa936c3322182a P efe51aaeaaee425d97ec36f426935e86: Time spent bootstrapping tablet: real 0.049s	user 0.011s	sys 0.013s
I20260710 11:09:29.142776  3837 raft_consensus.cc:359] T d6f6f6916b4a449ab3b9fbc6a256067a P 4efd70ebc1d049deb04c5379f6072bce [term 0 FOLLOWER]: Replica starting. Triggering 0 pending ops. Active config: opid_index: -1 OBSOLETE_local: false peers { permanent_uuid: "4efd70ebc1d049deb04c5379f6072bce" member_type: VOTER last_known_addr { host: "127.3.109.129" port: 42403 } } peers { permanent_uuid: "d809faeecf154bc8895168dad415585e" member_type: VOTER last_known_addr { host: "127.3.109.130" port: 44607 } } peers { permanent_uuid: "efe51aaeaaee425d97ec36f426935e86" member_type: VOTER last_known_addr { host: "127.3.109.131" port: 44291 } }
I20260710 11:09:29.142735  3838 raft_consensus.cc:359] T 73bbafff8b6c4565a4fa936c3322182a P efe51aaeaaee425d97ec36f426935e86 [term 0 FOLLOWER]: Replica starting. Triggering 0 pending ops. Active config: opid_index: -1 OBSOLETE_local: false peers { permanent_uuid: "4efd70ebc1d049deb04c5379f6072bce" member_type: VOTER last_known_addr { host: "127.3.109.129" port: 42403 } } peers { permanent_uuid: "d809faeecf154bc8895168dad415585e" member_type: VOTER last_known_addr { host: "127.3.109.130" port: 44607 } } peers { permanent_uuid: "efe51aaeaaee425d97ec36f426935e86" member_type: VOTER last_known_addr { host: "127.3.109.131" port: 44291 } }
I20260710 11:09:29.143551  3837 raft_consensus.cc:385] T d6f6f6916b4a449ab3b9fbc6a256067a P 4efd70ebc1d049deb04c5379f6072bce [term 0 FOLLOWER]: Consensus starting up: Expiring failure detector timer to make a prompt election more likely
I20260710 11:09:29.143666  3838 raft_consensus.cc:385] T 73bbafff8b6c4565a4fa936c3322182a P efe51aaeaaee425d97ec36f426935e86 [term 0 FOLLOWER]: Consensus starting up: Expiring failure detector timer to make a prompt election more likely
I20260710 11:09:29.143685  3839 tablet_bootstrap.cc:492] T 256198ed108d4f4b866a5854a397edaf P d809faeecf154bc8895168dad415585e: No bootstrap required, opened a new log
I20260710 11:09:29.144124  3838 raft_consensus.cc:740] T 73bbafff8b6c4565a4fa936c3322182a P efe51aaeaaee425d97ec36f426935e86 [term 0 FOLLOWER]: Becoming Follower/Learner. State: Replica: efe51aaeaaee425d97ec36f426935e86, State: Initialized, Role: FOLLOWER
I20260710 11:09:29.143889  3837 raft_consensus.cc:740] T d6f6f6916b4a449ab3b9fbc6a256067a P 4efd70ebc1d049deb04c5379f6072bce [term 0 FOLLOWER]: Becoming Follower/Learner. State: Replica: 4efd70ebc1d049deb04c5379f6072bce, State: Initialized, Role: FOLLOWER
I20260710 11:09:29.144721  3845 raft_consensus.cc:493] T 8a6111a841274551a4950356dc3f306d P 4efd70ebc1d049deb04c5379f6072bce [term 0 FOLLOWER]: Starting pre-election (no leader contacted us within the election timeout)
I20260710 11:09:29.145058  3838 consensus_queue.cc:260] T 73bbafff8b6c4565a4fa936c3322182a P efe51aaeaaee425d97ec36f426935e86 [NON_LEADER]: Queue going to NON_LEADER mode. State: All replicated index: 0, Majority replicated index: 0, Committed index: 0, Last appended: 0.0, Last appended by leader: 0, Current term: 0, Majority size: -1, State: 0, Mode: NON_LEADER, active raft config: opid_index: -1 OBSOLETE_local: false peers { permanent_uuid: "4efd70ebc1d049deb04c5379f6072bce" member_type: VOTER last_known_addr { host: "127.3.109.129" port: 42403 } } peers { permanent_uuid: "d809faeecf154bc8895168dad415585e" member_type: VOTER last_known_addr { host: "127.3.109.130" port: 44607 } } peers { permanent_uuid: "efe51aaeaaee425d97ec36f426935e86" member_type: VOTER last_known_addr { host: "127.3.109.131" port: 44291 } }
I20260710 11:09:29.145156  3837 consensus_queue.cc:260] T d6f6f6916b4a449ab3b9fbc6a256067a P 4efd70ebc1d049deb04c5379f6072bce [NON_LEADER]: Queue going to NON_LEADER mode. State: All replicated index: 0, Majority replicated index: 0, Committed index: 0, Last appended: 0.0, Last appended by leader: 0, Current term: 0, Majority size: -1, State: 0, Mode: NON_LEADER, active raft config: opid_index: -1 OBSOLETE_local: false peers { permanent_uuid: "4efd70ebc1d049deb04c5379f6072bce" member_type: VOTER last_known_addr { host: "127.3.109.129" port: 42403 } } peers { permanent_uuid: "d809faeecf154bc8895168dad415585e" member_type: VOTER last_known_addr { host: "127.3.109.130" port: 44607 } } peers { permanent_uuid: "efe51aaeaaee425d97ec36f426935e86" member_type: VOTER last_known_addr { host: "127.3.109.131" port: 44291 } }
I20260710 11:09:29.145179  3845 raft_consensus.cc:515] T 8a6111a841274551a4950356dc3f306d P 4efd70ebc1d049deb04c5379f6072bce [term 0 FOLLOWER]: Starting pre-election with config: opid_index: -1 OBSOLETE_local: false peers { permanent_uuid: "4efd70ebc1d049deb04c5379f6072bce" member_type: VOTER last_known_addr { host: "127.3.109.129" port: 42403 } } peers { permanent_uuid: "d809faeecf154bc8895168dad415585e" member_type: VOTER last_known_addr { host: "127.3.109.130" port: 44607 } } peers { permanent_uuid: "efe51aaeaaee425d97ec36f426935e86" member_type: VOTER last_known_addr { host: "127.3.109.131" port: 44291 } }
I20260710 11:09:29.146200  3839 ts_tablet_manager.cc:1403] T 256198ed108d4f4b866a5854a397edaf P d809faeecf154bc8895168dad415585e: Time spent bootstrapping tablet: real 0.021s	user 0.011s	sys 0.001s
I20260710 11:09:29.149006  3843 raft_consensus.cc:493] T d8de71a1bdd64aa7a9c279e40f5dc3d8 P d809faeecf154bc8895168dad415585e [term 0 FOLLOWER]: Starting pre-election (no leader contacted us within the election timeout)
I20260710 11:09:29.149506  3843 raft_consensus.cc:515] T d8de71a1bdd64aa7a9c279e40f5dc3d8 P d809faeecf154bc8895168dad415585e [term 0 FOLLOWER]: Starting pre-election with config: opid_index: -1 OBSOLETE_local: false peers { permanent_uuid: "4efd70ebc1d049deb04c5379f6072bce" member_type: VOTER last_known_addr { host: "127.3.109.129" port: 42403 } } peers { permanent_uuid: "d809faeecf154bc8895168dad415585e" member_type: VOTER last_known_addr { host: "127.3.109.130" port: 44607 } } peers { permanent_uuid: "efe51aaeaaee425d97ec36f426935e86" member_type: VOTER last_known_addr { host: "127.3.109.131" port: 44291 } }
I20260710 11:09:29.152065  3843 leader_election.cc:290] T d8de71a1bdd64aa7a9c279e40f5dc3d8 P d809faeecf154bc8895168dad415585e [CANDIDATE]: Term 1 pre-election: Requested pre-vote from peers 4efd70ebc1d049deb04c5379f6072bce (127.3.109.129:42403), efe51aaeaaee425d97ec36f426935e86 (127.3.109.131:44291)
I20260710 11:09:29.148275  3845 leader_election.cc:290] T 8a6111a841274551a4950356dc3f306d P 4efd70ebc1d049deb04c5379f6072bce [CANDIDATE]: Term 1 pre-election: Requested pre-vote from peers d809faeecf154bc8895168dad415585e (127.3.109.130:44607), efe51aaeaaee425d97ec36f426935e86 (127.3.109.131:44291)
I20260710 11:09:29.154214  3838 ts_tablet_manager.cc:1434] T 73bbafff8b6c4565a4fa936c3322182a P efe51aaeaaee425d97ec36f426935e86: Time spent starting tablet: real 0.014s	user 0.004s	sys 0.003s
I20260710 11:09:29.155578  3837 ts_tablet_manager.cc:1434] T d6f6f6916b4a449ab3b9fbc6a256067a P 4efd70ebc1d049deb04c5379f6072bce: Time spent starting tablet: real 0.016s	user 0.005s	sys 0.003s
I20260710 11:09:29.156507  3837 tablet_bootstrap.cc:492] T d8de71a1bdd64aa7a9c279e40f5dc3d8 P 4efd70ebc1d049deb04c5379f6072bce: Bootstrap starting.
I20260710 11:09:29.162781  3838 tablet_bootstrap.cc:492] T 4e7929e19a934ae3bd870ef39289062b P efe51aaeaaee425d97ec36f426935e86: Bootstrap starting.
I20260710 11:09:29.163298  3837 tablet_bootstrap.cc:654] T d8de71a1bdd64aa7a9c279e40f5dc3d8 P 4efd70ebc1d049deb04c5379f6072bce: Neither blocks nor log segments found. Creating new log.
I20260710 11:09:29.169901  3838 tablet_bootstrap.cc:654] T 4e7929e19a934ae3bd870ef39289062b P efe51aaeaaee425d97ec36f426935e86: Neither blocks nor log segments found. Creating new log.
I20260710 11:09:29.178166  3837 tablet_bootstrap.cc:492] T d8de71a1bdd64aa7a9c279e40f5dc3d8 P 4efd70ebc1d049deb04c5379f6072bce: No bootstrap required, opened a new log
I20260710 11:09:29.178778  3837 ts_tablet_manager.cc:1403] T d8de71a1bdd64aa7a9c279e40f5dc3d8 P 4efd70ebc1d049deb04c5379f6072bce: Time spent bootstrapping tablet: real 0.022s	user 0.008s	sys 0.010s
I20260710 11:09:29.182596  3837 raft_consensus.cc:359] T d8de71a1bdd64aa7a9c279e40f5dc3d8 P 4efd70ebc1d049deb04c5379f6072bce [term 0 FOLLOWER]: Replica starting. Triggering 0 pending ops. Active config: opid_index: -1 OBSOLETE_local: false peers { permanent_uuid: "4efd70ebc1d049deb04c5379f6072bce" member_type: VOTER last_known_addr { host: "127.3.109.129" port: 42403 } } peers { permanent_uuid: "d809faeecf154bc8895168dad415585e" member_type: VOTER last_known_addr { host: "127.3.109.130" port: 44607 } } peers { permanent_uuid: "efe51aaeaaee425d97ec36f426935e86" member_type: VOTER last_known_addr { host: "127.3.109.131" port: 44291 } }
I20260710 11:09:29.183559  3837 raft_consensus.cc:385] T d8de71a1bdd64aa7a9c279e40f5dc3d8 P 4efd70ebc1d049deb04c5379f6072bce [term 0 FOLLOWER]: Consensus starting up: Expiring failure detector timer to make a prompt election more likely
I20260710 11:09:29.183936  3837 raft_consensus.cc:740] T d8de71a1bdd64aa7a9c279e40f5dc3d8 P 4efd70ebc1d049deb04c5379f6072bce [term 0 FOLLOWER]: Becoming Follower/Learner. State: Replica: 4efd70ebc1d049deb04c5379f6072bce, State: Initialized, Role: FOLLOWER
I20260710 11:09:29.184809  3837 consensus_queue.cc:260] T d8de71a1bdd64aa7a9c279e40f5dc3d8 P 4efd70ebc1d049deb04c5379f6072bce [NON_LEADER]: Queue going to NON_LEADER mode. State: All replicated index: 0, Majority replicated index: 0, Committed index: 0, Last appended: 0.0, Last appended by leader: 0, Current term: 0, Majority size: -1, State: 0, Mode: NON_LEADER, active raft config: opid_index: -1 OBSOLETE_local: false peers { permanent_uuid: "4efd70ebc1d049deb04c5379f6072bce" member_type: VOTER last_known_addr { host: "127.3.109.129" port: 42403 } } peers { permanent_uuid: "d809faeecf154bc8895168dad415585e" member_type: VOTER last_known_addr { host: "127.3.109.130" port: 44607 } } peers { permanent_uuid: "efe51aaeaaee425d97ec36f426935e86" member_type: VOTER last_known_addr { host: "127.3.109.131" port: 44291 } }
I20260710 11:09:29.188787  3838 tablet_bootstrap.cc:492] T 4e7929e19a934ae3bd870ef39289062b P efe51aaeaaee425d97ec36f426935e86: No bootstrap required, opened a new log
I20260710 11:09:29.188886  3837 ts_tablet_manager.cc:1434] T d8de71a1bdd64aa7a9c279e40f5dc3d8 P 4efd70ebc1d049deb04c5379f6072bce: Time spent starting tablet: real 0.010s	user 0.008s	sys 0.000s
I20260710 11:09:29.189291  3838 ts_tablet_manager.cc:1403] T 4e7929e19a934ae3bd870ef39289062b P efe51aaeaaee425d97ec36f426935e86: Time spent bootstrapping tablet: real 0.027s	user 0.017s	sys 0.007s
I20260710 11:09:29.189877  3837 tablet_bootstrap.cc:492] T 97ae4729b2cd45bb9198ddd965d6cca7 P 4efd70ebc1d049deb04c5379f6072bce: Bootstrap starting.
I20260710 11:09:29.195919  3838 raft_consensus.cc:359] T 4e7929e19a934ae3bd870ef39289062b P efe51aaeaaee425d97ec36f426935e86 [term 0 FOLLOWER]: Replica starting. Triggering 0 pending ops. Active config: opid_index: -1 OBSOLETE_local: false peers { permanent_uuid: "4efd70ebc1d049deb04c5379f6072bce" member_type: VOTER last_known_addr { host: "127.3.109.129" port: 42403 } } peers { permanent_uuid: "d809faeecf154bc8895168dad415585e" member_type: VOTER last_known_addr { host: "127.3.109.130" port: 44607 } } peers { permanent_uuid: "efe51aaeaaee425d97ec36f426935e86" member_type: VOTER last_known_addr { host: "127.3.109.131" port: 44291 } }
I20260710 11:09:29.196467  3837 tablet_bootstrap.cc:654] T 97ae4729b2cd45bb9198ddd965d6cca7 P 4efd70ebc1d049deb04c5379f6072bce: Neither blocks nor log segments found. Creating new log.
I20260710 11:09:29.196718  3838 raft_consensus.cc:385] T 4e7929e19a934ae3bd870ef39289062b P efe51aaeaaee425d97ec36f426935e86 [term 0 FOLLOWER]: Consensus starting up: Expiring failure detector timer to make a prompt election more likely
I20260710 11:09:29.197014  3838 raft_consensus.cc:740] T 4e7929e19a934ae3bd870ef39289062b P efe51aaeaaee425d97ec36f426935e86 [term 0 FOLLOWER]: Becoming Follower/Learner. State: Replica: efe51aaeaaee425d97ec36f426935e86, State: Initialized, Role: FOLLOWER
I20260710 11:09:29.198403  3838 consensus_queue.cc:260] T 4e7929e19a934ae3bd870ef39289062b P efe51aaeaaee425d97ec36f426935e86 [NON_LEADER]: Queue going to NON_LEADER mode. State: All replicated index: 0, Majority replicated index: 0, Committed index: 0, Last appended: 0.0, Last appended by leader: 0, Current term: 0, Majority size: -1, State: 0, Mode: NON_LEADER, active raft config: opid_index: -1 OBSOLETE_local: false peers { permanent_uuid: "4efd70ebc1d049deb04c5379f6072bce" member_type: VOTER last_known_addr { host: "127.3.109.129" port: 42403 } } peers { permanent_uuid: "d809faeecf154bc8895168dad415585e" member_type: VOTER last_known_addr { host: "127.3.109.130" port: 44607 } } peers { permanent_uuid: "efe51aaeaaee425d97ec36f426935e86" member_type: VOTER last_known_addr { host: "127.3.109.131" port: 44291 } }
I20260710 11:09:29.208259  3837 tablet_bootstrap.cc:492] T 97ae4729b2cd45bb9198ddd965d6cca7 P 4efd70ebc1d049deb04c5379f6072bce: No bootstrap required, opened a new log
I20260710 11:09:29.208724  3837 ts_tablet_manager.cc:1403] T 97ae4729b2cd45bb9198ddd965d6cca7 P 4efd70ebc1d049deb04c5379f6072bce: Time spent bootstrapping tablet: real 0.019s	user 0.005s	sys 0.011s
I20260710 11:09:29.209583  3838 ts_tablet_manager.cc:1434] T 4e7929e19a934ae3bd870ef39289062b P efe51aaeaaee425d97ec36f426935e86: Time spent starting tablet: real 0.020s	user 0.004s	sys 0.003s
I20260710 11:09:29.211350  3837 raft_consensus.cc:359] T 97ae4729b2cd45bb9198ddd965d6cca7 P 4efd70ebc1d049deb04c5379f6072bce [term 0 FOLLOWER]: Replica starting. Triggering 0 pending ops. Active config: opid_index: -1 OBSOLETE_local: false peers { permanent_uuid: "4efd70ebc1d049deb04c5379f6072bce" member_type: VOTER last_known_addr { host: "127.3.109.129" port: 42403 } } peers { permanent_uuid: "d809faeecf154bc8895168dad415585e" member_type: VOTER last_known_addr { host: "127.3.109.130" port: 44607 } } peers { permanent_uuid: "efe51aaeaaee425d97ec36f426935e86" member_type: VOTER last_known_addr { host: "127.3.109.131" port: 44291 } }
I20260710 11:09:29.212067  3837 raft_consensus.cc:385] T 97ae4729b2cd45bb9198ddd965d6cca7 P 4efd70ebc1d049deb04c5379f6072bce [term 0 FOLLOWER]: Consensus starting up: Expiring failure detector timer to make a prompt election more likely
I20260710 11:09:29.212363  3837 raft_consensus.cc:740] T 97ae4729b2cd45bb9198ddd965d6cca7 P 4efd70ebc1d049deb04c5379f6072bce [term 0 FOLLOWER]: Becoming Follower/Learner. State: Replica: 4efd70ebc1d049deb04c5379f6072bce, State: Initialized, Role: FOLLOWER
I20260710 11:09:29.212998  3837 consensus_queue.cc:260] T 97ae4729b2cd45bb9198ddd965d6cca7 P 4efd70ebc1d049deb04c5379f6072bce [NON_LEADER]: Queue going to NON_LEADER mode. State: All replicated index: 0, Majority replicated index: 0, Committed index: 0, Last appended: 0.0, Last appended by leader: 0, Current term: 0, Majority size: -1, State: 0, Mode: NON_LEADER, active raft config: opid_index: -1 OBSOLETE_local: false peers { permanent_uuid: "4efd70ebc1d049deb04c5379f6072bce" member_type: VOTER last_known_addr { host: "127.3.109.129" port: 42403 } } peers { permanent_uuid: "d809faeecf154bc8895168dad415585e" member_type: VOTER last_known_addr { host: "127.3.109.130" port: 44607 } } peers { permanent_uuid: "efe51aaeaaee425d97ec36f426935e86" member_type: VOTER last_known_addr { host: "127.3.109.131" port: 44291 } }
I20260710 11:09:29.214980  3839 raft_consensus.cc:359] T 256198ed108d4f4b866a5854a397edaf P d809faeecf154bc8895168dad415585e [term 0 FOLLOWER]: Replica starting. Triggering 0 pending ops. Active config: opid_index: -1 OBSOLETE_local: false peers { permanent_uuid: "efe51aaeaaee425d97ec36f426935e86" member_type: VOTER last_known_addr { host: "127.3.109.131" port: 44291 } } peers { permanent_uuid: "4efd70ebc1d049deb04c5379f6072bce" member_type: VOTER last_known_addr { host: "127.3.109.129" port: 42403 } } peers { permanent_uuid: "d809faeecf154bc8895168dad415585e" member_type: VOTER last_known_addr { host: "127.3.109.130" port: 44607 } }
I20260710 11:09:29.215710  3837 ts_tablet_manager.cc:1434] T 97ae4729b2cd45bb9198ddd965d6cca7 P 4efd70ebc1d049deb04c5379f6072bce: Time spent starting tablet: real 0.007s	user 0.004s	sys 0.004s
I20260710 11:09:29.217434  3839 raft_consensus.cc:385] T 256198ed108d4f4b866a5854a397edaf P d809faeecf154bc8895168dad415585e [term 0 FOLLOWER]: Consensus starting up: Expiring failure detector timer to make a prompt election more likely
I20260710 11:09:29.217816  3839 raft_consensus.cc:740] T 256198ed108d4f4b866a5854a397edaf P d809faeecf154bc8895168dad415585e [term 0 FOLLOWER]: Becoming Follower/Learner. State: Replica: d809faeecf154bc8895168dad415585e, State: Initialized, Role: FOLLOWER
I20260710 11:09:29.218149  3837 tablet_bootstrap.cc:492] T 81f3eca9be984d1c89dd176b9200aa0d P 4efd70ebc1d049deb04c5379f6072bce: Bootstrap starting.
I20260710 11:09:29.218611  3839 consensus_queue.cc:260] T 256198ed108d4f4b866a5854a397edaf P d809faeecf154bc8895168dad415585e [NON_LEADER]: Queue going to NON_LEADER mode. State: All replicated index: 0, Majority replicated index: 0, Committed index: 0, Last appended: 0.0, Last appended by leader: 0, Current term: 0, Majority size: -1, State: 0, Mode: NON_LEADER, active raft config: opid_index: -1 OBSOLETE_local: false peers { permanent_uuid: "efe51aaeaaee425d97ec36f426935e86" member_type: VOTER last_known_addr { host: "127.3.109.131" port: 44291 } } peers { permanent_uuid: "4efd70ebc1d049deb04c5379f6072bce" member_type: VOTER last_known_addr { host: "127.3.109.129" port: 42403 } } peers { permanent_uuid: "d809faeecf154bc8895168dad415585e" member_type: VOTER last_known_addr { host: "127.3.109.130" port: 44607 } }
