I20260710 11:09:49.101202 14894 raft_consensus.cc:385] T 9a9d228eb67e49c3a9b8ad677de7995f P 608c0a1a9ffe4a229cdf52e1221de114 [term 0 FOLLOWER]: Consensus starting up: Expiring failure detector timer to make a prompt election more likely
I20260710 11:09:49.101485 14894 raft_consensus.cc:740] T 9a9d228eb67e49c3a9b8ad677de7995f P 608c0a1a9ffe4a229cdf52e1221de114 [term 0 FOLLOWER]: Becoming Follower/Learner. State: Replica: 608c0a1a9ffe4a229cdf52e1221de114, State: Initialized, Role: FOLLOWER
I20260710 11:09:49.102778 14894 consensus_queue.cc:260] T 9a9d228eb67e49c3a9b8ad677de7995f P 608c0a1a9ffe4a229cdf52e1221de114 [NON_LEADER]: Queue going to NON_LEADER mode. State: All replicated index: 0, Majority replicated index: 0, Committed index: 0, Last appended: 0.0, Last appended by leader: 0, Current term: 0, Majority size: -1, State: 0, Mode: NON_LEADER, active raft config: opid_index: -1 OBSOLETE_local: false peers { permanent_uuid: "02919e579b6547cf9271af7502d81aaf" member_type: VOTER last_known_addr { host: "127.13.64.1" port: 45569 } } peers { permanent_uuid: "e530f066314c47b4bbcb2df3e6bb7d4e" member_type: VOTER last_known_addr { host: "127.13.64.2" port: 44687 } } peers { permanent_uuid: "608c0a1a9ffe4a229cdf52e1221de114" member_type: VOTER last_known_addr { host: "127.13.64.3" port: 35747 } }
I20260710 11:09:49.105120 14894 ts_tablet_manager.cc:1434] T 9a9d228eb67e49c3a9b8ad677de7995f P 608c0a1a9ffe4a229cdf52e1221de114: Time spent starting tablet: real 0.008s	user 0.004s	sys 0.001s
I20260710 11:09:49.095957 14850 raft_consensus.cc:2468] T ed8bb3e86b09499c8028758a90e65b34 P 608c0a1a9ffe4a229cdf52e1221de114 [term 1 FOLLOWER]: Leader election vote request: Granting yes vote for candidate e530f066314c47b4bbcb2df3e6bb7d4e in term 1.
I20260710 11:09:49.096494 14703 raft_consensus.cc:2468] T ed8bb3e86b09499c8028758a90e65b34 P 02919e579b6547cf9271af7502d81aaf [term 1 FOLLOWER]: Leader election vote request: Granting yes vote for candidate e530f066314c47b4bbcb2df3e6bb7d4e in term 1.
I20260710 11:09:49.106602 14742 leader_election.cc:304] T ed8bb3e86b09499c8028758a90e65b34 P e530f066314c47b4bbcb2df3e6bb7d4e [CANDIDATE]: Term 1 election: Election decided. Result: candidate won. Election summary: received 2 responses out of 3 voters: 2 yes votes; 0 no votes. yes voters: 608c0a1a9ffe4a229cdf52e1221de114, e530f066314c47b4bbcb2df3e6bb7d4e; no voters: 
I20260710 11:09:49.107650 14894 tablet_bootstrap.cc:492] T 4b4a5cbeee1b40b8a7e4f00d8c571820 P 608c0a1a9ffe4a229cdf52e1221de114: Bootstrap starting.
I20260710 11:09:49.107836 14778 tablet_service.cc:1917] Received RequestConsensusVote() RPC: tablet_id: "a4a6411de9cb431ca9b36c4c74d5948b" candidate_uuid: "02919e579b6547cf9271af7502d81aaf" candidate_term: 1 candidate_status { last_received { term: 0 index: 0 } } ignore_live_leader: false dest_uuid: "e530f066314c47b4bbcb2df3e6bb7d4e" is_pre_election: true
I20260710 11:09:49.108590 14897 raft_consensus.cc:2804] T ed8bb3e86b09499c8028758a90e65b34 P e530f066314c47b4bbcb2df3e6bb7d4e [term 1 FOLLOWER]: Leader election won for term 1
I20260710 11:09:49.108716 14892 ts_tablet_manager.cc:1434] T e9b2c57d2fc841d2824dc905f05d7187 P e530f066314c47b4bbcb2df3e6bb7d4e: Time spent starting tablet: real 0.024s	user 0.005s	sys 0.001s
I20260710 11:09:49.109014 14777 tablet_service.cc:1917] Received RequestConsensusVote() RPC: tablet_id: "9a9d228eb67e49c3a9b8ad677de7995f" candidate_uuid: "02919e579b6547cf9271af7502d81aaf" candidate_term: 1 candidate_status { last_received { term: 0 index: 0 } } ignore_live_leader: false dest_uuid: "e530f066314c47b4bbcb2df3e6bb7d4e" is_pre_election: true
I20260710 11:09:49.109073 14897 raft_consensus.cc:697] T ed8bb3e86b09499c8028758a90e65b34 P e530f066314c47b4bbcb2df3e6bb7d4e [term 1 LEADER]: Becoming Leader. State: Replica: e530f066314c47b4bbcb2df3e6bb7d4e, State: Running, Role: LEADER
I20260710 11:09:49.111634 14897 consensus_queue.cc:237] T ed8bb3e86b09499c8028758a90e65b34 P e530f066314c47b4bbcb2df3e6bb7d4e [LEADER]: Queue going to LEADER mode. State: All replicated index: 0, Majority replicated index: 0, Committed index: 0, Last appended: 0.0, Last appended by leader: 0, Current term: 1, Majority size: 2, State: 0, Mode: LEADER, active raft config: opid_index: -1 OBSOLETE_local: false peers { permanent_uuid: "02919e579b6547cf9271af7502d81aaf" member_type: VOTER last_known_addr { host: "127.13.64.1" port: 45569 } } peers { permanent_uuid: "e530f066314c47b4bbcb2df3e6bb7d4e" member_type: VOTER last_known_addr { host: "127.13.64.2" port: 44687 } } peers { permanent_uuid: "608c0a1a9ffe4a229cdf52e1221de114" member_type: VOTER last_known_addr { host: "127.13.64.3" port: 35747 } }
I20260710 11:09:49.113729 14929 raft_consensus.cc:493] T 79e0355eeb53486386a73deb665e698e P e530f066314c47b4bbcb2df3e6bb7d4e [term 0 FOLLOWER]: Starting pre-election (no leader contacted us within the election timeout)
I20260710 11:09:49.114192 14929 raft_consensus.cc:515] T 79e0355eeb53486386a73deb665e698e P e530f066314c47b4bbcb2df3e6bb7d4e [term 0 FOLLOWER]: Starting pre-election with config: opid_index: -1 OBSOLETE_local: false peers { permanent_uuid: "02919e579b6547cf9271af7502d81aaf" member_type: VOTER last_known_addr { host: "127.13.64.1" port: 45569 } } peers { permanent_uuid: "e530f066314c47b4bbcb2df3e6bb7d4e" member_type: VOTER last_known_addr { host: "127.13.64.2" port: 44687 } } peers { permanent_uuid: "608c0a1a9ffe4a229cdf52e1221de114" member_type: VOTER last_known_addr { host: "127.13.64.3" port: 35747 } }
W20260710 11:09:49.114434 14668 leader_election.cc:343] T a4a6411de9cb431ca9b36c4c74d5948b P 02919e579b6547cf9271af7502d81aaf [CANDIDATE]: Term 1 pre-election: Tablet error from VoteRequest() call to peer e530f066314c47b4bbcb2df3e6bb7d4e (127.13.64.2:44687): Illegal state: must be running to vote when last-logged opid is not known
W20260710 11:09:49.116075 14668 leader_election.cc:343] T 9a9d228eb67e49c3a9b8ad677de7995f P 02919e579b6547cf9271af7502d81aaf [CANDIDATE]: Term 1 pre-election: Tablet error from VoteRequest() call to peer e530f066314c47b4bbcb2df3e6bb7d4e (127.13.64.2:44687): Illegal state: must be running to vote when last-logged opid is not known
W20260710 11:09:49.116645 14815 leader_election.cc:343] T dc1ef02f2306420b993ad9ff30b1fee8 P 608c0a1a9ffe4a229cdf52e1221de114 [CANDIDATE]: Term 1 pre-election: Tablet error from VoteRequest() call to peer 02919e579b6547cf9271af7502d81aaf (127.13.64.1:45569): Illegal state: must be running to vote when last-logged opid is not known
I20260710 11:09:49.117050 14815 leader_election.cc:304] T dc1ef02f2306420b993ad9ff30b1fee8 P 608c0a1a9ffe4a229cdf52e1221de114 [CANDIDATE]: Term 1 pre-election: Election decided. Result: candidate lost. Election summary: received 3 responses out of 3 voters: 1 yes votes; 2 no votes. yes voters: 608c0a1a9ffe4a229cdf52e1221de114; no voters: 02919e579b6547cf9271af7502d81aaf, e530f066314c47b4bbcb2df3e6bb7d4e
I20260710 11:09:49.118093 14902 raft_consensus.cc:2749] T dc1ef02f2306420b993ad9ff30b1fee8 P 608c0a1a9ffe4a229cdf52e1221de114 [term 0 FOLLOWER]: Leader pre-election lost for term 1. Reason: could not achieve majority
I20260710 11:09:49.118314 14929 leader_election.cc:290] T 79e0355eeb53486386a73deb665e698e P e530f066314c47b4bbcb2df3e6bb7d4e [CANDIDATE]: Term 1 pre-election: Requested pre-vote from peers 02919e579b6547cf9271af7502d81aaf (127.13.64.1:45569), 608c0a1a9ffe4a229cdf52e1221de114 (127.13.64.3:35747)
I20260710 11:09:49.118993 14703 tablet_service.cc:1917] Received RequestConsensusVote() RPC: tablet_id: "79e0355eeb53486386a73deb665e698e" candidate_uuid: "e530f066314c47b4bbcb2df3e6bb7d4e" candidate_term: 1 candidate_status { last_received { term: 0 index: 0 } } ignore_live_leader: false dest_uuid: "02919e579b6547cf9271af7502d81aaf" is_pre_election: true
I20260710 11:09:49.119000 14892 tablet_bootstrap.cc:492] T 1fa6ec6ad5f84f9aaa5bfceac266e333 P e530f066314c47b4bbcb2df3e6bb7d4e: Bootstrap starting.
I20260710 11:09:49.119297 14850 tablet_service.cc:1917] Received RequestConsensusVote() RPC: tablet_id: "79e0355eeb53486386a73deb665e698e" candidate_uuid: "e530f066314c47b4bbcb2df3e6bb7d4e" candidate_term: 1 candidate_status { last_received { term: 0 index: 0 } } ignore_live_leader: false dest_uuid: "608c0a1a9ffe4a229cdf52e1221de114" is_pre_election: true
I20260710 11:09:49.119674 14703 raft_consensus.cc:2468] T 79e0355eeb53486386a73deb665e698e P 02919e579b6547cf9271af7502d81aaf [term 0 FOLLOWER]: Leader pre-election vote request: Granting yes vote for candidate e530f066314c47b4bbcb2df3e6bb7d4e in term 0.
I20260710 11:09:49.119915 14850 raft_consensus.cc:2468] T 79e0355eeb53486386a73deb665e698e P 608c0a1a9ffe4a229cdf52e1221de114 [term 0 FOLLOWER]: Leader pre-election vote request: Granting yes vote for candidate e530f066314c47b4bbcb2df3e6bb7d4e in term 0.
I20260710 11:09:49.120759 14741 leader_election.cc:304] T 79e0355eeb53486386a73deb665e698e P e530f066314c47b4bbcb2df3e6bb7d4e [CANDIDATE]: Term 1 pre-election: Election decided. Result: candidate won. Election summary: received 2 responses out of 3 voters: 2 yes votes; 0 no votes. yes voters: 02919e579b6547cf9271af7502d81aaf, e530f066314c47b4bbcb2df3e6bb7d4e; no voters: 
I20260710 11:09:49.121470 14929 raft_consensus.cc:2804] T 79e0355eeb53486386a73deb665e698e P e530f066314c47b4bbcb2df3e6bb7d4e [term 0 FOLLOWER]: Leader pre-election won for term 1
I20260710 11:09:49.121803 14929 raft_consensus.cc:493] T 79e0355eeb53486386a73deb665e698e P e530f066314c47b4bbcb2df3e6bb7d4e [term 0 FOLLOWER]: Starting leader election (no leader contacted us within the election timeout)
I20260710 11:09:49.122128 14929 raft_consensus.cc:3060] T 79e0355eeb53486386a73deb665e698e P e530f066314c47b4bbcb2df3e6bb7d4e [term 0 FOLLOWER]: Advancing to term 1
I20260710 11:09:49.122897 14851 tablet_service.cc:1917] Received RequestConsensusVote() RPC: tablet_id: "a4a6411de9cb431ca9b36c4c74d5948b" candidate_uuid: "02919e579b6547cf9271af7502d81aaf" candidate_term: 1 candidate_status { last_received { term: 0 index: 0 } } ignore_live_leader: false dest_uuid: "608c0a1a9ffe4a229cdf52e1221de114" is_pre_election: true
I20260710 11:09:49.123586 14894 tablet_bootstrap.cc:654] T 4b4a5cbeee1b40b8a7e4f00d8c571820 P 608c0a1a9ffe4a229cdf52e1221de114: Neither blocks nor log segments found. Creating new log.
I20260710 11:09:49.124713 14850 tablet_service.cc:1917] Received RequestConsensusVote() RPC: tablet_id: "9a9d228eb67e49c3a9b8ad677de7995f" candidate_uuid: "02919e579b6547cf9271af7502d81aaf" candidate_term: 1 candidate_status { last_received { term: 0 index: 0 } } ignore_live_leader: false dest_uuid: "608c0a1a9ffe4a229cdf52e1221de114" is_pre_election: true
I20260710 11:09:49.125262 14850 raft_consensus.cc:2468] T 9a9d228eb67e49c3a9b8ad677de7995f P 608c0a1a9ffe4a229cdf52e1221de114 [term 0 FOLLOWER]: Leader pre-election vote request: Granting yes vote for candidate 02919e579b6547cf9271af7502d81aaf in term 0.
W20260710 11:09:49.126260 14667 leader_election.cc:343] T a4a6411de9cb431ca9b36c4c74d5948b P 02919e579b6547cf9271af7502d81aaf [CANDIDATE]: Term 1 pre-election: Tablet error from VoteRequest() call to peer 608c0a1a9ffe4a229cdf52e1221de114 (127.13.64.3:35747): Illegal state: must be running to vote when last-logged opid is not known
I20260710 11:09:49.126670 14667 leader_election.cc:304] T a4a6411de9cb431ca9b36c4c74d5948b P 02919e579b6547cf9271af7502d81aaf [CANDIDATE]: Term 1 pre-election: Election decided. Result: candidate lost. Election summary: received 3 responses out of 3 voters: 1 yes votes; 2 no votes. yes voters: 02919e579b6547cf9271af7502d81aaf; no voters: 608c0a1a9ffe4a229cdf52e1221de114, e530f066314c47b4bbcb2df3e6bb7d4e
I20260710 11:09:49.127415 14933 raft_consensus.cc:2749] T a4a6411de9cb431ca9b36c4c74d5948b P 02919e579b6547cf9271af7502d81aaf [term 0 FOLLOWER]: Leader pre-election lost for term 1. Reason: could not achieve majority
I20260710 11:09:49.128769 14667 leader_election.cc:304] T 9a9d228eb67e49c3a9b8ad677de7995f P 02919e579b6547cf9271af7502d81aaf [CANDIDATE]: Term 1 pre-election: Election decided. Result: candidate won. Election summary: received 3 responses out of 3 voters: 2 yes votes; 1 no votes. yes voters: 02919e579b6547cf9271af7502d81aaf, 608c0a1a9ffe4a229cdf52e1221de114; no voters: e530f066314c47b4bbcb2df3e6bb7d4e
I20260710 11:09:49.129522 14933 raft_consensus.cc:2804] T 9a9d228eb67e49c3a9b8ad677de7995f P 02919e579b6547cf9271af7502d81aaf [term 0 FOLLOWER]: Leader pre-election won for term 1
I20260710 11:09:49.129869 14933 raft_consensus.cc:493] T 9a9d228eb67e49c3a9b8ad677de7995f P 02919e579b6547cf9271af7502d81aaf [term 0 FOLLOWER]: Starting leader election (no leader contacted us within the election timeout)
I20260710 11:09:49.130196 14933 raft_consensus.cc:3060] T 9a9d228eb67e49c3a9b8ad677de7995f P 02919e579b6547cf9271af7502d81aaf [term 0 FOLLOWER]: Advancing to term 1
I20260710 11:09:49.130775 14929 raft_consensus.cc:515] T 79e0355eeb53486386a73deb665e698e P e530f066314c47b4bbcb2df3e6bb7d4e [term 1 FOLLOWER]: Starting leader election with config: opid_index: -1 OBSOLETE_local: false peers { permanent_uuid: "02919e579b6547cf9271af7502d81aaf" member_type: VOTER last_known_addr { host: "127.13.64.1" port: 45569 } } peers { permanent_uuid: "e530f066314c47b4bbcb2df3e6bb7d4e" member_type: VOTER last_known_addr { host: "127.13.64.2" port: 44687 } } peers { permanent_uuid: "608c0a1a9ffe4a229cdf52e1221de114" member_type: VOTER last_known_addr { host: "127.13.64.3" port: 35747 } }
I20260710 11:09:49.137495 14933 raft_consensus.cc:515] T 9a9d228eb67e49c3a9b8ad677de7995f P 02919e579b6547cf9271af7502d81aaf [term 1 FOLLOWER]: Starting leader election with config: opid_index: -1 OBSOLETE_local: false peers { permanent_uuid: "02919e579b6547cf9271af7502d81aaf" member_type: VOTER last_known_addr { host: "127.13.64.1" port: 45569 } } peers { permanent_uuid: "e530f066314c47b4bbcb2df3e6bb7d4e" member_type: VOTER last_known_addr { host: "127.13.64.2" port: 44687 } } peers { permanent_uuid: "608c0a1a9ffe4a229cdf52e1221de114" member_type: VOTER last_known_addr { host: "127.13.64.3" port: 35747 } }
I20260710 11:09:49.138599 14703 tablet_service.cc:1917] Received RequestConsensusVote() RPC: tablet_id: "79e0355eeb53486386a73deb665e698e" candidate_uuid: "e530f066314c47b4bbcb2df3e6bb7d4e" candidate_term: 1 candidate_status { last_received { term: 0 index: 0 } } ignore_live_leader: false dest_uuid: "02919e579b6547cf9271af7502d81aaf"
I20260710 11:09:49.139202 14703 raft_consensus.cc:3060] T 79e0355eeb53486386a73deb665e698e P 02919e579b6547cf9271af7502d81aaf [term 0 FOLLOWER]: Advancing to term 1
I20260710 11:09:49.139425 14600 catalog_manager.cc:5697] T ed8bb3e86b09499c8028758a90e65b34 P e530f066314c47b4bbcb2df3e6bb7d4e reported cstate change: term changed from 0 to 1, leader changed from <none> to e530f066314c47b4bbcb2df3e6bb7d4e (127.13.64.2). New cstate: current_term: 1 leader_uuid: "e530f066314c47b4bbcb2df3e6bb7d4e" committed_config { opid_index: -1 OBSOLETE_local: false peers { permanent_uuid: "02919e579b6547cf9271af7502d81aaf" member_type: VOTER last_known_addr { host: "127.13.64.1" port: 45569 } health_report { overall_health: UNKNOWN } } peers { permanent_uuid: "e530f066314c47b4bbcb2df3e6bb7d4e" member_type: VOTER last_known_addr { host: "127.13.64.2" port: 44687 } health_report { overall_health: HEALTHY } } peers { permanent_uuid: "608c0a1a9ffe4a229cdf52e1221de114" member_type: VOTER last_known_addr { host: "127.13.64.3" port: 35747 } health_report { overall_health: UNKNOWN } } }
I20260710 11:09:49.145957 14892 tablet_bootstrap.cc:654] T 1fa6ec6ad5f84f9aaa5bfceac266e333 P e530f066314c47b4bbcb2df3e6bb7d4e: Neither blocks nor log segments found. Creating new log.
I20260710 11:09:49.151726 14850 tablet_service.cc:1917] Received RequestConsensusVote() RPC: tablet_id: "79e0355eeb53486386a73deb665e698e" candidate_uuid: "e530f066314c47b4bbcb2df3e6bb7d4e" candidate_term: 1 candidate_status { last_received { term: 0 index: 0 } } ignore_live_leader: false dest_uuid: "608c0a1a9ffe4a229cdf52e1221de114"
I20260710 11:09:49.152184 14933 leader_election.cc:290] T 9a9d228eb67e49c3a9b8ad677de7995f P 02919e579b6547cf9271af7502d81aaf [CANDIDATE]: Term 1 election: Requested vote from peers e530f066314c47b4bbcb2df3e6bb7d4e (127.13.64.2:44687), 608c0a1a9ffe4a229cdf52e1221de114 (127.13.64.3:35747)
I20260710 11:09:49.152300 14850 raft_consensus.cc:3060] T 79e0355eeb53486386a73deb665e698e P 608c0a1a9ffe4a229cdf52e1221de114 [term 0 FOLLOWER]: Advancing to term 1
I20260710 11:09:49.154003 14851 tablet_service.cc:1917] Received RequestConsensusVote() RPC: tablet_id: "9a9d228eb67e49c3a9b8ad677de7995f" candidate_uuid: "02919e579b6547cf9271af7502d81aaf" candidate_term: 1 candidate_status { last_received { term: 0 index: 0 } } ignore_live_leader: false dest_uuid: "608c0a1a9ffe4a229cdf52e1221de114"
I20260710 11:09:49.154636 14851 raft_consensus.cc:3060] T 9a9d228eb67e49c3a9b8ad677de7995f P 608c0a1a9ffe4a229cdf52e1221de114 [term 0 FOLLOWER]: Advancing to term 1
I20260710 11:09:49.157541 14929 leader_election.cc:290] T 79e0355eeb53486386a73deb665e698e P e530f066314c47b4bbcb2df3e6bb7d4e [CANDIDATE]: Term 1 election: Requested vote from peers 02919e579b6547cf9271af7502d81aaf (127.13.64.1:45569), 608c0a1a9ffe4a229cdf52e1221de114 (127.13.64.3:35747)
I20260710 11:09:49.157929 14777 tablet_service.cc:1917] Received RequestConsensusVote() RPC: tablet_id: "9a9d228eb67e49c3a9b8ad677de7995f" candidate_uuid: "02919e579b6547cf9271af7502d81aaf" candidate_term: 1 candidate_status { last_received { term: 0 index: 0 } } ignore_live_leader: false dest_uuid: "e530f066314c47b4bbcb2df3e6bb7d4e"
W20260710 11:09:49.159273 14668 leader_election.cc:343] T 9a9d228eb67e49c3a9b8ad677de7995f P 02919e579b6547cf9271af7502d81aaf [CANDIDATE]: Term 1 election: Tablet error from VoteRequest() call to peer e530f066314c47b4bbcb2df3e6bb7d4e (127.13.64.2:44687): Illegal state: must be running to vote when last-logged opid is not known
I20260710 11:09:49.159405 14850 raft_consensus.cc:2468] T 79e0355eeb53486386a73deb665e698e P 608c0a1a9ffe4a229cdf52e1221de114 [term 1 FOLLOWER]: Leader election vote request: Granting yes vote for candidate e530f066314c47b4bbcb2df3e6bb7d4e in term 1.
I20260710 11:09:49.160072 14893 tablet_bootstrap.cc:492] T 1fa6ec6ad5f84f9aaa5bfceac266e333 P 02919e579b6547cf9271af7502d81aaf: No bootstrap required, opened a new log
I20260710 11:09:49.160439 14742 leader_election.cc:304] T 79e0355eeb53486386a73deb665e698e P e530f066314c47b4bbcb2df3e6bb7d4e [CANDIDATE]: Term 1 election: Election decided. Result: candidate won. Election summary: received 2 responses out of 3 voters: 2 yes votes; 0 no votes. yes voters: 608c0a1a9ffe4a229cdf52e1221de114, e530f066314c47b4bbcb2df3e6bb7d4e; no voters: 
I20260710 11:09:49.160579 14893 ts_tablet_manager.cc:1403] T 1fa6ec6ad5f84f9aaa5bfceac266e333 P 02919e579b6547cf9271af7502d81aaf: Time spent bootstrapping tablet: real 0.116s	user 0.021s	sys 0.007s
I20260710 11:09:49.161374 14929 raft_consensus.cc:2804] T 79e0355eeb53486386a73deb665e698e P e530f066314c47b4bbcb2df3e6bb7d4e [term 1 FOLLOWER]: Leader election won for term 1
I20260710 11:09:49.161715 14851 raft_consensus.cc:2468] T 9a9d228eb67e49c3a9b8ad677de7995f P 608c0a1a9ffe4a229cdf52e1221de114 [term 1 FOLLOWER]: Leader election vote request: Granting yes vote for candidate 02919e579b6547cf9271af7502d81aaf in term 1.
I20260710 11:09:49.162833 14667 leader_election.cc:304] T 9a9d228eb67e49c3a9b8ad677de7995f P 02919e579b6547cf9271af7502d81aaf [CANDIDATE]: Term 1 election: Election decided. Result: candidate won. Election summary: received 3 responses out of 3 voters: 2 yes votes; 1 no votes. yes voters: 02919e579b6547cf9271af7502d81aaf, 608c0a1a9ffe4a229cdf52e1221de114; no voters: e530f066314c47b4bbcb2df3e6bb7d4e
I20260710 11:09:49.161827 14929 raft_consensus.cc:697] T 79e0355eeb53486386a73deb665e698e P e530f066314c47b4bbcb2df3e6bb7d4e [term 1 LEADER]: Becoming Leader. State: Replica: e530f066314c47b4bbcb2df3e6bb7d4e, State: Running, Role: LEADER
I20260710 11:09:49.163550 14901 raft_consensus.cc:2804] T 9a9d228eb67e49c3a9b8ad677de7995f P 02919e579b6547cf9271af7502d81aaf [term 1 FOLLOWER]: Leader election won for term 1
I20260710 11:09:49.163961 14893 raft_consensus.cc:359] T 1fa6ec6ad5f84f9aaa5bfceac266e333 P 02919e579b6547cf9271af7502d81aaf [term 0 FOLLOWER]: Replica starting. Triggering 0 pending ops. Active config: opid_index: -1 OBSOLETE_local: false peers { permanent_uuid: "02919e579b6547cf9271af7502d81aaf" member_type: VOTER last_known_addr { host: "127.13.64.1" port: 45569 } } peers { permanent_uuid: "e530f066314c47b4bbcb2df3e6bb7d4e" member_type: VOTER last_known_addr { host: "127.13.64.2" port: 44687 } } peers { permanent_uuid: "608c0a1a9ffe4a229cdf52e1221de114" member_type: VOTER last_known_addr { host: "127.13.64.3" port: 35747 } }
I20260710 11:09:49.163779 14929 consensus_queue.cc:237] T 79e0355eeb53486386a73deb665e698e P e530f066314c47b4bbcb2df3e6bb7d4e [LEADER]: Queue going to LEADER mode. State: All replicated index: 0, Majority replicated index: 0, Committed index: 0, Last appended: 0.0, Last appended by leader: 0, Current term: 1, Majority size: 2, State: 0, Mode: LEADER, active raft config: opid_index: -1 OBSOLETE_local: false peers { permanent_uuid: "02919e579b6547cf9271af7502d81aaf" member_type: VOTER last_known_addr { host: "127.13.64.1" port: 45569 } } peers { permanent_uuid: "e530f066314c47b4bbcb2df3e6bb7d4e" member_type: VOTER last_known_addr { host: "127.13.64.2" port: 44687 } } peers { permanent_uuid: "608c0a1a9ffe4a229cdf52e1221de114" member_type: VOTER last_known_addr { host: "127.13.64.3" port: 35747 } }
I20260710 11:09:49.164546 14893 raft_consensus.cc:385] T 1fa6ec6ad5f84f9aaa5bfceac266e333 P 02919e579b6547cf9271af7502d81aaf [term 0 FOLLOWER]: Consensus starting up: Expiring failure detector timer to make a prompt election more likely
I20260710 11:09:49.164840 14893 raft_consensus.cc:740] T 1fa6ec6ad5f84f9aaa5bfceac266e333 P 02919e579b6547cf9271af7502d81aaf [term 0 FOLLOWER]: Becoming Follower/Learner. State: Replica: 02919e579b6547cf9271af7502d81aaf, State: Initialized, Role: FOLLOWER
I20260710 11:09:49.165539 14893 consensus_queue.cc:260] T 1fa6ec6ad5f84f9aaa5bfceac266e333 P 02919e579b6547cf9271af7502d81aaf [NON_LEADER]: Queue going to NON_LEADER mode. State: All replicated index: 0, Majority replicated index: 0, Committed index: 0, Last appended: 0.0, Last appended by leader: 0, Current term: 0, Majority size: -1, State: 0, Mode: NON_LEADER, active raft config: opid_index: -1 OBSOLETE_local: false peers { permanent_uuid: "02919e579b6547cf9271af7502d81aaf" member_type: VOTER last_known_addr { host: "127.13.64.1" port: 45569 } } peers { permanent_uuid: "e530f066314c47b4bbcb2df3e6bb7d4e" member_type: VOTER last_known_addr { host: "127.13.64.2" port: 44687 } } peers { permanent_uuid: "608c0a1a9ffe4a229cdf52e1221de114" member_type: VOTER last_known_addr { host: "127.13.64.3" port: 35747 } }
I20260710 11:09:49.167635 14893 ts_tablet_manager.cc:1434] T 1fa6ec6ad5f84f9aaa5bfceac266e333 P 02919e579b6547cf9271af7502d81aaf: Time spent starting tablet: real 0.007s	user 0.005s	sys 0.000s
I20260710 11:09:49.168377 14703 raft_consensus.cc:2468] T 79e0355eeb53486386a73deb665e698e P 02919e579b6547cf9271af7502d81aaf [term 1 FOLLOWER]: Leader election vote request: Granting yes vote for candidate e530f066314c47b4bbcb2df3e6bb7d4e in term 1.
I20260710 11:09:49.168540 14893 tablet_bootstrap.cc:492] T 89759389bbac491bab6563a4fee100c7 P 02919e579b6547cf9271af7502d81aaf: Bootstrap starting.
I20260710 11:09:49.171658 14892 tablet_bootstrap.cc:492] T 1fa6ec6ad5f84f9aaa5bfceac266e333 P e530f066314c47b4bbcb2df3e6bb7d4e: No bootstrap required, opened a new log
I20260710 11:09:49.172209 14892 ts_tablet_manager.cc:1403] T 1fa6ec6ad5f84f9aaa5bfceac266e333 P e530f066314c47b4bbcb2df3e6bb7d4e: Time spent bootstrapping tablet: real 0.053s	user 0.007s	sys 0.003s
I20260710 11:09:49.171710 14894 tablet_bootstrap.cc:492] T 4b4a5cbeee1b40b8a7e4f00d8c571820 P 608c0a1a9ffe4a229cdf52e1221de114: No bootstrap required, opened a new log
I20260710 11:09:49.173487 14894 ts_tablet_manager.cc:1403] T 4b4a5cbeee1b40b8a7e4f00d8c571820 P 608c0a1a9ffe4a229cdf52e1221de114: Time spent bootstrapping tablet: real 0.066s	user 0.023s	sys 0.018s
I20260710 11:09:49.174844 14892 raft_consensus.cc:359] T 1fa6ec6ad5f84f9aaa5bfceac266e333 P e530f066314c47b4bbcb2df3e6bb7d4e [term 0 FOLLOWER]: Replica starting. Triggering 0 pending ops. Active config: opid_index: -1 OBSOLETE_local: false peers { permanent_uuid: "02919e579b6547cf9271af7502d81aaf" member_type: VOTER last_known_addr { host: "127.13.64.1" port: 45569 } } peers { permanent_uuid: "e530f066314c47b4bbcb2df3e6bb7d4e" member_type: VOTER last_known_addr { host: "127.13.64.2" port: 44687 } } peers { permanent_uuid: "608c0a1a9ffe4a229cdf52e1221de114" member_type: VOTER last_known_addr { host: "127.13.64.3" port: 35747 } }
I20260710 11:09:49.175484 14892 raft_consensus.cc:385] T 1fa6ec6ad5f84f9aaa5bfceac266e333 P e530f066314c47b4bbcb2df3e6bb7d4e [term 0 FOLLOWER]: Consensus starting up: Expiring failure detector timer to make a prompt election more likely
I20260710 11:09:49.175753 14892 raft_consensus.cc:740] T 1fa6ec6ad5f84f9aaa5bfceac266e333 P e530f066314c47b4bbcb2df3e6bb7d4e [term 0 FOLLOWER]: Becoming Follower/Learner. State: Replica: e530f066314c47b4bbcb2df3e6bb7d4e, State: Initialized, Role: FOLLOWER
I20260710 11:09:49.176608 14893 tablet_bootstrap.cc:654] T 89759389bbac491bab6563a4fee100c7 P 02919e579b6547cf9271af7502d81aaf: Neither blocks nor log segments found. Creating new log.
I20260710 11:09:49.176414 14892 consensus_queue.cc:260] T 1fa6ec6ad5f84f9aaa5bfceac266e333 P e530f066314c47b4bbcb2df3e6bb7d4e [NON_LEADER]: Queue going to NON_LEADER mode. State: All replicated index: 0, Majority replicated index: 0, Committed index: 0, Last appended: 0.0, Last appended by leader: 0, Current term: 0, Majority size: -1, State: 0, Mode: NON_LEADER, active raft config: opid_index: -1 OBSOLETE_local: false peers { permanent_uuid: "02919e579b6547cf9271af7502d81aaf" member_type: VOTER last_known_addr { host: "127.13.64.1" port: 45569 } } peers { permanent_uuid: "e530f066314c47b4bbcb2df3e6bb7d4e" member_type: VOTER last_known_addr { host: "127.13.64.2" port: 44687 } } peers { permanent_uuid: "608c0a1a9ffe4a229cdf52e1221de114" member_type: VOTER last_known_addr { host: "127.13.64.3" port: 35747 } }
I20260710 11:09:49.178444 14892 ts_tablet_manager.cc:1434] T 1fa6ec6ad5f84f9aaa5bfceac266e333 P e530f066314c47b4bbcb2df3e6bb7d4e: Time spent starting tablet: real 0.006s	user 0.008s	sys 0.000s
I20260710 11:09:49.179383 14892 tablet_bootstrap.cc:492] T a4a6411de9cb431ca9b36c4c74d5948b P e530f066314c47b4bbcb2df3e6bb7d4e: Bootstrap starting.
I20260710 11:09:49.179464 14894 raft_consensus.cc:359] T 4b4a5cbeee1b40b8a7e4f00d8c571820 P 608c0a1a9ffe4a229cdf52e1221de114 [term 0 FOLLOWER]: Replica starting. Triggering 0 pending ops. Active config: opid_index: -1 OBSOLETE_local: false peers { permanent_uuid: "02919e579b6547cf9271af7502d81aaf" member_type: VOTER last_known_addr { host: "127.13.64.1" port: 45569 } } peers { permanent_uuid: "e530f066314c47b4bbcb2df3e6bb7d4e" member_type: VOTER last_known_addr { host: "127.13.64.2" port: 44687 } } peers { permanent_uuid: "608c0a1a9ffe4a229cdf52e1221de114" member_type: VOTER last_known_addr { host: "127.13.64.3" port: 35747 } }
I20260710 11:09:49.181157 14901 raft_consensus.cc:697] T 9a9d228eb67e49c3a9b8ad677de7995f P 02919e579b6547cf9271af7502d81aaf [term 1 LEADER]: Becoming Leader. State: Replica: 02919e579b6547cf9271af7502d81aaf, State: Running, Role: LEADER
I20260710 11:09:49.180950 14600 catalog_manager.cc:5697] T 79e0355eeb53486386a73deb665e698e P e530f066314c47b4bbcb2df3e6bb7d4e reported cstate change: term changed from 0 to 1, leader changed from <none> to e530f066314c47b4bbcb2df3e6bb7d4e (127.13.64.2). New cstate: current_term: 1 leader_uuid: "e530f066314c47b4bbcb2df3e6bb7d4e" committed_config { opid_index: -1 OBSOLETE_local: false peers { permanent_uuid: "02919e579b6547cf9271af7502d81aaf" member_type: VOTER last_known_addr { host: "127.13.64.1" port: 45569 } health_report { overall_health: UNKNOWN } } peers { permanent_uuid: "e530f066314c47b4bbcb2df3e6bb7d4e" member_type: VOTER last_known_addr { host: "127.13.64.2" port: 44687 } health_report { overall_health: HEALTHY } } peers { permanent_uuid: "608c0a1a9ffe4a229cdf52e1221de114" member_type: VOTER last_known_addr { host: "127.13.64.3" port: 35747 } health_report { overall_health: UNKNOWN } } }
I20260710 11:09:49.182331 14901 consensus_queue.cc:237] T 9a9d228eb67e49c3a9b8ad677de7995f P 02919e579b6547cf9271af7502d81aaf [LEADER]: Queue going to LEADER mode. State: All replicated index: 0, Majority replicated index: 0, Committed index: 0, Last appended: 0.0, Last appended by leader: 0, Current term: 1, Majority size: 2, State: 0, Mode: LEADER, active raft config: opid_index: -1 OBSOLETE_local: false peers { permanent_uuid: "02919e579b6547cf9271af7502d81aaf" member_type: VOTER last_known_addr { host: "127.13.64.1" port: 45569 } } peers { permanent_uuid: "e530f066314c47b4bbcb2df3e6bb7d4e" member_type: VOTER last_known_addr { host: "127.13.64.2" port: 44687 } } peers { permanent_uuid: "608c0a1a9ffe4a229cdf52e1221de114" member_type: VOTER last_known_addr { host: "127.13.64.3" port: 35747 } }
I20260710 11:09:49.185140 14892 tablet_bootstrap.cc:654] T a4a6411de9cb431ca9b36c4c74d5948b P e530f066314c47b4bbcb2df3e6bb7d4e: Neither blocks nor log segments found. Creating new log.
I20260710 11:09:49.185424 14894 raft_consensus.cc:385] T 4b4a5cbeee1b40b8a7e4f00d8c571820 P 608c0a1a9ffe4a229cdf52e1221de114 [term 0 FOLLOWER]: Consensus starting up: Expiring failure detector timer to make a prompt election more likely
I20260710 11:09:49.186154 14894 raft_consensus.cc:740] T 4b4a5cbeee1b40b8a7e4f00d8c571820 P 608c0a1a9ffe4a229cdf52e1221de114 [term 0 FOLLOWER]: Becoming Follower/Learner. State: Replica: 608c0a1a9ffe4a229cdf52e1221de114, State: Initialized, Role: FOLLOWER
I20260710 11:09:49.187033 14894 consensus_queue.cc:260] T 4b4a5cbeee1b40b8a7e4f00d8c571820 P 608c0a1a9ffe4a229cdf52e1221de114 [NON_LEADER]: Queue going to NON_LEADER mode. State: All replicated index: 0, Majority replicated index: 0, Committed index: 0, Last appended: 0.0, Last appended by leader: 0, Current term: 0, Majority size: -1, State: 0, Mode: NON_LEADER, active raft config: opid_index: -1 OBSOLETE_local: false peers { permanent_uuid: "02919e579b6547cf9271af7502d81aaf" member_type: VOTER last_known_addr { host: "127.13.64.1" port: 45569 } } peers { permanent_uuid: "e530f066314c47b4bbcb2df3e6bb7d4e" member_type: VOTER last_known_addr { host: "127.13.64.2" port: 44687 } } peers { permanent_uuid: "608c0a1a9ffe4a229cdf52e1221de114" member_type: VOTER last_known_addr { host: "127.13.64.3" port: 35747 } }
I20260710 11:09:49.195565 14894 ts_tablet_manager.cc:1434] T 4b4a5cbeee1b40b8a7e4f00d8c571820 P 608c0a1a9ffe4a229cdf52e1221de114: Time spent starting tablet: real 0.021s	user 0.004s	sys 0.002s
I20260710 11:09:49.196344 14892 tablet_bootstrap.cc:492] T a4a6411de9cb431ca9b36c4c74d5948b P e530f066314c47b4bbcb2df3e6bb7d4e: No bootstrap required, opened a new log
I20260710 11:09:49.196753 14892 ts_tablet_manager.cc:1403] T a4a6411de9cb431ca9b36c4c74d5948b P e530f066314c47b4bbcb2df3e6bb7d4e: Time spent bootstrapping tablet: real 0.018s	user 0.010s	sys 0.006s
I20260710 11:09:49.199260 14892 raft_consensus.cc:359] T a4a6411de9cb431ca9b36c4c74d5948b P e530f066314c47b4bbcb2df3e6bb7d4e [term 0 FOLLOWER]: Replica starting. Triggering 0 pending ops. Active config: opid_index: -1 OBSOLETE_local: false peers { permanent_uuid: "02919e579b6547cf9271af7502d81aaf" member_type: VOTER last_known_addr { host: "127.13.64.1" port: 45569 } } peers { permanent_uuid: "e530f066314c47b4bbcb2df3e6bb7d4e" member_type: VOTER last_known_addr { host: "127.13.64.2" port: 44687 } } peers { permanent_uuid: "608c0a1a9ffe4a229cdf52e1221de114" member_type: VOTER last_known_addr { host: "127.13.64.3" port: 35747 } }
I20260710 11:09:49.199860 14892 raft_consensus.cc:385] T a4a6411de9cb431ca9b36c4c74d5948b P e530f066314c47b4bbcb2df3e6bb7d4e [term 0 FOLLOWER]: Consensus starting up: Expiring failure detector timer to make a prompt election more likely
I20260710 11:09:49.200124 14892 raft_consensus.cc:740] T a4a6411de9cb431ca9b36c4c74d5948b P e530f066314c47b4bbcb2df3e6bb7d4e [term 0 FOLLOWER]: Becoming Follower/Learner. State: Replica: e530f066314c47b4bbcb2df3e6bb7d4e, State: Initialized, Role: FOLLOWER
I20260710 11:09:49.200766 14892 consensus_queue.cc:260] T a4a6411de9cb431ca9b36c4c74d5948b P e530f066314c47b4bbcb2df3e6bb7d4e [NON_LEADER]: Queue going to NON_LEADER mode. State: All replicated index: 0, Majority replicated index: 0, Committed index: 0, Last appended: 0.0, Last appended by leader: 0, Current term: 0, Majority size: -1, State: 0, Mode: NON_LEADER, active raft config: opid_index: -1 OBSOLETE_local: false peers { permanent_uuid: "02919e579b6547cf9271af7502d81aaf" member_type: VOTER last_known_addr { host: "127.13.64.1" port: 45569 } } peers { permanent_uuid: "e530f066314c47b4bbcb2df3e6bb7d4e" member_type: VOTER last_known_addr { host: "127.13.64.2" port: 44687 } } peers { permanent_uuid: "608c0a1a9ffe4a229cdf52e1221de114" member_type: VOTER last_known_addr { host: "127.13.64.3" port: 35747 } }
I20260710 11:09:49.203835 14893 tablet_bootstrap.cc:492] T 89759389bbac491bab6563a4fee100c7 P 02919e579b6547cf9271af7502d81aaf: No bootstrap required, opened a new log
I20260710 11:09:49.203919 14892 ts_tablet_manager.cc:1434] T a4a6411de9cb431ca9b36c4c74d5948b P e530f066314c47b4bbcb2df3e6bb7d4e: Time spent starting tablet: real 0.007s	user 0.005s	sys 0.001s
I20260710 11:09:49.204326 14893 ts_tablet_manager.cc:1403] T 89759389bbac491bab6563a4fee100c7 P 02919e579b6547cf9271af7502d81aaf: Time spent bootstrapping tablet: real 0.036s	user 0.020s	sys 0.011s
I20260710 11:09:49.204830 14892 tablet_bootstrap.cc:492] T 9a9d228eb67e49c3a9b8ad677de7995f P e530f066314c47b4bbcb2df3e6bb7d4e: Bootstrap starting.
I20260710 11:09:49.206161 14893 raft_consensus.cc:359] T 89759389bbac491bab6563a4fee100c7 P 02919e579b6547cf9271af7502d81aaf [term 0 FOLLOWER]: Replica starting. Triggering 0 pending ops. Active config: opid_index: -1 OBSOLETE_local: false peers { permanent_uuid: "02919e579b6547cf9271af7502d81aaf" member_type: VOTER last_known_addr { host: "127.13.64.1" port: 45569 } } peers { permanent_uuid: "e530f066314c47b4bbcb2df3e6bb7d4e" member_type: VOTER last_known_addr { host: "127.13.64.2" port: 44687 } } peers { permanent_uuid: "608c0a1a9ffe4a229cdf52e1221de114" member_type: VOTER last_known_addr { host: "127.13.64.3" port: 35747 } }
I20260710 11:09:49.206760 14893 raft_consensus.cc:385] T 89759389bbac491bab6563a4fee100c7 P 02919e579b6547cf9271af7502d81aaf [term 0 FOLLOWER]: Consensus starting up: Expiring failure detector timer to make a prompt election more likely
I20260710 11:09:49.206983 14893 raft_consensus.cc:740] T 89759389bbac491bab6563a4fee100c7 P 02919e579b6547cf9271af7502d81aaf [term 0 FOLLOWER]: Becoming Follower/Learner. State: Replica: 02919e579b6547cf9271af7502d81aaf, State: Initialized, Role: FOLLOWER
I20260710 11:09:49.207584 14893 consensus_queue.cc:260] T 89759389bbac491bab6563a4fee100c7 P 02919e579b6547cf9271af7502d81aaf [NON_LEADER]: Queue going to NON_LEADER mode. State: All replicated index: 0, Majority replicated index: 0, Committed index: 0, Last appended: 0.0, Last appended by leader: 0, Current term: 0, Majority size: -1, State: 0, Mode: NON_LEADER, active raft config: opid_index: -1 OBSOLETE_local: false peers { permanent_uuid: "02919e579b6547cf9271af7502d81aaf" member_type: VOTER last_known_addr { host: "127.13.64.1" port: 45569 } } peers { permanent_uuid: "e530f066314c47b4bbcb2df3e6bb7d4e" member_type: VOTER last_known_addr { host: "127.13.64.2" port: 44687 } } peers { permanent_uuid: "608c0a1a9ffe4a229cdf52e1221de114" member_type: VOTER last_known_addr { host: "127.13.64.3" port: 35747 } }
I20260710 11:09:49.208649 14941 raft_consensus.cc:493] T 89759389bbac491bab6563a4fee100c7 P 02919e579b6547cf9271af7502d81aaf [term 0 FOLLOWER]: Starting pre-election (no leader contacted us within the election timeout)
I20260710 11:09:49.209448 14893 ts_tablet_manager.cc:1434] T 89759389bbac491bab6563a4fee100c7 P 02919e579b6547cf9271af7502d81aaf: Time spent starting tablet: real 0.005s	user 0.002s	sys 0.000s
I20260710 11:09:49.209103 14941 raft_consensus.cc:515] T 89759389bbac491bab6563a4fee100c7 P 02919e579b6547cf9271af7502d81aaf [term 0 FOLLOWER]: Starting pre-election with config: opid_index: -1 OBSOLETE_local: false peers { permanent_uuid: "02919e579b6547cf9271af7502d81aaf" member_type: VOTER last_known_addr { host: "127.13.64.1" port: 45569 } } peers { permanent_uuid: "e530f066314c47b4bbcb2df3e6bb7d4e" member_type: VOTER last_known_addr { host: "127.13.64.2" port: 44687 } } peers { permanent_uuid: "608c0a1a9ffe4a229cdf52e1221de114" member_type: VOTER last_known_addr { host: "127.13.64.3" port: 35747 } }
I20260710 11:09:49.210419 14892 tablet_bootstrap.cc:654] T 9a9d228eb67e49c3a9b8ad677de7995f P e530f066314c47b4bbcb2df3e6bb7d4e: Neither blocks nor log segments found. Creating new log.
I20260710 11:09:49.210865 14894 tablet_bootstrap.cc:492] T 9b8a36811dc649358f9212e4eeb913c1 P 608c0a1a9ffe4a229cdf52e1221de114: Bootstrap starting.
I20260710 11:09:49.212329 14851 tablet_service.cc:1917] Received RequestConsensusVote() RPC: tablet_id: "89759389bbac491bab6563a4fee100c7" candidate_uuid: "02919e579b6547cf9271af7502d81aaf" candidate_term: 1 candidate_status { last_received { term: 0 index: 0 } } ignore_live_leader: false dest_uuid: "608c0a1a9ffe4a229cdf52e1221de114" is_pre_election: true
W20260710 11:09:49.213637 14667 leader_election.cc:343] T 89759389bbac491bab6563a4fee100c7 P 02919e579b6547cf9271af7502d81aaf [CANDIDATE]: Term 1 pre-election: Tablet error from VoteRequest() call to peer 608c0a1a9ffe4a229cdf52e1221de114 (127.13.64.3:35747): Illegal state: must be running to vote when last-logged opid is not known
I20260710 11:09:49.214165 14941 leader_election.cc:290] T 89759389bbac491bab6563a4fee100c7 P 02919e579b6547cf9271af7502d81aaf [CANDIDATE]: Term 1 pre-election: Requested pre-vote from peers e530f066314c47b4bbcb2df3e6bb7d4e (127.13.64.2:44687), 608c0a1a9ffe4a229cdf52e1221de114 (127.13.64.3:35747)
I20260710 11:09:49.214617 14777 tablet_service.cc:1917] Received RequestConsensusVote() RPC: tablet_id: "89759389bbac491bab6563a4fee100c7" candidate_uuid: "02919e579b6547cf9271af7502d81aaf" candidate_term: 1 candidate_status { last_received { term: 0 index: 0 } } ignore_live_leader: false dest_uuid: "e530f066314c47b4bbcb2df3e6bb7d4e" is_pre_election: true
I20260710 11:09:49.215143 14777 raft_consensus.cc:2468] T 89759389bbac491bab6563a4fee100c7 P e530f066314c47b4bbcb2df3e6bb7d4e [term 0 FOLLOWER]: Leader pre-election vote request: Granting yes vote for candidate 02919e579b6547cf9271af7502d81aaf in term 0.
I20260710 11:09:49.216001 14941 raft_consensus.cc:493] T 1fa6ec6ad5f84f9aaa5bfceac266e333 P 02919e579b6547cf9271af7502d81aaf [term 0 FOLLOWER]: Starting pre-election (no leader contacted us within the election timeout)
I20260710 11:09:49.216269 14668 leader_election.cc:304] T 89759389bbac491bab6563a4fee100c7 P 02919e579b6547cf9271af7502d81aaf [CANDIDATE]: Term 1 pre-election: Election decided. Result: candidate won. Election summary: received 3 responses out of 3 voters: 2 yes votes; 1 no votes. yes voters: 02919e579b6547cf9271af7502d81aaf, e530f066314c47b4bbcb2df3e6bb7d4e; no voters: 608c0a1a9ffe4a229cdf52e1221de114
I20260710 11:09:49.216415 14941 raft_consensus.cc:515] T 1fa6ec6ad5f84f9aaa5bfceac266e333 P 02919e579b6547cf9271af7502d81aaf [term 0 FOLLOWER]: Starting pre-election with config: opid_index: -1 OBSOLETE_local: false peers { permanent_uuid: "02919e579b6547cf9271af7502d81aaf" member_type: VOTER last_known_addr { host: "127.13.64.1" port: 45569 } } peers { permanent_uuid: "e530f066314c47b4bbcb2df3e6bb7d4e" member_type: VOTER last_known_addr { host: "127.13.64.2" port: 44687 } } peers { permanent_uuid: "608c0a1a9ffe4a229cdf52e1221de114" member_type: VOTER last_known_addr { host: "127.13.64.3" port: 35747 } }
I20260710 11:09:49.217211 14894 tablet_bootstrap.cc:654] T 9b8a36811dc649358f9212e4eeb913c1 P 608c0a1a9ffe4a229cdf52e1221de114: Neither blocks nor log segments found. Creating new log.
I20260710 11:09:49.217383 14901 raft_consensus.cc:2804] T 89759389bbac491bab6563a4fee100c7 P 02919e579b6547cf9271af7502d81aaf [term 0 FOLLOWER]: Leader pre-election won for term 1
I20260710 11:09:49.217724 14901 raft_consensus.cc:493] T 89759389bbac491bab6563a4fee100c7 P 02919e579b6547cf9271af7502d81aaf [term 0 FOLLOWER]: Starting leader election (no leader contacted us within the election timeout)
I20260710 11:09:49.218266 14901 raft_consensus.cc:3060] T 89759389bbac491bab6563a4fee100c7 P 02919e579b6547cf9271af7502d81aaf [term 0 FOLLOWER]: Advancing to term 1
I20260710 11:09:49.217690 14601 catalog_manager.cc:5697] T 9a9d228eb67e49c3a9b8ad677de7995f P 02919e579b6547cf9271af7502d81aaf reported cstate change: term changed from 0 to 1, leader changed from <none> to 02919e579b6547cf9271af7502d81aaf (127.13.64.1). New cstate: current_term: 1 leader_uuid: "02919e579b6547cf9271af7502d81aaf" committed_config { opid_index: -1 OBSOLETE_local: false peers { permanent_uuid: "02919e579b6547cf9271af7502d81aaf" member_type: VOTER last_known_addr { host: "127.13.64.1" port: 45569 } health_report { overall_health: HEALTHY } } peers { permanent_uuid: "e530f066314c47b4bbcb2df3e6bb7d4e" member_type: VOTER last_known_addr { host: "127.13.64.2" port: 44687 } health_report { overall_health: UNKNOWN } } peers { permanent_uuid: "608c0a1a9ffe4a229cdf52e1221de114" member_type: VOTER last_known_addr { host: "127.13.64.3" port: 35747 } health_report { overall_health: UNKNOWN } } }
I20260710 11:09:49.219053 14777 tablet_service.cc:1917] Received RequestConsensusVote() RPC: tablet_id: "1fa6ec6ad5f84f9aaa5bfceac266e333" candidate_uuid: "02919e579b6547cf9271af7502d81aaf" candidate_term: 1 candidate_status { last_received { term: 0 index: 0 } } ignore_live_leader: false dest_uuid: "e530f066314c47b4bbcb2df3e6bb7d4e" is_pre_election: true
I20260710 11:09:49.219614 14777 raft_consensus.cc:2468] T 1fa6ec6ad5f84f9aaa5bfceac266e333 P e530f066314c47b4bbcb2df3e6bb7d4e [term 0 FOLLOWER]: Leader pre-election vote request: Granting yes vote for candidate 02919e579b6547cf9271af7502d81aaf in term 0.
I20260710 11:09:49.219767 14893 tablet_bootstrap.cc:492] T 4b4a5cbeee1b40b8a7e4f00d8c571820 P 02919e579b6547cf9271af7502d81aaf: Bootstrap starting.
I20260710 11:09:49.220757 14668 leader_election.cc:304] T 1fa6ec6ad5f84f9aaa5bfceac266e333 P 02919e579b6547cf9271af7502d81aaf [CANDIDATE]: Term 1 pre-election: Election decided. Result: candidate won. Election summary: received 2 responses out of 3 voters: 2 yes votes; 0 no votes. yes voters: 02919e579b6547cf9271af7502d81aaf, e530f066314c47b4bbcb2df3e6bb7d4e; no voters: 
I20260710 11:09:49.221390 14933 raft_consensus.cc:2804] T 1fa6ec6ad5f84f9aaa5bfceac266e333 P 02919e579b6547cf9271af7502d81aaf [term 0 FOLLOWER]: Leader pre-election won for term 1
I20260710 11:09:49.221737 14933 raft_consensus.cc:493] T 1fa6ec6ad5f84f9aaa5bfceac266e333 P 02919e579b6547cf9271af7502d81aaf [term 0 FOLLOWER]: Starting leader election (no leader contacted us within the election timeout)
I20260710 11:09:49.222062 14933 raft_consensus.cc:3060] T 1fa6ec6ad5f84f9aaa5bfceac266e333 P 02919e579b6547cf9271af7502d81aaf [term 0 FOLLOWER]: Advancing to term 1
I20260710 11:09:49.223984 14941 leader_election.cc:290] T 1fa6ec6ad5f84f9aaa5bfceac266e333 P 02919e579b6547cf9271af7502d81aaf [CANDIDATE]: Term 1 pre-election: Requested pre-vote from peers e530f066314c47b4bbcb2df3e6bb7d4e (127.13.64.2:44687), 608c0a1a9ffe4a229cdf52e1221de114 (127.13.64.3:35747)
I20260710 11:09:49.225711 14893 tablet_bootstrap.cc:654] T 4b4a5cbeee1b40b8a7e4f00d8c571820 P 02919e579b6547cf9271af7502d81aaf: Neither blocks nor log segments found. Creating new log.
I20260710 11:09:49.227524 14851 tablet_service.cc:1917] Received RequestConsensusVote() RPC: tablet_id: "1fa6ec6ad5f84f9aaa5bfceac266e333" candidate_uuid: "02919e579b6547cf9271af7502d81aaf" candidate_term: 1 candidate_status { last_received { term: 0 index: 0 } } ignore_live_leader: false dest_uuid: "608c0a1a9ffe4a229cdf52e1221de114" is_pre_election: true
W20260710 11:09:49.229056 14667 leader_election.cc:343] T 1fa6ec6ad5f84f9aaa5bfceac266e333 P 02919e579b6547cf9271af7502d81aaf [CANDIDATE]: Term 1 pre-election: Tablet error from VoteRequest() call to peer 608c0a1a9ffe4a229cdf52e1221de114 (127.13.64.3:35747): Illegal state: must be running to vote when last-logged opid is not known
I20260710 11:09:49.230041 14894 tablet_bootstrap.cc:492] T 9b8a36811dc649358f9212e4eeb913c1 P 608c0a1a9ffe4a229cdf52e1221de114: No bootstrap required, opened a new log
I20260710 11:09:49.230485 14894 ts_tablet_manager.cc:1403] T 9b8a36811dc649358f9212e4eeb913c1 P 608c0a1a9ffe4a229cdf52e1221de114: Time spent bootstrapping tablet: real 0.020s	user 0.010s	sys 0.000s
I20260710 11:09:49.232458 14933 raft_consensus.cc:515] T 1fa6ec6ad5f84f9aaa5bfceac266e333 P 02919e579b6547cf9271af7502d81aaf [term 1 FOLLOWER]: Starting leader election with config: opid_index: -1 OBSOLETE_local: false peers { permanent_uuid: "02919e579b6547cf9271af7502d81aaf" member_type: VOTER last_known_addr { host: "127.13.64.1" port: 45569 } } peers { permanent_uuid: "e530f066314c47b4bbcb2df3e6bb7d4e" member_type: VOTER last_known_addr { host: "127.13.64.2" port: 44687 } } peers { permanent_uuid: "608c0a1a9ffe4a229cdf52e1221de114" member_type: VOTER last_known_addr { host: "127.13.64.3" port: 35747 } }
I20260710 11:09:49.232911 14894 raft_consensus.cc:359] T 9b8a36811dc649358f9212e4eeb913c1 P 608c0a1a9ffe4a229cdf52e1221de114 [term 0 FOLLOWER]: Replica starting. Triggering 0 pending ops. Active config: opid_index: -1 OBSOLETE_local: false peers { permanent_uuid: "02919e579b6547cf9271af7502d81aaf" member_type: VOTER last_known_addr { host: "127.13.64.1" port: 45569 } } peers { permanent_uuid: "e530f066314c47b4bbcb2df3e6bb7d4e" member_type: VOTER last_known_addr { host: "127.13.64.2" port: 44687 } } peers { permanent_uuid: "608c0a1a9ffe4a229cdf52e1221de114" member_type: VOTER last_known_addr { host: "127.13.64.3" port: 35747 } }
I20260710 11:09:49.233510 14894 raft_consensus.cc:385] T 9b8a36811dc649358f9212e4eeb913c1 P 608c0a1a9ffe4a229cdf52e1221de114 [term 0 FOLLOWER]: Consensus starting up: Expiring failure detector timer to make a prompt election more likely
I20260710 11:09:49.233776 14894 raft_consensus.cc:740] T 9b8a36811dc649358f9212e4eeb913c1 P 608c0a1a9ffe4a229cdf52e1221de114 [term 0 FOLLOWER]: Becoming Follower/Learner. State: Replica: 608c0a1a9ffe4a229cdf52e1221de114, State: Initialized, Role: FOLLOWER
I20260710 11:09:49.234457 14894 consensus_queue.cc:260] T 9b8a36811dc649358f9212e4eeb913c1 P 608c0a1a9ffe4a229cdf52e1221de114 [NON_LEADER]: Queue going to NON_LEADER mode. State: All replicated index: 0, Majority replicated index: 0, Committed index: 0, Last appended: 0.0, Last appended by leader: 0, Current term: 0, Majority size: -1, State: 0, Mode: NON_LEADER, active raft config: opid_index: -1 OBSOLETE_local: false peers { permanent_uuid: "02919e579b6547cf9271af7502d81aaf" member_type: VOTER last_known_addr { host: "127.13.64.1" port: 45569 } } peers { permanent_uuid: "e530f066314c47b4bbcb2df3e6bb7d4e" member_type: VOTER last_known_addr { host: "127.13.64.2" port: 44687 } } peers { permanent_uuid: "608c0a1a9ffe4a229cdf52e1221de114" member_type: VOTER last_known_addr { host: "127.13.64.3" port: 35747 } }
I20260710 11:09:49.235366 14777 tablet_service.cc:1917] Received RequestConsensusVote() RPC: tablet_id: "1fa6ec6ad5f84f9aaa5bfceac266e333" candidate_uuid: "02919e579b6547cf9271af7502d81aaf" candidate_term: 1 candidate_status { last_received { term: 0 index: 0 } } ignore_live_leader: false dest_uuid: "e530f066314c47b4bbcb2df3e6bb7d4e"
I20260710 11:09:49.235204 14901 raft_consensus.cc:515] T 89759389bbac491bab6563a4fee100c7 P 02919e579b6547cf9271af7502d81aaf [term 1 FOLLOWER]: Starting leader election with config: opid_index: -1 OBSOLETE_local: false peers { permanent_uuid: "02919e579b6547cf9271af7502d81aaf" member_type: VOTER last_known_addr { host: "127.13.64.1" port: 45569 } } peers { permanent_uuid: "e530f066314c47b4bbcb2df3e6bb7d4e" member_type: VOTER last_known_addr { host: "127.13.64.2" port: 44687 } } peers { permanent_uuid: "608c0a1a9ffe4a229cdf52e1221de114" member_type: VOTER last_known_addr { host: "127.13.64.3" port: 35747 } }
I20260710 11:09:49.235918 14777 raft_consensus.cc:3060] T 1fa6ec6ad5f84f9aaa5bfceac266e333 P e530f066314c47b4bbcb2df3e6bb7d4e [term 0 FOLLOWER]: Advancing to term 1
I20260710 11:09:49.239183 14894 ts_tablet_manager.cc:1434] T 9b8a36811dc649358f9212e4eeb913c1 P 608c0a1a9ffe4a229cdf52e1221de114: Time spent starting tablet: real 0.008s	user 0.002s	sys 0.004s
I20260710 11:09:49.240084 14894 tablet_bootstrap.cc:492] T a4a6411de9cb431ca9b36c4c74d5948b P 608c0a1a9ffe4a229cdf52e1221de114: Bootstrap starting.
I20260710 11:09:49.244637 14777 raft_consensus.cc:2468] T 1fa6ec6ad5f84f9aaa5bfceac266e333 P e530f066314c47b4bbcb2df3e6bb7d4e [term 1 FOLLOWER]: Leader election vote request: Granting yes vote for candidate 02919e579b6547cf9271af7502d81aaf in term 1.
I20260710 11:09:49.251356 14668 leader_election.cc:304] T 1fa6ec6ad5f84f9aaa5bfceac266e333 P 02919e579b6547cf9271af7502d81aaf [CANDIDATE]: Term 1 election: Election decided. Result: candidate won. Election summary: received 2 responses out of 3 voters: 2 yes votes; 0 no votes. yes voters: 02919e579b6547cf9271af7502d81aaf, e530f066314c47b4bbcb2df3e6bb7d4e; no voters: 
I20260710 11:09:49.252203 14941 raft_consensus.cc:2804] T 1fa6ec6ad5f84f9aaa5bfceac266e333 P 02919e579b6547cf9271af7502d81aaf [term 1 FOLLOWER]: Leader election won for term 1
