I20260710 10:59:46.458853 11970 consensus_queue.cc:260] T 61ca1ce719e841e393b2c57e3dfeff2e P 2beace57dbf645248de2f827482e9d7c [NON_LEADER]: Queue going to NON_LEADER mode. State: All replicated index: 0, Majority replicated index: 0, Committed index: 0, Last appended: 0.0, Last appended by leader: 0, Current term: 0, Majority size: -1, State: 0, Mode: NON_LEADER, active raft config: opid_index: -1 OBSOLETE_local: false peers { permanent_uuid: "b7b5c5ecd6b14f7c922386c50a3d9cfb" member_type: VOTER last_known_addr { host: "127.11.94.65" port: 40245 } } peers { permanent_uuid: "2beace57dbf645248de2f827482e9d7c" member_type: VOTER last_known_addr { host: "127.11.94.66" port: 36805 } } peers { permanent_uuid: "be5b3b71f4e84096a694ae437bd31313" member_type: VOTER last_known_addr { host: "127.11.94.67" port: 34733 } }
I20260710 10:59:46.459954 11969 ts_tablet_manager.cc:1434] T 0d927edb5df44b86b38ab7898f24683b P b7b5c5ecd6b14f7c922386c50a3d9cfb: Time spent starting tablet: real 0.020s	user 0.005s	sys 0.013s
I20260710 10:59:46.461426 11969 tablet_bootstrap.cc:492] T 4f2a1a111afd42db97c7250a51110808 P b7b5c5ecd6b14f7c922386c50a3d9cfb: Bootstrap starting.
I20260710 10:59:46.461829 11968 ts_tablet_manager.cc:1434] T 4f2a1a111afd42db97c7250a51110808 P be5b3b71f4e84096a694ae437bd31313: Time spent starting tablet: real 0.021s	user 0.008s	sys 0.004s
I20260710 10:59:46.462459 11950 heartbeater.cc:499] Master 127.11.94.126:42703 was elected leader, sending a full tablet report...
I20260710 10:59:46.464644 11970 ts_tablet_manager.cc:1434] T 61ca1ce719e841e393b2c57e3dfeff2e P 2beace57dbf645248de2f827482e9d7c: Time spent starting tablet: real 0.012s	user 0.006s	sys 0.001s
I20260710 10:59:46.466140 11876 heartbeater.cc:499] Master 127.11.94.126:42703 was elected leader, sending a full tablet report...
I20260710 10:59:46.468271 11968 tablet_bootstrap.cc:492] T 0d927edb5df44b86b38ab7898f24683b P be5b3b71f4e84096a694ae437bd31313: Bootstrap starting.
I20260710 10:59:46.469856 11969 tablet_bootstrap.cc:654] T 4f2a1a111afd42db97c7250a51110808 P b7b5c5ecd6b14f7c922386c50a3d9cfb: Neither blocks nor log segments found. Creating new log.
I20260710 10:59:46.470391 11970 tablet_bootstrap.cc:492] T db821a168e1e48b0b452cffa5403abea P 2beace57dbf645248de2f827482e9d7c: Bootstrap starting.
I20260710 10:59:46.478914 11970 tablet_bootstrap.cc:654] T db821a168e1e48b0b452cffa5403abea P 2beace57dbf645248de2f827482e9d7c: Neither blocks nor log segments found. Creating new log.
I20260710 10:59:46.483023 11969 tablet_bootstrap.cc:492] T 4f2a1a111afd42db97c7250a51110808 P b7b5c5ecd6b14f7c922386c50a3d9cfb: No bootstrap required, opened a new log
I20260710 10:59:46.483672 11969 ts_tablet_manager.cc:1403] T 4f2a1a111afd42db97c7250a51110808 P b7b5c5ecd6b14f7c922386c50a3d9cfb: Time spent bootstrapping tablet: real 0.022s	user 0.009s	sys 0.009s
I20260710 10:59:46.486915 11969 raft_consensus.cc:359] T 4f2a1a111afd42db97c7250a51110808 P b7b5c5ecd6b14f7c922386c50a3d9cfb [term 0 FOLLOWER]: Replica starting. Triggering 0 pending ops. Active config: opid_index: -1 OBSOLETE_local: false peers { permanent_uuid: "b7b5c5ecd6b14f7c922386c50a3d9cfb" member_type: VOTER last_known_addr { host: "127.11.94.65" port: 40245 } } peers { permanent_uuid: "2beace57dbf645248de2f827482e9d7c" member_type: VOTER last_known_addr { host: "127.11.94.66" port: 36805 } } peers { permanent_uuid: "be5b3b71f4e84096a694ae437bd31313" member_type: VOTER last_known_addr { host: "127.11.94.67" port: 34733 } }
I20260710 10:59:46.487711 11969 raft_consensus.cc:385] T 4f2a1a111afd42db97c7250a51110808 P b7b5c5ecd6b14f7c922386c50a3d9cfb [term 0 FOLLOWER]: Consensus starting up: Expiring failure detector timer to make a prompt election more likely
I20260710 10:59:46.488060 11969 raft_consensus.cc:740] T 4f2a1a111afd42db97c7250a51110808 P b7b5c5ecd6b14f7c922386c50a3d9cfb [term 0 FOLLOWER]: Becoming Follower/Learner. State: Replica: b7b5c5ecd6b14f7c922386c50a3d9cfb, State: Initialized, Role: FOLLOWER
I20260710 10:59:46.488827 11969 consensus_queue.cc:260] T 4f2a1a111afd42db97c7250a51110808 P b7b5c5ecd6b14f7c922386c50a3d9cfb [NON_LEADER]: Queue going to NON_LEADER mode. State: All replicated index: 0, Majority replicated index: 0, Committed index: 0, Last appended: 0.0, Last appended by leader: 0, Current term: 0, Majority size: -1, State: 0, Mode: NON_LEADER, active raft config: opid_index: -1 OBSOLETE_local: false peers { permanent_uuid: "b7b5c5ecd6b14f7c922386c50a3d9cfb" member_type: VOTER last_known_addr { host: "127.11.94.65" port: 40245 } } peers { permanent_uuid: "2beace57dbf645248de2f827482e9d7c" member_type: VOTER last_known_addr { host: "127.11.94.66" port: 36805 } } peers { permanent_uuid: "be5b3b71f4e84096a694ae437bd31313" member_type: VOTER last_known_addr { host: "127.11.94.67" port: 34733 } }
I20260710 10:59:46.490901 11969 ts_tablet_manager.cc:1434] T 4f2a1a111afd42db97c7250a51110808 P b7b5c5ecd6b14f7c922386c50a3d9cfb: Time spent starting tablet: real 0.007s	user 0.003s	sys 0.002s
I20260710 10:59:46.491261 11968 tablet_bootstrap.cc:654] T 0d927edb5df44b86b38ab7898f24683b P be5b3b71f4e84096a694ae437bd31313: Neither blocks nor log segments found. Creating new log.
I20260710 10:59:46.491834 11969 tablet_bootstrap.cc:492] T 6c54699a6d5948059d9a5140c4f1d524 P b7b5c5ecd6b14f7c922386c50a3d9cfb: Bootstrap starting.
I20260710 10:59:46.492378 11970 tablet_bootstrap.cc:492] T db821a168e1e48b0b452cffa5403abea P 2beace57dbf645248de2f827482e9d7c: No bootstrap required, opened a new log
I20260710 10:59:46.493126 11970 ts_tablet_manager.cc:1403] T db821a168e1e48b0b452cffa5403abea P 2beace57dbf645248de2f827482e9d7c: Time spent bootstrapping tablet: real 0.024s	user 0.012s	sys 0.008s
I20260710 10:59:46.500988 11970 raft_consensus.cc:359] T db821a168e1e48b0b452cffa5403abea P 2beace57dbf645248de2f827482e9d7c [term 0 FOLLOWER]: Replica starting. Triggering 0 pending ops. Active config: opid_index: -1 OBSOLETE_local: false peers { permanent_uuid: "b7b5c5ecd6b14f7c922386c50a3d9cfb" member_type: VOTER last_known_addr { host: "127.11.94.65" port: 40245 } } peers { permanent_uuid: "2beace57dbf645248de2f827482e9d7c" member_type: VOTER last_known_addr { host: "127.11.94.66" port: 36805 } } peers { permanent_uuid: "be5b3b71f4e84096a694ae437bd31313" member_type: VOTER last_known_addr { host: "127.11.94.67" port: 34733 } }
I20260710 10:59:46.501739 11970 raft_consensus.cc:385] T db821a168e1e48b0b452cffa5403abea P 2beace57dbf645248de2f827482e9d7c [term 0 FOLLOWER]: Consensus starting up: Expiring failure detector timer to make a prompt election more likely
I20260710 10:59:46.502081 11970 raft_consensus.cc:740] T db821a168e1e48b0b452cffa5403abea P 2beace57dbf645248de2f827482e9d7c [term 0 FOLLOWER]: Becoming Follower/Learner. State: Replica: 2beace57dbf645248de2f827482e9d7c, State: Initialized, Role: FOLLOWER
I20260710 10:59:46.502607 11969 tablet_bootstrap.cc:654] T 6c54699a6d5948059d9a5140c4f1d524 P b7b5c5ecd6b14f7c922386c50a3d9cfb: Neither blocks nor log segments found. Creating new log.
I20260710 10:59:46.502792 11970 consensus_queue.cc:260] T db821a168e1e48b0b452cffa5403abea P 2beace57dbf645248de2f827482e9d7c [NON_LEADER]: Queue going to NON_LEADER mode. State: All replicated index: 0, Majority replicated index: 0, Committed index: 0, Last appended: 0.0, Last appended by leader: 0, Current term: 0, Majority size: -1, State: 0, Mode: NON_LEADER, active raft config: opid_index: -1 OBSOLETE_local: false peers { permanent_uuid: "b7b5c5ecd6b14f7c922386c50a3d9cfb" member_type: VOTER last_known_addr { host: "127.11.94.65" port: 40245 } } peers { permanent_uuid: "2beace57dbf645248de2f827482e9d7c" member_type: VOTER last_known_addr { host: "127.11.94.66" port: 36805 } } peers { permanent_uuid: "be5b3b71f4e84096a694ae437bd31313" member_type: VOTER last_known_addr { host: "127.11.94.67" port: 34733 } }
I20260710 10:59:46.504897 11974 raft_consensus.cc:493] T 0d927edb5df44b86b38ab7898f24683b P b7b5c5ecd6b14f7c922386c50a3d9cfb [term 0 FOLLOWER]: Starting pre-election (no leader contacted us within the election timeout)
I20260710 10:59:46.505410 11974 raft_consensus.cc:515] T 0d927edb5df44b86b38ab7898f24683b P b7b5c5ecd6b14f7c922386c50a3d9cfb [term 0 FOLLOWER]: Starting pre-election with config: opid_index: -1 OBSOLETE_local: false peers { permanent_uuid: "b7b5c5ecd6b14f7c922386c50a3d9cfb" member_type: VOTER last_known_addr { host: "127.11.94.65" port: 40245 } } peers { permanent_uuid: "2beace57dbf645248de2f827482e9d7c" member_type: VOTER last_known_addr { host: "127.11.94.66" port: 36805 } } peers { permanent_uuid: "be5b3b71f4e84096a694ae437bd31313" member_type: VOTER last_known_addr { host: "127.11.94.67" port: 34733 } }
I20260710 10:59:46.508939 11974 leader_election.cc:290] T 0d927edb5df44b86b38ab7898f24683b P b7b5c5ecd6b14f7c922386c50a3d9cfb [CANDIDATE]: Term 1 pre-election: Requested pre-vote from peers 2beace57dbf645248de2f827482e9d7c (127.11.94.66:36805), be5b3b71f4e84096a694ae437bd31313 (127.11.94.67:34733)
I20260710 10:59:46.504914 11970 ts_tablet_manager.cc:1434] T db821a168e1e48b0b452cffa5403abea P 2beace57dbf645248de2f827482e9d7c: Time spent starting tablet: real 0.012s	user 0.008s	sys 0.002s
W20260710 10:59:46.516350 11877 tablet.cc:2406] T 61ca1ce719e841e393b2c57e3dfeff2e P 2beace57dbf645248de2f827482e9d7c: Can't schedule compaction. Clean time has not been advanced past its initial value.
I20260710 10:59:46.532106 11969 tablet_bootstrap.cc:492] T 6c54699a6d5948059d9a5140c4f1d524 P b7b5c5ecd6b14f7c922386c50a3d9cfb: No bootstrap required, opened a new log
I20260710 10:59:46.532626 11969 ts_tablet_manager.cc:1403] T 6c54699a6d5948059d9a5140c4f1d524 P b7b5c5ecd6b14f7c922386c50a3d9cfb: Time spent bootstrapping tablet: real 0.041s	user 0.016s	sys 0.012s
I20260710 10:59:46.538455 11970 tablet_bootstrap.cc:492] T 4f2a1a111afd42db97c7250a51110808 P 2beace57dbf645248de2f827482e9d7c: Bootstrap starting.
I20260710 10:59:46.546151 11851 tablet_service.cc:1917] Received RequestConsensusVote() RPC: tablet_id: "0d927edb5df44b86b38ab7898f24683b" candidate_uuid: "b7b5c5ecd6b14f7c922386c50a3d9cfb" candidate_term: 1 candidate_status { last_received { term: 0 index: 0 } } ignore_live_leader: false dest_uuid: "2beace57dbf645248de2f827482e9d7c" is_pre_election: true
I20260710 10:59:46.544075 11969 raft_consensus.cc:359] T 6c54699a6d5948059d9a5140c4f1d524 P b7b5c5ecd6b14f7c922386c50a3d9cfb [term 0 FOLLOWER]: Replica starting. Triggering 0 pending ops. Active config: opid_index: -1 OBSOLETE_local: false peers { permanent_uuid: "b7b5c5ecd6b14f7c922386c50a3d9cfb" member_type: VOTER last_known_addr { host: "127.11.94.65" port: 40245 } } peers { permanent_uuid: "2beace57dbf645248de2f827482e9d7c" member_type: VOTER last_known_addr { host: "127.11.94.66" port: 36805 } } peers { permanent_uuid: "be5b3b71f4e84096a694ae437bd31313" member_type: VOTER last_known_addr { host: "127.11.94.67" port: 34733 } }
I20260710 10:59:46.547313 11969 raft_consensus.cc:385] T 6c54699a6d5948059d9a5140c4f1d524 P b7b5c5ecd6b14f7c922386c50a3d9cfb [term 0 FOLLOWER]: Consensus starting up: Expiring failure detector timer to make a prompt election more likely
I20260710 10:59:46.549647 11968 tablet_bootstrap.cc:492] T 0d927edb5df44b86b38ab7898f24683b P be5b3b71f4e84096a694ae437bd31313: No bootstrap required, opened a new log
I20260710 10:59:46.550199 11968 ts_tablet_manager.cc:1403] T 0d927edb5df44b86b38ab7898f24683b P be5b3b71f4e84096a694ae437bd31313: Time spent bootstrapping tablet: real 0.082s	user 0.019s	sys 0.016s
I20260710 10:59:46.550613 11970 tablet_bootstrap.cc:654] T 4f2a1a111afd42db97c7250a51110808 P 2beace57dbf645248de2f827482e9d7c: Neither blocks nor log segments found. Creating new log.
I20260710 10:59:46.547633 11969 raft_consensus.cc:740] T 6c54699a6d5948059d9a5140c4f1d524 P b7b5c5ecd6b14f7c922386c50a3d9cfb [term 0 FOLLOWER]: Becoming Follower/Learner. State: Replica: b7b5c5ecd6b14f7c922386c50a3d9cfb, State: Initialized, Role: FOLLOWER
W20260710 10:59:46.555613 11742 leader_election.cc:343] T 0d927edb5df44b86b38ab7898f24683b P b7b5c5ecd6b14f7c922386c50a3d9cfb [CANDIDATE]: Term 1 pre-election: Tablet error from VoteRequest() call to peer 2beace57dbf645248de2f827482e9d7c (127.11.94.66:36805): Illegal state: must be running to vote when last-logged opid is not known
I20260710 10:59:46.555660 11969 consensus_queue.cc:260] T 6c54699a6d5948059d9a5140c4f1d524 P b7b5c5ecd6b14f7c922386c50a3d9cfb [NON_LEADER]: Queue going to NON_LEADER mode. State: All replicated index: 0, Majority replicated index: 0, Committed index: 0, Last appended: 0.0, Last appended by leader: 0, Current term: 0, Majority size: -1, State: 0, Mode: NON_LEADER, active raft config: opid_index: -1 OBSOLETE_local: false peers { permanent_uuid: "b7b5c5ecd6b14f7c922386c50a3d9cfb" member_type: VOTER last_known_addr { host: "127.11.94.65" port: 40245 } } peers { permanent_uuid: "2beace57dbf645248de2f827482e9d7c" member_type: VOTER last_known_addr { host: "127.11.94.66" port: 36805 } } peers { permanent_uuid: "be5b3b71f4e84096a694ae437bd31313" member_type: VOTER last_known_addr { host: "127.11.94.67" port: 34733 } }
I20260710 10:59:46.561400 11969 ts_tablet_manager.cc:1434] T 6c54699a6d5948059d9a5140c4f1d524 P b7b5c5ecd6b14f7c922386c50a3d9cfb: Time spent starting tablet: real 0.028s	user 0.005s	sys 0.002s
I20260710 10:59:46.562343 11969 tablet_bootstrap.cc:492] T c2aed2c7876045a7bc43dfc8aebcd5a4 P b7b5c5ecd6b14f7c922386c50a3d9cfb: Bootstrap starting.
I20260710 10:59:46.563447 11925 tablet_service.cc:1917] Received RequestConsensusVote() RPC: tablet_id: "0d927edb5df44b86b38ab7898f24683b" candidate_uuid: "b7b5c5ecd6b14f7c922386c50a3d9cfb" candidate_term: 1 candidate_status { last_received { term: 0 index: 0 } } ignore_live_leader: false dest_uuid: "be5b3b71f4e84096a694ae437bd31313" is_pre_election: true
I20260710 10:59:46.568997 11969 tablet_bootstrap.cc:654] T c2aed2c7876045a7bc43dfc8aebcd5a4 P b7b5c5ecd6b14f7c922386c50a3d9cfb: Neither blocks nor log segments found. Creating new log.
I20260710 10:59:46.570165 11970 tablet_bootstrap.cc:492] T 4f2a1a111afd42db97c7250a51110808 P 2beace57dbf645248de2f827482e9d7c: No bootstrap required, opened a new log
I20260710 10:59:46.570622 11970 ts_tablet_manager.cc:1403] T 4f2a1a111afd42db97c7250a51110808 P 2beace57dbf645248de2f827482e9d7c: Time spent bootstrapping tablet: real 0.032s	user 0.011s	sys 0.000s
I20260710 10:59:46.574005 11970 raft_consensus.cc:359] T 4f2a1a111afd42db97c7250a51110808 P 2beace57dbf645248de2f827482e9d7c [term 0 FOLLOWER]: Replica starting. Triggering 0 pending ops. Active config: opid_index: -1 OBSOLETE_local: false peers { permanent_uuid: "b7b5c5ecd6b14f7c922386c50a3d9cfb" member_type: VOTER last_known_addr { host: "127.11.94.65" port: 40245 } } peers { permanent_uuid: "2beace57dbf645248de2f827482e9d7c" member_type: VOTER last_known_addr { host: "127.11.94.66" port: 36805 } } peers { permanent_uuid: "be5b3b71f4e84096a694ae437bd31313" member_type: VOTER last_known_addr { host: "127.11.94.67" port: 34733 } }
I20260710 10:59:46.574733 11970 raft_consensus.cc:385] T 4f2a1a111afd42db97c7250a51110808 P 2beace57dbf645248de2f827482e9d7c [term 0 FOLLOWER]: Consensus starting up: Expiring failure detector timer to make a prompt election more likely
I20260710 10:59:46.575021 11970 raft_consensus.cc:740] T 4f2a1a111afd42db97c7250a51110808 P 2beace57dbf645248de2f827482e9d7c [term 0 FOLLOWER]: Becoming Follower/Learner. State: Replica: 2beace57dbf645248de2f827482e9d7c, State: Initialized, Role: FOLLOWER
I20260710 10:59:46.575711 11970 consensus_queue.cc:260] T 4f2a1a111afd42db97c7250a51110808 P 2beace57dbf645248de2f827482e9d7c [NON_LEADER]: Queue going to NON_LEADER mode. State: All replicated index: 0, Majority replicated index: 0, Committed index: 0, Last appended: 0.0, Last appended by leader: 0, Current term: 0, Majority size: -1, State: 0, Mode: NON_LEADER, active raft config: opid_index: -1 OBSOLETE_local: false peers { permanent_uuid: "b7b5c5ecd6b14f7c922386c50a3d9cfb" member_type: VOTER last_known_addr { host: "127.11.94.65" port: 40245 } } peers { permanent_uuid: "2beace57dbf645248de2f827482e9d7c" member_type: VOTER last_known_addr { host: "127.11.94.66" port: 36805 } } peers { permanent_uuid: "be5b3b71f4e84096a694ae437bd31313" member_type: VOTER last_known_addr { host: "127.11.94.67" port: 34733 } }
I20260710 10:59:46.578537 11970 ts_tablet_manager.cc:1434] T 4f2a1a111afd42db97c7250a51110808 P 2beace57dbf645248de2f827482e9d7c: Time spent starting tablet: real 0.008s	user 0.008s	sys 0.000s
I20260710 10:59:46.581014 11968 raft_consensus.cc:359] T 0d927edb5df44b86b38ab7898f24683b P be5b3b71f4e84096a694ae437bd31313 [term 0 FOLLOWER]: Replica starting. Triggering 0 pending ops. Active config: opid_index: -1 OBSOLETE_local: false peers { permanent_uuid: "b7b5c5ecd6b14f7c922386c50a3d9cfb" member_type: VOTER last_known_addr { host: "127.11.94.65" port: 40245 } } peers { permanent_uuid: "2beace57dbf645248de2f827482e9d7c" member_type: VOTER last_known_addr { host: "127.11.94.66" port: 36805 } } peers { permanent_uuid: "be5b3b71f4e84096a694ae437bd31313" member_type: VOTER last_known_addr { host: "127.11.94.67" port: 34733 } }
I20260710 10:59:46.581692 11968 raft_consensus.cc:385] T 0d927edb5df44b86b38ab7898f24683b P be5b3b71f4e84096a694ae437bd31313 [term 0 FOLLOWER]: Consensus starting up: Expiring failure detector timer to make a prompt election more likely
I20260710 10:59:46.581964 11968 raft_consensus.cc:740] T 0d927edb5df44b86b38ab7898f24683b P be5b3b71f4e84096a694ae437bd31313 [term 0 FOLLOWER]: Becoming Follower/Learner. State: Replica: be5b3b71f4e84096a694ae437bd31313, State: Initialized, Role: FOLLOWER
I20260710 10:59:46.582067 11970 tablet_bootstrap.cc:492] T f4c83cc2ccd34e37be62c65c86a3e5ee P 2beace57dbf645248de2f827482e9d7c: Bootstrap starting.
I20260710 10:59:46.582870 11968 consensus_queue.cc:260] T 0d927edb5df44b86b38ab7898f24683b P be5b3b71f4e84096a694ae437bd31313 [NON_LEADER]: Queue going to NON_LEADER mode. State: All replicated index: 0, Majority replicated index: 0, Committed index: 0, Last appended: 0.0, Last appended by leader: 0, Current term: 0, Majority size: -1, State: 0, Mode: NON_LEADER, active raft config: opid_index: -1 OBSOLETE_local: false peers { permanent_uuid: "b7b5c5ecd6b14f7c922386c50a3d9cfb" member_type: VOTER last_known_addr { host: "127.11.94.65" port: 40245 } } peers { permanent_uuid: "2beace57dbf645248de2f827482e9d7c" member_type: VOTER last_known_addr { host: "127.11.94.66" port: 36805 } } peers { permanent_uuid: "be5b3b71f4e84096a694ae437bd31313" member_type: VOTER last_known_addr { host: "127.11.94.67" port: 34733 } }
I20260710 10:59:46.583866 11925 raft_consensus.cc:2468] T 0d927edb5df44b86b38ab7898f24683b P be5b3b71f4e84096a694ae437bd31313 [term 0 FOLLOWER]: Leader pre-election vote request: Granting yes vote for candidate b7b5c5ecd6b14f7c922386c50a3d9cfb in term 0.
I20260710 10:59:46.586702 11741 leader_election.cc:304] T 0d927edb5df44b86b38ab7898f24683b P b7b5c5ecd6b14f7c922386c50a3d9cfb [CANDIDATE]: Term 1 pre-election: Election decided. Result: candidate won. Election summary: received 3 responses out of 3 voters: 2 yes votes; 1 no votes. yes voters: b7b5c5ecd6b14f7c922386c50a3d9cfb, be5b3b71f4e84096a694ae437bd31313; no voters: 2beace57dbf645248de2f827482e9d7c
I20260710 10:59:46.589443 11974 raft_consensus.cc:2804] T 0d927edb5df44b86b38ab7898f24683b P b7b5c5ecd6b14f7c922386c50a3d9cfb [term 0 FOLLOWER]: Leader pre-election won for term 1
I20260710 10:59:46.589785 11974 raft_consensus.cc:493] T 0d927edb5df44b86b38ab7898f24683b P b7b5c5ecd6b14f7c922386c50a3d9cfb [term 0 FOLLOWER]: Starting leader election (no leader contacted us within the election timeout)
I20260710 10:59:46.590108 11974 raft_consensus.cc:3060] T 0d927edb5df44b86b38ab7898f24683b P b7b5c5ecd6b14f7c922386c50a3d9cfb [term 0 FOLLOWER]: Advancing to term 1
I20260710 10:59:46.597080 11968 ts_tablet_manager.cc:1434] T 0d927edb5df44b86b38ab7898f24683b P be5b3b71f4e84096a694ae437bd31313: Time spent starting tablet: real 0.047s	user 0.006s	sys 0.001s
I20260710 10:59:46.599391 11970 tablet_bootstrap.cc:654] T f4c83cc2ccd34e37be62c65c86a3e5ee P 2beace57dbf645248de2f827482e9d7c: Neither blocks nor log segments found. Creating new log.
I20260710 10:59:46.599851 11974 raft_consensus.cc:515] T 0d927edb5df44b86b38ab7898f24683b P b7b5c5ecd6b14f7c922386c50a3d9cfb [term 1 FOLLOWER]: Starting leader election with config: opid_index: -1 OBSOLETE_local: false peers { permanent_uuid: "b7b5c5ecd6b14f7c922386c50a3d9cfb" member_type: VOTER last_known_addr { host: "127.11.94.65" port: 40245 } } peers { permanent_uuid: "2beace57dbf645248de2f827482e9d7c" member_type: VOTER last_known_addr { host: "127.11.94.66" port: 36805 } } peers { permanent_uuid: "be5b3b71f4e84096a694ae437bd31313" member_type: VOTER last_known_addr { host: "127.11.94.67" port: 34733 } }
I20260710 10:59:46.602900 11851 tablet_service.cc:1917] Received RequestConsensusVote() RPC: tablet_id: "0d927edb5df44b86b38ab7898f24683b" candidate_uuid: "b7b5c5ecd6b14f7c922386c50a3d9cfb" candidate_term: 1 candidate_status { last_received { term: 0 index: 0 } } ignore_live_leader: false dest_uuid: "2beace57dbf645248de2f827482e9d7c"
W20260710 10:59:46.604370 11742 leader_election.cc:343] T 0d927edb5df44b86b38ab7898f24683b P b7b5c5ecd6b14f7c922386c50a3d9cfb [CANDIDATE]: Term 1 election: Tablet error from VoteRequest() call to peer 2beace57dbf645248de2f827482e9d7c (127.11.94.66:36805): Illegal state: must be running to vote when last-logged opid is not known
I20260710 10:59:46.604715 11968 tablet_bootstrap.cc:492] T 6c54699a6d5948059d9a5140c4f1d524 P be5b3b71f4e84096a694ae437bd31313: Bootstrap starting.
I20260710 10:59:46.606487 11969 tablet_bootstrap.cc:492] T c2aed2c7876045a7bc43dfc8aebcd5a4 P b7b5c5ecd6b14f7c922386c50a3d9cfb: No bootstrap required, opened a new log
I20260710 10:59:46.607793 11969 ts_tablet_manager.cc:1403] T c2aed2c7876045a7bc43dfc8aebcd5a4 P b7b5c5ecd6b14f7c922386c50a3d9cfb: Time spent bootstrapping tablet: real 0.046s	user 0.020s	sys 0.004s
I20260710 10:59:46.608343 11925 tablet_service.cc:1917] Received RequestConsensusVote() RPC: tablet_id: "0d927edb5df44b86b38ab7898f24683b" candidate_uuid: "b7b5c5ecd6b14f7c922386c50a3d9cfb" candidate_term: 1 candidate_status { last_received { term: 0 index: 0 } } ignore_live_leader: false dest_uuid: "be5b3b71f4e84096a694ae437bd31313"
I20260710 10:59:46.607249 11974 leader_election.cc:290] T 0d927edb5df44b86b38ab7898f24683b P b7b5c5ecd6b14f7c922386c50a3d9cfb [CANDIDATE]: Term 1 election: Requested vote from peers 2beace57dbf645248de2f827482e9d7c (127.11.94.66:36805), be5b3b71f4e84096a694ae437bd31313 (127.11.94.67:34733)
I20260710 10:59:46.608963 11925 raft_consensus.cc:3060] T 0d927edb5df44b86b38ab7898f24683b P be5b3b71f4e84096a694ae437bd31313 [term 0 FOLLOWER]: Advancing to term 1
I20260710 10:59:46.610750 11970 tablet_bootstrap.cc:492] T f4c83cc2ccd34e37be62c65c86a3e5ee P 2beace57dbf645248de2f827482e9d7c: No bootstrap required, opened a new log
I20260710 10:59:46.611622 11970 ts_tablet_manager.cc:1403] T f4c83cc2ccd34e37be62c65c86a3e5ee P 2beace57dbf645248de2f827482e9d7c: Time spent bootstrapping tablet: real 0.030s	user 0.016s	sys 0.003s
I20260710 10:59:46.611872 11968 tablet_bootstrap.cc:654] T 6c54699a6d5948059d9a5140c4f1d524 P be5b3b71f4e84096a694ae437bd31313: Neither blocks nor log segments found. Creating new log.
I20260710 10:59:46.611688 11969 raft_consensus.cc:359] T c2aed2c7876045a7bc43dfc8aebcd5a4 P b7b5c5ecd6b14f7c922386c50a3d9cfb [term 0 FOLLOWER]: Replica starting. Triggering 0 pending ops. Active config: opid_index: -1 OBSOLETE_local: false peers { permanent_uuid: "be5b3b71f4e84096a694ae437bd31313" member_type: VOTER last_known_addr { host: "127.11.94.67" port: 34733 } } peers { permanent_uuid: "b7b5c5ecd6b14f7c922386c50a3d9cfb" member_type: VOTER last_known_addr { host: "127.11.94.65" port: 40245 } } peers { permanent_uuid: "2beace57dbf645248de2f827482e9d7c" member_type: VOTER last_known_addr { host: "127.11.94.66" port: 36805 } }
I20260710 10:59:46.612645 11969 raft_consensus.cc:385] T c2aed2c7876045a7bc43dfc8aebcd5a4 P b7b5c5ecd6b14f7c922386c50a3d9cfb [term 0 FOLLOWER]: Consensus starting up: Expiring failure detector timer to make a prompt election more likely
I20260710 10:59:46.613063 11969 raft_consensus.cc:740] T c2aed2c7876045a7bc43dfc8aebcd5a4 P b7b5c5ecd6b14f7c922386c50a3d9cfb [term 0 FOLLOWER]: Becoming Follower/Learner. State: Replica: b7b5c5ecd6b14f7c922386c50a3d9cfb, State: Initialized, Role: FOLLOWER
I20260710 10:59:46.613826 11969 consensus_queue.cc:260] T c2aed2c7876045a7bc43dfc8aebcd5a4 P b7b5c5ecd6b14f7c922386c50a3d9cfb [NON_LEADER]: Queue going to NON_LEADER mode. State: All replicated index: 0, Majority replicated index: 0, Committed index: 0, Last appended: 0.0, Last appended by leader: 0, Current term: 0, Majority size: -1, State: 0, Mode: NON_LEADER, active raft config: opid_index: -1 OBSOLETE_local: false peers { permanent_uuid: "be5b3b71f4e84096a694ae437bd31313" member_type: VOTER last_known_addr { host: "127.11.94.67" port: 34733 } } peers { permanent_uuid: "b7b5c5ecd6b14f7c922386c50a3d9cfb" member_type: VOTER last_known_addr { host: "127.11.94.65" port: 40245 } } peers { permanent_uuid: "2beace57dbf645248de2f827482e9d7c" member_type: VOTER last_known_addr { host: "127.11.94.66" port: 36805 } }
I20260710 10:59:46.614322 11970 raft_consensus.cc:359] T f4c83cc2ccd34e37be62c65c86a3e5ee P 2beace57dbf645248de2f827482e9d7c [term 0 FOLLOWER]: Replica starting. Triggering 0 pending ops. Active config: opid_index: -1 OBSOLETE_local: false peers { permanent_uuid: "b7b5c5ecd6b14f7c922386c50a3d9cfb" member_type: VOTER last_known_addr { host: "127.11.94.65" port: 40245 } } peers { permanent_uuid: "2beace57dbf645248de2f827482e9d7c" member_type: VOTER last_known_addr { host: "127.11.94.66" port: 36805 } } peers { permanent_uuid: "be5b3b71f4e84096a694ae437bd31313" member_type: VOTER last_known_addr { host: "127.11.94.67" port: 34733 } }
I20260710 10:59:46.615046 11970 raft_consensus.cc:385] T f4c83cc2ccd34e37be62c65c86a3e5ee P 2beace57dbf645248de2f827482e9d7c [term 0 FOLLOWER]: Consensus starting up: Expiring failure detector timer to make a prompt election more likely
I20260710 10:59:46.615342 11970 raft_consensus.cc:740] T f4c83cc2ccd34e37be62c65c86a3e5ee P 2beace57dbf645248de2f827482e9d7c [term 0 FOLLOWER]: Becoming Follower/Learner. State: Replica: 2beace57dbf645248de2f827482e9d7c, State: Initialized, Role: FOLLOWER
I20260710 10:59:46.615895 11925 raft_consensus.cc:2468] T 0d927edb5df44b86b38ab7898f24683b P be5b3b71f4e84096a694ae437bd31313 [term 1 FOLLOWER]: Leader election vote request: Granting yes vote for candidate b7b5c5ecd6b14f7c922386c50a3d9cfb in term 1.
I20260710 10:59:46.616374 11970 consensus_queue.cc:260] T f4c83cc2ccd34e37be62c65c86a3e5ee P 2beace57dbf645248de2f827482e9d7c [NON_LEADER]: Queue going to NON_LEADER mode. State: All replicated index: 0, Majority replicated index: 0, Committed index: 0, Last appended: 0.0, Last appended by leader: 0, Current term: 0, Majority size: -1, State: 0, Mode: NON_LEADER, active raft config: opid_index: -1 OBSOLETE_local: false peers { permanent_uuid: "b7b5c5ecd6b14f7c922386c50a3d9cfb" member_type: VOTER last_known_addr { host: "127.11.94.65" port: 40245 } } peers { permanent_uuid: "2beace57dbf645248de2f827482e9d7c" member_type: VOTER last_known_addr { host: "127.11.94.66" port: 36805 } } peers { permanent_uuid: "be5b3b71f4e84096a694ae437bd31313" member_type: VOTER last_known_addr { host: "127.11.94.67" port: 34733 } }
I20260710 10:59:46.617136 11741 leader_election.cc:304] T 0d927edb5df44b86b38ab7898f24683b P b7b5c5ecd6b14f7c922386c50a3d9cfb [CANDIDATE]: Term 1 election: Election decided. Result: candidate won. Election summary: received 3 responses out of 3 voters: 2 yes votes; 1 no votes. yes voters: b7b5c5ecd6b14f7c922386c50a3d9cfb, be5b3b71f4e84096a694ae437bd31313; no voters: 2beace57dbf645248de2f827482e9d7c
I20260710 10:59:46.618160 11974 raft_consensus.cc:2804] T 0d927edb5df44b86b38ab7898f24683b P b7b5c5ecd6b14f7c922386c50a3d9cfb [term 1 FOLLOWER]: Leader election won for term 1
I20260710 10:59:46.618886 11970 ts_tablet_manager.cc:1434] T f4c83cc2ccd34e37be62c65c86a3e5ee P 2beace57dbf645248de2f827482e9d7c: Time spent starting tablet: real 0.007s	user 0.006s	sys 0.000s
I20260710 10:59:46.619802 11970 tablet_bootstrap.cc:492] T 0d927edb5df44b86b38ab7898f24683b P 2beace57dbf645248de2f827482e9d7c: Bootstrap starting.
I20260710 10:59:46.626847 11970 tablet_bootstrap.cc:654] T 0d927edb5df44b86b38ab7898f24683b P 2beace57dbf645248de2f827482e9d7c: Neither blocks nor log segments found. Creating new log.
I20260710 10:59:46.628029 11968 tablet_bootstrap.cc:492] T 6c54699a6d5948059d9a5140c4f1d524 P be5b3b71f4e84096a694ae437bd31313: No bootstrap required, opened a new log
I20260710 10:59:46.628597 11968 ts_tablet_manager.cc:1403] T 6c54699a6d5948059d9a5140c4f1d524 P be5b3b71f4e84096a694ae437bd31313: Time spent bootstrapping tablet: real 0.024s	user 0.009s	sys 0.007s
I20260710 10:59:46.628835 11974 raft_consensus.cc:697] T 0d927edb5df44b86b38ab7898f24683b P b7b5c5ecd6b14f7c922386c50a3d9cfb [term 1 LEADER]: Becoming Leader. State: Replica: b7b5c5ecd6b14f7c922386c50a3d9cfb, State: Running, Role: LEADER
I20260710 10:59:46.629705 11974 consensus_queue.cc:237] T 0d927edb5df44b86b38ab7898f24683b P b7b5c5ecd6b14f7c922386c50a3d9cfb [LEADER]: Queue going to LEADER mode. State: All replicated index: 0, Majority replicated index: 0, Committed index: 0, Last appended: 0.0, Last appended by leader: 0, Current term: 1, Majority size: 2, State: 0, Mode: LEADER, active raft config: opid_index: -1 OBSOLETE_local: false peers { permanent_uuid: "b7b5c5ecd6b14f7c922386c50a3d9cfb" member_type: VOTER last_known_addr { host: "127.11.94.65" port: 40245 } } peers { permanent_uuid: "2beace57dbf645248de2f827482e9d7c" member_type: VOTER last_known_addr { host: "127.11.94.66" port: 36805 } } peers { permanent_uuid: "be5b3b71f4e84096a694ae437bd31313" member_type: VOTER last_known_addr { host: "127.11.94.67" port: 34733 } }
I20260710 10:59:46.632000 11968 raft_consensus.cc:359] T 6c54699a6d5948059d9a5140c4f1d524 P be5b3b71f4e84096a694ae437bd31313 [term 0 FOLLOWER]: Replica starting. Triggering 0 pending ops. Active config: opid_index: -1 OBSOLETE_local: false peers { permanent_uuid: "b7b5c5ecd6b14f7c922386c50a3d9cfb" member_type: VOTER last_known_addr { host: "127.11.94.65" port: 40245 } } peers { permanent_uuid: "2beace57dbf645248de2f827482e9d7c" member_type: VOTER last_known_addr { host: "127.11.94.66" port: 36805 } } peers { permanent_uuid: "be5b3b71f4e84096a694ae437bd31313" member_type: VOTER last_known_addr { host: "127.11.94.67" port: 34733 } }
I20260710 10:59:46.632691 11968 raft_consensus.cc:385] T 6c54699a6d5948059d9a5140c4f1d524 P be5b3b71f4e84096a694ae437bd31313 [term 0 FOLLOWER]: Consensus starting up: Expiring failure detector timer to make a prompt election more likely
I20260710 10:59:46.633011 11969 ts_tablet_manager.cc:1434] T c2aed2c7876045a7bc43dfc8aebcd5a4 P b7b5c5ecd6b14f7c922386c50a3d9cfb: Time spent starting tablet: real 0.025s	user 0.007s	sys 0.000s
I20260710 10:59:46.633001 11968 raft_consensus.cc:740] T 6c54699a6d5948059d9a5140c4f1d524 P be5b3b71f4e84096a694ae437bd31313 [term 0 FOLLOWER]: Becoming Follower/Learner. State: Replica: be5b3b71f4e84096a694ae437bd31313, State: Initialized, Role: FOLLOWER
I20260710 10:59:46.634198 11969 tablet_bootstrap.cc:492] T 61ca1ce719e841e393b2c57e3dfeff2e P b7b5c5ecd6b14f7c922386c50a3d9cfb: Bootstrap starting.
I20260710 10:59:46.634076 11968 consensus_queue.cc:260] T 6c54699a6d5948059d9a5140c4f1d524 P be5b3b71f4e84096a694ae437bd31313 [NON_LEADER]: Queue going to NON_LEADER mode. State: All replicated index: 0, Majority replicated index: 0, Committed index: 0, Last appended: 0.0, Last appended by leader: 0, Current term: 0, Majority size: -1, State: 0, Mode: NON_LEADER, active raft config: opid_index: -1 OBSOLETE_local: false peers { permanent_uuid: "b7b5c5ecd6b14f7c922386c50a3d9cfb" member_type: VOTER last_known_addr { host: "127.11.94.65" port: 40245 } } peers { permanent_uuid: "2beace57dbf645248de2f827482e9d7c" member_type: VOTER last_known_addr { host: "127.11.94.66" port: 36805 } } peers { permanent_uuid: "be5b3b71f4e84096a694ae437bd31313" member_type: VOTER last_known_addr { host: "127.11.94.67" port: 34733 } }
I20260710 10:59:46.638379 11987 raft_consensus.cc:493] T 6c54699a6d5948059d9a5140c4f1d524 P b7b5c5ecd6b14f7c922386c50a3d9cfb [term 0 FOLLOWER]: Starting pre-election (no leader contacted us within the election timeout)
I20260710 10:59:46.638856 11987 raft_consensus.cc:515] T 6c54699a6d5948059d9a5140c4f1d524 P b7b5c5ecd6b14f7c922386c50a3d9cfb [term 0 FOLLOWER]: Starting pre-election with config: opid_index: -1 OBSOLETE_local: false peers { permanent_uuid: "b7b5c5ecd6b14f7c922386c50a3d9cfb" member_type: VOTER last_known_addr { host: "127.11.94.65" port: 40245 } } peers { permanent_uuid: "2beace57dbf645248de2f827482e9d7c" member_type: VOTER last_known_addr { host: "127.11.94.66" port: 36805 } } peers { permanent_uuid: "be5b3b71f4e84096a694ae437bd31313" member_type: VOTER last_known_addr { host: "127.11.94.67" port: 34733 } }
I20260710 10:59:46.642879 11987 leader_election.cc:290] T 6c54699a6d5948059d9a5140c4f1d524 P b7b5c5ecd6b14f7c922386c50a3d9cfb [CANDIDATE]: Term 1 pre-election: Requested pre-vote from peers 2beace57dbf645248de2f827482e9d7c (127.11.94.66:36805), be5b3b71f4e84096a694ae437bd31313 (127.11.94.67:34733)
I20260710 10:59:46.643986 11925 tablet_service.cc:1917] Received RequestConsensusVote() RPC: tablet_id: "6c54699a6d5948059d9a5140c4f1d524" candidate_uuid: "b7b5c5ecd6b14f7c922386c50a3d9cfb" candidate_term: 1 candidate_status { last_received { term: 0 index: 0 } } ignore_live_leader: false dest_uuid: "be5b3b71f4e84096a694ae437bd31313" is_pre_election: true
I20260710 10:59:46.644513 11968 ts_tablet_manager.cc:1434] T 6c54699a6d5948059d9a5140c4f1d524 P be5b3b71f4e84096a694ae437bd31313: Time spent starting tablet: real 0.016s	user 0.006s	sys 0.000s
I20260710 10:59:46.644603 11925 raft_consensus.cc:2468] T 6c54699a6d5948059d9a5140c4f1d524 P be5b3b71f4e84096a694ae437bd31313 [term 0 FOLLOWER]: Leader pre-election vote request: Granting yes vote for candidate b7b5c5ecd6b14f7c922386c50a3d9cfb in term 0.
I20260710 10:59:46.645102 11851 tablet_service.cc:1917] Received RequestConsensusVote() RPC: tablet_id: "6c54699a6d5948059d9a5140c4f1d524" candidate_uuid: "b7b5c5ecd6b14f7c922386c50a3d9cfb" candidate_term: 1 candidate_status { last_received { term: 0 index: 0 } } ignore_live_leader: false dest_uuid: "2beace57dbf645248de2f827482e9d7c" is_pre_election: true
I20260710 10:59:46.645640 11968 tablet_bootstrap.cc:492] T c2aed2c7876045a7bc43dfc8aebcd5a4 P be5b3b71f4e84096a694ae437bd31313: Bootstrap starting.
I20260710 10:59:46.645889 11741 leader_election.cc:304] T 6c54699a6d5948059d9a5140c4f1d524 P b7b5c5ecd6b14f7c922386c50a3d9cfb [CANDIDATE]: Term 1 pre-election: Election decided. Result: candidate won. Election summary: received 2 responses out of 3 voters: 2 yes votes; 0 no votes. yes voters: b7b5c5ecd6b14f7c922386c50a3d9cfb, be5b3b71f4e84096a694ae437bd31313; no voters: 
W20260710 10:59:46.646482 11742 leader_election.cc:343] T 6c54699a6d5948059d9a5140c4f1d524 P b7b5c5ecd6b14f7c922386c50a3d9cfb [CANDIDATE]: Term 1 pre-election: Tablet error from VoteRequest() call to peer 2beace57dbf645248de2f827482e9d7c (127.11.94.66:36805): Illegal state: must be running to vote when last-logged opid is not known
I20260710 10:59:46.646648 11987 raft_consensus.cc:2804] T 6c54699a6d5948059d9a5140c4f1d524 P b7b5c5ecd6b14f7c922386c50a3d9cfb [term 0 FOLLOWER]: Leader pre-election won for term 1
I20260710 10:59:46.647035 11987 raft_consensus.cc:493] T 6c54699a6d5948059d9a5140c4f1d524 P b7b5c5ecd6b14f7c922386c50a3d9cfb [term 0 FOLLOWER]: Starting leader election (no leader contacted us within the election timeout)
I20260710 10:59:46.647365 11987 raft_consensus.cc:3060] T 6c54699a6d5948059d9a5140c4f1d524 P b7b5c5ecd6b14f7c922386c50a3d9cfb [term 0 FOLLOWER]: Advancing to term 1
I20260710 10:59:46.654968 11969 tablet_bootstrap.cc:654] T 61ca1ce719e841e393b2c57e3dfeff2e P b7b5c5ecd6b14f7c922386c50a3d9cfb: Neither blocks nor log segments found. Creating new log.
I20260710 10:59:46.652603 11671 catalog_manager.cc:5697] T 0d927edb5df44b86b38ab7898f24683b P b7b5c5ecd6b14f7c922386c50a3d9cfb reported cstate change: term changed from 0 to 1, leader changed from <none> to b7b5c5ecd6b14f7c922386c50a3d9cfb (127.11.94.65). New cstate: current_term: 1 leader_uuid: "b7b5c5ecd6b14f7c922386c50a3d9cfb" committed_config { opid_index: -1 OBSOLETE_local: false peers { permanent_uuid: "b7b5c5ecd6b14f7c922386c50a3d9cfb" member_type: VOTER last_known_addr { host: "127.11.94.65" port: 40245 } health_report { overall_health: HEALTHY } } peers { permanent_uuid: "2beace57dbf645248de2f827482e9d7c" member_type: VOTER last_known_addr { host: "127.11.94.66" port: 36805 } health_report { overall_health: UNKNOWN } } peers { permanent_uuid: "be5b3b71f4e84096a694ae437bd31313" member_type: VOTER last_known_addr { host: "127.11.94.67" port: 34733 } health_report { overall_health: UNKNOWN } } }
I20260710 10:59:46.661610 11970 tablet_bootstrap.cc:492] T 0d927edb5df44b86b38ab7898f24683b P 2beace57dbf645248de2f827482e9d7c: No bootstrap required, opened a new log
I20260710 10:59:46.662108 11970 ts_tablet_manager.cc:1403] T 0d927edb5df44b86b38ab7898f24683b P 2beace57dbf645248de2f827482e9d7c: Time spent bootstrapping tablet: real 0.043s	user 0.010s	sys 0.022s
I20260710 10:59:46.663830 11968 tablet_bootstrap.cc:654] T c2aed2c7876045a7bc43dfc8aebcd5a4 P be5b3b71f4e84096a694ae437bd31313: Neither blocks nor log segments found. Creating new log.
I20260710 10:59:46.666656 11987 raft_consensus.cc:515] T 6c54699a6d5948059d9a5140c4f1d524 P b7b5c5ecd6b14f7c922386c50a3d9cfb [term 1 FOLLOWER]: Starting leader election with config: opid_index: -1 OBSOLETE_local: false peers { permanent_uuid: "b7b5c5ecd6b14f7c922386c50a3d9cfb" member_type: VOTER last_known_addr { host: "127.11.94.65" port: 40245 } } peers { permanent_uuid: "2beace57dbf645248de2f827482e9d7c" member_type: VOTER last_known_addr { host: "127.11.94.66" port: 36805 } } peers { permanent_uuid: "be5b3b71f4e84096a694ae437bd31313" member_type: VOTER last_known_addr { host: "127.11.94.67" port: 34733 } }
I20260710 10:59:46.667140 11970 raft_consensus.cc:359] T 0d927edb5df44b86b38ab7898f24683b P 2beace57dbf645248de2f827482e9d7c [term 0 FOLLOWER]: Replica starting. Triggering 0 pending ops. Active config: opid_index: -1 OBSOLETE_local: false peers { permanent_uuid: "b7b5c5ecd6b14f7c922386c50a3d9cfb" member_type: VOTER last_known_addr { host: "127.11.94.65" port: 40245 } } peers { permanent_uuid: "2beace57dbf645248de2f827482e9d7c" member_type: VOTER last_known_addr { host: "127.11.94.66" port: 36805 } } peers { permanent_uuid: "be5b3b71f4e84096a694ae437bd31313" member_type: VOTER last_known_addr { host: "127.11.94.67" port: 34733 } }
I20260710 10:59:46.667884 11970 raft_consensus.cc:385] T 0d927edb5df44b86b38ab7898f24683b P 2beace57dbf645248de2f827482e9d7c [term 0 FOLLOWER]: Consensus starting up: Expiring failure detector timer to make a prompt election more likely
I20260710 10:59:46.668172 11970 raft_consensus.cc:740] T 0d927edb5df44b86b38ab7898f24683b P 2beace57dbf645248de2f827482e9d7c [term 0 FOLLOWER]: Becoming Follower/Learner. State: Replica: 2beace57dbf645248de2f827482e9d7c, State: Initialized, Role: FOLLOWER
I20260710 10:59:46.669373 11987 leader_election.cc:290] T 6c54699a6d5948059d9a5140c4f1d524 P b7b5c5ecd6b14f7c922386c50a3d9cfb [CANDIDATE]: Term 1 election: Requested vote from peers 2beace57dbf645248de2f827482e9d7c (127.11.94.66:36805), be5b3b71f4e84096a694ae437bd31313 (127.11.94.67:34733)
I20260710 10:59:46.670087 11851 tablet_service.cc:1917] Received RequestConsensusVote() RPC: tablet_id: "6c54699a6d5948059d9a5140c4f1d524" candidate_uuid: "b7b5c5ecd6b14f7c922386c50a3d9cfb" candidate_term: 1 candidate_status { last_received { term: 0 index: 0 } } ignore_live_leader: false dest_uuid: "2beace57dbf645248de2f827482e9d7c"
I20260710 10:59:46.670411 11925 tablet_service.cc:1917] Received RequestConsensusVote() RPC: tablet_id: "6c54699a6d5948059d9a5140c4f1d524" candidate_uuid: "b7b5c5ecd6b14f7c922386c50a3d9cfb" candidate_term: 1 candidate_status { last_received { term: 0 index: 0 } } ignore_live_leader: false dest_uuid: "be5b3b71f4e84096a694ae437bd31313"
I20260710 10:59:46.671056 11925 raft_consensus.cc:3060] T 6c54699a6d5948059d9a5140c4f1d524 P be5b3b71f4e84096a694ae437bd31313 [term 0 FOLLOWER]: Advancing to term 1
W20260710 10:59:46.671730 11742 leader_election.cc:343] T 6c54699a6d5948059d9a5140c4f1d524 P b7b5c5ecd6b14f7c922386c50a3d9cfb [CANDIDATE]: Term 1 election: Tablet error from VoteRequest() call to peer 2beace57dbf645248de2f827482e9d7c (127.11.94.66:36805): Illegal state: must be running to vote when last-logged opid is not known
I20260710 10:59:46.669029 11970 consensus_queue.cc:260] T 0d927edb5df44b86b38ab7898f24683b P 2beace57dbf645248de2f827482e9d7c [NON_LEADER]: Queue going to NON_LEADER mode. State: All replicated index: 0, Majority replicated index: 0, Committed index: 0, Last appended: 0.0, Last appended by leader: 0, Current term: 0, Majority size: -1, State: 0, Mode: NON_LEADER, active raft config: opid_index: -1 OBSOLETE_local: false peers { permanent_uuid: "b7b5c5ecd6b14f7c922386c50a3d9cfb" member_type: VOTER last_known_addr { host: "127.11.94.65" port: 40245 } } peers { permanent_uuid: "2beace57dbf645248de2f827482e9d7c" member_type: VOTER last_known_addr { host: "127.11.94.66" port: 36805 } } peers { permanent_uuid: "be5b3b71f4e84096a694ae437bd31313" member_type: VOTER last_known_addr { host: "127.11.94.67" port: 34733 } }
I20260710 10:59:46.676837 11925 raft_consensus.cc:2468] T 6c54699a6d5948059d9a5140c4f1d524 P be5b3b71f4e84096a694ae437bd31313 [term 1 FOLLOWER]: Leader election vote request: Granting yes vote for candidate b7b5c5ecd6b14f7c922386c50a3d9cfb in term 1.
I20260710 10:59:46.678793 11970 ts_tablet_manager.cc:1434] T 0d927edb5df44b86b38ab7898f24683b P 2beace57dbf645248de2f827482e9d7c: Time spent starting tablet: real 0.016s	user 0.005s	sys 0.001s
I20260710 10:59:46.679767 11970 tablet_bootstrap.cc:492] T e103c3559eed41da9617766ddcaf1b3c P 2beace57dbf645248de2f827482e9d7c: Bootstrap starting.
I20260710 10:59:46.680625 11741 leader_election.cc:304] T 6c54699a6d5948059d9a5140c4f1d524 P b7b5c5ecd6b14f7c922386c50a3d9cfb [CANDIDATE]: Term 1 election: Election decided. Result: candidate won. Election summary: received 3 responses out of 3 voters: 2 yes votes; 1 no votes. yes voters: b7b5c5ecd6b14f7c922386c50a3d9cfb, be5b3b71f4e84096a694ae437bd31313; no voters: 2beace57dbf645248de2f827482e9d7c
I20260710 10:59:46.681715 11987 raft_consensus.cc:2804] T 6c54699a6d5948059d9a5140c4f1d524 P b7b5c5ecd6b14f7c922386c50a3d9cfb [term 1 FOLLOWER]: Leader election won for term 1
I20260710 10:59:46.682248 11987 raft_consensus.cc:697] T 6c54699a6d5948059d9a5140c4f1d524 P b7b5c5ecd6b14f7c922386c50a3d9cfb [term 1 LEADER]: Becoming Leader. State: Replica: b7b5c5ecd6b14f7c922386c50a3d9cfb, State: Running, Role: LEADER
I20260710 10:59:46.684892 11987 consensus_queue.cc:237] T 6c54699a6d5948059d9a5140c4f1d524 P b7b5c5ecd6b14f7c922386c50a3d9cfb [LEADER]: Queue going to LEADER mode. State: All replicated index: 0, Majority replicated index: 0, Committed index: 0, Last appended: 0.0, Last appended by leader: 0, Current term: 1, Majority size: 2, State: 0, Mode: LEADER, active raft config: opid_index: -1 OBSOLETE_local: false peers { permanent_uuid: "b7b5c5ecd6b14f7c922386c50a3d9cfb" member_type: VOTER last_known_addr { host: "127.11.94.65" port: 40245 } } peers { permanent_uuid: "2beace57dbf645248de2f827482e9d7c" member_type: VOTER last_known_addr { host: "127.11.94.66" port: 36805 } } peers { permanent_uuid: "be5b3b71f4e84096a694ae437bd31313" member_type: VOTER last_known_addr { host: "127.11.94.67" port: 34733 } }
I20260710 10:59:46.698586 11968 tablet_bootstrap.cc:492] T c2aed2c7876045a7bc43dfc8aebcd5a4 P be5b3b71f4e84096a694ae437bd31313: No bootstrap required, opened a new log
I20260710 10:59:46.699151 11968 ts_tablet_manager.cc:1403] T c2aed2c7876045a7bc43dfc8aebcd5a4 P be5b3b71f4e84096a694ae437bd31313: Time spent bootstrapping tablet: real 0.054s	user 0.009s	sys 0.004s
I20260710 10:59:46.701779 11970 tablet_bootstrap.cc:654] T e103c3559eed41da9617766ddcaf1b3c P 2beace57dbf645248de2f827482e9d7c: Neither blocks nor log segments found. Creating new log.
I20260710 10:59:46.702950 11968 raft_consensus.cc:359] T c2aed2c7876045a7bc43dfc8aebcd5a4 P be5b3b71f4e84096a694ae437bd31313 [term 0 FOLLOWER]: Replica starting. Triggering 0 pending ops. Active config: opid_index: -1 OBSOLETE_local: false peers { permanent_uuid: "be5b3b71f4e84096a694ae437bd31313" member_type: VOTER last_known_addr { host: "127.11.94.67" port: 34733 } } peers { permanent_uuid: "b7b5c5ecd6b14f7c922386c50a3d9cfb" member_type: VOTER last_known_addr { host: "127.11.94.65" port: 40245 } } peers { permanent_uuid: "2beace57dbf645248de2f827482e9d7c" member_type: VOTER last_known_addr { host: "127.11.94.66" port: 36805 } }
I20260710 10:59:46.701871 11969 tablet_bootstrap.cc:492] T 61ca1ce719e841e393b2c57e3dfeff2e P b7b5c5ecd6b14f7c922386c50a3d9cfb: No bootstrap required, opened a new log
I20260710 10:59:46.704536 11969 ts_tablet_manager.cc:1403] T 61ca1ce719e841e393b2c57e3dfeff2e P b7b5c5ecd6b14f7c922386c50a3d9cfb: Time spent bootstrapping tablet: real 0.071s	user 0.015s	sys 0.006s
I20260710 10:59:46.703791 11968 raft_consensus.cc:385] T c2aed2c7876045a7bc43dfc8aebcd5a4 P be5b3b71f4e84096a694ae437bd31313 [term 0 FOLLOWER]: Consensus starting up: Expiring failure detector timer to make a prompt election more likely
I20260710 10:59:46.708076 11968 raft_consensus.cc:740] T c2aed2c7876045a7bc43dfc8aebcd5a4 P be5b3b71f4e84096a694ae437bd31313 [term 0 FOLLOWER]: Becoming Follower/Learner. State: Replica: be5b3b71f4e84096a694ae437bd31313, State: Initialized, Role: FOLLOWER
I20260710 10:59:46.709257 11968 consensus_queue.cc:260] T c2aed2c7876045a7bc43dfc8aebcd5a4 P be5b3b71f4e84096a694ae437bd31313 [NON_LEADER]: Queue going to NON_LEADER mode. State: All replicated index: 0, Majority replicated index: 0, Committed index: 0, Last appended: 0.0, Last appended by leader: 0, Current term: 0, Majority size: -1, State: 0, Mode: NON_LEADER, active raft config: opid_index: -1 OBSOLETE_local: false peers { permanent_uuid: "be5b3b71f4e84096a694ae437bd31313" member_type: VOTER last_known_addr { host: "127.11.94.67" port: 34733 } } peers { permanent_uuid: "b7b5c5ecd6b14f7c922386c50a3d9cfb" member_type: VOTER last_known_addr { host: "127.11.94.65" port: 40245 } } peers { permanent_uuid: "2beace57dbf645248de2f827482e9d7c" member_type: VOTER last_known_addr { host: "127.11.94.66" port: 36805 } }
I20260710 10:59:46.709928 11969 raft_consensus.cc:359] T 61ca1ce719e841e393b2c57e3dfeff2e P b7b5c5ecd6b14f7c922386c50a3d9cfb [term 0 FOLLOWER]: Replica starting. Triggering 0 pending ops. Active config: opid_index: -1 OBSOLETE_local: false peers { permanent_uuid: "b7b5c5ecd6b14f7c922386c50a3d9cfb" member_type: VOTER last_known_addr { host: "127.11.94.65" port: 40245 } } peers { permanent_uuid: "2beace57dbf645248de2f827482e9d7c" member_type: VOTER last_known_addr { host: "127.11.94.66" port: 36805 } } peers { permanent_uuid: "be5b3b71f4e84096a694ae437bd31313" member_type: VOTER last_known_addr { host: "127.11.94.67" port: 34733 } }
I20260710 10:59:46.710647 11969 raft_consensus.cc:385] T 61ca1ce719e841e393b2c57e3dfeff2e P b7b5c5ecd6b14f7c922386c50a3d9cfb [term 0 FOLLOWER]: Consensus starting up: Expiring failure detector timer to make a prompt election more likely
I20260710 10:59:46.710932 11969 raft_consensus.cc:740] T 61ca1ce719e841e393b2c57e3dfeff2e P b7b5c5ecd6b14f7c922386c50a3d9cfb [term 0 FOLLOWER]: Becoming Follower/Learner. State: Replica: b7b5c5ecd6b14f7c922386c50a3d9cfb, State: Initialized, Role: FOLLOWER
I20260710 10:59:46.711373 11968 ts_tablet_manager.cc:1434] T c2aed2c7876045a7bc43dfc8aebcd5a4 P be5b3b71f4e84096a694ae437bd31313: Time spent starting tablet: real 0.012s	user 0.007s	sys 0.001s
I20260710 10:59:46.711637 11969 consensus_queue.cc:260] T 61ca1ce719e841e393b2c57e3dfeff2e P b7b5c5ecd6b14f7c922386c50a3d9cfb [NON_LEADER]: Queue going to NON_LEADER mode. State: All replicated index: 0, Majority replicated index: 0, Committed index: 0, Last appended: 0.0, Last appended by leader: 0, Current term: 0, Majority size: -1, State: 0, Mode: NON_LEADER, active raft config: opid_index: -1 OBSOLETE_local: false peers { permanent_uuid: "b7b5c5ecd6b14f7c922386c50a3d9cfb" member_type: VOTER last_known_addr { host: "127.11.94.65" port: 40245 } } peers { permanent_uuid: "2beace57dbf645248de2f827482e9d7c" member_type: VOTER last_known_addr { host: "127.11.94.66" port: 36805 } } peers { permanent_uuid: "be5b3b71f4e84096a694ae437bd31313" member_type: VOTER last_known_addr { host: "127.11.94.67" port: 34733 } }
I20260710 10:59:46.712836 11968 tablet_bootstrap.cc:492] T f4c83cc2ccd34e37be62c65c86a3e5ee P be5b3b71f4e84096a694ae437bd31313: Bootstrap starting.
I20260710 10:59:46.715047 11969 ts_tablet_manager.cc:1434] T 61ca1ce719e841e393b2c57e3dfeff2e P b7b5c5ecd6b14f7c922386c50a3d9cfb: Time spent starting tablet: real 0.010s	user 0.006s	sys 0.000s
I20260710 10:59:46.716102 11969 tablet_bootstrap.cc:492] T e103c3559eed41da9617766ddcaf1b3c P b7b5c5ecd6b14f7c922386c50a3d9cfb: Bootstrap starting.
I20260710 10:59:46.720424 11968 tablet_bootstrap.cc:654] T f4c83cc2ccd34e37be62c65c86a3e5ee P be5b3b71f4e84096a694ae437bd31313: Neither blocks nor log segments found. Creating new log.
