I20260710 11:09:33.799633  2150 txn_system_client.cc:432] TxnSystemClient initialization is disabled...
I20260710 11:09:33.801909  2150 ts_tablet_manager.cc:585] Loaded tablet metadata (0 total tablets, 0 live tablets)
I20260710 11:09:33.802104  2150 ts_tablet_manager.cc:531] Time spent load tablet metadata: real 0.000s	user 0.000s	sys 0.000s
I20260710 11:09:33.802362  2150 ts_tablet_manager.cc:616] Registered 0 tablets
I20260710 11:09:33.802527  2150 ts_tablet_manager.cc:595] Time spent register tablets: real 0.000s	user 0.000s	sys 0.000s
I20260710 11:09:33.839674  2150 rpc_server.cc:307] RPC server started. Bound to: 127.2.25.130:45121
I20260710 11:09:33.839818  2885 acceptor_pool.cc:272] collecting diagnostics on the listening RPC socket 127.2.25.130:45121 every 8 connection(s)
I20260710 11:09:33.844149  2150 file_cache.cc:504] Constructed file cache file cache with capacity 419430
W20260710 11:09:33.850857  2889 instance_detector.cc:116] could not retrieve AWS instance metadata: Network error: curl error: HTTP response code said error: The requested URL returned error: 404
W20260710 11:09:33.851442  2890 instance_detector.cc:116] could not retrieve Azure instance metadata: Network error: curl error: HTTP response code said error: The requested URL returned error: 404
W20260710 11:09:33.852783  2892 instance_detector.cc:116] could not retrieve OpenStack instance metadata: Network error: curl error: HTTP response code said error: The requested URL returned error: 404
I20260710 11:09:33.854080  2150 server_base.cc:1061] running on GCE node
I20260710 11:09:33.855126  2150 hybrid_clock.cc:584] initializing the hybrid clock with 'system_unsync' time source
W20260710 11:09:33.855379  2150 system_unsync_time.cc:38] NTP support is disabled. Clock error bounds will not be accurate. This configuration is not suitable for distributed clusters.
I20260710 11:09:33.855561  2150 hybrid_clock.cc:648] HybridClock initialized: now 1783681773855542 us; error 0 us; skew 500 ppm
I20260710 11:09:33.856088  2886 heartbeater.cc:344] Connected to a master server at 127.2.25.190:36139
I20260710 11:09:33.856217  2150 server_base.cc:861] Flag tcmalloc_max_total_thread_cache_bytes is not working since tcmalloc is not enabled.
I20260710 11:09:33.856422  2886 heartbeater.cc:461] Registering TS with master...
I20260710 11:09:33.857194  2886 heartbeater.cc:507] Master 127.2.25.190:36139 requested a full tablet report, sending...
I20260710 11:09:33.858695  2150 webserver.cc:533] Webserver started at http://127.2.25.131:33827/ using document root <none> and password file <none>
I20260710 11:09:33.859211  2150 fs_manager.cc:362] Metadata directory not provided
I20260710 11:09:33.859393  2150 fs_manager.cc:368] Using write-ahead log directory (fs_wal_dir) as metadata directory
I20260710 11:09:33.859448  2684 ts_manager.cc:194] Registered new tserver with Master: 1a14cd1689ad493aaa793f5d80242822 (127.2.25.130:45121)
I20260710 11:09:33.859649  2150 server_base.cc:909] This appears to be a new deployment of Kudu; creating new FS layout
I20260710 11:09:33.860905  2150 fs_manager.cc:1068] Generated new instance metadata in path /tmp/dist-test-taskTErFl9/test-tmp/auto_leader_rebalancer-test.0.LeaderRebalancerTest.FunctionalTestForNotDivided.1783681760340136-2150-0/minicluster-data/ts-2-root/instance:
uuid: "510621ea0251454bb263b05b897b5a30"
format_stamp: "Formatted at 2026-07-10 11:09:33 on dist-test-slave-ghlv"
I20260710 11:09:33.860932  2684 master_service.cc:502] Signed X509 certificate for tserver {username='slave'} at 127.0.0.1:43086
I20260710 11:09:33.865514  2150 fs_manager.cc:696] Time spent creating directory manager: real 0.004s	user 0.004s	sys 0.000s
I20260710 11:09:33.868832  2897 log_block_manager.cc:4127] Time spent loading block containers with low live blocks: real 0.000s	user 0.000s	sys 0.000s
I20260710 11:09:33.869632  2150 fs_manager.cc:730] Time spent opening block manager: real 0.002s	user 0.002s	sys 0.001s
I20260710 11:09:33.869925  2150 fs_manager.cc:647] Opened local filesystem: /tmp/dist-test-taskTErFl9/test-tmp/auto_leader_rebalancer-test.0.LeaderRebalancerTest.FunctionalTestForNotDivided.1783681760340136-2150-0/minicluster-data/ts-2-root
uuid: "510621ea0251454bb263b05b897b5a30"
format_stamp: "Formatted at 2026-07-10 11:09:33 on dist-test-slave-ghlv"
I20260710 11:09:33.870168  2150 fs_report.cc:389] FS layout report
--------------------
wal directory: /tmp/dist-test-taskTErFl9/test-tmp/auto_leader_rebalancer-test.0.LeaderRebalancerTest.FunctionalTestForNotDivided.1783681760340136-2150-0/minicluster-data/ts-2-root
metadata directory: /tmp/dist-test-taskTErFl9/test-tmp/auto_leader_rebalancer-test.0.LeaderRebalancerTest.FunctionalTestForNotDivided.1783681760340136-2150-0/minicluster-data/ts-2-root
1 data directories: /tmp/dist-test-taskTErFl9/test-tmp/auto_leader_rebalancer-test.0.LeaderRebalancerTest.FunctionalTestForNotDivided.1783681760340136-2150-0/minicluster-data/ts-2-root/data
Total live blocks: 0
Total live bytes: 0
Total live bytes (after alignment): 0
Total number of LBM containers: 0 (0 full)
Did not check for missing blocks
Did not check for orphaned blocks
Total full LBM containers with extra space: 0 (0 repaired)
Total full LBM container extra space in bytes: 0 (0 repaired)
Total incomplete LBM containers: 0 (0 repaired)
Total LBM partial records: 0 (0 repaired)
Total corrupted LBM metadata records in RocksDB: 0 (0 repaired)
I20260710 11:09:33.893231  2150 rpc_server.cc:225] running with OpenSSL 1.1.1  11 Sep 2018
I20260710 11:09:33.894357  2150 kserver.cc:163] Server-wide thread pool size limit: 3276
I20260710 11:09:33.895747  2150 txn_system_client.cc:432] TxnSystemClient initialization is disabled...
I20260710 11:09:33.897846  2150 ts_tablet_manager.cc:585] Loaded tablet metadata (0 total tablets, 0 live tablets)
I20260710 11:09:33.898034  2150 ts_tablet_manager.cc:531] Time spent load tablet metadata: real 0.000s	user 0.000s	sys 0.000s
I20260710 11:09:33.898254  2150 ts_tablet_manager.cc:616] Registered 0 tablets
I20260710 11:09:33.898401  2150 ts_tablet_manager.cc:595] Time spent register tablets: real 0.000s	user 0.000s	sys 0.000s
I20260710 11:09:33.935875  2150 rpc_server.cc:307] RPC server started. Bound to: 127.2.25.131:43853
I20260710 11:09:33.935957  2959 acceptor_pool.cc:272] collecting diagnostics on the listening RPC socket 127.2.25.131:43853 every 8 connection(s)
I20260710 11:09:33.948629  2960 heartbeater.cc:344] Connected to a master server at 127.2.25.190:36139
I20260710 11:09:33.949008  2960 heartbeater.cc:461] Registering TS with master...
I20260710 11:09:33.949687  2960 heartbeater.cc:507] Master 127.2.25.190:36139 requested a full tablet report, sending...
I20260710 11:09:33.951511  2684 ts_manager.cc:194] Registered new tserver with Master: 510621ea0251454bb263b05b897b5a30 (127.2.25.131:43853)
I20260710 11:09:33.951911  2150 internal_mini_cluster.cc:371] 3 TS(s) registered with all masters after 0.013071017s
I20260710 11:09:33.952776  2684 master_service.cc:502] Signed X509 certificate for tserver {username='slave'} at 127.0.0.1:43102
I20260710 11:09:33.976104  2684 catalog_manager.cc:2283] Servicing CreateTable request from {username='slave'} at 127.0.0.1:43104:
name: "test-workload"
schema {
  columns {
    name: "key"
    type: INT32
    is_key: true
    is_nullable: false
    encoding: AUTO_ENCODING
    compression: DEFAULT_COMPRESSION
    cfile_block_size: 0
    immutable: false
  }
  columns {
    name: "int_val"
    type: INT32
    is_key: false
    is_nullable: false
    encoding: AUTO_ENCODING
    compression: DEFAULT_COMPRESSION
    cfile_block_size: 0
    immutable: false
  }
  columns {
    name: "string_val"
    type: STRING
    is_key: false
    is_nullable: true
    encoding: AUTO_ENCODING
    compression: DEFAULT_COMPRESSION
    cfile_block_size: 0
    immutable: false
  }
}
num_replicas: 3
split_rows_range_bounds {
  rows: "\004\001\000\314\314\314\014\004\001\000\230\231\231\031\004\001\000dff&\004\001\0000333\004\001\000\374\377\377?\004\001\000\310\314\314L\004\001\000\224\231\231Y\004\001\000`fff\004\001\000,33s""\004\001\000\314\314\314\014\004\001\000\230\231\231\031\004\001\000dff&\004\001\0000333\004\001\000\374\377\377?\004\001\000\310\314\314L\004\001\000\224\231\231Y\004\001\000`fff\004\001\000,33s"
  indirect_data: """"
}
partition_schema {
  range_schema {
    columns {
      name: "key"
    }
  }
}
W20260710 11:09:33.978806  2684 catalog_manager.cc:7077] The number of live tablet servers is not enough to re-replicate a tablet replica of the newly created table test-workload in case of a server failure: 4 tablet servers would be needed, 3 are available. Consider bringing up more tablet servers.
I20260710 11:09:34.061246  2776 tablet_service.cc:1511] Processing CreateTablet for tablet b038d5e766544397a6c1f08396cb93d6 (DEFAULT_TABLE table=test-workload [id=52f7c86ee5354fbdae6c37baccc21bc6]), partition=RANGE (key) PARTITION VALUES < 214748364
I20260710 11:09:34.062719  2776 data_dirs.cc:400] Could only allocate 1 dirs of requested 3 for tablet b038d5e766544397a6c1f08396cb93d6. 1 dirs total, 0 dirs full, 0 dirs failed
I20260710 11:09:34.063184  2851 tablet_service.cc:1511] Processing CreateTablet for tablet b038d5e766544397a6c1f08396cb93d6 (DEFAULT_TABLE table=test-workload [id=52f7c86ee5354fbdae6c37baccc21bc6]), partition=RANGE (key) PARTITION VALUES < 214748364
I20260710 11:09:34.066707  2772 tablet_service.cc:1511] Processing CreateTablet for tablet 789a8cb148e74a15a1a0e89a02af5b91 (DEFAULT_TABLE table=test-workload [id=52f7c86ee5354fbdae6c37baccc21bc6]), partition=RANGE (key) PARTITION 858993456 <= VALUES < 1073741820
I20260710 11:09:34.064873  2849 tablet_service.cc:1511] Processing CreateTablet for tablet 72851bda987c4370bd4b16b51a985b4c (DEFAULT_TABLE table=test-workload [id=52f7c86ee5354fbdae6c37baccc21bc6]), partition=RANGE (key) PARTITION 429496728 <= VALUES < 644245092
I20260710 11:09:34.067754  2773 tablet_service.cc:1511] Processing CreateTablet for tablet d429b23964394273bca33a0daa29a5e5 (DEFAULT_TABLE table=test-workload [id=52f7c86ee5354fbdae6c37baccc21bc6]), partition=RANGE (key) PARTITION 644245092 <= VALUES < 858993456
I20260710 11:09:34.064873  2775 tablet_service.cc:1511] Processing CreateTablet for tablet c43b686f773e449ab7cdc8417a9d874f (DEFAULT_TABLE table=test-workload [id=52f7c86ee5354fbdae6c37baccc21bc6]), partition=RANGE (key) PARTITION 214748364 <= VALUES < 429496728
I20260710 11:09:34.065951  2774 tablet_service.cc:1511] Processing CreateTablet for tablet 72851bda987c4370bd4b16b51a985b4c (DEFAULT_TABLE table=test-workload [id=52f7c86ee5354fbdae6c37baccc21bc6]), partition=RANGE (key) PARTITION 429496728 <= VALUES < 644245092
I20260710 11:09:34.069002  2773 data_dirs.cc:400] Could only allocate 1 dirs of requested 3 for tablet d429b23964394273bca33a0daa29a5e5. 1 dirs total, 0 dirs full, 0 dirs failed
I20260710 11:09:34.062281  2850 tablet_service.cc:1511] Processing CreateTablet for tablet c43b686f773e449ab7cdc8417a9d874f (DEFAULT_TABLE table=test-workload [id=52f7c86ee5354fbdae6c37baccc21bc6]), partition=RANGE (key) PARTITION 214748364 <= VALUES < 429496728
I20260710 11:09:34.069475  2847 tablet_service.cc:1511] Processing CreateTablet for tablet 789a8cb148e74a15a1a0e89a02af5b91 (DEFAULT_TABLE table=test-workload [id=52f7c86ee5354fbdae6c37baccc21bc6]), partition=RANGE (key) PARTITION 858993456 <= VALUES < 1073741820
I20260710 11:09:34.069795  2775 data_dirs.cc:400] Could only allocate 1 dirs of requested 3 for tablet c43b686f773e449ab7cdc8417a9d874f. 1 dirs total, 0 dirs full, 0 dirs failed
I20260710 11:09:34.071195  2846 tablet_service.cc:1511] Processing CreateTablet for tablet f1f5db5337794ce09ece29ad77c2bbb0 (DEFAULT_TABLE table=test-workload [id=52f7c86ee5354fbdae6c37baccc21bc6]), partition=RANGE (key) PARTITION 1073741820 <= VALUES < 1288490184
I20260710 11:09:34.072072  2772 data_dirs.cc:400] Could only allocate 1 dirs of requested 3 for tablet 789a8cb148e74a15a1a0e89a02af5b91. 1 dirs total, 0 dirs full, 0 dirs failed
I20260710 11:09:34.066762  2848 tablet_service.cc:1511] Processing CreateTablet for tablet d429b23964394273bca33a0daa29a5e5 (DEFAULT_TABLE table=test-workload [id=52f7c86ee5354fbdae6c37baccc21bc6]), partition=RANGE (key) PARTITION 644245092 <= VALUES < 858993456
I20260710 11:09:34.073053  2774 data_dirs.cc:400] Could only allocate 1 dirs of requested 3 for tablet 72851bda987c4370bd4b16b51a985b4c. 1 dirs total, 0 dirs full, 0 dirs failed
I20260710 11:09:34.072736  2845 tablet_service.cc:1511] Processing CreateTablet for tablet ac5ee9bd4948472caa874c9f7a53bc4e (DEFAULT_TABLE table=test-workload [id=52f7c86ee5354fbdae6c37baccc21bc6]), partition=RANGE (key) PARTITION 1288490184 <= VALUES < 1503238548
I20260710 11:09:34.072921  2771 tablet_service.cc:1511] Processing CreateTablet for tablet f1f5db5337794ce09ece29ad77c2bbb0 (DEFAULT_TABLE table=test-workload [id=52f7c86ee5354fbdae6c37baccc21bc6]), partition=RANGE (key) PARTITION 1073741820 <= VALUES < 1288490184
I20260710 11:09:34.074982  2770 tablet_service.cc:1511] Processing CreateTablet for tablet ac5ee9bd4948472caa874c9f7a53bc4e (DEFAULT_TABLE table=test-workload [id=52f7c86ee5354fbdae6c37baccc21bc6]), partition=RANGE (key) PARTITION 1288490184 <= VALUES < 1503238548
I20260710 11:09:34.076552  2771 data_dirs.cc:400] Could only allocate 1 dirs of requested 3 for tablet f1f5db5337794ce09ece29ad77c2bbb0. 1 dirs total, 0 dirs full, 0 dirs failed
I20260710 11:09:34.080102  2770 data_dirs.cc:400] Could only allocate 1 dirs of requested 3 for tablet ac5ee9bd4948472caa874c9f7a53bc4e. 1 dirs total, 0 dirs full, 0 dirs failed
I20260710 11:09:34.082324  2925 tablet_service.cc:1511] Processing CreateTablet for tablet b038d5e766544397a6c1f08396cb93d6 (DEFAULT_TABLE table=test-workload [id=52f7c86ee5354fbdae6c37baccc21bc6]), partition=RANGE (key) PARTITION VALUES < 214748364
I20260710 11:09:34.083627  2925 data_dirs.cc:400] Could only allocate 1 dirs of requested 3 for tablet b038d5e766544397a6c1f08396cb93d6. 1 dirs total, 0 dirs full, 0 dirs failed
I20260710 11:09:34.084743  2919 tablet_service.cc:1511] Processing CreateTablet for tablet ac5ee9bd4948472caa874c9f7a53bc4e (DEFAULT_TABLE table=test-workload [id=52f7c86ee5354fbdae6c37baccc21bc6]), partition=RANGE (key) PARTITION 1288490184 <= VALUES < 1503238548
I20260710 11:09:34.086004  2919 data_dirs.cc:400] Could only allocate 1 dirs of requested 3 for tablet ac5ee9bd4948472caa874c9f7a53bc4e. 1 dirs total, 0 dirs full, 0 dirs failed
I20260710 11:09:34.086153  2918 tablet_service.cc:1511] Processing CreateTablet for tablet 6d02e1c3437a49718e9ec475059383b1 (DEFAULT_TABLE table=test-workload [id=52f7c86ee5354fbdae6c37baccc21bc6]), partition=RANGE (key) PARTITION 1503238548 <= VALUES < 1717986912
I20260710 11:09:34.088954  2918 data_dirs.cc:400] Could only allocate 1 dirs of requested 3 for tablet 6d02e1c3437a49718e9ec475059383b1. 1 dirs total, 0 dirs full, 0 dirs failed
I20260710 11:09:34.090011  2921 tablet_service.cc:1511] Processing CreateTablet for tablet 789a8cb148e74a15a1a0e89a02af5b91 (DEFAULT_TABLE table=test-workload [id=52f7c86ee5354fbdae6c37baccc21bc6]), partition=RANGE (key) PARTITION 858993456 <= VALUES < 1073741820
I20260710 11:09:34.091398  2921 data_dirs.cc:400] Could only allocate 1 dirs of requested 3 for tablet 789a8cb148e74a15a1a0e89a02af5b91. 1 dirs total, 0 dirs full, 0 dirs failed
I20260710 11:09:34.092986  2922 tablet_service.cc:1511] Processing CreateTablet for tablet d429b23964394273bca33a0daa29a5e5 (DEFAULT_TABLE table=test-workload [id=52f7c86ee5354fbdae6c37baccc21bc6]), partition=RANGE (key) PARTITION 644245092 <= VALUES < 858993456
I20260710 11:09:34.094424  2922 data_dirs.cc:400] Could only allocate 1 dirs of requested 3 for tablet d429b23964394273bca33a0daa29a5e5. 1 dirs total, 0 dirs full, 0 dirs failed
I20260710 11:09:34.096580  2923 tablet_service.cc:1511] Processing CreateTablet for tablet 72851bda987c4370bd4b16b51a985b4c (DEFAULT_TABLE table=test-workload [id=52f7c86ee5354fbdae6c37baccc21bc6]), partition=RANGE (key) PARTITION 429496728 <= VALUES < 644245092
I20260710 11:09:34.098112  2923 data_dirs.cc:400] Could only allocate 1 dirs of requested 3 for tablet 72851bda987c4370bd4b16b51a985b4c. 1 dirs total, 0 dirs full, 0 dirs failed
I20260710 11:09:34.100301  2924 tablet_service.cc:1511] Processing CreateTablet for tablet c43b686f773e449ab7cdc8417a9d874f (DEFAULT_TABLE table=test-workload [id=52f7c86ee5354fbdae6c37baccc21bc6]), partition=RANGE (key) PARTITION 214748364 <= VALUES < 429496728
I20260710 11:09:34.101912  2924 data_dirs.cc:400] Could only allocate 1 dirs of requested 3 for tablet c43b686f773e449ab7cdc8417a9d874f. 1 dirs total, 0 dirs full, 0 dirs failed
I20260710 11:09:34.090034  2843 tablet_service.cc:1511] Processing CreateTablet for tablet 739523559baf407793d1c901692d1e49 (DEFAULT_TABLE table=test-workload [id=52f7c86ee5354fbdae6c37baccc21bc6]), partition=RANGE (key) PARTITION 1717986912 <= VALUES < 1932735276
I20260710 11:09:34.088835  2920 tablet_service.cc:1511] Processing CreateTablet for tablet f1f5db5337794ce09ece29ad77c2bbb0 (DEFAULT_TABLE table=test-workload [id=52f7c86ee5354fbdae6c37baccc21bc6]), partition=RANGE (key) PARTITION 1073741820 <= VALUES < 1288490184
I20260710 11:09:34.108388  2920 data_dirs.cc:400] Could only allocate 1 dirs of requested 3 for tablet f1f5db5337794ce09ece29ad77c2bbb0. 1 dirs total, 0 dirs full, 0 dirs failed
I20260710 11:09:34.082266  2844 tablet_service.cc:1511] Processing CreateTablet for tablet 6d02e1c3437a49718e9ec475059383b1 (DEFAULT_TABLE table=test-workload [id=52f7c86ee5354fbdae6c37baccc21bc6]), partition=RANGE (key) PARTITION 1503238548 <= VALUES < 1717986912
I20260710 11:09:34.067788  2851 data_dirs.cc:400] Could only allocate 1 dirs of requested 3 for tablet b038d5e766544397a6c1f08396cb93d6. 1 dirs total, 0 dirs full, 0 dirs failed
I20260710 11:09:34.113668  2769 tablet_service.cc:1511] Processing CreateTablet for tablet 6d02e1c3437a49718e9ec475059383b1 (DEFAULT_TABLE table=test-workload [id=52f7c86ee5354fbdae6c37baccc21bc6]), partition=RANGE (key) PARTITION 1503238548 <= VALUES < 1717986912
I20260710 11:09:34.115046  2769 data_dirs.cc:400] Could only allocate 1 dirs of requested 3 for tablet 6d02e1c3437a49718e9ec475059383b1. 1 dirs total, 0 dirs full, 0 dirs failed
I20260710 11:09:34.114274  2846 data_dirs.cc:400] Could only allocate 1 dirs of requested 3 for tablet f1f5db5337794ce09ece29ad77c2bbb0. 1 dirs total, 0 dirs full, 0 dirs failed
I20260710 11:09:34.118178  2844 data_dirs.cc:400] Could only allocate 1 dirs of requested 3 for tablet 6d02e1c3437a49718e9ec475059383b1. 1 dirs total, 0 dirs full, 0 dirs failed
I20260710 11:09:34.118842  2847 data_dirs.cc:400] Could only allocate 1 dirs of requested 3 for tablet 789a8cb148e74a15a1a0e89a02af5b91. 1 dirs total, 0 dirs full, 0 dirs failed
I20260710 11:09:34.117453  2768 tablet_service.cc:1511] Processing CreateTablet for tablet 739523559baf407793d1c901692d1e49 (DEFAULT_TABLE table=test-workload [id=52f7c86ee5354fbdae6c37baccc21bc6]), partition=RANGE (key) PARTITION 1717986912 <= VALUES < 1932735276
I20260710 11:09:34.119948  2848 data_dirs.cc:400] Could only allocate 1 dirs of requested 3 for tablet d429b23964394273bca33a0daa29a5e5. 1 dirs total, 0 dirs full, 0 dirs failed
I20260710 11:09:34.120385  2768 data_dirs.cc:400] Could only allocate 1 dirs of requested 3 for tablet 739523559baf407793d1c901692d1e49. 1 dirs total, 0 dirs full, 0 dirs failed
I20260710 11:09:34.121060  2849 data_dirs.cc:400] Could only allocate 1 dirs of requested 3 for tablet 72851bda987c4370bd4b16b51a985b4c. 1 dirs total, 0 dirs full, 0 dirs failed
I20260710 11:09:34.122198  2845 data_dirs.cc:400] Could only allocate 1 dirs of requested 3 for tablet ac5ee9bd4948472caa874c9f7a53bc4e. 1 dirs total, 0 dirs full, 0 dirs failed
I20260710 11:09:34.124836  2843 data_dirs.cc:400] Could only allocate 1 dirs of requested 3 for tablet 739523559baf407793d1c901692d1e49. 1 dirs total, 0 dirs full, 0 dirs failed
I20260710 11:09:34.126085  2850 data_dirs.cc:400] Could only allocate 1 dirs of requested 3 for tablet c43b686f773e449ab7cdc8417a9d874f. 1 dirs total, 0 dirs full, 0 dirs failed
I20260710 11:09:34.160365  2917 tablet_service.cc:1511] Processing CreateTablet for tablet 739523559baf407793d1c901692d1e49 (DEFAULT_TABLE table=test-workload [id=52f7c86ee5354fbdae6c37baccc21bc6]), partition=RANGE (key) PARTITION 1717986912 <= VALUES < 1932735276
I20260710 11:09:34.161741  2917 data_dirs.cc:400] Could only allocate 1 dirs of requested 3 for tablet 739523559baf407793d1c901692d1e49. 1 dirs total, 0 dirs full, 0 dirs failed
I20260710 11:09:34.162874  2767 tablet_service.cc:1511] Processing CreateTablet for tablet f9f7e3b4b8954812a8fdc0f44e6ac01d (DEFAULT_TABLE table=test-workload [id=52f7c86ee5354fbdae6c37baccc21bc6]), partition=RANGE (key) PARTITION 1932735276 <= VALUES
I20260710 11:09:34.164187  2767 data_dirs.cc:400] Could only allocate 1 dirs of requested 3 for tablet f9f7e3b4b8954812a8fdc0f44e6ac01d. 1 dirs total, 0 dirs full, 0 dirs failed
I20260710 11:09:34.201184  2842 tablet_service.cc:1511] Processing CreateTablet for tablet f9f7e3b4b8954812a8fdc0f44e6ac01d (DEFAULT_TABLE table=test-workload [id=52f7c86ee5354fbdae6c37baccc21bc6]), partition=RANGE (key) PARTITION 1932735276 <= VALUES
I20260710 11:09:34.203927  2916 tablet_service.cc:1511] Processing CreateTablet for tablet f9f7e3b4b8954812a8fdc0f44e6ac01d (DEFAULT_TABLE table=test-workload [id=52f7c86ee5354fbdae6c37baccc21bc6]), partition=RANGE (key) PARTITION 1932735276 <= VALUES
I20260710 11:09:34.205229  2916 data_dirs.cc:400] Could only allocate 1 dirs of requested 3 for tablet f9f7e3b4b8954812a8fdc0f44e6ac01d. 1 dirs total, 0 dirs full, 0 dirs failed
I20260710 11:09:34.225108  2842 data_dirs.cc:400] Could only allocate 1 dirs of requested 3 for tablet f9f7e3b4b8954812a8fdc0f44e6ac01d. 1 dirs total, 0 dirs full, 0 dirs failed
I20260710 11:09:34.225678  2975 tablet_bootstrap.cc:492] T c43b686f773e449ab7cdc8417a9d874f P bc7ffb4896ff485eacfc9fe847825ecc: Bootstrap starting.
I20260710 11:09:34.258360  2975 tablet_bootstrap.cc:654] T c43b686f773e449ab7cdc8417a9d874f P bc7ffb4896ff485eacfc9fe847825ecc: Neither blocks nor log segments found. Creating new log.
I20260710 11:09:34.308331  2978 tablet_bootstrap.cc:492] T d429b23964394273bca33a0daa29a5e5 P 1a14cd1689ad493aaa793f5d80242822: Bootstrap starting.
I20260710 11:09:34.309748  2975 tablet_bootstrap.cc:492] T c43b686f773e449ab7cdc8417a9d874f P bc7ffb4896ff485eacfc9fe847825ecc: No bootstrap required, opened a new log
I20260710 11:09:34.310079  2975 ts_tablet_manager.cc:1403] T c43b686f773e449ab7cdc8417a9d874f P bc7ffb4896ff485eacfc9fe847825ecc: Time spent bootstrapping tablet: real 0.085s	user 0.005s	sys 0.009s
I20260710 11:09:34.310091  2976 tablet_bootstrap.cc:492] T 6d02e1c3437a49718e9ec475059383b1 P 510621ea0251454bb263b05b897b5a30: Bootstrap starting.
I20260710 11:09:34.312095  2975 raft_consensus.cc:359] T c43b686f773e449ab7cdc8417a9d874f P bc7ffb4896ff485eacfc9fe847825ecc [term 0 FOLLOWER]: Replica starting. Triggering 0 pending ops. Active config: opid_index: -1 OBSOLETE_local: false peers { permanent_uuid: "bc7ffb4896ff485eacfc9fe847825ecc" member_type: VOTER last_known_addr { host: "127.2.25.129" port: 36271 } } peers { permanent_uuid: "1a14cd1689ad493aaa793f5d80242822" member_type: VOTER last_known_addr { host: "127.2.25.130" port: 45121 } } peers { permanent_uuid: "510621ea0251454bb263b05b897b5a30" member_type: VOTER last_known_addr { host: "127.2.25.131" port: 43853 } }
I20260710 11:09:34.312603  2975 raft_consensus.cc:385] T c43b686f773e449ab7cdc8417a9d874f P bc7ffb4896ff485eacfc9fe847825ecc [term 0 FOLLOWER]: Consensus starting up: Expiring failure detector timer to make a prompt election more likely
I20260710 11:09:34.312842  2975 raft_consensus.cc:740] T c43b686f773e449ab7cdc8417a9d874f P bc7ffb4896ff485eacfc9fe847825ecc [term 0 FOLLOWER]: Becoming Follower/Learner. State: Replica: bc7ffb4896ff485eacfc9fe847825ecc, State: Initialized, Role: FOLLOWER
I20260710 11:09:34.313476  2975 consensus_queue.cc:260] T c43b686f773e449ab7cdc8417a9d874f P bc7ffb4896ff485eacfc9fe847825ecc [NON_LEADER]: Queue going to NON_LEADER mode. State: All replicated index: 0, Majority replicated index: 0, Committed index: 0, Last appended: 0.0, Last appended by leader: 0, Current term: 0, Majority size: -1, State: 0, Mode: NON_LEADER, active raft config: opid_index: -1 OBSOLETE_local: false peers { permanent_uuid: "bc7ffb4896ff485eacfc9fe847825ecc" member_type: VOTER last_known_addr { host: "127.2.25.129" port: 36271 } } peers { permanent_uuid: "1a14cd1689ad493aaa793f5d80242822" member_type: VOTER last_known_addr { host: "127.2.25.130" port: 45121 } } peers { permanent_uuid: "510621ea0251454bb263b05b897b5a30" member_type: VOTER last_known_addr { host: "127.2.25.131" port: 43853 } }
I20260710 11:09:34.314695  2978 tablet_bootstrap.cc:654] T d429b23964394273bca33a0daa29a5e5 P 1a14cd1689ad493aaa793f5d80242822: Neither blocks nor log segments found. Creating new log.
I20260710 11:09:34.315377  2811 heartbeater.cc:499] Master 127.2.25.190:36139 was elected leader, sending a full tablet report...
I20260710 11:09:34.315817  2975 ts_tablet_manager.cc:1434] T c43b686f773e449ab7cdc8417a9d874f P bc7ffb4896ff485eacfc9fe847825ecc: Time spent starting tablet: real 0.005s	user 0.006s	sys 0.002s
I20260710 11:09:34.316660  2975 tablet_bootstrap.cc:492] T b038d5e766544397a6c1f08396cb93d6 P bc7ffb4896ff485eacfc9fe847825ecc: Bootstrap starting.
I20260710 11:09:34.316823  2976 tablet_bootstrap.cc:654] T 6d02e1c3437a49718e9ec475059383b1 P 510621ea0251454bb263b05b897b5a30: Neither blocks nor log segments found. Creating new log.
I20260710 11:09:34.322511  2975 tablet_bootstrap.cc:654] T b038d5e766544397a6c1f08396cb93d6 P bc7ffb4896ff485eacfc9fe847825ecc: Neither blocks nor log segments found. Creating new log.
I20260710 11:09:34.327606  2978 tablet_bootstrap.cc:492] T d429b23964394273bca33a0daa29a5e5 P 1a14cd1689ad493aaa793f5d80242822: No bootstrap required, opened a new log
I20260710 11:09:34.328090  2978 ts_tablet_manager.cc:1403] T d429b23964394273bca33a0daa29a5e5 P 1a14cd1689ad493aaa793f5d80242822: Time spent bootstrapping tablet: real 0.020s	user 0.009s	sys 0.010s
I20260710 11:09:34.328858  2976 tablet_bootstrap.cc:492] T 6d02e1c3437a49718e9ec475059383b1 P 510621ea0251454bb263b05b897b5a30: No bootstrap required, opened a new log
I20260710 11:09:34.329398  2976 ts_tablet_manager.cc:1403] T 6d02e1c3437a49718e9ec475059383b1 P 510621ea0251454bb263b05b897b5a30: Time spent bootstrapping tablet: real 0.020s	user 0.014s	sys 0.005s
I20260710 11:09:34.331171  2975 tablet_bootstrap.cc:492] T b038d5e766544397a6c1f08396cb93d6 P bc7ffb4896ff485eacfc9fe847825ecc: No bootstrap required, opened a new log
I20260710 11:09:34.330935  2978 raft_consensus.cc:359] T d429b23964394273bca33a0daa29a5e5 P 1a14cd1689ad493aaa793f5d80242822 [term 0 FOLLOWER]: Replica starting. Triggering 0 pending ops. Active config: opid_index: -1 OBSOLETE_local: false peers { permanent_uuid: "bc7ffb4896ff485eacfc9fe847825ecc" member_type: VOTER last_known_addr { host: "127.2.25.129" port: 36271 } } peers { permanent_uuid: "1a14cd1689ad493aaa793f5d80242822" member_type: VOTER last_known_addr { host: "127.2.25.130" port: 45121 } } peers { permanent_uuid: "510621ea0251454bb263b05b897b5a30" member_type: VOTER last_known_addr { host: "127.2.25.131" port: 43853 } }
I20260710 11:09:34.331645  2975 ts_tablet_manager.cc:1403] T b038d5e766544397a6c1f08396cb93d6 P bc7ffb4896ff485eacfc9fe847825ecc: Time spent bootstrapping tablet: real 0.015s	user 0.008s	sys 0.003s
I20260710 11:09:34.332156  2976 raft_consensus.cc:359] T 6d02e1c3437a49718e9ec475059383b1 P 510621ea0251454bb263b05b897b5a30 [term 0 FOLLOWER]: Replica starting. Triggering 0 pending ops. Active config: opid_index: -1 OBSOLETE_local: false peers { permanent_uuid: "bc7ffb4896ff485eacfc9fe847825ecc" member_type: VOTER last_known_addr { host: "127.2.25.129" port: 36271 } } peers { permanent_uuid: "1a14cd1689ad493aaa793f5d80242822" member_type: VOTER last_known_addr { host: "127.2.25.130" port: 45121 } } peers { permanent_uuid: "510621ea0251454bb263b05b897b5a30" member_type: VOTER last_known_addr { host: "127.2.25.131" port: 43853 } }
I20260710 11:09:34.332666  2976 raft_consensus.cc:385] T 6d02e1c3437a49718e9ec475059383b1 P 510621ea0251454bb263b05b897b5a30 [term 0 FOLLOWER]: Consensus starting up: Expiring failure detector timer to make a prompt election more likely
I20260710 11:09:34.332886  2976 raft_consensus.cc:740] T 6d02e1c3437a49718e9ec475059383b1 P 510621ea0251454bb263b05b897b5a30 [term 0 FOLLOWER]: Becoming Follower/Learner. State: Replica: 510621ea0251454bb263b05b897b5a30, State: Initialized, Role: FOLLOWER
I20260710 11:09:34.333505  2976 consensus_queue.cc:260] T 6d02e1c3437a49718e9ec475059383b1 P 510621ea0251454bb263b05b897b5a30 [NON_LEADER]: Queue going to NON_LEADER mode. State: All replicated index: 0, Majority replicated index: 0, Committed index: 0, Last appended: 0.0, Last appended by leader: 0, Current term: 0, Majority size: -1, State: 0, Mode: NON_LEADER, active raft config: opid_index: -1 OBSOLETE_local: false peers { permanent_uuid: "bc7ffb4896ff485eacfc9fe847825ecc" member_type: VOTER last_known_addr { host: "127.2.25.129" port: 36271 } } peers { permanent_uuid: "1a14cd1689ad493aaa793f5d80242822" member_type: VOTER last_known_addr { host: "127.2.25.130" port: 45121 } } peers { permanent_uuid: "510621ea0251454bb263b05b897b5a30" member_type: VOTER last_known_addr { host: "127.2.25.131" port: 43853 } }
I20260710 11:09:34.334765  2975 raft_consensus.cc:359] T b038d5e766544397a6c1f08396cb93d6 P bc7ffb4896ff485eacfc9fe847825ecc [term 0 FOLLOWER]: Replica starting. Triggering 0 pending ops. Active config: opid_index: -1 OBSOLETE_local: false peers { permanent_uuid: "510621ea0251454bb263b05b897b5a30" member_type: VOTER last_known_addr { host: "127.2.25.131" port: 43853 } } peers { permanent_uuid: "bc7ffb4896ff485eacfc9fe847825ecc" member_type: VOTER last_known_addr { host: "127.2.25.129" port: 36271 } } peers { permanent_uuid: "1a14cd1689ad493aaa793f5d80242822" member_type: VOTER last_known_addr { host: "127.2.25.130" port: 45121 } }
I20260710 11:09:34.335449  2975 raft_consensus.cc:385] T b038d5e766544397a6c1f08396cb93d6 P bc7ffb4896ff485eacfc9fe847825ecc [term 0 FOLLOWER]: Consensus starting up: Expiring failure detector timer to make a prompt election more likely
I20260710 11:09:34.331673  2978 raft_consensus.cc:385] T d429b23964394273bca33a0daa29a5e5 P 1a14cd1689ad493aaa793f5d80242822 [term 0 FOLLOWER]: Consensus starting up: Expiring failure detector timer to make a prompt election more likely
I20260710 11:09:34.335877  2976 ts_tablet_manager.cc:1434] T 6d02e1c3437a49718e9ec475059383b1 P 510621ea0251454bb263b05b897b5a30: Time spent starting tablet: real 0.006s	user 0.007s	sys 0.000s
I20260710 11:09:34.336146  2960 heartbeater.cc:499] Master 127.2.25.190:36139 was elected leader, sending a full tablet report...
I20260710 11:09:34.336180  2975 raft_consensus.cc:740] T b038d5e766544397a6c1f08396cb93d6 P bc7ffb4896ff485eacfc9fe847825ecc [term 0 FOLLOWER]: Becoming Follower/Learner. State: Replica: bc7ffb4896ff485eacfc9fe847825ecc, State: Initialized, Role: FOLLOWER
I20260710 11:09:34.336891  2976 tablet_bootstrap.cc:492] T ac5ee9bd4948472caa874c9f7a53bc4e P 510621ea0251454bb263b05b897b5a30: Bootstrap starting.
I20260710 11:09:34.335824  2978 raft_consensus.cc:740] T d429b23964394273bca33a0daa29a5e5 P 1a14cd1689ad493aaa793f5d80242822 [term 0 FOLLOWER]: Becoming Follower/Learner. State: Replica: 1a14cd1689ad493aaa793f5d80242822, State: Initialized, Role: FOLLOWER
I20260710 11:09:34.336994  2975 consensus_queue.cc:260] T b038d5e766544397a6c1f08396cb93d6 P bc7ffb4896ff485eacfc9fe847825ecc [NON_LEADER]: Queue going to NON_LEADER mode. State: All replicated index: 0, Majority replicated index: 0, Committed index: 0, Last appended: 0.0, Last appended by leader: 0, Current term: 0, Majority size: -1, State: 0, Mode: NON_LEADER, active raft config: opid_index: -1 OBSOLETE_local: false peers { permanent_uuid: "510621ea0251454bb263b05b897b5a30" member_type: VOTER last_known_addr { host: "127.2.25.131" port: 43853 } } peers { permanent_uuid: "bc7ffb4896ff485eacfc9fe847825ecc" member_type: VOTER last_known_addr { host: "127.2.25.129" port: 36271 } } peers { permanent_uuid: "1a14cd1689ad493aaa793f5d80242822" member_type: VOTER last_known_addr { host: "127.2.25.130" port: 45121 } }
I20260710 11:09:34.339089  2975 ts_tablet_manager.cc:1434] T b038d5e766544397a6c1f08396cb93d6 P bc7ffb4896ff485eacfc9fe847825ecc: Time spent starting tablet: real 0.007s	user 0.004s	sys 0.000s
I20260710 11:09:34.340075  2975 tablet_bootstrap.cc:492] T 72851bda987c4370bd4b16b51a985b4c P bc7ffb4896ff485eacfc9fe847825ecc: Bootstrap starting.
I20260710 11:09:34.342645  2976 tablet_bootstrap.cc:654] T ac5ee9bd4948472caa874c9f7a53bc4e P 510621ea0251454bb263b05b897b5a30: Neither blocks nor log segments found. Creating new log.
I20260710 11:09:34.344201  2978 consensus_queue.cc:260] T d429b23964394273bca33a0daa29a5e5 P 1a14cd1689ad493aaa793f5d80242822 [NON_LEADER]: Queue going to NON_LEADER mode. State: All replicated index: 0, Majority replicated index: 0, Committed index: 0, Last appended: 0.0, Last appended by leader: 0, Current term: 0, Majority size: -1, State: 0, Mode: NON_LEADER, active raft config: opid_index: -1 OBSOLETE_local: false peers { permanent_uuid: "bc7ffb4896ff485eacfc9fe847825ecc" member_type: VOTER last_known_addr { host: "127.2.25.129" port: 36271 } } peers { permanent_uuid: "1a14cd1689ad493aaa793f5d80242822" member_type: VOTER last_known_addr { host: "127.2.25.130" port: 45121 } } peers { permanent_uuid: "510621ea0251454bb263b05b897b5a30" member_type: VOTER last_known_addr { host: "127.2.25.131" port: 43853 } }
I20260710 11:09:34.352770  2975 tablet_bootstrap.cc:654] T 72851bda987c4370bd4b16b51a985b4c P bc7ffb4896ff485eacfc9fe847825ecc: Neither blocks nor log segments found. Creating new log.
I20260710 11:09:34.353394  2886 heartbeater.cc:499] Master 127.2.25.190:36139 was elected leader, sending a full tablet report...
I20260710 11:09:34.355204  2976 tablet_bootstrap.cc:492] T ac5ee9bd4948472caa874c9f7a53bc4e P 510621ea0251454bb263b05b897b5a30: No bootstrap required, opened a new log
I20260710 11:09:34.356173  2976 ts_tablet_manager.cc:1403] T ac5ee9bd4948472caa874c9f7a53bc4e P 510621ea0251454bb263b05b897b5a30: Time spent bootstrapping tablet: real 0.019s	user 0.007s	sys 0.004s
I20260710 11:09:34.358840  2976 raft_consensus.cc:359] T ac5ee9bd4948472caa874c9f7a53bc4e P 510621ea0251454bb263b05b897b5a30 [term 0 FOLLOWER]: Replica starting. Triggering 0 pending ops. Active config: opid_index: -1 OBSOLETE_local: false peers { permanent_uuid: "bc7ffb4896ff485eacfc9fe847825ecc" member_type: VOTER last_known_addr { host: "127.2.25.129" port: 36271 } } peers { permanent_uuid: "1a14cd1689ad493aaa793f5d80242822" member_type: VOTER last_known_addr { host: "127.2.25.130" port: 45121 } } peers { permanent_uuid: "510621ea0251454bb263b05b897b5a30" member_type: VOTER last_known_addr { host: "127.2.25.131" port: 43853 } }
I20260710 11:09:34.359491  2976 raft_consensus.cc:385] T ac5ee9bd4948472caa874c9f7a53bc4e P 510621ea0251454bb263b05b897b5a30 [term 0 FOLLOWER]: Consensus starting up: Expiring failure detector timer to make a prompt election more likely
I20260710 11:09:34.359800  2976 raft_consensus.cc:740] T ac5ee9bd4948472caa874c9f7a53bc4e P 510621ea0251454bb263b05b897b5a30 [term 0 FOLLOWER]: Becoming Follower/Learner. State: Replica: 510621ea0251454bb263b05b897b5a30, State: Initialized, Role: FOLLOWER
I20260710 11:09:34.360402  2976 consensus_queue.cc:260] T ac5ee9bd4948472caa874c9f7a53bc4e P 510621ea0251454bb263b05b897b5a30 [NON_LEADER]: Queue going to NON_LEADER mode. State: All replicated index: 0, Majority replicated index: 0, Committed index: 0, Last appended: 0.0, Last appended by leader: 0, Current term: 0, Majority size: -1, State: 0, Mode: NON_LEADER, active raft config: opid_index: -1 OBSOLETE_local: false peers { permanent_uuid: "bc7ffb4896ff485eacfc9fe847825ecc" member_type: VOTER last_known_addr { host: "127.2.25.129" port: 36271 } } peers { permanent_uuid: "1a14cd1689ad493aaa793f5d80242822" member_type: VOTER last_known_addr { host: "127.2.25.130" port: 45121 } } peers { permanent_uuid: "510621ea0251454bb263b05b897b5a30" member_type: VOTER last_known_addr { host: "127.2.25.131" port: 43853 } }
I20260710 11:09:34.362156  2976 ts_tablet_manager.cc:1434] T ac5ee9bd4948472caa874c9f7a53bc4e P 510621ea0251454bb263b05b897b5a30: Time spent starting tablet: real 0.006s	user 0.004s	sys 0.000s
I20260710 11:09:34.363045  2976 tablet_bootstrap.cc:492] T f1f5db5337794ce09ece29ad77c2bbb0 P 510621ea0251454bb263b05b897b5a30: Bootstrap starting.
I20260710 11:09:34.352936  2978 ts_tablet_manager.cc:1434] T d429b23964394273bca33a0daa29a5e5 P 1a14cd1689ad493aaa793f5d80242822: Time spent starting tablet: real 0.025s	user 0.013s	sys 0.000s
I20260710 11:09:34.364590  2978 tablet_bootstrap.cc:492] T ac5ee9bd4948472caa874c9f7a53bc4e P 1a14cd1689ad493aaa793f5d80242822: Bootstrap starting.
I20260710 11:09:34.367553  2975 tablet_bootstrap.cc:492] T 72851bda987c4370bd4b16b51a985b4c P bc7ffb4896ff485eacfc9fe847825ecc: No bootstrap required, opened a new log
I20260710 11:09:34.368050  2975 ts_tablet_manager.cc:1403] T 72851bda987c4370bd4b16b51a985b4c P bc7ffb4896ff485eacfc9fe847825ecc: Time spent bootstrapping tablet: real 0.028s	user 0.007s	sys 0.010s
I20260710 11:09:34.370265  2978 tablet_bootstrap.cc:654] T ac5ee9bd4948472caa874c9f7a53bc4e P 1a14cd1689ad493aaa793f5d80242822: Neither blocks nor log segments found. Creating new log.
I20260710 11:09:34.370776  2975 raft_consensus.cc:359] T 72851bda987c4370bd4b16b51a985b4c P bc7ffb4896ff485eacfc9fe847825ecc [term 0 FOLLOWER]: Replica starting. Triggering 0 pending ops. Active config: opid_index: -1 OBSOLETE_local: false peers { permanent_uuid: "bc7ffb4896ff485eacfc9fe847825ecc" member_type: VOTER last_known_addr { host: "127.2.25.129" port: 36271 } } peers { permanent_uuid: "1a14cd1689ad493aaa793f5d80242822" member_type: VOTER last_known_addr { host: "127.2.25.130" port: 45121 } } peers { permanent_uuid: "510621ea0251454bb263b05b897b5a30" member_type: VOTER last_known_addr { host: "127.2.25.131" port: 43853 } }
I20260710 11:09:34.371304  2975 raft_consensus.cc:385] T 72851bda987c4370bd4b16b51a985b4c P bc7ffb4896ff485eacfc9fe847825ecc [term 0 FOLLOWER]: Consensus starting up: Expiring failure detector timer to make a prompt election more likely
I20260710 11:09:34.371554  2975 raft_consensus.cc:740] T 72851bda987c4370bd4b16b51a985b4c P bc7ffb4896ff485eacfc9fe847825ecc [term 0 FOLLOWER]: Becoming Follower/Learner. State: Replica: bc7ffb4896ff485eacfc9fe847825ecc, State: Initialized, Role: FOLLOWER
I20260710 11:09:34.372321  2975 consensus_queue.cc:260] T 72851bda987c4370bd4b16b51a985b4c P bc7ffb4896ff485eacfc9fe847825ecc [NON_LEADER]: Queue going to NON_LEADER mode. State: All replicated index: 0, Majority replicated index: 0, Committed index: 0, Last appended: 0.0, Last appended by leader: 0, Current term: 0, Majority size: -1, State: 0, Mode: NON_LEADER, active raft config: opid_index: -1 OBSOLETE_local: false peers { permanent_uuid: "bc7ffb4896ff485eacfc9fe847825ecc" member_type: VOTER last_known_addr { host: "127.2.25.129" port: 36271 } } peers { permanent_uuid: "1a14cd1689ad493aaa793f5d80242822" member_type: VOTER last_known_addr { host: "127.2.25.130" port: 45121 } } peers { permanent_uuid: "510621ea0251454bb263b05b897b5a30" member_type: VOTER last_known_addr { host: "127.2.25.131" port: 43853 } }
I20260710 11:09:34.374620  2975 ts_tablet_manager.cc:1434] T 72851bda987c4370bd4b16b51a985b4c P bc7ffb4896ff485eacfc9fe847825ecc: Time spent starting tablet: real 0.006s	user 0.006s	sys 0.000s
I20260710 11:09:34.375417  2975 tablet_bootstrap.cc:492] T 6d02e1c3437a49718e9ec475059383b1 P bc7ffb4896ff485eacfc9fe847825ecc: Bootstrap starting.
I20260710 11:09:34.378522  2976 tablet_bootstrap.cc:654] T f1f5db5337794ce09ece29ad77c2bbb0 P 510621ea0251454bb263b05b897b5a30: Neither blocks nor log segments found. Creating new log.
I20260710 11:09:34.381479  2975 tablet_bootstrap.cc:654] T 6d02e1c3437a49718e9ec475059383b1 P bc7ffb4896ff485eacfc9fe847825ecc: Neither blocks nor log segments found. Creating new log.
I20260710 11:09:34.393405  2975 tablet_bootstrap.cc:492] T 6d02e1c3437a49718e9ec475059383b1 P bc7ffb4896ff485eacfc9fe847825ecc: No bootstrap required, opened a new log
I20260710 11:09:34.393959  2975 ts_tablet_manager.cc:1403] T 6d02e1c3437a49718e9ec475059383b1 P bc7ffb4896ff485eacfc9fe847825ecc: Time spent bootstrapping tablet: real 0.019s	user 0.008s	sys 0.008s
I20260710 11:09:34.396993  2975 raft_consensus.cc:359] T 6d02e1c3437a49718e9ec475059383b1 P bc7ffb4896ff485eacfc9fe847825ecc [term 0 FOLLOWER]: Replica starting. Triggering 0 pending ops. Active config: opid_index: -1 OBSOLETE_local: false peers { permanent_uuid: "bc7ffb4896ff485eacfc9fe847825ecc" member_type: VOTER last_known_addr { host: "127.2.25.129" port: 36271 } } peers { permanent_uuid: "1a14cd1689ad493aaa793f5d80242822" member_type: VOTER last_known_addr { host: "127.2.25.130" port: 45121 } } peers { permanent_uuid: "510621ea0251454bb263b05b897b5a30" member_type: VOTER last_known_addr { host: "127.2.25.131" port: 43853 } }
I20260710 11:09:34.397742  2975 raft_consensus.cc:385] T 6d02e1c3437a49718e9ec475059383b1 P bc7ffb4896ff485eacfc9fe847825ecc [term 0 FOLLOWER]: Consensus starting up: Expiring failure detector timer to make a prompt election more likely
I20260710 11:09:34.398044  2975 raft_consensus.cc:740] T 6d02e1c3437a49718e9ec475059383b1 P bc7ffb4896ff485eacfc9fe847825ecc [term 0 FOLLOWER]: Becoming Follower/Learner. State: Replica: bc7ffb4896ff485eacfc9fe847825ecc, State: Initialized, Role: FOLLOWER
I20260710 11:09:34.399015  2975 consensus_queue.cc:260] T 6d02e1c3437a49718e9ec475059383b1 P bc7ffb4896ff485eacfc9fe847825ecc [NON_LEADER]: Queue going to NON_LEADER mode. State: All replicated index: 0, Majority replicated index: 0, Committed index: 0, Last appended: 0.0, Last appended by leader: 0, Current term: 0, Majority size: -1, State: 0, Mode: NON_LEADER, active raft config: opid_index: -1 OBSOLETE_local: false peers { permanent_uuid: "bc7ffb4896ff485eacfc9fe847825ecc" member_type: VOTER last_known_addr { host: "127.2.25.129" port: 36271 } } peers { permanent_uuid: "1a14cd1689ad493aaa793f5d80242822" member_type: VOTER last_known_addr { host: "127.2.25.130" port: 45121 } } peers { permanent_uuid: "510621ea0251454bb263b05b897b5a30" member_type: VOTER last_known_addr { host: "127.2.25.131" port: 43853 } }
I20260710 11:09:34.403048  2975 ts_tablet_manager.cc:1434] T 6d02e1c3437a49718e9ec475059383b1 P bc7ffb4896ff485eacfc9fe847825ecc: Time spent starting tablet: real 0.009s	user 0.004s	sys 0.004s
I20260710 11:09:34.403592  2978 tablet_bootstrap.cc:492] T ac5ee9bd4948472caa874c9f7a53bc4e P 1a14cd1689ad493aaa793f5d80242822: No bootstrap required, opened a new log
I20260710 11:09:34.404045  2975 tablet_bootstrap.cc:492] T d429b23964394273bca33a0daa29a5e5 P bc7ffb4896ff485eacfc9fe847825ecc: Bootstrap starting.
I20260710 11:09:34.404146  2978 ts_tablet_manager.cc:1403] T ac5ee9bd4948472caa874c9f7a53bc4e P 1a14cd1689ad493aaa793f5d80242822: Time spent bootstrapping tablet: real 0.040s	user 0.011s	sys 0.020s
I20260710 11:09:34.407249  2978 raft_consensus.cc:359] T ac5ee9bd4948472caa874c9f7a53bc4e P 1a14cd1689ad493aaa793f5d80242822 [term 0 FOLLOWER]: Replica starting. Triggering 0 pending ops. Active config: opid_index: -1 OBSOLETE_local: false peers { permanent_uuid: "bc7ffb4896ff485eacfc9fe847825ecc" member_type: VOTER last_known_addr { host: "127.2.25.129" port: 36271 } } peers { permanent_uuid: "1a14cd1689ad493aaa793f5d80242822" member_type: VOTER last_known_addr { host: "127.2.25.130" port: 45121 } } peers { permanent_uuid: "510621ea0251454bb263b05b897b5a30" member_type: VOTER last_known_addr { host: "127.2.25.131" port: 43853 } }
I20260710 11:09:34.408090  2978 raft_consensus.cc:385] T ac5ee9bd4948472caa874c9f7a53bc4e P 1a14cd1689ad493aaa793f5d80242822 [term 0 FOLLOWER]: Consensus starting up: Expiring failure detector timer to make a prompt election more likely
I20260710 11:09:34.408398  2978 raft_consensus.cc:740] T ac5ee9bd4948472caa874c9f7a53bc4e P 1a14cd1689ad493aaa793f5d80242822 [term 0 FOLLOWER]: Becoming Follower/Learner. State: Replica: 1a14cd1689ad493aaa793f5d80242822, State: Initialized, Role: FOLLOWER
I20260710 11:09:34.409097  2978 consensus_queue.cc:260] T ac5ee9bd4948472caa874c9f7a53bc4e P 1a14cd1689ad493aaa793f5d80242822 [NON_LEADER]: Queue going to NON_LEADER mode. State: All replicated index: 0, Majority replicated index: 0, Committed index: 0, Last appended: 0.0, Last appended by leader: 0, Current term: 0, Majority size: -1, State: 0, Mode: NON_LEADER, active raft config: opid_index: -1 OBSOLETE_local: false peers { permanent_uuid: "bc7ffb4896ff485eacfc9fe847825ecc" member_type: VOTER last_known_addr { host: "127.2.25.129" port: 36271 } } peers { permanent_uuid: "1a14cd1689ad493aaa793f5d80242822" member_type: VOTER last_known_addr { host: "127.2.25.130" port: 45121 } } peers { permanent_uuid: "510621ea0251454bb263b05b897b5a30" member_type: VOTER last_known_addr { host: "127.2.25.131" port: 43853 } }
I20260710 11:09:34.410565  2975 tablet_bootstrap.cc:654] T d429b23964394273bca33a0daa29a5e5 P bc7ffb4896ff485eacfc9fe847825ecc: Neither blocks nor log segments found. Creating new log.
I20260710 11:09:34.411193  2978 ts_tablet_manager.cc:1434] T ac5ee9bd4948472caa874c9f7a53bc4e P 1a14cd1689ad493aaa793f5d80242822: Time spent starting tablet: real 0.007s	user 0.004s	sys 0.000s
I20260710 11:09:34.413156  2978 tablet_bootstrap.cc:492] T 789a8cb148e74a15a1a0e89a02af5b91 P 1a14cd1689ad493aaa793f5d80242822: Bootstrap starting.
I20260710 11:09:34.419169  2978 tablet_bootstrap.cc:654] T 789a8cb148e74a15a1a0e89a02af5b91 P 1a14cd1689ad493aaa793f5d80242822: Neither blocks nor log segments found. Creating new log.
I20260710 11:09:34.419924  2976 tablet_bootstrap.cc:492] T f1f5db5337794ce09ece29ad77c2bbb0 P 510621ea0251454bb263b05b897b5a30: No bootstrap required, opened a new log
I20260710 11:09:34.420414  2976 ts_tablet_manager.cc:1403] T f1f5db5337794ce09ece29ad77c2bbb0 P 510621ea0251454bb263b05b897b5a30: Time spent bootstrapping tablet: real 0.058s	user 0.014s	sys 0.028s
I20260710 11:09:34.421852  2975 tablet_bootstrap.cc:492] T d429b23964394273bca33a0daa29a5e5 P bc7ffb4896ff485eacfc9fe847825ecc: No bootstrap required, opened a new log
I20260710 11:09:34.422304  2975 ts_tablet_manager.cc:1403] T d429b23964394273bca33a0daa29a5e5 P bc7ffb4896ff485eacfc9fe847825ecc: Time spent bootstrapping tablet: real 0.018s	user 0.015s	sys 0.001s
I20260710 11:09:34.423295  2976 raft_consensus.cc:359] T f1f5db5337794ce09ece29ad77c2bbb0 P 510621ea0251454bb263b05b897b5a30 [term 0 FOLLOWER]: Replica starting. Triggering 0 pending ops. Active config: opid_index: -1 OBSOLETE_local: false peers { permanent_uuid: "bc7ffb4896ff485eacfc9fe847825ecc" member_type: VOTER last_known_addr { host: "127.2.25.129" port: 36271 } } peers { permanent_uuid: "1a14cd1689ad493aaa793f5d80242822" member_type: VOTER last_known_addr { host: "127.2.25.130" port: 45121 } } peers { permanent_uuid: "510621ea0251454bb263b05b897b5a30" member_type: VOTER last_known_addr { host: "127.2.25.131" port: 43853 } }
I20260710 11:09:34.424011  2976 raft_consensus.cc:385] T f1f5db5337794ce09ece29ad77c2bbb0 P 510621ea0251454bb263b05b897b5a30 [term 0 FOLLOWER]: Consensus starting up: Expiring failure detector timer to make a prompt election more likely
I20260710 11:09:34.424233  2976 raft_consensus.cc:740] T f1f5db5337794ce09ece29ad77c2bbb0 P 510621ea0251454bb263b05b897b5a30 [term 0 FOLLOWER]: Becoming Follower/Learner. State: Replica: 510621ea0251454bb263b05b897b5a30, State: Initialized, Role: FOLLOWER
I20260710 11:09:34.424965  2975 raft_consensus.cc:359] T d429b23964394273bca33a0daa29a5e5 P bc7ffb4896ff485eacfc9fe847825ecc [term 0 FOLLOWER]: Replica starting. Triggering 0 pending ops. Active config: opid_index: -1 OBSOLETE_local: false peers { permanent_uuid: "bc7ffb4896ff485eacfc9fe847825ecc" member_type: VOTER last_known_addr { host: "127.2.25.129" port: 36271 } } peers { permanent_uuid: "1a14cd1689ad493aaa793f5d80242822" member_type: VOTER last_known_addr { host: "127.2.25.130" port: 45121 } } peers { permanent_uuid: "510621ea0251454bb263b05b897b5a30" member_type: VOTER last_known_addr { host: "127.2.25.131" port: 43853 } }
I20260710 11:09:34.424871  2976 consensus_queue.cc:260] T f1f5db5337794ce09ece29ad77c2bbb0 P 510621ea0251454bb263b05b897b5a30 [NON_LEADER]: Queue going to NON_LEADER mode. State: All replicated index: 0, Majority replicated index: 0, Committed index: 0, Last appended: 0.0, Last appended by leader: 0, Current term: 0, Majority size: -1, State: 0, Mode: NON_LEADER, active raft config: opid_index: -1 OBSOLETE_local: false peers { permanent_uuid: "bc7ffb4896ff485eacfc9fe847825ecc" member_type: VOTER last_known_addr { host: "127.2.25.129" port: 36271 } } peers { permanent_uuid: "1a14cd1689ad493aaa793f5d80242822" member_type: VOTER last_known_addr { host: "127.2.25.130" port: 45121 } } peers { permanent_uuid: "510621ea0251454bb263b05b897b5a30" member_type: VOTER last_known_addr { host: "127.2.25.131" port: 43853 } }
I20260710 11:09:34.425514  2975 raft_consensus.cc:385] T d429b23964394273bca33a0daa29a5e5 P bc7ffb4896ff485eacfc9fe847825ecc [term 0 FOLLOWER]: Consensus starting up: Expiring failure detector timer to make a prompt election more likely
I20260710 11:09:34.425806  2978 tablet_bootstrap.cc:492] T 789a8cb148e74a15a1a0e89a02af5b91 P 1a14cd1689ad493aaa793f5d80242822: No bootstrap required, opened a new log
