I20260710 11:09:46.684546  5348 ts_tablet_manager.cc:1434] T 9bfc59b42c4e46eead3899b991909e40 P 10e77bb6342f4c3fbd28c6102423c49a: Time spent starting tablet: real 0.018s	user 0.004s	sys 0.000s
I20260710 11:09:46.685216  5154 tablet_service.cc:1917] Received RequestConsensusVote() RPC: tablet_id: "be985f0795d4422190cbd9cd27f6829b" candidate_uuid: "10e77bb6342f4c3fbd28c6102423c49a" candidate_term: 1 candidate_status { last_received { term: 0 index: 0 } } ignore_live_leader: false dest_uuid: "236a52fd6e6b4de697ecc95dd199e901" is_pre_election: true
I20260710 11:09:46.685492  5231 tablet_service.cc:1917] Received RequestConsensusVote() RPC: tablet_id: "be985f0795d4422190cbd9cd27f6829b" candidate_uuid: "10e77bb6342f4c3fbd28c6102423c49a" candidate_term: 1 candidate_status { last_received { term: 0 index: 0 } } ignore_live_leader: false dest_uuid: "8d90f77b88854f32b71b5c154c8f4f11" is_pre_election: true
I20260710 11:09:46.686829  5348 tablet_bootstrap.cc:492] T 5ce72000be9a456e8a046b84e4d01949 P 10e77bb6342f4c3fbd28c6102423c49a: Bootstrap starting.
I20260710 11:09:46.688479  5154 raft_consensus.cc:2468] T be985f0795d4422190cbd9cd27f6829b P 236a52fd6e6b4de697ecc95dd199e901 [term 0 FOLLOWER]: Leader pre-election vote request: Granting yes vote for candidate 10e77bb6342f4c3fbd28c6102423c49a in term 0.
W20260710 11:09:46.690765  5270 leader_election.cc:343] T be985f0795d4422190cbd9cd27f6829b P 10e77bb6342f4c3fbd28c6102423c49a [CANDIDATE]: Term 1 pre-election: Tablet error from VoteRequest() call to peer 8d90f77b88854f32b71b5c154c8f4f11 (127.3.238.2:45471): Illegal state: must be running to vote when last-logged opid is not known
I20260710 11:09:46.691569  5269 leader_election.cc:304] T be985f0795d4422190cbd9cd27f6829b P 10e77bb6342f4c3fbd28c6102423c49a [CANDIDATE]: Term 1 pre-election: Election decided. Result: candidate won. Election summary: received 3 responses out of 3 voters: 2 yes votes; 1 no votes. yes voters: 10e77bb6342f4c3fbd28c6102423c49a, 236a52fd6e6b4de697ecc95dd199e901; no voters: 8d90f77b88854f32b71b5c154c8f4f11
I20260710 11:09:46.692596  5388 raft_consensus.cc:2804] T be985f0795d4422190cbd9cd27f6829b P 10e77bb6342f4c3fbd28c6102423c49a [term 0 FOLLOWER]: Leader pre-election won for term 1
I20260710 11:09:46.692932  5388 raft_consensus.cc:493] T be985f0795d4422190cbd9cd27f6829b P 10e77bb6342f4c3fbd28c6102423c49a [term 0 FOLLOWER]: Starting leader election (no leader contacted us within the election timeout)
I20260710 11:09:46.693261  5388 raft_consensus.cc:3060] T be985f0795d4422190cbd9cd27f6829b P 10e77bb6342f4c3fbd28c6102423c49a [term 0 FOLLOWER]: Advancing to term 1
I20260710 11:09:46.694918  5346 tablet_bootstrap.cc:654] T 9bfc59b42c4e46eead3899b991909e40 P 8d90f77b88854f32b71b5c154c8f4f11: Neither blocks nor log segments found. Creating new log.
I20260710 11:09:46.701506  5417 raft_consensus.cc:2749] T 57306a3e99f4494aac639888ca77a3b0 P 8d90f77b88854f32b71b5c154c8f4f11 [term 1 FOLLOWER]: Leader pre-election lost for term 1. Reason: could not achieve majority
I20260710 11:09:46.705611  5348 tablet_bootstrap.cc:654] T 5ce72000be9a456e8a046b84e4d01949 P 10e77bb6342f4c3fbd28c6102423c49a: Neither blocks nor log segments found. Creating new log.
I20260710 11:09:46.708726  5388 raft_consensus.cc:515] T be985f0795d4422190cbd9cd27f6829b P 10e77bb6342f4c3fbd28c6102423c49a [term 1 FOLLOWER]: Starting leader election with config: opid_index: -1 OBSOLETE_local: false peers { permanent_uuid: "236a52fd6e6b4de697ecc95dd199e901" member_type: VOTER last_known_addr { host: "127.3.238.1" port: 46695 } } peers { permanent_uuid: "8d90f77b88854f32b71b5c154c8f4f11" member_type: VOTER last_known_addr { host: "127.3.238.2" port: 45471 } } peers { permanent_uuid: "10e77bb6342f4c3fbd28c6102423c49a" member_type: VOTER last_known_addr { host: "127.3.238.3" port: 39675 } }
I20260710 11:09:46.710911  5388 leader_election.cc:290] T be985f0795d4422190cbd9cd27f6829b P 10e77bb6342f4c3fbd28c6102423c49a [CANDIDATE]: Term 1 election: Requested vote from peers 236a52fd6e6b4de697ecc95dd199e901 (127.3.238.1:46695), 8d90f77b88854f32b71b5c154c8f4f11 (127.3.238.2:45471)
I20260710 11:09:46.711313  5345 tablet_bootstrap.cc:654] T 6f4b4d40b0a44f86ad371d6a1947de17 P 236a52fd6e6b4de697ecc95dd199e901: Neither blocks nor log segments found. Creating new log.
I20260710 11:09:46.733084  5052 catalog_manager.cc:5697] T 57306a3e99f4494aac639888ca77a3b0 P 10e77bb6342f4c3fbd28c6102423c49a reported cstate change: term changed from 0 to 1, leader changed from <none> to 10e77bb6342f4c3fbd28c6102423c49a (127.3.238.3). New cstate: current_term: 1 leader_uuid: "10e77bb6342f4c3fbd28c6102423c49a" committed_config { opid_index: -1 OBSOLETE_local: false peers { permanent_uuid: "236a52fd6e6b4de697ecc95dd199e901" member_type: VOTER last_known_addr { host: "127.3.238.1" port: 46695 } health_report { overall_health: UNKNOWN } } peers { permanent_uuid: "8d90f77b88854f32b71b5c154c8f4f11" member_type: VOTER last_known_addr { host: "127.3.238.2" port: 45471 } health_report { overall_health: UNKNOWN } } peers { permanent_uuid: "10e77bb6342f4c3fbd28c6102423c49a" member_type: VOTER last_known_addr { host: "127.3.238.3" port: 39675 } health_report { overall_health: HEALTHY } } }
I20260710 11:09:46.743014  5154 tablet_service.cc:1917] Received RequestConsensusVote() RPC: tablet_id: "be985f0795d4422190cbd9cd27f6829b" candidate_uuid: "10e77bb6342f4c3fbd28c6102423c49a" candidate_term: 1 candidate_status { last_received { term: 0 index: 0 } } ignore_live_leader: false dest_uuid: "236a52fd6e6b4de697ecc95dd199e901"
I20260710 11:09:46.744135  5154 raft_consensus.cc:3060] T be985f0795d4422190cbd9cd27f6829b P 236a52fd6e6b4de697ecc95dd199e901 [term 0 FOLLOWER]: Advancing to term 1
I20260710 11:09:46.744801  5386 raft_consensus.cc:493] T e32587b0a5a74c218de6102281f11caf P 236a52fd6e6b4de697ecc95dd199e901 [term 0 FOLLOWER]: Starting pre-election (no leader contacted us within the election timeout)
I20260710 11:09:46.745636  5386 raft_consensus.cc:515] T e32587b0a5a74c218de6102281f11caf P 236a52fd6e6b4de697ecc95dd199e901 [term 0 FOLLOWER]: Starting pre-election with config: opid_index: -1 OBSOLETE_local: false peers { permanent_uuid: "236a52fd6e6b4de697ecc95dd199e901" member_type: VOTER last_known_addr { host: "127.3.238.1" port: 46695 } } peers { permanent_uuid: "8d90f77b88854f32b71b5c154c8f4f11" member_type: VOTER last_known_addr { host: "127.3.238.2" port: 45471 } } peers { permanent_uuid: "10e77bb6342f4c3fbd28c6102423c49a" member_type: VOTER last_known_addr { host: "127.3.238.3" port: 39675 } }
I20260710 11:09:46.748579  5386 leader_election.cc:290] T e32587b0a5a74c218de6102281f11caf P 236a52fd6e6b4de697ecc95dd199e901 [CANDIDATE]: Term 1 pre-election: Requested pre-vote from peers 8d90f77b88854f32b71b5c154c8f4f11 (127.3.238.2:45471), 10e77bb6342f4c3fbd28c6102423c49a (127.3.238.3:39675)
I20260710 11:09:46.749212  5231 tablet_service.cc:1917] Received RequestConsensusVote() RPC: tablet_id: "be985f0795d4422190cbd9cd27f6829b" candidate_uuid: "10e77bb6342f4c3fbd28c6102423c49a" candidate_term: 1 candidate_status { last_received { term: 0 index: 0 } } ignore_live_leader: false dest_uuid: "8d90f77b88854f32b71b5c154c8f4f11"
I20260710 11:09:46.755055  5346 tablet_bootstrap.cc:492] T 9bfc59b42c4e46eead3899b991909e40 P 8d90f77b88854f32b71b5c154c8f4f11: No bootstrap required, opened a new log
I20260710 11:09:46.756150  5346 ts_tablet_manager.cc:1403] T 9bfc59b42c4e46eead3899b991909e40 P 8d90f77b88854f32b71b5c154c8f4f11: Time spent bootstrapping tablet: real 0.075s	user 0.015s	sys 0.003s
I20260710 11:09:46.760627  5346 raft_consensus.cc:359] T 9bfc59b42c4e46eead3899b991909e40 P 8d90f77b88854f32b71b5c154c8f4f11 [term 0 FOLLOWER]: Replica starting. Triggering 0 pending ops. Active config: opid_index: -1 OBSOLETE_local: false peers { permanent_uuid: "236a52fd6e6b4de697ecc95dd199e901" member_type: VOTER last_known_addr { host: "127.3.238.1" port: 46695 } } peers { permanent_uuid: "8d90f77b88854f32b71b5c154c8f4f11" member_type: VOTER last_known_addr { host: "127.3.238.2" port: 45471 } } peers { permanent_uuid: "10e77bb6342f4c3fbd28c6102423c49a" member_type: VOTER last_known_addr { host: "127.3.238.3" port: 39675 } }
I20260710 11:09:46.761466  5346 raft_consensus.cc:385] T 9bfc59b42c4e46eead3899b991909e40 P 8d90f77b88854f32b71b5c154c8f4f11 [term 0 FOLLOWER]: Consensus starting up: Expiring failure detector timer to make a prompt election more likely
I20260710 11:09:46.761889  5346 raft_consensus.cc:740] T 9bfc59b42c4e46eead3899b991909e40 P 8d90f77b88854f32b71b5c154c8f4f11 [term 0 FOLLOWER]: Becoming Follower/Learner. State: Replica: 8d90f77b88854f32b71b5c154c8f4f11, State: Initialized, Role: FOLLOWER
I20260710 11:09:46.763860  5386 raft_consensus.cc:493] T 5ce72000be9a456e8a046b84e4d01949 P 236a52fd6e6b4de697ecc95dd199e901 [term 0 FOLLOWER]: Starting pre-election (no leader contacted us within the election timeout)
I20260710 11:09:46.764557  5386 raft_consensus.cc:515] T 5ce72000be9a456e8a046b84e4d01949 P 236a52fd6e6b4de697ecc95dd199e901 [term 0 FOLLOWER]: Starting pre-election with config: opid_index: -1 OBSOLETE_local: false peers { permanent_uuid: "236a52fd6e6b4de697ecc95dd199e901" member_type: VOTER last_known_addr { host: "127.3.238.1" port: 46695 } } peers { permanent_uuid: "8d90f77b88854f32b71b5c154c8f4f11" member_type: VOTER last_known_addr { host: "127.3.238.2" port: 45471 } } peers { permanent_uuid: "10e77bb6342f4c3fbd28c6102423c49a" member_type: VOTER last_known_addr { host: "127.3.238.3" port: 39675 } }
I20260710 11:09:46.765594  5346 consensus_queue.cc:260] T 9bfc59b42c4e46eead3899b991909e40 P 8d90f77b88854f32b71b5c154c8f4f11 [NON_LEADER]: Queue going to NON_LEADER mode. State: All replicated index: 0, Majority replicated index: 0, Committed index: 0, Last appended: 0.0, Last appended by leader: 0, Current term: 0, Majority size: -1, State: 0, Mode: NON_LEADER, active raft config: opid_index: -1 OBSOLETE_local: false peers { permanent_uuid: "236a52fd6e6b4de697ecc95dd199e901" member_type: VOTER last_known_addr { host: "127.3.238.1" port: 46695 } } peers { permanent_uuid: "8d90f77b88854f32b71b5c154c8f4f11" member_type: VOTER last_known_addr { host: "127.3.238.2" port: 45471 } } peers { permanent_uuid: "10e77bb6342f4c3fbd28c6102423c49a" member_type: VOTER last_known_addr { host: "127.3.238.3" port: 39675 } }
I20260710 11:09:46.766647  5386 leader_election.cc:290] T 5ce72000be9a456e8a046b84e4d01949 P 236a52fd6e6b4de697ecc95dd199e901 [CANDIDATE]: Term 1 pre-election: Requested pre-vote from peers 8d90f77b88854f32b71b5c154c8f4f11 (127.3.238.2:45471), 10e77bb6342f4c3fbd28c6102423c49a (127.3.238.3:39675)
I20260710 11:09:46.767385  5154 raft_consensus.cc:2468] T be985f0795d4422190cbd9cd27f6829b P 236a52fd6e6b4de697ecc95dd199e901 [term 1 FOLLOWER]: Leader election vote request: Granting yes vote for candidate 10e77bb6342f4c3fbd28c6102423c49a in term 1.
I20260710 11:09:46.769488  5346 ts_tablet_manager.cc:1434] T 9bfc59b42c4e46eead3899b991909e40 P 8d90f77b88854f32b71b5c154c8f4f11: Time spent starting tablet: real 0.012s	user 0.002s	sys 0.005s
I20260710 11:09:46.770816  5269 leader_election.cc:304] T be985f0795d4422190cbd9cd27f6829b P 10e77bb6342f4c3fbd28c6102423c49a [CANDIDATE]: Term 1 election: Election decided. Result: candidate won. Election summary: received 2 responses out of 3 voters: 2 yes votes; 0 no votes. yes voters: 10e77bb6342f4c3fbd28c6102423c49a, 236a52fd6e6b4de697ecc95dd199e901; no voters: 
I20260710 11:09:46.771106  5346 tablet_bootstrap.cc:492] T dcbe8aa25bca4e0190115bf9e92a0f0d P 8d90f77b88854f32b71b5c154c8f4f11: Bootstrap starting.
I20260710 11:09:46.774078  5231 tablet_service.cc:1917] Received RequestConsensusVote() RPC: tablet_id: "5ce72000be9a456e8a046b84e4d01949" candidate_uuid: "236a52fd6e6b4de697ecc95dd199e901" candidate_term: 1 candidate_status { last_received { term: 0 index: 0 } } ignore_live_leader: false dest_uuid: "8d90f77b88854f32b71b5c154c8f4f11" is_pre_election: true
I20260710 11:09:46.774988  5231 raft_consensus.cc:2468] T 5ce72000be9a456e8a046b84e4d01949 P 8d90f77b88854f32b71b5c154c8f4f11 [term 0 FOLLOWER]: Leader pre-election vote request: Granting yes vote for candidate 236a52fd6e6b4de697ecc95dd199e901 in term 0.
W20260710 11:09:46.775872  5270 leader_election.cc:343] T be985f0795d4422190cbd9cd27f6829b P 10e77bb6342f4c3fbd28c6102423c49a [CANDIDATE]: Term 1 election: Tablet error from VoteRequest() call to peer 8d90f77b88854f32b71b5c154c8f4f11 (127.3.238.2:45471): Illegal state: must be running to vote when last-logged opid is not known
I20260710 11:09:46.780018  5229 tablet_service.cc:1917] Received RequestConsensusVote() RPC: tablet_id: "e32587b0a5a74c218de6102281f11caf" candidate_uuid: "236a52fd6e6b4de697ecc95dd199e901" candidate_term: 1 candidate_status { last_received { term: 0 index: 0 } } ignore_live_leader: false dest_uuid: "8d90f77b88854f32b71b5c154c8f4f11" is_pre_election: true
I20260710 11:09:46.781107  5229 raft_consensus.cc:2393] T e32587b0a5a74c218de6102281f11caf P 8d90f77b88854f32b71b5c154c8f4f11 [term 1 FOLLOWER]: Leader pre-election vote request: Denying vote to candidate 236a52fd6e6b4de697ecc95dd199e901 in current term 1: Already voted for candidate 10e77bb6342f4c3fbd28c6102423c49a in this term.
I20260710 11:09:46.782298  5388 consensus_queue.cc:1048] T d85057f994224a1199de40335e851e29 P 10e77bb6342f4c3fbd28c6102423c49a [LEADER]: Connected to new peer: Peer: permanent_uuid: "8d90f77b88854f32b71b5c154c8f4f11" member_type: VOTER last_known_addr { host: "127.3.238.2" port: 45471 }, Status: LMP_MISMATCH, Last received: 0.0, Next index: 1, Last known committed idx: 0, Time since last communication: 0.001s
I20260710 11:09:46.783983  5388 raft_consensus.cc:2804] T be985f0795d4422190cbd9cd27f6829b P 10e77bb6342f4c3fbd28c6102423c49a [term 1 FOLLOWER]: Leader election won for term 1
I20260710 11:09:46.784502  5388 raft_consensus.cc:697] T be985f0795d4422190cbd9cd27f6829b P 10e77bb6342f4c3fbd28c6102423c49a [term 1 LEADER]: Becoming Leader. State: Replica: 10e77bb6342f4c3fbd28c6102423c49a, State: Running, Role: LEADER
I20260710 11:09:46.785830  5388 consensus_queue.cc:237] T be985f0795d4422190cbd9cd27f6829b P 10e77bb6342f4c3fbd28c6102423c49a [LEADER]: Queue going to LEADER mode. State: All replicated index: 0, Majority replicated index: 0, Committed index: 0, Last appended: 0.0, Last appended by leader: 0, Current term: 1, Majority size: 2, State: 0, Mode: LEADER, active raft config: opid_index: -1 OBSOLETE_local: false peers { permanent_uuid: "236a52fd6e6b4de697ecc95dd199e901" member_type: VOTER last_known_addr { host: "127.3.238.1" port: 46695 } } peers { permanent_uuid: "8d90f77b88854f32b71b5c154c8f4f11" member_type: VOTER last_known_addr { host: "127.3.238.2" port: 45471 } } peers { permanent_uuid: "10e77bb6342f4c3fbd28c6102423c49a" member_type: VOTER last_known_addr { host: "127.3.238.3" port: 39675 } }
I20260710 11:09:46.778635  5304 tablet_service.cc:1917] Received RequestConsensusVote() RPC: tablet_id: "e32587b0a5a74c218de6102281f11caf" candidate_uuid: "236a52fd6e6b4de697ecc95dd199e901" candidate_term: 1 candidate_status { last_received { term: 0 index: 0 } } ignore_live_leader: false dest_uuid: "10e77bb6342f4c3fbd28c6102423c49a" is_pre_election: true
I20260710 11:09:46.791271  5305 tablet_service.cc:1917] Received RequestConsensusVote() RPC: tablet_id: "5ce72000be9a456e8a046b84e4d01949" candidate_uuid: "236a52fd6e6b4de697ecc95dd199e901" candidate_term: 1 candidate_status { last_received { term: 0 index: 0 } } ignore_live_leader: false dest_uuid: "10e77bb6342f4c3fbd28c6102423c49a" is_pre_election: true
I20260710 11:09:46.796309  5121 leader_election.cc:304] T 5ce72000be9a456e8a046b84e4d01949 P 236a52fd6e6b4de697ecc95dd199e901 [CANDIDATE]: Term 1 pre-election: Election decided. Result: candidate won. Election summary: received 2 responses out of 3 voters: 2 yes votes; 0 no votes. yes voters: 236a52fd6e6b4de697ecc95dd199e901, 8d90f77b88854f32b71b5c154c8f4f11; no voters: 
I20260710 11:09:46.796721  5348 tablet_bootstrap.cc:492] T 5ce72000be9a456e8a046b84e4d01949 P 10e77bb6342f4c3fbd28c6102423c49a: No bootstrap required, opened a new log
I20260710 11:09:46.797533  5348 ts_tablet_manager.cc:1403] T 5ce72000be9a456e8a046b84e4d01949 P 10e77bb6342f4c3fbd28c6102423c49a: Time spent bootstrapping tablet: real 0.111s	user 0.014s	sys 0.026s
W20260710 11:09:46.797717  5121 leader_election.cc:343] T 5ce72000be9a456e8a046b84e4d01949 P 236a52fd6e6b4de697ecc95dd199e901 [CANDIDATE]: Term 1 pre-election: Tablet error from VoteRequest() call to peer 10e77bb6342f4c3fbd28c6102423c49a (127.3.238.3:39675): Illegal state: must be running to vote when last-logged opid is not known
I20260710 11:09:46.799072  5386 raft_consensus.cc:2804] T 5ce72000be9a456e8a046b84e4d01949 P 236a52fd6e6b4de697ecc95dd199e901 [term 0 FOLLOWER]: Leader pre-election won for term 1
I20260710 11:09:46.799547  5386 raft_consensus.cc:493] T 5ce72000be9a456e8a046b84e4d01949 P 236a52fd6e6b4de697ecc95dd199e901 [term 0 FOLLOWER]: Starting leader election (no leader contacted us within the election timeout)
I20260710 11:09:46.799878  5386 raft_consensus.cc:3060] T 5ce72000be9a456e8a046b84e4d01949 P 236a52fd6e6b4de697ecc95dd199e901 [term 0 FOLLOWER]: Advancing to term 1
I20260710 11:09:46.811555  5387 consensus_queue.cc:1048] T 7c7b52eb181c47eabd4f7d75affad44c P 236a52fd6e6b4de697ecc95dd199e901 [LEADER]: Connected to new peer: Peer: permanent_uuid: "10e77bb6342f4c3fbd28c6102423c49a" member_type: VOTER last_known_addr { host: "127.3.238.3" port: 39675 }, Status: LMP_MISMATCH, Last received: 0.0, Next index: 1, Last known committed idx: 0, Time since last communication: 0.001s
I20260710 11:09:46.813769  5417 raft_consensus.cc:493] T adfa4caa0a2c4dedad9f4eebcda5db83 P 8d90f77b88854f32b71b5c154c8f4f11 [term 0 FOLLOWER]: Starting pre-election (no leader contacted us within the election timeout)
I20260710 11:09:46.814414  5417 raft_consensus.cc:515] T adfa4caa0a2c4dedad9f4eebcda5db83 P 8d90f77b88854f32b71b5c154c8f4f11 [term 0 FOLLOWER]: Starting pre-election with config: opid_index: -1 OBSOLETE_local: false peers { permanent_uuid: "236a52fd6e6b4de697ecc95dd199e901" member_type: VOTER last_known_addr { host: "127.3.238.1" port: 46695 } } peers { permanent_uuid: "8d90f77b88854f32b71b5c154c8f4f11" member_type: VOTER last_known_addr { host: "127.3.238.2" port: 45471 } } peers { permanent_uuid: "10e77bb6342f4c3fbd28c6102423c49a" member_type: VOTER last_known_addr { host: "127.3.238.3" port: 39675 } }
I20260710 11:09:46.818574  5386 raft_consensus.cc:515] T 5ce72000be9a456e8a046b84e4d01949 P 236a52fd6e6b4de697ecc95dd199e901 [term 1 FOLLOWER]: Starting leader election with config: opid_index: -1 OBSOLETE_local: false peers { permanent_uuid: "236a52fd6e6b4de697ecc95dd199e901" member_type: VOTER last_known_addr { host: "127.3.238.1" port: 46695 } } peers { permanent_uuid: "8d90f77b88854f32b71b5c154c8f4f11" member_type: VOTER last_known_addr { host: "127.3.238.2" port: 45471 } } peers { permanent_uuid: "10e77bb6342f4c3fbd28c6102423c49a" member_type: VOTER last_known_addr { host: "127.3.238.3" port: 39675 } }
I20260710 11:09:46.819016  5305 tablet_service.cc:1917] Received RequestConsensusVote() RPC: tablet_id: "adfa4caa0a2c4dedad9f4eebcda5db83" candidate_uuid: "8d90f77b88854f32b71b5c154c8f4f11" candidate_term: 1 candidate_status { last_received { term: 0 index: 0 } } ignore_live_leader: false dest_uuid: "10e77bb6342f4c3fbd28c6102423c49a" is_pre_election: true
I20260710 11:09:46.803982  5348 raft_consensus.cc:359] T 5ce72000be9a456e8a046b84e4d01949 P 10e77bb6342f4c3fbd28c6102423c49a [term 0 FOLLOWER]: Replica starting. Triggering 0 pending ops. Active config: opid_index: -1 OBSOLETE_local: false peers { permanent_uuid: "236a52fd6e6b4de697ecc95dd199e901" member_type: VOTER last_known_addr { host: "127.3.238.1" port: 46695 } } peers { permanent_uuid: "8d90f77b88854f32b71b5c154c8f4f11" member_type: VOTER last_known_addr { host: "127.3.238.2" port: 45471 } } peers { permanent_uuid: "10e77bb6342f4c3fbd28c6102423c49a" member_type: VOTER last_known_addr { host: "127.3.238.3" port: 39675 } }
I20260710 11:09:46.819985  5348 raft_consensus.cc:385] T 5ce72000be9a456e8a046b84e4d01949 P 10e77bb6342f4c3fbd28c6102423c49a [term 0 FOLLOWER]: Consensus starting up: Expiring failure detector timer to make a prompt election more likely
I20260710 11:09:46.820082  5305 raft_consensus.cc:2468] T adfa4caa0a2c4dedad9f4eebcda5db83 P 10e77bb6342f4c3fbd28c6102423c49a [term 0 FOLLOWER]: Leader pre-election vote request: Granting yes vote for candidate 8d90f77b88854f32b71b5c154c8f4f11 in term 0.
I20260710 11:09:46.820318  5348 raft_consensus.cc:740] T 5ce72000be9a456e8a046b84e4d01949 P 10e77bb6342f4c3fbd28c6102423c49a [term 0 FOLLOWER]: Becoming Follower/Learner. State: Replica: 10e77bb6342f4c3fbd28c6102423c49a, State: Initialized, Role: FOLLOWER
I20260710 11:09:46.820622  5154 tablet_service.cc:1917] Received RequestConsensusVote() RPC: tablet_id: "adfa4caa0a2c4dedad9f4eebcda5db83" candidate_uuid: "8d90f77b88854f32b71b5c154c8f4f11" candidate_term: 1 candidate_status { last_received { term: 0 index: 0 } } ignore_live_leader: false dest_uuid: "236a52fd6e6b4de697ecc95dd199e901" is_pre_election: true
I20260710 11:09:46.821364  5154 raft_consensus.cc:2468] T adfa4caa0a2c4dedad9f4eebcda5db83 P 236a52fd6e6b4de697ecc95dd199e901 [term 0 FOLLOWER]: Leader pre-election vote request: Granting yes vote for candidate 8d90f77b88854f32b71b5c154c8f4f11 in term 0.
I20260710 11:09:46.821733  5196 leader_election.cc:304] T adfa4caa0a2c4dedad9f4eebcda5db83 P 8d90f77b88854f32b71b5c154c8f4f11 [CANDIDATE]: Term 1 pre-election: Election decided. Result: candidate won. Election summary: received 2 responses out of 3 voters: 2 yes votes; 0 no votes. yes voters: 10e77bb6342f4c3fbd28c6102423c49a, 8d90f77b88854f32b71b5c154c8f4f11; no voters: 
I20260710 11:09:46.821281  5348 consensus_queue.cc:260] T 5ce72000be9a456e8a046b84e4d01949 P 10e77bb6342f4c3fbd28c6102423c49a [NON_LEADER]: Queue going to NON_LEADER mode. State: All replicated index: 0, Majority replicated index: 0, Committed index: 0, Last appended: 0.0, Last appended by leader: 0, Current term: 0, Majority size: -1, State: 0, Mode: NON_LEADER, active raft config: opid_index: -1 OBSOLETE_local: false peers { permanent_uuid: "236a52fd6e6b4de697ecc95dd199e901" member_type: VOTER last_known_addr { host: "127.3.238.1" port: 46695 } } peers { permanent_uuid: "8d90f77b88854f32b71b5c154c8f4f11" member_type: VOTER last_known_addr { host: "127.3.238.2" port: 45471 } } peers { permanent_uuid: "10e77bb6342f4c3fbd28c6102423c49a" member_type: VOTER last_known_addr { host: "127.3.238.3" port: 39675 } }
I20260710 11:09:46.822788  5416 raft_consensus.cc:2804] T adfa4caa0a2c4dedad9f4eebcda5db83 P 8d90f77b88854f32b71b5c154c8f4f11 [term 0 FOLLOWER]: Leader pre-election won for term 1
I20260710 11:09:46.823261  5416 raft_consensus.cc:493] T adfa4caa0a2c4dedad9f4eebcda5db83 P 8d90f77b88854f32b71b5c154c8f4f11 [term 0 FOLLOWER]: Starting leader election (no leader contacted us within the election timeout)
I20260710 11:09:46.823648  5416 raft_consensus.cc:3060] T adfa4caa0a2c4dedad9f4eebcda5db83 P 8d90f77b88854f32b71b5c154c8f4f11 [term 0 FOLLOWER]: Advancing to term 1
I20260710 11:09:46.825966  5348 ts_tablet_manager.cc:1434] T 5ce72000be9a456e8a046b84e4d01949 P 10e77bb6342f4c3fbd28c6102423c49a: Time spent starting tablet: real 0.028s	user 0.004s	sys 0.003s
I20260710 11:09:46.827428  5417 leader_election.cc:290] T adfa4caa0a2c4dedad9f4eebcda5db83 P 8d90f77b88854f32b71b5c154c8f4f11 [CANDIDATE]: Term 1 pre-election: Requested pre-vote from peers 236a52fd6e6b4de697ecc95dd199e901 (127.3.238.1:46695), 10e77bb6342f4c3fbd28c6102423c49a (127.3.238.3:39675)
I20260710 11:09:46.847527  5348 tablet_bootstrap.cc:492] T dcbe8aa25bca4e0190115bf9e92a0f0d P 10e77bb6342f4c3fbd28c6102423c49a: Bootstrap starting.
I20260710 11:09:46.832633  5121 leader_election.cc:304] T e32587b0a5a74c218de6102281f11caf P 236a52fd6e6b4de697ecc95dd199e901 [CANDIDATE]: Term 1 pre-election: Election decided. Result: candidate lost. Election summary: received 3 responses out of 3 voters: 1 yes votes; 2 no votes. yes voters: 236a52fd6e6b4de697ecc95dd199e901; no voters: 10e77bb6342f4c3fbd28c6102423c49a, 8d90f77b88854f32b71b5c154c8f4f11
I20260710 11:09:46.847730  5345 tablet_bootstrap.cc:492] T 6f4b4d40b0a44f86ad371d6a1947de17 P 236a52fd6e6b4de697ecc95dd199e901: No bootstrap required, opened a new log
I20260710 11:09:46.851811  5345 ts_tablet_manager.cc:1403] T 6f4b4d40b0a44f86ad371d6a1947de17 P 236a52fd6e6b4de697ecc95dd199e901: Time spent bootstrapping tablet: real 0.170s	user 0.040s	sys 0.033s
I20260710 11:09:46.848488  5386 leader_election.cc:290] T 5ce72000be9a456e8a046b84e4d01949 P 236a52fd6e6b4de697ecc95dd199e901 [CANDIDATE]: Term 1 election: Requested vote from peers 8d90f77b88854f32b71b5c154c8f4f11 (127.3.238.2:45471), 10e77bb6342f4c3fbd28c6102423c49a (127.3.238.3:39675)
W20260710 11:09:46.857479  5102 auto_rebalancer.cc:288] Could not retrieve cluster info: Service unavailable: Tablet not running
I20260710 11:09:46.857290  5388 consensus_queue.cc:1048] T d85057f994224a1199de40335e851e29 P 10e77bb6342f4c3fbd28c6102423c49a [LEADER]: Connected to new peer: Peer: permanent_uuid: "236a52fd6e6b4de697ecc95dd199e901" member_type: VOTER last_known_addr { host: "127.3.238.1" port: 46695 }, Status: LMP_MISMATCH, Last received: 0.0, Next index: 1, Last known committed idx: 0, Time since last communication: 0.000s
I20260710 11:09:46.834980  5416 raft_consensus.cc:515] T adfa4caa0a2c4dedad9f4eebcda5db83 P 8d90f77b88854f32b71b5c154c8f4f11 [term 1 FOLLOWER]: Starting leader election with config: opid_index: -1 OBSOLETE_local: false peers { permanent_uuid: "236a52fd6e6b4de697ecc95dd199e901" member_type: VOTER last_known_addr { host: "127.3.238.1" port: 46695 } } peers { permanent_uuid: "8d90f77b88854f32b71b5c154c8f4f11" member_type: VOTER last_known_addr { host: "127.3.238.2" port: 45471 } } peers { permanent_uuid: "10e77bb6342f4c3fbd28c6102423c49a" member_type: VOTER last_known_addr { host: "127.3.238.3" port: 39675 } }
I20260710 11:09:46.857661  5346 tablet_bootstrap.cc:654] T dcbe8aa25bca4e0190115bf9e92a0f0d P 8d90f77b88854f32b71b5c154c8f4f11: Neither blocks nor log segments found. Creating new log.
I20260710 11:09:46.866243  5345 raft_consensus.cc:359] T 6f4b4d40b0a44f86ad371d6a1947de17 P 236a52fd6e6b4de697ecc95dd199e901 [term 0 FOLLOWER]: Replica starting. Triggering 0 pending ops. Active config: opid_index: -1 OBSOLETE_local: false peers { permanent_uuid: "236a52fd6e6b4de697ecc95dd199e901" member_type: VOTER last_known_addr { host: "127.3.238.1" port: 46695 } } peers { permanent_uuid: "8d90f77b88854f32b71b5c154c8f4f11" member_type: VOTER last_known_addr { host: "127.3.238.2" port: 45471 } } peers { permanent_uuid: "10e77bb6342f4c3fbd28c6102423c49a" member_type: VOTER last_known_addr { host: "127.3.238.3" port: 39675 } }
I20260710 11:09:46.867312  5345 raft_consensus.cc:385] T 6f4b4d40b0a44f86ad371d6a1947de17 P 236a52fd6e6b4de697ecc95dd199e901 [term 0 FOLLOWER]: Consensus starting up: Expiring failure detector timer to make a prompt election more likely
I20260710 11:09:46.867615  5345 raft_consensus.cc:740] T 6f4b4d40b0a44f86ad371d6a1947de17 P 236a52fd6e6b4de697ecc95dd199e901 [term 0 FOLLOWER]: Becoming Follower/Learner. State: Replica: 236a52fd6e6b4de697ecc95dd199e901, State: Initialized, Role: FOLLOWER
I20260710 11:09:46.864214  5387 raft_consensus.cc:3060] T e32587b0a5a74c218de6102281f11caf P 236a52fd6e6b4de697ecc95dd199e901 [term 0 FOLLOWER]: Advancing to term 1
I20260710 11:09:46.868242  5345 consensus_queue.cc:260] T 6f4b4d40b0a44f86ad371d6a1947de17 P 236a52fd6e6b4de697ecc95dd199e901 [NON_LEADER]: Queue going to NON_LEADER mode. State: All replicated index: 0, Majority replicated index: 0, Committed index: 0, Last appended: 0.0, Last appended by leader: 0, Current term: 0, Majority size: -1, State: 0, Mode: NON_LEADER, active raft config: opid_index: -1 OBSOLETE_local: false peers { permanent_uuid: "236a52fd6e6b4de697ecc95dd199e901" member_type: VOTER last_known_addr { host: "127.3.238.1" port: 46695 } } peers { permanent_uuid: "8d90f77b88854f32b71b5c154c8f4f11" member_type: VOTER last_known_addr { host: "127.3.238.2" port: 45471 } } peers { permanent_uuid: "10e77bb6342f4c3fbd28c6102423c49a" member_type: VOTER last_known_addr { host: "127.3.238.3" port: 39675 } }
I20260710 11:09:46.871062  5345 ts_tablet_manager.cc:1434] T 6f4b4d40b0a44f86ad371d6a1947de17 P 236a52fd6e6b4de697ecc95dd199e901: Time spent starting tablet: real 0.019s	user 0.007s	sys 0.000s
I20260710 11:09:46.872398  5345 tablet_bootstrap.cc:492] T c374997967754307acd19dc48908fe94 P 236a52fd6e6b4de697ecc95dd199e901: Bootstrap starting.
I20260710 11:09:46.879518  5387 raft_consensus.cc:2749] T e32587b0a5a74c218de6102281f11caf P 236a52fd6e6b4de697ecc95dd199e901 [term 1 FOLLOWER]: Leader pre-election lost for term 1. Reason: could not achieve majority
I20260710 11:09:46.880868  5388 consensus_queue.cc:1048] T e32587b0a5a74c218de6102281f11caf P 10e77bb6342f4c3fbd28c6102423c49a [LEADER]: Connected to new peer: Peer: permanent_uuid: "8d90f77b88854f32b71b5c154c8f4f11" member_type: VOTER last_known_addr { host: "127.3.238.2" port: 45471 }, Status: LMP_MISMATCH, Last received: 0.0, Next index: 1, Last known committed idx: 0, Time since last communication: 0.000s
I20260710 11:09:46.892803  5348 tablet_bootstrap.cc:654] T dcbe8aa25bca4e0190115bf9e92a0f0d P 10e77bb6342f4c3fbd28c6102423c49a: Neither blocks nor log segments found. Creating new log.
I20260710 11:09:46.897231  5156 tablet_service.cc:1917] Received RequestConsensusVote() RPC: tablet_id: "adfa4caa0a2c4dedad9f4eebcda5db83" candidate_uuid: "8d90f77b88854f32b71b5c154c8f4f11" candidate_term: 1 candidate_status { last_received { term: 0 index: 0 } } ignore_live_leader: false dest_uuid: "236a52fd6e6b4de697ecc95dd199e901"
I20260710 11:09:46.897617  5304 tablet_service.cc:1917] Received RequestConsensusVote() RPC: tablet_id: "adfa4caa0a2c4dedad9f4eebcda5db83" candidate_uuid: "8d90f77b88854f32b71b5c154c8f4f11" candidate_term: 1 candidate_status { last_received { term: 0 index: 0 } } ignore_live_leader: false dest_uuid: "10e77bb6342f4c3fbd28c6102423c49a"
I20260710 11:09:46.898286  5304 raft_consensus.cc:3060] T adfa4caa0a2c4dedad9f4eebcda5db83 P 10e77bb6342f4c3fbd28c6102423c49a [term 0 FOLLOWER]: Advancing to term 1
I20260710 11:09:46.898653  5230 tablet_service.cc:1917] Received RequestConsensusVote() RPC: tablet_id: "5ce72000be9a456e8a046b84e4d01949" candidate_uuid: "236a52fd6e6b4de697ecc95dd199e901" candidate_term: 1 candidate_status { last_received { term: 0 index: 0 } } ignore_live_leader: false dest_uuid: "8d90f77b88854f32b71b5c154c8f4f11"
I20260710 11:09:46.899354  5303 tablet_service.cc:1917] Received RequestConsensusVote() RPC: tablet_id: "5ce72000be9a456e8a046b84e4d01949" candidate_uuid: "236a52fd6e6b4de697ecc95dd199e901" candidate_term: 1 candidate_status { last_received { term: 0 index: 0 } } ignore_live_leader: false dest_uuid: "10e77bb6342f4c3fbd28c6102423c49a"
I20260710 11:09:46.899911  5156 raft_consensus.cc:3060] T adfa4caa0a2c4dedad9f4eebcda5db83 P 236a52fd6e6b4de697ecc95dd199e901 [term 0 FOLLOWER]: Advancing to term 1
I20260710 11:09:46.899978  5303 raft_consensus.cc:3060] T 5ce72000be9a456e8a046b84e4d01949 P 10e77bb6342f4c3fbd28c6102423c49a [term 0 FOLLOWER]: Advancing to term 1
I20260710 11:09:46.899578  5230 raft_consensus.cc:3060] T 5ce72000be9a456e8a046b84e4d01949 P 8d90f77b88854f32b71b5c154c8f4f11 [term 0 FOLLOWER]: Advancing to term 1
I20260710 11:09:46.897231  5052 catalog_manager.cc:5697] T be985f0795d4422190cbd9cd27f6829b P 10e77bb6342f4c3fbd28c6102423c49a reported cstate change: term changed from 0 to 1, leader changed from <none> to 10e77bb6342f4c3fbd28c6102423c49a (127.3.238.3). New cstate: current_term: 1 leader_uuid: "10e77bb6342f4c3fbd28c6102423c49a" committed_config { opid_index: -1 OBSOLETE_local: false peers { permanent_uuid: "236a52fd6e6b4de697ecc95dd199e901" member_type: VOTER last_known_addr { host: "127.3.238.1" port: 46695 } health_report { overall_health: UNKNOWN } } peers { permanent_uuid: "8d90f77b88854f32b71b5c154c8f4f11" member_type: VOTER last_known_addr { host: "127.3.238.2" port: 45471 } health_report { overall_health: UNKNOWN } } peers { permanent_uuid: "10e77bb6342f4c3fbd28c6102423c49a" member_type: VOTER last_known_addr { host: "127.3.238.3" port: 39675 } health_report { overall_health: HEALTHY } } }
I20260710 11:09:46.908408  5416 leader_election.cc:290] T adfa4caa0a2c4dedad9f4eebcda5db83 P 8d90f77b88854f32b71b5c154c8f4f11 [CANDIDATE]: Term 1 election: Requested vote from peers 236a52fd6e6b4de697ecc95dd199e901 (127.3.238.1:46695), 10e77bb6342f4c3fbd28c6102423c49a (127.3.238.3:39675)
I20260710 11:09:46.926757  5387 consensus_queue.cc:1048] T 74f09d13783c47279db2366281fa73c3 P 236a52fd6e6b4de697ecc95dd199e901 [LEADER]: Connected to new peer: Peer: permanent_uuid: "8d90f77b88854f32b71b5c154c8f4f11" member_type: VOTER last_known_addr { host: "127.3.238.2" port: 45471 }, Status: LMP_MISMATCH, Last received: 0.0, Next index: 1, Last known committed idx: 0, Time since last communication: 0.000s
I20260710 11:09:46.929531  5230 raft_consensus.cc:2468] T 5ce72000be9a456e8a046b84e4d01949 P 8d90f77b88854f32b71b5c154c8f4f11 [term 1 FOLLOWER]: Leader election vote request: Granting yes vote for candidate 236a52fd6e6b4de697ecc95dd199e901 in term 1.
I20260710 11:09:46.929493  5387 consensus_queue.cc:1048] T 7c7b52eb181c47eabd4f7d75affad44c P 236a52fd6e6b4de697ecc95dd199e901 [LEADER]: Connected to new peer: Peer: permanent_uuid: "8d90f77b88854f32b71b5c154c8f4f11" member_type: VOTER last_known_addr { host: "127.3.238.2" port: 45471 }, Status: LMP_MISMATCH, Last received: 0.0, Next index: 1, Last known committed idx: 0, Time since last communication: 0.001s
I20260710 11:09:46.942659  5345 tablet_bootstrap.cc:654] T c374997967754307acd19dc48908fe94 P 236a52fd6e6b4de697ecc95dd199e901: Neither blocks nor log segments found. Creating new log.
I20260710 11:09:46.943092  5303 raft_consensus.cc:2468] T 5ce72000be9a456e8a046b84e4d01949 P 10e77bb6342f4c3fbd28c6102423c49a [term 1 FOLLOWER]: Leader election vote request: Granting yes vote for candidate 236a52fd6e6b4de697ecc95dd199e901 in term 1.
I20260710 11:09:46.937229  5156 raft_consensus.cc:2468] T adfa4caa0a2c4dedad9f4eebcda5db83 P 236a52fd6e6b4de697ecc95dd199e901 [term 1 FOLLOWER]: Leader election vote request: Granting yes vote for candidate 8d90f77b88854f32b71b5c154c8f4f11 in term 1.
I20260710 11:09:46.952257  5195 leader_election.cc:304] T adfa4caa0a2c4dedad9f4eebcda5db83 P 8d90f77b88854f32b71b5c154c8f4f11 [CANDIDATE]: Term 1 election: Election decided. Result: candidate won. Election summary: received 2 responses out of 3 voters: 2 yes votes; 0 no votes. yes voters: 236a52fd6e6b4de697ecc95dd199e901, 8d90f77b88854f32b71b5c154c8f4f11; no voters: 
I20260710 11:09:46.953083  5387 consensus_queue.cc:1048] T 74f09d13783c47279db2366281fa73c3 P 236a52fd6e6b4de697ecc95dd199e901 [LEADER]: Connected to new peer: Peer: permanent_uuid: "10e77bb6342f4c3fbd28c6102423c49a" member_type: VOTER last_known_addr { host: "127.3.238.3" port: 39675 }, Status: LMP_MISMATCH, Last received: 0.0, Next index: 1, Last known committed idx: 0, Time since last communication: 0.000s
I20260710 11:09:46.952646  5304 raft_consensus.cc:2468] T adfa4caa0a2c4dedad9f4eebcda5db83 P 10e77bb6342f4c3fbd28c6102423c49a [term 1 FOLLOWER]: Leader election vote request: Granting yes vote for candidate 8d90f77b88854f32b71b5c154c8f4f11 in term 1.
I20260710 11:09:46.955561  5416 raft_consensus.cc:2804] T adfa4caa0a2c4dedad9f4eebcda5db83 P 8d90f77b88854f32b71b5c154c8f4f11 [term 1 FOLLOWER]: Leader election won for term 1
I20260710 11:09:46.956295  5416 raft_consensus.cc:697] T adfa4caa0a2c4dedad9f4eebcda5db83 P 8d90f77b88854f32b71b5c154c8f4f11 [term 1 LEADER]: Becoming Leader. State: Replica: 8d90f77b88854f32b71b5c154c8f4f11, State: Running, Role: LEADER
I20260710 11:09:46.957428  5357 raft_consensus.cc:493] T c374997967754307acd19dc48908fe94 P 10e77bb6342f4c3fbd28c6102423c49a [term 0 FOLLOWER]: Starting pre-election (no leader contacted us within the election timeout)
I20260710 11:09:46.957281  5416 consensus_queue.cc:237] T adfa4caa0a2c4dedad9f4eebcda5db83 P 8d90f77b88854f32b71b5c154c8f4f11 [LEADER]: Queue going to LEADER mode. State: All replicated index: 0, Majority replicated index: 0, Committed index: 0, Last appended: 0.0, Last appended by leader: 0, Current term: 1, Majority size: 2, State: 0, Mode: LEADER, active raft config: opid_index: -1 OBSOLETE_local: false peers { permanent_uuid: "236a52fd6e6b4de697ecc95dd199e901" member_type: VOTER last_known_addr { host: "127.3.238.1" port: 46695 } } peers { permanent_uuid: "8d90f77b88854f32b71b5c154c8f4f11" member_type: VOTER last_known_addr { host: "127.3.238.2" port: 45471 } } peers { permanent_uuid: "10e77bb6342f4c3fbd28c6102423c49a" member_type: VOTER last_known_addr { host: "127.3.238.3" port: 39675 } }
I20260710 11:09:46.957842  5121 leader_election.cc:304] T 5ce72000be9a456e8a046b84e4d01949 P 236a52fd6e6b4de697ecc95dd199e901 [CANDIDATE]: Term 1 election: Election decided. Result: candidate won. Election summary: received 2 responses out of 3 voters: 2 yes votes; 0 no votes. yes voters: 236a52fd6e6b4de697ecc95dd199e901, 8d90f77b88854f32b71b5c154c8f4f11; no voters: 
I20260710 11:09:46.957959  5357 raft_consensus.cc:515] T c374997967754307acd19dc48908fe94 P 10e77bb6342f4c3fbd28c6102423c49a [term 0 FOLLOWER]: Starting pre-election with config: opid_index: -1 OBSOLETE_local: false peers { permanent_uuid: "236a52fd6e6b4de697ecc95dd199e901" member_type: VOTER last_known_addr { host: "127.3.238.1" port: 46695 } } peers { permanent_uuid: "8d90f77b88854f32b71b5c154c8f4f11" member_type: VOTER last_known_addr { host: "127.3.238.2" port: 45471 } } peers { permanent_uuid: "10e77bb6342f4c3fbd28c6102423c49a" member_type: VOTER last_known_addr { host: "127.3.238.3" port: 39675 } }
I20260710 11:09:46.960951  5387 raft_consensus.cc:2804] T 5ce72000be9a456e8a046b84e4d01949 P 236a52fd6e6b4de697ecc95dd199e901 [term 1 FOLLOWER]: Leader election won for term 1
I20260710 11:09:46.961392  5387 raft_consensus.cc:697] T 5ce72000be9a456e8a046b84e4d01949 P 236a52fd6e6b4de697ecc95dd199e901 [term 1 LEADER]: Becoming Leader. State: Replica: 236a52fd6e6b4de697ecc95dd199e901, State: Running, Role: LEADER
I20260710 11:09:46.962536  5357 leader_election.cc:290] T c374997967754307acd19dc48908fe94 P 10e77bb6342f4c3fbd28c6102423c49a [CANDIDATE]: Term 1 pre-election: Requested pre-vote from peers 236a52fd6e6b4de697ecc95dd199e901 (127.3.238.1:46695), 8d90f77b88854f32b71b5c154c8f4f11 (127.3.238.2:45471)
I20260710 11:09:46.962316  5387 consensus_queue.cc:237] T 5ce72000be9a456e8a046b84e4d01949 P 236a52fd6e6b4de697ecc95dd199e901 [LEADER]: Queue going to LEADER mode. State: All replicated index: 0, Majority replicated index: 0, Committed index: 0, Last appended: 0.0, Last appended by leader: 0, Current term: 1, Majority size: 2, State: 0, Mode: LEADER, active raft config: opid_index: -1 OBSOLETE_local: false peers { permanent_uuid: "236a52fd6e6b4de697ecc95dd199e901" member_type: VOTER last_known_addr { host: "127.3.238.1" port: 46695 } } peers { permanent_uuid: "8d90f77b88854f32b71b5c154c8f4f11" member_type: VOTER last_known_addr { host: "127.3.238.2" port: 45471 } } peers { permanent_uuid: "10e77bb6342f4c3fbd28c6102423c49a" member_type: VOTER last_known_addr { host: "127.3.238.3" port: 39675 } }
I20260710 11:09:46.966334  5357 raft_consensus.cc:493] T 0dd5b1e525184b9fab61ec12a68f12ff P 10e77bb6342f4c3fbd28c6102423c49a [term 0 FOLLOWER]: Starting pre-election (no leader contacted us within the election timeout)
I20260710 11:09:46.966840  5357 raft_consensus.cc:515] T 0dd5b1e525184b9fab61ec12a68f12ff P 10e77bb6342f4c3fbd28c6102423c49a [term 0 FOLLOWER]: Starting pre-election with config: opid_index: -1 OBSOLETE_local: false peers { permanent_uuid: "236a52fd6e6b4de697ecc95dd199e901" member_type: VOTER last_known_addr { host: "127.3.238.1" port: 46695 } } peers { permanent_uuid: "8d90f77b88854f32b71b5c154c8f4f11" member_type: VOTER last_known_addr { host: "127.3.238.2" port: 45471 } } peers { permanent_uuid: "10e77bb6342f4c3fbd28c6102423c49a" member_type: VOTER last_known_addr { host: "127.3.238.3" port: 39675 } }
I20260710 11:09:46.967978  5154 tablet_service.cc:1917] Received RequestConsensusVote() RPC: tablet_id: "c374997967754307acd19dc48908fe94" candidate_uuid: "10e77bb6342f4c3fbd28c6102423c49a" candidate_term: 1 candidate_status { last_received { term: 0 index: 0 } } ignore_live_leader: false dest_uuid: "236a52fd6e6b4de697ecc95dd199e901" is_pre_election: true
W20260710 11:09:46.969497  5269 leader_election.cc:343] T c374997967754307acd19dc48908fe94 P 10e77bb6342f4c3fbd28c6102423c49a [CANDIDATE]: Term 1 pre-election: Tablet error from VoteRequest() call to peer 236a52fd6e6b4de697ecc95dd199e901 (127.3.238.1:46695): Illegal state: must be running to vote when last-logged opid is not known
I20260710 11:09:46.970114  5357 leader_election.cc:290] T 0dd5b1e525184b9fab61ec12a68f12ff P 10e77bb6342f4c3fbd28c6102423c49a [CANDIDATE]: Term 1 pre-election: Requested pre-vote from peers 236a52fd6e6b4de697ecc95dd199e901 (127.3.238.1:46695), 8d90f77b88854f32b71b5c154c8f4f11 (127.3.238.2:45471)
I20260710 11:09:46.972863  5358 consensus_queue.cc:1048] T e32587b0a5a74c218de6102281f11caf P 10e77bb6342f4c3fbd28c6102423c49a [LEADER]: Connected to new peer: Peer: permanent_uuid: "236a52fd6e6b4de697ecc95dd199e901" member_type: VOTER last_known_addr { host: "127.3.238.1" port: 46695 }, Status: LMP_MISMATCH, Last received: 0.0, Next index: 1, Last known committed idx: 0, Time since last communication: 0.001s
I20260710 11:09:46.975960  5348 tablet_bootstrap.cc:492] T dcbe8aa25bca4e0190115bf9e92a0f0d P 10e77bb6342f4c3fbd28c6102423c49a: No bootstrap required, opened a new log
I20260710 11:09:46.977201  5154 tablet_service.cc:1917] Received RequestConsensusVote() RPC: tablet_id: "0dd5b1e525184b9fab61ec12a68f12ff" candidate_uuid: "10e77bb6342f4c3fbd28c6102423c49a" candidate_term: 1 candidate_status { last_received { term: 0 index: 0 } } ignore_live_leader: false dest_uuid: "236a52fd6e6b4de697ecc95dd199e901" is_pre_election: true
I20260710 11:09:46.978489  5348 ts_tablet_manager.cc:1403] T dcbe8aa25bca4e0190115bf9e92a0f0d P 10e77bb6342f4c3fbd28c6102423c49a: Time spent bootstrapping tablet: real 0.131s	user 0.010s	sys 0.005s
W20260710 11:09:46.987531  5269 leader_election.cc:343] T 0dd5b1e525184b9fab61ec12a68f12ff P 10e77bb6342f4c3fbd28c6102423c49a [CANDIDATE]: Term 1 pre-election: Tablet error from VoteRequest() call to peer 236a52fd6e6b4de697ecc95dd199e901 (127.3.238.1:46695): Illegal state: must be running to vote when last-logged opid is not known
I20260710 11:09:46.989419  5231 tablet_service.cc:1917] Received RequestConsensusVote() RPC: tablet_id: "c374997967754307acd19dc48908fe94" candidate_uuid: "10e77bb6342f4c3fbd28c6102423c49a" candidate_term: 1 candidate_status { last_received { term: 0 index: 0 } } ignore_live_leader: false dest_uuid: "8d90f77b88854f32b71b5c154c8f4f11" is_pre_election: true
I20260710 11:09:47.006958  5231 tablet_service.cc:1917] Received RequestConsensusVote() RPC: tablet_id: "0dd5b1e525184b9fab61ec12a68f12ff" candidate_uuid: "10e77bb6342f4c3fbd28c6102423c49a" candidate_term: 1 candidate_status { last_received { term: 0 index: 0 } } ignore_live_leader: false dest_uuid: "8d90f77b88854f32b71b5c154c8f4f11" is_pre_election: true
I20260710 11:09:47.007725  5231 raft_consensus.cc:2468] T 0dd5b1e525184b9fab61ec12a68f12ff P 8d90f77b88854f32b71b5c154c8f4f11 [term 0 FOLLOWER]: Leader pre-election vote request: Granting yes vote for candidate 10e77bb6342f4c3fbd28c6102423c49a in term 0.
I20260710 11:09:47.008540  5348 raft_consensus.cc:359] T dcbe8aa25bca4e0190115bf9e92a0f0d P 10e77bb6342f4c3fbd28c6102423c49a [term 0 FOLLOWER]: Replica starting. Triggering 0 pending ops. Active config: opid_index: -1 OBSOLETE_local: false peers { permanent_uuid: "236a52fd6e6b4de697ecc95dd199e901" member_type: VOTER last_known_addr { host: "127.3.238.1" port: 46695 } } peers { permanent_uuid: "8d90f77b88854f32b71b5c154c8f4f11" member_type: VOTER last_known_addr { host: "127.3.238.2" port: 45471 } } peers { permanent_uuid: "10e77bb6342f4c3fbd28c6102423c49a" member_type: VOTER last_known_addr { host: "127.3.238.3" port: 39675 } }
I20260710 11:09:47.009227  5348 raft_consensus.cc:385] T dcbe8aa25bca4e0190115bf9e92a0f0d P 10e77bb6342f4c3fbd28c6102423c49a [term 0 FOLLOWER]: Consensus starting up: Expiring failure detector timer to make a prompt election more likely
I20260710 11:09:47.009479  5348 raft_consensus.cc:740] T dcbe8aa25bca4e0190115bf9e92a0f0d P 10e77bb6342f4c3fbd28c6102423c49a [term 0 FOLLOWER]: Becoming Follower/Learner. State: Replica: 10e77bb6342f4c3fbd28c6102423c49a, State: Initialized, Role: FOLLOWER
I20260710 11:09:47.010174  5348 consensus_queue.cc:260] T dcbe8aa25bca4e0190115bf9e92a0f0d P 10e77bb6342f4c3fbd28c6102423c49a [NON_LEADER]: Queue going to NON_LEADER mode. State: All replicated index: 0, Majority replicated index: 0, Committed index: 0, Last appended: 0.0, Last appended by leader: 0, Current term: 0, Majority size: -1, State: 0, Mode: NON_LEADER, active raft config: opid_index: -1 OBSOLETE_local: false peers { permanent_uuid: "236a52fd6e6b4de697ecc95dd199e901" member_type: VOTER last_known_addr { host: "127.3.238.1" port: 46695 } } peers { permanent_uuid: "8d90f77b88854f32b71b5c154c8f4f11" member_type: VOTER last_known_addr { host: "127.3.238.2" port: 45471 } } peers { permanent_uuid: "10e77bb6342f4c3fbd28c6102423c49a" member_type: VOTER last_known_addr { host: "127.3.238.3" port: 39675 } }
W20260710 11:09:47.013849  5270 leader_election.cc:343] T c374997967754307acd19dc48908fe94 P 10e77bb6342f4c3fbd28c6102423c49a [CANDIDATE]: Term 1 pre-election: Tablet error from VoteRequest() call to peer 8d90f77b88854f32b71b5c154c8f4f11 (127.3.238.2:45471): Illegal state: must be running to vote when last-logged opid is not known
I20260710 11:09:47.014400  5270 leader_election.cc:304] T c374997967754307acd19dc48908fe94 P 10e77bb6342f4c3fbd28c6102423c49a [CANDIDATE]: Term 1 pre-election: Election decided. Result: candidate lost. Election summary: received 3 responses out of 3 voters: 1 yes votes; 2 no votes. yes voters: 10e77bb6342f4c3fbd28c6102423c49a; no voters: 236a52fd6e6b4de697ecc95dd199e901, 8d90f77b88854f32b71b5c154c8f4f11
I20260710 11:09:47.015210  5358 raft_consensus.cc:2749] T c374997967754307acd19dc48908fe94 P 10e77bb6342f4c3fbd28c6102423c49a [term 0 FOLLOWER]: Leader pre-election lost for term 1. Reason: could not achieve majority
I20260710 11:09:47.016851  5270 leader_election.cc:304] T 0dd5b1e525184b9fab61ec12a68f12ff P 10e77bb6342f4c3fbd28c6102423c49a [CANDIDATE]: Term 1 pre-election: Election decided. Result: candidate won. Election summary: received 3 responses out of 3 voters: 2 yes votes; 1 no votes. yes voters: 10e77bb6342f4c3fbd28c6102423c49a, 8d90f77b88854f32b71b5c154c8f4f11; no voters: 236a52fd6e6b4de697ecc95dd199e901
I20260710 11:09:47.017331  5348 ts_tablet_manager.cc:1434] T dcbe8aa25bca4e0190115bf9e92a0f0d P 10e77bb6342f4c3fbd28c6102423c49a: Time spent starting tablet: real 0.038s	user 0.006s	sys 0.000s
I20260710 11:09:47.016840  5052 catalog_manager.cc:5697] T 5ce72000be9a456e8a046b84e4d01949 P 236a52fd6e6b4de697ecc95dd199e901 reported cstate change: term changed from 0 to 1, leader changed from <none> to 236a52fd6e6b4de697ecc95dd199e901 (127.3.238.1). New cstate: current_term: 1 leader_uuid: "236a52fd6e6b4de697ecc95dd199e901" committed_config { opid_index: -1 OBSOLETE_local: false peers { permanent_uuid: "236a52fd6e6b4de697ecc95dd199e901" member_type: VOTER last_known_addr { host: "127.3.238.1" port: 46695 } health_report { overall_health: HEALTHY } } peers { permanent_uuid: "8d90f77b88854f32b71b5c154c8f4f11" member_type: VOTER last_known_addr { host: "127.3.238.2" port: 45471 } health_report { overall_health: UNKNOWN } } peers { permanent_uuid: "10e77bb6342f4c3fbd28c6102423c49a" member_type: VOTER last_known_addr { host: "127.3.238.3" port: 39675 } health_report { overall_health: UNKNOWN } } }
I20260710 11:09:47.019647  5358 raft_consensus.cc:2804] T 0dd5b1e525184b9fab61ec12a68f12ff P 10e77bb6342f4c3fbd28c6102423c49a [term 0 FOLLOWER]: Leader pre-election won for term 1
I20260710 11:09:47.021059  5358 raft_consensus.cc:493] T 0dd5b1e525184b9fab61ec12a68f12ff P 10e77bb6342f4c3fbd28c6102423c49a [term 0 FOLLOWER]: Starting leader election (no leader contacted us within the election timeout)
I20260710 11:09:47.021402  5358 raft_consensus.cc:3060] T 0dd5b1e525184b9fab61ec12a68f12ff P 10e77bb6342f4c3fbd28c6102423c49a [term 0 FOLLOWER]: Advancing to term 1
I20260710 11:09:47.022325  5348 tablet_bootstrap.cc:492] T 9badc81e0e0f4e0aac0f09a9a7f60abc P 10e77bb6342f4c3fbd28c6102423c49a: Bootstrap starting.
I20260710 11:09:47.028820  5051 catalog_manager.cc:5697] T adfa4caa0a2c4dedad9f4eebcda5db83 P 8d90f77b88854f32b71b5c154c8f4f11 reported cstate change: term changed from 0 to 1, leader changed from <none> to 8d90f77b88854f32b71b5c154c8f4f11 (127.3.238.2). New cstate: current_term: 1 leader_uuid: "8d90f77b88854f32b71b5c154c8f4f11" committed_config { opid_index: -1 OBSOLETE_local: false peers { permanent_uuid: "236a52fd6e6b4de697ecc95dd199e901" member_type: VOTER last_known_addr { host: "127.3.238.1" port: 46695 } health_report { overall_health: UNKNOWN } } peers { permanent_uuid: "8d90f77b88854f32b71b5c154c8f4f11" member_type: VOTER last_known_addr { host: "127.3.238.2" port: 45471 } health_report { overall_health: HEALTHY } } peers { permanent_uuid: "10e77bb6342f4c3fbd28c6102423c49a" member_type: VOTER last_known_addr { host: "127.3.238.3" port: 39675 } health_report { overall_health: UNKNOWN } } }
