I20260710 11:09:39.596124  8514 raft_consensus.cc:385] T 5acda4b3be3b47439312c03cfc86ee28 P b15dfe2bbb0143f5bb093ee985d419fe [term 0 FOLLOWER]: Consensus starting up: Expiring failure detector timer to make a prompt election more likely
I20260710 11:09:39.596372  8512 tablet_bootstrap.cc:492] T 5acda4b3be3b47439312c03cfc86ee28 P 4580cf87de7f4ec1b1625ae60b58a125: No bootstrap required, opened a new log
I20260710 11:09:39.596885  8512 ts_tablet_manager.cc:1403] T 5acda4b3be3b47439312c03cfc86ee28 P 4580cf87de7f4ec1b1625ae60b58a125: Time spent bootstrapping tablet: real 0.099s	user 0.006s	sys 0.005s
I20260710 11:09:39.599773  8512 raft_consensus.cc:359] T 5acda4b3be3b47439312c03cfc86ee28 P 4580cf87de7f4ec1b1625ae60b58a125 [term 0 FOLLOWER]: Replica starting. Triggering 0 pending ops. Active config: opid_index: -1 OBSOLETE_local: false peers { permanent_uuid: "69f207a236e349cfaf0cd3cc3e96ef05" member_type: VOTER last_known_addr { host: "127.7.15.129" port: 40517 } } peers { permanent_uuid: "b15dfe2bbb0143f5bb093ee985d419fe" member_type: VOTER last_known_addr { host: "127.7.15.130" port: 41823 } } peers { permanent_uuid: "4580cf87de7f4ec1b1625ae60b58a125" member_type: VOTER last_known_addr { host: "127.7.15.131" port: 40495 } }
I20260710 11:09:39.600448  8512 raft_consensus.cc:385] T 5acda4b3be3b47439312c03cfc86ee28 P 4580cf87de7f4ec1b1625ae60b58a125 [term 0 FOLLOWER]: Consensus starting up: Expiring failure detector timer to make a prompt election more likely
I20260710 11:09:39.600730  8512 raft_consensus.cc:740] T 5acda4b3be3b47439312c03cfc86ee28 P 4580cf87de7f4ec1b1625ae60b58a125 [term 0 FOLLOWER]: Becoming Follower/Learner. State: Replica: 4580cf87de7f4ec1b1625ae60b58a125, State: Initialized, Role: FOLLOWER
I20260710 11:09:39.596369  8514 raft_consensus.cc:740] T 5acda4b3be3b47439312c03cfc86ee28 P b15dfe2bbb0143f5bb093ee985d419fe [term 0 FOLLOWER]: Becoming Follower/Learner. State: Replica: b15dfe2bbb0143f5bb093ee985d419fe, State: Initialized, Role: FOLLOWER
I20260710 11:09:39.602137  8514 consensus_queue.cc:260] T 5acda4b3be3b47439312c03cfc86ee28 P b15dfe2bbb0143f5bb093ee985d419fe [NON_LEADER]: Queue going to NON_LEADER mode. State: All replicated index: 0, Majority replicated index: 0, Committed index: 0, Last appended: 0.0, Last appended by leader: 0, Current term: 0, Majority size: -1, State: 0, Mode: NON_LEADER, active raft config: opid_index: -1 OBSOLETE_local: false peers { permanent_uuid: "69f207a236e349cfaf0cd3cc3e96ef05" member_type: VOTER last_known_addr { host: "127.7.15.129" port: 40517 } } peers { permanent_uuid: "b15dfe2bbb0143f5bb093ee985d419fe" member_type: VOTER last_known_addr { host: "127.7.15.130" port: 41823 } } peers { permanent_uuid: "4580cf87de7f4ec1b1625ae60b58a125" member_type: VOTER last_known_addr { host: "127.7.15.131" port: 40495 } }
I20260710 11:09:39.604125  8514 ts_tablet_manager.cc:1434] T 5acda4b3be3b47439312c03cfc86ee28 P b15dfe2bbb0143f5bb093ee985d419fe: Time spent starting tablet: real 0.011s	user 0.004s	sys 0.003s
I20260710 11:09:39.604604  8512 consensus_queue.cc:260] T 5acda4b3be3b47439312c03cfc86ee28 P 4580cf87de7f4ec1b1625ae60b58a125 [NON_LEADER]: Queue going to NON_LEADER mode. State: All replicated index: 0, Majority replicated index: 0, Committed index: 0, Last appended: 0.0, Last appended by leader: 0, Current term: 0, Majority size: -1, State: 0, Mode: NON_LEADER, active raft config: opid_index: -1 OBSOLETE_local: false peers { permanent_uuid: "69f207a236e349cfaf0cd3cc3e96ef05" member_type: VOTER last_known_addr { host: "127.7.15.129" port: 40517 } } peers { permanent_uuid: "b15dfe2bbb0143f5bb093ee985d419fe" member_type: VOTER last_known_addr { host: "127.7.15.130" port: 41823 } } peers { permanent_uuid: "4580cf87de7f4ec1b1625ae60b58a125" member_type: VOTER last_known_addr { host: "127.7.15.131" port: 40495 } }
I20260710 11:09:39.606803  8512 ts_tablet_manager.cc:1434] T 5acda4b3be3b47439312c03cfc86ee28 P 4580cf87de7f4ec1b1625ae60b58a125: Time spent starting tablet: real 0.010s	user 0.002s	sys 0.003s
I20260710 11:09:39.607846  8514 tablet_bootstrap.cc:492] T 0d35a5856f974c8ba9374e298554494a P b15dfe2bbb0143f5bb093ee985d419fe: Bootstrap starting.
I20260710 11:09:39.607851  8512 tablet_bootstrap.cc:492] T 0d35a5856f974c8ba9374e298554494a P 4580cf87de7f4ec1b1625ae60b58a125: Bootstrap starting.
I20260710 11:09:39.613818  8514 tablet_bootstrap.cc:654] T 0d35a5856f974c8ba9374e298554494a P b15dfe2bbb0143f5bb093ee985d419fe: Neither blocks nor log segments found. Creating new log.
I20260710 11:09:39.615790  8512 tablet_bootstrap.cc:654] T 0d35a5856f974c8ba9374e298554494a P 4580cf87de7f4ec1b1625ae60b58a125: Neither blocks nor log segments found. Creating new log.
I20260710 11:09:39.621258  8398 raft_consensus.cc:2468] T cc885b3b43d84ce9b72669a20cc7a543 P b15dfe2bbb0143f5bb093ee985d419fe [term 1 FOLLOWER]: Leader election vote request: Granting yes vote for candidate 4580cf87de7f4ec1b1625ae60b58a125 in term 1.
I20260710 11:09:39.625370  8513 tablet_bootstrap.cc:492] T 0d35a5856f974c8ba9374e298554494a P 69f207a236e349cfaf0cd3cc3e96ef05: No bootstrap required, opened a new log
I20260710 11:09:39.625365  8219 catalog_manager.cc:5697] T cc885b3b43d84ce9b72669a20cc7a543 P 4580cf87de7f4ec1b1625ae60b58a125 reported cstate change: term changed from 0 to 1, leader changed from <none> to 4580cf87de7f4ec1b1625ae60b58a125 (127.7.15.131). New cstate: current_term: 1 leader_uuid: "4580cf87de7f4ec1b1625ae60b58a125" committed_config { opid_index: -1 OBSOLETE_local: false peers { permanent_uuid: "69f207a236e349cfaf0cd3cc3e96ef05" member_type: VOTER last_known_addr { host: "127.7.15.129" port: 40517 } health_report { overall_health: UNKNOWN } } peers { permanent_uuid: "b15dfe2bbb0143f5bb093ee985d419fe" member_type: VOTER last_known_addr { host: "127.7.15.130" port: 41823 } health_report { overall_health: UNKNOWN } } peers { permanent_uuid: "4580cf87de7f4ec1b1625ae60b58a125" member_type: VOTER last_known_addr { host: "127.7.15.131" port: 40495 } health_report { overall_health: HEALTHY } } }
I20260710 11:09:39.626331  8513 ts_tablet_manager.cc:1403] T 0d35a5856f974c8ba9374e298554494a P 69f207a236e349cfaf0cd3cc3e96ef05: Time spent bootstrapping tablet: real 0.114s	user 0.032s	sys 0.040s
I20260710 11:09:39.627925  8512 tablet_bootstrap.cc:492] T 0d35a5856f974c8ba9374e298554494a P 4580cf87de7f4ec1b1625ae60b58a125: No bootstrap required, opened a new log
I20260710 11:09:39.628090  8514 tablet_bootstrap.cc:492] T 0d35a5856f974c8ba9374e298554494a P b15dfe2bbb0143f5bb093ee985d419fe: No bootstrap required, opened a new log
I20260710 11:09:39.628402  8512 ts_tablet_manager.cc:1403] T 0d35a5856f974c8ba9374e298554494a P 4580cf87de7f4ec1b1625ae60b58a125: Time spent bootstrapping tablet: real 0.021s	user 0.006s	sys 0.008s
I20260710 11:09:39.628580  8514 ts_tablet_manager.cc:1403] T 0d35a5856f974c8ba9374e298554494a P b15dfe2bbb0143f5bb093ee985d419fe: Time spent bootstrapping tablet: real 0.021s	user 0.008s	sys 0.005s
I20260710 11:09:39.629331  8513 raft_consensus.cc:359] T 0d35a5856f974c8ba9374e298554494a P 69f207a236e349cfaf0cd3cc3e96ef05 [term 0 FOLLOWER]: Replica starting. Triggering 0 pending ops. Active config: opid_index: -1 OBSOLETE_local: false peers { permanent_uuid: "69f207a236e349cfaf0cd3cc3e96ef05" member_type: VOTER last_known_addr { host: "127.7.15.129" port: 40517 } } peers { permanent_uuid: "b15dfe2bbb0143f5bb093ee985d419fe" member_type: VOTER last_known_addr { host: "127.7.15.130" port: 41823 } } peers { permanent_uuid: "4580cf87de7f4ec1b1625ae60b58a125" member_type: VOTER last_known_addr { host: "127.7.15.131" port: 40495 } }
I20260710 11:09:39.629983  8513 raft_consensus.cc:385] T 0d35a5856f974c8ba9374e298554494a P 69f207a236e349cfaf0cd3cc3e96ef05 [term 0 FOLLOWER]: Consensus starting up: Expiring failure detector timer to make a prompt election more likely
I20260710 11:09:39.630240  8513 raft_consensus.cc:740] T 0d35a5856f974c8ba9374e298554494a P 69f207a236e349cfaf0cd3cc3e96ef05 [term 0 FOLLOWER]: Becoming Follower/Learner. State: Replica: 69f207a236e349cfaf0cd3cc3e96ef05, State: Initialized, Role: FOLLOWER
I20260710 11:09:39.630822  8512 raft_consensus.cc:359] T 0d35a5856f974c8ba9374e298554494a P 4580cf87de7f4ec1b1625ae60b58a125 [term 0 FOLLOWER]: Replica starting. Triggering 0 pending ops. Active config: opid_index: -1 OBSOLETE_local: false peers { permanent_uuid: "69f207a236e349cfaf0cd3cc3e96ef05" member_type: VOTER last_known_addr { host: "127.7.15.129" port: 40517 } } peers { permanent_uuid: "b15dfe2bbb0143f5bb093ee985d419fe" member_type: VOTER last_known_addr { host: "127.7.15.130" port: 41823 } } peers { permanent_uuid: "4580cf87de7f4ec1b1625ae60b58a125" member_type: VOTER last_known_addr { host: "127.7.15.131" port: 40495 } }
I20260710 11:09:39.630841  8513 consensus_queue.cc:260] T 0d35a5856f974c8ba9374e298554494a P 69f207a236e349cfaf0cd3cc3e96ef05 [NON_LEADER]: Queue going to NON_LEADER mode. State: All replicated index: 0, Majority replicated index: 0, Committed index: 0, Last appended: 0.0, Last appended by leader: 0, Current term: 0, Majority size: -1, State: 0, Mode: NON_LEADER, active raft config: opid_index: -1 OBSOLETE_local: false peers { permanent_uuid: "69f207a236e349cfaf0cd3cc3e96ef05" member_type: VOTER last_known_addr { host: "127.7.15.129" port: 40517 } } peers { permanent_uuid: "b15dfe2bbb0143f5bb093ee985d419fe" member_type: VOTER last_known_addr { host: "127.7.15.130" port: 41823 } } peers { permanent_uuid: "4580cf87de7f4ec1b1625ae60b58a125" member_type: VOTER last_known_addr { host: "127.7.15.131" port: 40495 } }
I20260710 11:09:39.631482  8512 raft_consensus.cc:385] T 0d35a5856f974c8ba9374e298554494a P 4580cf87de7f4ec1b1625ae60b58a125 [term 0 FOLLOWER]: Consensus starting up: Expiring failure detector timer to make a prompt election more likely
I20260710 11:09:39.631219  8514 raft_consensus.cc:359] T 0d35a5856f974c8ba9374e298554494a P b15dfe2bbb0143f5bb093ee985d419fe [term 0 FOLLOWER]: Replica starting. Triggering 0 pending ops. Active config: opid_index: -1 OBSOLETE_local: false peers { permanent_uuid: "69f207a236e349cfaf0cd3cc3e96ef05" member_type: VOTER last_known_addr { host: "127.7.15.129" port: 40517 } } peers { permanent_uuid: "b15dfe2bbb0143f5bb093ee985d419fe" member_type: VOTER last_known_addr { host: "127.7.15.130" port: 41823 } } peers { permanent_uuid: "4580cf87de7f4ec1b1625ae60b58a125" member_type: VOTER last_known_addr { host: "127.7.15.131" port: 40495 } }
I20260710 11:09:39.631786  8512 raft_consensus.cc:740] T 0d35a5856f974c8ba9374e298554494a P 4580cf87de7f4ec1b1625ae60b58a125 [term 0 FOLLOWER]: Becoming Follower/Learner. State: Replica: 4580cf87de7f4ec1b1625ae60b58a125, State: Initialized, Role: FOLLOWER
I20260710 11:09:39.633441  8514 raft_consensus.cc:385] T 0d35a5856f974c8ba9374e298554494a P b15dfe2bbb0143f5bb093ee985d419fe [term 0 FOLLOWER]: Consensus starting up: Expiring failure detector timer to make a prompt election more likely
I20260710 11:09:39.633711  8514 raft_consensus.cc:740] T 0d35a5856f974c8ba9374e298554494a P b15dfe2bbb0143f5bb093ee985d419fe [term 0 FOLLOWER]: Becoming Follower/Learner. State: Replica: b15dfe2bbb0143f5bb093ee985d419fe, State: Initialized, Role: FOLLOWER
I20260710 11:09:39.633133  8513 ts_tablet_manager.cc:1434] T 0d35a5856f974c8ba9374e298554494a P 69f207a236e349cfaf0cd3cc3e96ef05: Time spent starting tablet: real 0.006s	user 0.005s	sys 0.000s
I20260710 11:09:39.634322  8514 consensus_queue.cc:260] T 0d35a5856f974c8ba9374e298554494a P b15dfe2bbb0143f5bb093ee985d419fe [NON_LEADER]: Queue going to NON_LEADER mode. State: All replicated index: 0, Majority replicated index: 0, Committed index: 0, Last appended: 0.0, Last appended by leader: 0, Current term: 0, Majority size: -1, State: 0, Mode: NON_LEADER, active raft config: opid_index: -1 OBSOLETE_local: false peers { permanent_uuid: "69f207a236e349cfaf0cd3cc3e96ef05" member_type: VOTER last_known_addr { host: "127.7.15.129" port: 40517 } } peers { permanent_uuid: "b15dfe2bbb0143f5bb093ee985d419fe" member_type: VOTER last_known_addr { host: "127.7.15.130" port: 41823 } } peers { permanent_uuid: "4580cf87de7f4ec1b1625ae60b58a125" member_type: VOTER last_known_addr { host: "127.7.15.131" port: 40495 } }
I20260710 11:09:39.634896  8513 tablet_bootstrap.cc:492] T 17ff9cf50e694c43a9bb97058923d404 P 69f207a236e349cfaf0cd3cc3e96ef05: Bootstrap starting.
I20260710 11:09:39.636201  8514 ts_tablet_manager.cc:1434] T 0d35a5856f974c8ba9374e298554494a P b15dfe2bbb0143f5bb093ee985d419fe: Time spent starting tablet: real 0.007s	user 0.004s	sys 0.001s
I20260710 11:09:39.633842  8512 consensus_queue.cc:260] T 0d35a5856f974c8ba9374e298554494a P 4580cf87de7f4ec1b1625ae60b58a125 [NON_LEADER]: Queue going to NON_LEADER mode. State: All replicated index: 0, Majority replicated index: 0, Committed index: 0, Last appended: 0.0, Last appended by leader: 0, Current term: 0, Majority size: -1, State: 0, Mode: NON_LEADER, active raft config: opid_index: -1 OBSOLETE_local: false peers { permanent_uuid: "69f207a236e349cfaf0cd3cc3e96ef05" member_type: VOTER last_known_addr { host: "127.7.15.129" port: 40517 } } peers { permanent_uuid: "b15dfe2bbb0143f5bb093ee985d419fe" member_type: VOTER last_known_addr { host: "127.7.15.130" port: 41823 } } peers { permanent_uuid: "4580cf87de7f4ec1b1625ae60b58a125" member_type: VOTER last_known_addr { host: "127.7.15.131" port: 40495 } }
I20260710 11:09:39.637804  8512 ts_tablet_manager.cc:1434] T 0d35a5856f974c8ba9374e298554494a P 4580cf87de7f4ec1b1625ae60b58a125: Time spent starting tablet: real 0.009s	user 0.005s	sys 0.000s
I20260710 11:09:39.638661  8512 tablet_bootstrap.cc:492] T 17ff9cf50e694c43a9bb97058923d404 P 4580cf87de7f4ec1b1625ae60b58a125: Bootstrap starting.
I20260710 11:09:39.640530  8513 tablet_bootstrap.cc:654] T 17ff9cf50e694c43a9bb97058923d404 P 69f207a236e349cfaf0cd3cc3e96ef05: Neither blocks nor log segments found. Creating new log.
I20260710 11:09:39.643784  8512 tablet_bootstrap.cc:654] T 17ff9cf50e694c43a9bb97058923d404 P 4580cf87de7f4ec1b1625ae60b58a125: Neither blocks nor log segments found. Creating new log.
I20260710 11:09:39.653033  8514 tablet_bootstrap.cc:492] T dc16186f0c6548cfb877dd92c0bcfe13 P b15dfe2bbb0143f5bb093ee985d419fe: Bootstrap starting.
I20260710 11:09:39.656383  8521 raft_consensus.cc:493] T 5acda4b3be3b47439312c03cfc86ee28 P b15dfe2bbb0143f5bb093ee985d419fe [term 0 FOLLOWER]: Starting pre-election (no leader contacted us within the election timeout)
I20260710 11:09:39.656849  8521 raft_consensus.cc:515] T 5acda4b3be3b47439312c03cfc86ee28 P b15dfe2bbb0143f5bb093ee985d419fe [term 0 FOLLOWER]: Starting pre-election with config: opid_index: -1 OBSOLETE_local: false peers { permanent_uuid: "69f207a236e349cfaf0cd3cc3e96ef05" member_type: VOTER last_known_addr { host: "127.7.15.129" port: 40517 } } peers { permanent_uuid: "b15dfe2bbb0143f5bb093ee985d419fe" member_type: VOTER last_known_addr { host: "127.7.15.130" port: 41823 } } peers { permanent_uuid: "4580cf87de7f4ec1b1625ae60b58a125" member_type: VOTER last_known_addr { host: "127.7.15.131" port: 40495 } }
I20260710 11:09:39.658147  8512 tablet_bootstrap.cc:492] T 17ff9cf50e694c43a9bb97058923d404 P 4580cf87de7f4ec1b1625ae60b58a125: No bootstrap required, opened a new log
I20260710 11:09:39.658383  8513 tablet_bootstrap.cc:492] T 17ff9cf50e694c43a9bb97058923d404 P 69f207a236e349cfaf0cd3cc3e96ef05: No bootstrap required, opened a new log
I20260710 11:09:39.658577  8512 ts_tablet_manager.cc:1403] T 17ff9cf50e694c43a9bb97058923d404 P 4580cf87de7f4ec1b1625ae60b58a125: Time spent bootstrapping tablet: real 0.020s	user 0.015s	sys 0.002s
I20260710 11:09:39.658807  8513 ts_tablet_manager.cc:1403] T 17ff9cf50e694c43a9bb97058923d404 P 69f207a236e349cfaf0cd3cc3e96ef05: Time spent bootstrapping tablet: real 0.024s	user 0.019s	sys 0.003s
I20260710 11:09:39.660518  8323 tablet_service.cc:1917] Received RequestConsensusVote() RPC: tablet_id: "5acda4b3be3b47439312c03cfc86ee28" candidate_uuid: "b15dfe2bbb0143f5bb093ee985d419fe" candidate_term: 1 candidate_status { last_received { term: 0 index: 0 } } ignore_live_leader: false dest_uuid: "69f207a236e349cfaf0cd3cc3e96ef05" is_pre_election: true
I20260710 11:09:39.660915  8472 tablet_service.cc:1917] Received RequestConsensusVote() RPC: tablet_id: "5acda4b3be3b47439312c03cfc86ee28" candidate_uuid: "b15dfe2bbb0143f5bb093ee985d419fe" candidate_term: 1 candidate_status { last_received { term: 0 index: 0 } } ignore_live_leader: false dest_uuid: "4580cf87de7f4ec1b1625ae60b58a125" is_pre_election: true
I20260710 11:09:39.661100  8323 raft_consensus.cc:2468] T 5acda4b3be3b47439312c03cfc86ee28 P 69f207a236e349cfaf0cd3cc3e96ef05 [term 0 FOLLOWER]: Leader pre-election vote request: Granting yes vote for candidate b15dfe2bbb0143f5bb093ee985d419fe in term 0.
I20260710 11:09:39.658746  8521 leader_election.cc:290] T 5acda4b3be3b47439312c03cfc86ee28 P b15dfe2bbb0143f5bb093ee985d419fe [CANDIDATE]: Term 1 pre-election: Requested pre-vote from peers 69f207a236e349cfaf0cd3cc3e96ef05 (127.7.15.129:40517), 4580cf87de7f4ec1b1625ae60b58a125 (127.7.15.131:40495)
I20260710 11:09:39.661343  8513 raft_consensus.cc:359] T 17ff9cf50e694c43a9bb97058923d404 P 69f207a236e349cfaf0cd3cc3e96ef05 [term 0 FOLLOWER]: Replica starting. Triggering 0 pending ops. Active config: opid_index: -1 OBSOLETE_local: false peers { permanent_uuid: "69f207a236e349cfaf0cd3cc3e96ef05" member_type: VOTER last_known_addr { host: "127.7.15.129" port: 40517 } } peers { permanent_uuid: "b15dfe2bbb0143f5bb093ee985d419fe" member_type: VOTER last_known_addr { host: "127.7.15.130" port: 41823 } } peers { permanent_uuid: "4580cf87de7f4ec1b1625ae60b58a125" member_type: VOTER last_known_addr { host: "127.7.15.131" port: 40495 } }
I20260710 11:09:39.661504  8472 raft_consensus.cc:2468] T 5acda4b3be3b47439312c03cfc86ee28 P 4580cf87de7f4ec1b1625ae60b58a125 [term 0 FOLLOWER]: Leader pre-election vote request: Granting yes vote for candidate b15dfe2bbb0143f5bb093ee985d419fe in term 0.
I20260710 11:09:39.662111  8513 raft_consensus.cc:385] T 17ff9cf50e694c43a9bb97058923d404 P 69f207a236e349cfaf0cd3cc3e96ef05 [term 0 FOLLOWER]: Consensus starting up: Expiring failure detector timer to make a prompt election more likely
I20260710 11:09:39.661101  8512 raft_consensus.cc:359] T 17ff9cf50e694c43a9bb97058923d404 P 4580cf87de7f4ec1b1625ae60b58a125 [term 0 FOLLOWER]: Replica starting. Triggering 0 pending ops. Active config: opid_index: -1 OBSOLETE_local: false peers { permanent_uuid: "69f207a236e349cfaf0cd3cc3e96ef05" member_type: VOTER last_known_addr { host: "127.7.15.129" port: 40517 } } peers { permanent_uuid: "b15dfe2bbb0143f5bb093ee985d419fe" member_type: VOTER last_known_addr { host: "127.7.15.130" port: 41823 } } peers { permanent_uuid: "4580cf87de7f4ec1b1625ae60b58a125" member_type: VOTER last_known_addr { host: "127.7.15.131" port: 40495 } }
I20260710 11:09:39.662396  8513 raft_consensus.cc:740] T 17ff9cf50e694c43a9bb97058923d404 P 69f207a236e349cfaf0cd3cc3e96ef05 [term 0 FOLLOWER]: Becoming Follower/Learner. State: Replica: 69f207a236e349cfaf0cd3cc3e96ef05, State: Initialized, Role: FOLLOWER
I20260710 11:09:39.661268  8514 tablet_bootstrap.cc:654] T dc16186f0c6548cfb877dd92c0bcfe13 P b15dfe2bbb0143f5bb093ee985d419fe: Neither blocks nor log segments found. Creating new log.
I20260710 11:09:39.662343  8363 leader_election.cc:304] T 5acda4b3be3b47439312c03cfc86ee28 P b15dfe2bbb0143f5bb093ee985d419fe [CANDIDATE]: Term 1 pre-election: Election decided. Result: candidate won. Election summary: received 2 responses out of 3 voters: 2 yes votes; 0 no votes. yes voters: 69f207a236e349cfaf0cd3cc3e96ef05, b15dfe2bbb0143f5bb093ee985d419fe; no voters: 
I20260710 11:09:39.662631  8512 raft_consensus.cc:385] T 17ff9cf50e694c43a9bb97058923d404 P 4580cf87de7f4ec1b1625ae60b58a125 [term 0 FOLLOWER]: Consensus starting up: Expiring failure detector timer to make a prompt election more likely
I20260710 11:09:39.663048  8512 raft_consensus.cc:740] T 17ff9cf50e694c43a9bb97058923d404 P 4580cf87de7f4ec1b1625ae60b58a125 [term 0 FOLLOWER]: Becoming Follower/Learner. State: Replica: 4580cf87de7f4ec1b1625ae60b58a125, State: Initialized, Role: FOLLOWER
I20260710 11:09:39.663275  8521 raft_consensus.cc:2804] T 5acda4b3be3b47439312c03cfc86ee28 P b15dfe2bbb0143f5bb093ee985d419fe [term 0 FOLLOWER]: Leader pre-election won for term 1
I20260710 11:09:39.663290  8513 consensus_queue.cc:260] T 17ff9cf50e694c43a9bb97058923d404 P 69f207a236e349cfaf0cd3cc3e96ef05 [NON_LEADER]: Queue going to NON_LEADER mode. State: All replicated index: 0, Majority replicated index: 0, Committed index: 0, Last appended: 0.0, Last appended by leader: 0, Current term: 0, Majority size: -1, State: 0, Mode: NON_LEADER, active raft config: opid_index: -1 OBSOLETE_local: false peers { permanent_uuid: "69f207a236e349cfaf0cd3cc3e96ef05" member_type: VOTER last_known_addr { host: "127.7.15.129" port: 40517 } } peers { permanent_uuid: "b15dfe2bbb0143f5bb093ee985d419fe" member_type: VOTER last_known_addr { host: "127.7.15.130" port: 41823 } } peers { permanent_uuid: "4580cf87de7f4ec1b1625ae60b58a125" member_type: VOTER last_known_addr { host: "127.7.15.131" port: 40495 } }
I20260710 11:09:39.663671  8512 consensus_queue.cc:260] T 17ff9cf50e694c43a9bb97058923d404 P 4580cf87de7f4ec1b1625ae60b58a125 [NON_LEADER]: Queue going to NON_LEADER mode. State: All replicated index: 0, Majority replicated index: 0, Committed index: 0, Last appended: 0.0, Last appended by leader: 0, Current term: 0, Majority size: -1, State: 0, Mode: NON_LEADER, active raft config: opid_index: -1 OBSOLETE_local: false peers { permanent_uuid: "69f207a236e349cfaf0cd3cc3e96ef05" member_type: VOTER last_known_addr { host: "127.7.15.129" port: 40517 } } peers { permanent_uuid: "b15dfe2bbb0143f5bb093ee985d419fe" member_type: VOTER last_known_addr { host: "127.7.15.130" port: 41823 } } peers { permanent_uuid: "4580cf87de7f4ec1b1625ae60b58a125" member_type: VOTER last_known_addr { host: "127.7.15.131" port: 40495 } }
I20260710 11:09:39.663996  8521 raft_consensus.cc:493] T 5acda4b3be3b47439312c03cfc86ee28 P b15dfe2bbb0143f5bb093ee985d419fe [term 0 FOLLOWER]: Starting leader election (no leader contacted us within the election timeout)
I20260710 11:09:39.664510  8521 raft_consensus.cc:3060] T 5acda4b3be3b47439312c03cfc86ee28 P b15dfe2bbb0143f5bb093ee985d419fe [term 0 FOLLOWER]: Advancing to term 1
I20260710 11:09:39.668448  8513 ts_tablet_manager.cc:1434] T 17ff9cf50e694c43a9bb97058923d404 P 69f207a236e349cfaf0cd3cc3e96ef05: Time spent starting tablet: real 0.009s	user 0.007s	sys 0.000s
I20260710 11:09:39.669309  8513 tablet_bootstrap.cc:492] T 6fd1104a76844fba83694e0d19ee8676 P 69f207a236e349cfaf0cd3cc3e96ef05: Bootstrap starting.
I20260710 11:09:39.671198  8521 raft_consensus.cc:515] T 5acda4b3be3b47439312c03cfc86ee28 P b15dfe2bbb0143f5bb093ee985d419fe [term 1 FOLLOWER]: Starting leader election with config: opid_index: -1 OBSOLETE_local: false peers { permanent_uuid: "69f207a236e349cfaf0cd3cc3e96ef05" member_type: VOTER last_known_addr { host: "127.7.15.129" port: 40517 } } peers { permanent_uuid: "b15dfe2bbb0143f5bb093ee985d419fe" member_type: VOTER last_known_addr { host: "127.7.15.130" port: 41823 } } peers { permanent_uuid: "4580cf87de7f4ec1b1625ae60b58a125" member_type: VOTER last_known_addr { host: "127.7.15.131" port: 40495 } }
I20260710 11:09:39.673784  8323 tablet_service.cc:1917] Received RequestConsensusVote() RPC: tablet_id: "5acda4b3be3b47439312c03cfc86ee28" candidate_uuid: "b15dfe2bbb0143f5bb093ee985d419fe" candidate_term: 1 candidate_status { last_received { term: 0 index: 0 } } ignore_live_leader: false dest_uuid: "69f207a236e349cfaf0cd3cc3e96ef05"
I20260710 11:09:39.674311  8323 raft_consensus.cc:3060] T 5acda4b3be3b47439312c03cfc86ee28 P 69f207a236e349cfaf0cd3cc3e96ef05 [term 0 FOLLOWER]: Advancing to term 1
I20260710 11:09:39.676041  8512 ts_tablet_manager.cc:1434] T 17ff9cf50e694c43a9bb97058923d404 P 4580cf87de7f4ec1b1625ae60b58a125: Time spent starting tablet: real 0.017s	user 0.007s	sys 0.000s
I20260710 11:09:39.681068  8323 raft_consensus.cc:2468] T 5acda4b3be3b47439312c03cfc86ee28 P 69f207a236e349cfaf0cd3cc3e96ef05 [term 1 FOLLOWER]: Leader election vote request: Granting yes vote for candidate b15dfe2bbb0143f5bb093ee985d419fe in term 1.
I20260710 11:09:39.681967  8513 tablet_bootstrap.cc:654] T 6fd1104a76844fba83694e0d19ee8676 P 69f207a236e349cfaf0cd3cc3e96ef05: Neither blocks nor log segments found. Creating new log.
I20260710 11:09:39.682221  8363 leader_election.cc:304] T 5acda4b3be3b47439312c03cfc86ee28 P b15dfe2bbb0143f5bb093ee985d419fe [CANDIDATE]: Term 1 election: Election decided. Result: candidate won. Election summary: received 2 responses out of 3 voters: 2 yes votes; 0 no votes. yes voters: 69f207a236e349cfaf0cd3cc3e96ef05, b15dfe2bbb0143f5bb093ee985d419fe; no voters: 
I20260710 11:09:39.683647  8512 tablet_bootstrap.cc:492] T e7beda9129e34886bc213fe8a32b1928 P 4580cf87de7f4ec1b1625ae60b58a125: Bootstrap starting.
I20260710 11:09:39.689491  8472 tablet_service.cc:1917] Received RequestConsensusVote() RPC: tablet_id: "5acda4b3be3b47439312c03cfc86ee28" candidate_uuid: "b15dfe2bbb0143f5bb093ee985d419fe" candidate_term: 1 candidate_status { last_received { term: 0 index: 0 } } ignore_live_leader: false dest_uuid: "4580cf87de7f4ec1b1625ae60b58a125"
I20260710 11:09:39.690104  8472 raft_consensus.cc:3060] T 5acda4b3be3b47439312c03cfc86ee28 P 4580cf87de7f4ec1b1625ae60b58a125 [term 0 FOLLOWER]: Advancing to term 1
I20260710 11:09:39.690371  8512 tablet_bootstrap.cc:654] T e7beda9129e34886bc213fe8a32b1928 P 4580cf87de7f4ec1b1625ae60b58a125: Neither blocks nor log segments found. Creating new log.
I20260710 11:09:39.697165  8472 raft_consensus.cc:2468] T 5acda4b3be3b47439312c03cfc86ee28 P 4580cf87de7f4ec1b1625ae60b58a125 [term 1 FOLLOWER]: Leader election vote request: Granting yes vote for candidate b15dfe2bbb0143f5bb093ee985d419fe in term 1.
I20260710 11:09:39.699134  8521 leader_election.cc:290] T 5acda4b3be3b47439312c03cfc86ee28 P b15dfe2bbb0143f5bb093ee985d419fe [CANDIDATE]: Term 1 election: Requested vote from peers 69f207a236e349cfaf0cd3cc3e96ef05 (127.7.15.129:40517), 4580cf87de7f4ec1b1625ae60b58a125 (127.7.15.131:40495)
I20260710 11:09:39.700098  8568 raft_consensus.cc:2804] T 5acda4b3be3b47439312c03cfc86ee28 P b15dfe2bbb0143f5bb093ee985d419fe [term 1 FOLLOWER]: Leader election won for term 1
I20260710 11:09:39.700654  8568 raft_consensus.cc:697] T 5acda4b3be3b47439312c03cfc86ee28 P b15dfe2bbb0143f5bb093ee985d419fe [term 1 LEADER]: Becoming Leader. State: Replica: b15dfe2bbb0143f5bb093ee985d419fe, State: Running, Role: LEADER
I20260710 11:09:39.701781  8512 tablet_bootstrap.cc:492] T e7beda9129e34886bc213fe8a32b1928 P 4580cf87de7f4ec1b1625ae60b58a125: No bootstrap required, opened a new log
I20260710 11:09:39.702298  8512 ts_tablet_manager.cc:1403] T e7beda9129e34886bc213fe8a32b1928 P 4580cf87de7f4ec1b1625ae60b58a125: Time spent bootstrapping tablet: real 0.019s	user 0.014s	sys 0.003s
I20260710 11:09:39.702312  8568 consensus_queue.cc:237] T 5acda4b3be3b47439312c03cfc86ee28 P b15dfe2bbb0143f5bb093ee985d419fe [LEADER]: Queue going to LEADER mode. State: All replicated index: 0, Majority replicated index: 0, Committed index: 0, Last appended: 0.0, Last appended by leader: 0, Current term: 1, Majority size: 2, State: 0, Mode: LEADER, active raft config: opid_index: -1 OBSOLETE_local: false peers { permanent_uuid: "69f207a236e349cfaf0cd3cc3e96ef05" member_type: VOTER last_known_addr { host: "127.7.15.129" port: 40517 } } peers { permanent_uuid: "b15dfe2bbb0143f5bb093ee985d419fe" member_type: VOTER last_known_addr { host: "127.7.15.130" port: 41823 } } peers { permanent_uuid: "4580cf87de7f4ec1b1625ae60b58a125" member_type: VOTER last_known_addr { host: "127.7.15.131" port: 40495 } }
I20260710 11:09:39.705036  8512 raft_consensus.cc:359] T e7beda9129e34886bc213fe8a32b1928 P 4580cf87de7f4ec1b1625ae60b58a125 [term 0 FOLLOWER]: Replica starting. Triggering 0 pending ops. Active config: opid_index: -1 OBSOLETE_local: false peers { permanent_uuid: "69f207a236e349cfaf0cd3cc3e96ef05" member_type: VOTER last_known_addr { host: "127.7.15.129" port: 40517 } } peers { permanent_uuid: "b15dfe2bbb0143f5bb093ee985d419fe" member_type: VOTER last_known_addr { host: "127.7.15.130" port: 41823 } } peers { permanent_uuid: "4580cf87de7f4ec1b1625ae60b58a125" member_type: VOTER last_known_addr { host: "127.7.15.131" port: 40495 } }
I20260710 11:09:39.705780  8512 raft_consensus.cc:385] T e7beda9129e34886bc213fe8a32b1928 P 4580cf87de7f4ec1b1625ae60b58a125 [term 0 FOLLOWER]: Consensus starting up: Expiring failure detector timer to make a prompt election more likely
I20260710 11:09:39.706102  8512 raft_consensus.cc:740] T e7beda9129e34886bc213fe8a32b1928 P 4580cf87de7f4ec1b1625ae60b58a125 [term 0 FOLLOWER]: Becoming Follower/Learner. State: Replica: 4580cf87de7f4ec1b1625ae60b58a125, State: Initialized, Role: FOLLOWER
I20260710 11:09:39.706511  8514 tablet_bootstrap.cc:492] T dc16186f0c6548cfb877dd92c0bcfe13 P b15dfe2bbb0143f5bb093ee985d419fe: No bootstrap required, opened a new log
I20260710 11:09:39.706981  8512 consensus_queue.cc:260] T e7beda9129e34886bc213fe8a32b1928 P 4580cf87de7f4ec1b1625ae60b58a125 [NON_LEADER]: Queue going to NON_LEADER mode. State: All replicated index: 0, Majority replicated index: 0, Committed index: 0, Last appended: 0.0, Last appended by leader: 0, Current term: 0, Majority size: -1, State: 0, Mode: NON_LEADER, active raft config: opid_index: -1 OBSOLETE_local: false peers { permanent_uuid: "69f207a236e349cfaf0cd3cc3e96ef05" member_type: VOTER last_known_addr { host: "127.7.15.129" port: 40517 } } peers { permanent_uuid: "b15dfe2bbb0143f5bb093ee985d419fe" member_type: VOTER last_known_addr { host: "127.7.15.130" port: 41823 } } peers { permanent_uuid: "4580cf87de7f4ec1b1625ae60b58a125" member_type: VOTER last_known_addr { host: "127.7.15.131" port: 40495 } }
I20260710 11:09:39.707422  8531 raft_consensus.cc:493] T 0d35a5856f974c8ba9374e298554494a P 69f207a236e349cfaf0cd3cc3e96ef05 [term 0 FOLLOWER]: Starting pre-election (no leader contacted us within the election timeout)
I20260710 11:09:39.706966  8514 ts_tablet_manager.cc:1403] T dc16186f0c6548cfb877dd92c0bcfe13 P b15dfe2bbb0143f5bb093ee985d419fe: Time spent bootstrapping tablet: real 0.054s	user 0.030s	sys 0.017s
I20260710 11:09:39.707859  8531 raft_consensus.cc:515] T 0d35a5856f974c8ba9374e298554494a P 69f207a236e349cfaf0cd3cc3e96ef05 [term 0 FOLLOWER]: Starting pre-election with config: opid_index: -1 OBSOLETE_local: false peers { permanent_uuid: "69f207a236e349cfaf0cd3cc3e96ef05" member_type: VOTER last_known_addr { host: "127.7.15.129" port: 40517 } } peers { permanent_uuid: "b15dfe2bbb0143f5bb093ee985d419fe" member_type: VOTER last_known_addr { host: "127.7.15.130" port: 41823 } } peers { permanent_uuid: "4580cf87de7f4ec1b1625ae60b58a125" member_type: VOTER last_known_addr { host: "127.7.15.131" port: 40495 } }
I20260710 11:09:39.708890  8512 ts_tablet_manager.cc:1434] T e7beda9129e34886bc213fe8a32b1928 P 4580cf87de7f4ec1b1625ae60b58a125: Time spent starting tablet: real 0.006s	user 0.005s	sys 0.000s
I20260710 11:09:39.709688  8512 tablet_bootstrap.cc:492] T 0f1594449d0c48ca8d1df808b4c220a1 P 4580cf87de7f4ec1b1625ae60b58a125: Bootstrap starting.
I20260710 11:09:39.709823  8531 leader_election.cc:290] T 0d35a5856f974c8ba9374e298554494a P 69f207a236e349cfaf0cd3cc3e96ef05 [CANDIDATE]: Term 1 pre-election: Requested pre-vote from peers b15dfe2bbb0143f5bb093ee985d419fe (127.7.15.130:41823), 4580cf87de7f4ec1b1625ae60b58a125 (127.7.15.131:40495)
I20260710 11:09:39.710438  8514 raft_consensus.cc:359] T dc16186f0c6548cfb877dd92c0bcfe13 P b15dfe2bbb0143f5bb093ee985d419fe [term 0 FOLLOWER]: Replica starting. Triggering 0 pending ops. Active config: opid_index: -1 OBSOLETE_local: false peers { permanent_uuid: "69f207a236e349cfaf0cd3cc3e96ef05" member_type: VOTER last_known_addr { host: "127.7.15.129" port: 40517 } } peers { permanent_uuid: "b15dfe2bbb0143f5bb093ee985d419fe" member_type: VOTER last_known_addr { host: "127.7.15.130" port: 41823 } } peers { permanent_uuid: "4580cf87de7f4ec1b1625ae60b58a125" member_type: VOTER last_known_addr { host: "127.7.15.131" port: 40495 } }
I20260710 11:09:39.711081  8514 raft_consensus.cc:385] T dc16186f0c6548cfb877dd92c0bcfe13 P b15dfe2bbb0143f5bb093ee985d419fe [term 0 FOLLOWER]: Consensus starting up: Expiring failure detector timer to make a prompt election more likely
I20260710 11:09:39.711344  8514 raft_consensus.cc:740] T dc16186f0c6548cfb877dd92c0bcfe13 P b15dfe2bbb0143f5bb093ee985d419fe [term 0 FOLLOWER]: Becoming Follower/Learner. State: Replica: b15dfe2bbb0143f5bb093ee985d419fe, State: Initialized, Role: FOLLOWER
I20260710 11:09:39.712060  8514 consensus_queue.cc:260] T dc16186f0c6548cfb877dd92c0bcfe13 P b15dfe2bbb0143f5bb093ee985d419fe [NON_LEADER]: Queue going to NON_LEADER mode. State: All replicated index: 0, Majority replicated index: 0, Committed index: 0, Last appended: 0.0, Last appended by leader: 0, Current term: 0, Majority size: -1, State: 0, Mode: NON_LEADER, active raft config: opid_index: -1 OBSOLETE_local: false peers { permanent_uuid: "69f207a236e349cfaf0cd3cc3e96ef05" member_type: VOTER last_known_addr { host: "127.7.15.129" port: 40517 } } peers { permanent_uuid: "b15dfe2bbb0143f5bb093ee985d419fe" member_type: VOTER last_known_addr { host: "127.7.15.130" port: 41823 } } peers { permanent_uuid: "4580cf87de7f4ec1b1625ae60b58a125" member_type: VOTER last_known_addr { host: "127.7.15.131" port: 40495 } }
I20260710 11:09:39.712414  8398 tablet_service.cc:1917] Received RequestConsensusVote() RPC: tablet_id: "0d35a5856f974c8ba9374e298554494a" candidate_uuid: "69f207a236e349cfaf0cd3cc3e96ef05" candidate_term: 1 candidate_status { last_received { term: 0 index: 0 } } ignore_live_leader: false dest_uuid: "b15dfe2bbb0143f5bb093ee985d419fe" is_pre_election: true
I20260710 11:09:39.713042  8398 raft_consensus.cc:2468] T 0d35a5856f974c8ba9374e298554494a P b15dfe2bbb0143f5bb093ee985d419fe [term 0 FOLLOWER]: Leader pre-election vote request: Granting yes vote for candidate 69f207a236e349cfaf0cd3cc3e96ef05 in term 0.
I20260710 11:09:39.714347  8514 ts_tablet_manager.cc:1434] T dc16186f0c6548cfb877dd92c0bcfe13 P b15dfe2bbb0143f5bb093ee985d419fe: Time spent starting tablet: real 0.006s	user 0.005s	sys 0.000s
I20260710 11:09:39.715338  8514 tablet_bootstrap.cc:492] T 6fd1104a76844fba83694e0d19ee8676 P b15dfe2bbb0143f5bb093ee985d419fe: Bootstrap starting.
I20260710 11:09:39.718113  8512 tablet_bootstrap.cc:654] T 0f1594449d0c48ca8d1df808b4c220a1 P 4580cf87de7f4ec1b1625ae60b58a125: Neither blocks nor log segments found. Creating new log.
I20260710 11:09:39.718501  8288 leader_election.cc:304] T 0d35a5856f974c8ba9374e298554494a P 69f207a236e349cfaf0cd3cc3e96ef05 [CANDIDATE]: Term 1 pre-election: Election decided. Result: candidate won. Election summary: received 2 responses out of 3 voters: 2 yes votes; 0 no votes. yes voters: 69f207a236e349cfaf0cd3cc3e96ef05, b15dfe2bbb0143f5bb093ee985d419fe; no voters: 
I20260710 11:09:39.719648  8531 raft_consensus.cc:2804] T 0d35a5856f974c8ba9374e298554494a P 69f207a236e349cfaf0cd3cc3e96ef05 [term 0 FOLLOWER]: Leader pre-election won for term 1
I20260710 11:09:39.720000  8531 raft_consensus.cc:493] T 0d35a5856f974c8ba9374e298554494a P 69f207a236e349cfaf0cd3cc3e96ef05 [term 0 FOLLOWER]: Starting leader election (no leader contacted us within the election timeout)
I20260710 11:09:39.720323  8531 raft_consensus.cc:3060] T 0d35a5856f974c8ba9374e298554494a P 69f207a236e349cfaf0cd3cc3e96ef05 [term 0 FOLLOWER]: Advancing to term 1
I20260710 11:09:39.720777  8514 tablet_bootstrap.cc:654] T 6fd1104a76844fba83694e0d19ee8676 P b15dfe2bbb0143f5bb093ee985d419fe: Neither blocks nor log segments found. Creating new log.
I20260710 11:09:39.711249  8472 tablet_service.cc:1917] Received RequestConsensusVote() RPC: tablet_id: "0d35a5856f974c8ba9374e298554494a" candidate_uuid: "69f207a236e349cfaf0cd3cc3e96ef05" candidate_term: 1 candidate_status { last_received { term: 0 index: 0 } } ignore_live_leader: false dest_uuid: "4580cf87de7f4ec1b1625ae60b58a125" is_pre_election: true
I20260710 11:09:39.724020  8472 raft_consensus.cc:2468] T 0d35a5856f974c8ba9374e298554494a P 4580cf87de7f4ec1b1625ae60b58a125 [term 0 FOLLOWER]: Leader pre-election vote request: Granting yes vote for candidate 69f207a236e349cfaf0cd3cc3e96ef05 in term 0.
I20260710 11:09:39.725876  8219 catalog_manager.cc:5697] T 5acda4b3be3b47439312c03cfc86ee28 P b15dfe2bbb0143f5bb093ee985d419fe reported cstate change: term changed from 0 to 1, leader changed from <none> to b15dfe2bbb0143f5bb093ee985d419fe (127.7.15.130). New cstate: current_term: 1 leader_uuid: "b15dfe2bbb0143f5bb093ee985d419fe" committed_config { opid_index: -1 OBSOLETE_local: false peers { permanent_uuid: "69f207a236e349cfaf0cd3cc3e96ef05" member_type: VOTER last_known_addr { host: "127.7.15.129" port: 40517 } health_report { overall_health: UNKNOWN } } peers { permanent_uuid: "b15dfe2bbb0143f5bb093ee985d419fe" member_type: VOTER last_known_addr { host: "127.7.15.130" port: 41823 } health_report { overall_health: HEALTHY } } peers { permanent_uuid: "4580cf87de7f4ec1b1625ae60b58a125" member_type: VOTER last_known_addr { host: "127.7.15.131" port: 40495 } health_report { overall_health: UNKNOWN } } }
I20260710 11:09:39.731429  8513 tablet_bootstrap.cc:492] T 6fd1104a76844fba83694e0d19ee8676 P 69f207a236e349cfaf0cd3cc3e96ef05: No bootstrap required, opened a new log
I20260710 11:09:39.733441  8518 consensus_queue.cc:1048] T 8d8ee05263554dbca7fdc60c58bcd6ed P 69f207a236e349cfaf0cd3cc3e96ef05 [LEADER]: Connected to new peer: Peer: permanent_uuid: "4580cf87de7f4ec1b1625ae60b58a125" member_type: VOTER last_known_addr { host: "127.7.15.131" port: 40495 }, Status: LMP_MISMATCH, Last received: 0.0, Next index: 1, Last known committed idx: 0, Time since last communication: 0.000s
I20260710 11:09:39.733946  8512 tablet_bootstrap.cc:492] T 0f1594449d0c48ca8d1df808b4c220a1 P 4580cf87de7f4ec1b1625ae60b58a125: No bootstrap required, opened a new log
I20260710 11:09:39.734357  8512 ts_tablet_manager.cc:1403] T 0f1594449d0c48ca8d1df808b4c220a1 P 4580cf87de7f4ec1b1625ae60b58a125: Time spent bootstrapping tablet: real 0.025s	user 0.015s	sys 0.000s
I20260710 11:09:39.736853  8512 raft_consensus.cc:359] T 0f1594449d0c48ca8d1df808b4c220a1 P 4580cf87de7f4ec1b1625ae60b58a125 [term 0 FOLLOWER]: Replica starting. Triggering 0 pending ops. Active config: opid_index: -1 OBSOLETE_local: false peers { permanent_uuid: "69f207a236e349cfaf0cd3cc3e96ef05" member_type: VOTER last_known_addr { host: "127.7.15.129" port: 40517 } } peers { permanent_uuid: "b15dfe2bbb0143f5bb093ee985d419fe" member_type: VOTER last_known_addr { host: "127.7.15.130" port: 41823 } } peers { permanent_uuid: "4580cf87de7f4ec1b1625ae60b58a125" member_type: VOTER last_known_addr { host: "127.7.15.131" port: 40495 } }
I20260710 11:09:39.737463  8512 raft_consensus.cc:385] T 0f1594449d0c48ca8d1df808b4c220a1 P 4580cf87de7f4ec1b1625ae60b58a125 [term 0 FOLLOWER]: Consensus starting up: Expiring failure detector timer to make a prompt election more likely
I20260710 11:09:39.737730  8512 raft_consensus.cc:740] T 0f1594449d0c48ca8d1df808b4c220a1 P 4580cf87de7f4ec1b1625ae60b58a125 [term 0 FOLLOWER]: Becoming Follower/Learner. State: Replica: 4580cf87de7f4ec1b1625ae60b58a125, State: Initialized, Role: FOLLOWER
I20260710 11:09:39.738517  8512 consensus_queue.cc:260] T 0f1594449d0c48ca8d1df808b4c220a1 P 4580cf87de7f4ec1b1625ae60b58a125 [NON_LEADER]: Queue going to NON_LEADER mode. State: All replicated index: 0, Majority replicated index: 0, Committed index: 0, Last appended: 0.0, Last appended by leader: 0, Current term: 0, Majority size: -1, State: 0, Mode: NON_LEADER, active raft config: opid_index: -1 OBSOLETE_local: false peers { permanent_uuid: "69f207a236e349cfaf0cd3cc3e96ef05" member_type: VOTER last_known_addr { host: "127.7.15.129" port: 40517 } } peers { permanent_uuid: "b15dfe2bbb0143f5bb093ee985d419fe" member_type: VOTER last_known_addr { host: "127.7.15.130" port: 41823 } } peers { permanent_uuid: "4580cf87de7f4ec1b1625ae60b58a125" member_type: VOTER last_known_addr { host: "127.7.15.131" port: 40495 } }
I20260710 11:09:39.744243  8513 ts_tablet_manager.cc:1403] T 6fd1104a76844fba83694e0d19ee8676 P 69f207a236e349cfaf0cd3cc3e96ef05: Time spent bootstrapping tablet: real 0.075s	user 0.020s	sys 0.012s
I20260710 11:09:39.744364  8512 ts_tablet_manager.cc:1434] T 0f1594449d0c48ca8d1df808b4c220a1 P 4580cf87de7f4ec1b1625ae60b58a125: Time spent starting tablet: real 0.010s	user 0.007s	sys 0.000s
I20260710 11:09:39.744853  8531 raft_consensus.cc:515] T 0d35a5856f974c8ba9374e298554494a P 69f207a236e349cfaf0cd3cc3e96ef05 [term 1 FOLLOWER]: Starting leader election with config: opid_index: -1 OBSOLETE_local: false peers { permanent_uuid: "69f207a236e349cfaf0cd3cc3e96ef05" member_type: VOTER last_known_addr { host: "127.7.15.129" port: 40517 } } peers { permanent_uuid: "b15dfe2bbb0143f5bb093ee985d419fe" member_type: VOTER last_known_addr { host: "127.7.15.130" port: 41823 } } peers { permanent_uuid: "4580cf87de7f4ec1b1625ae60b58a125" member_type: VOTER last_known_addr { host: "127.7.15.131" port: 40495 } }
I20260710 11:09:39.747185  8512 tablet_bootstrap.cc:492] T 6fd1104a76844fba83694e0d19ee8676 P 4580cf87de7f4ec1b1625ae60b58a125: Bootstrap starting.
I20260710 11:09:39.748957  8513 raft_consensus.cc:359] T 6fd1104a76844fba83694e0d19ee8676 P 69f207a236e349cfaf0cd3cc3e96ef05 [term 0 FOLLOWER]: Replica starting. Triggering 0 pending ops. Active config: opid_index: -1 OBSOLETE_local: false peers { permanent_uuid: "69f207a236e349cfaf0cd3cc3e96ef05" member_type: VOTER last_known_addr { host: "127.7.15.129" port: 40517 } } peers { permanent_uuid: "b15dfe2bbb0143f5bb093ee985d419fe" member_type: VOTER last_known_addr { host: "127.7.15.130" port: 41823 } } peers { permanent_uuid: "4580cf87de7f4ec1b1625ae60b58a125" member_type: VOTER last_known_addr { host: "127.7.15.131" port: 40495 } }
I20260710 11:09:39.751127  8398 tablet_service.cc:1917] Received RequestConsensusVote() RPC: tablet_id: "0d35a5856f974c8ba9374e298554494a" candidate_uuid: "69f207a236e349cfaf0cd3cc3e96ef05" candidate_term: 1 candidate_status { last_received { term: 0 index: 0 } } ignore_live_leader: false dest_uuid: "b15dfe2bbb0143f5bb093ee985d419fe"
I20260710 11:09:39.753820  8398 raft_consensus.cc:3060] T 0d35a5856f974c8ba9374e298554494a P b15dfe2bbb0143f5bb093ee985d419fe [term 0 FOLLOWER]: Advancing to term 1
I20260710 11:09:39.755884  8514 tablet_bootstrap.cc:492] T 6fd1104a76844fba83694e0d19ee8676 P b15dfe2bbb0143f5bb093ee985d419fe: No bootstrap required, opened a new log
I20260710 11:09:39.756171  8513 raft_consensus.cc:385] T 6fd1104a76844fba83694e0d19ee8676 P 69f207a236e349cfaf0cd3cc3e96ef05 [term 0 FOLLOWER]: Consensus starting up: Expiring failure detector timer to make a prompt election more likely
I20260710 11:09:39.756304  8514 ts_tablet_manager.cc:1403] T 6fd1104a76844fba83694e0d19ee8676 P b15dfe2bbb0143f5bb093ee985d419fe: Time spent bootstrapping tablet: real 0.041s	user 0.014s	sys 0.022s
I20260710 11:09:39.753165  8512 tablet_bootstrap.cc:654] T 6fd1104a76844fba83694e0d19ee8676 P 4580cf87de7f4ec1b1625ae60b58a125: Neither blocks nor log segments found. Creating new log.
I20260710 11:09:39.757062  8513 raft_consensus.cc:740] T 6fd1104a76844fba83694e0d19ee8676 P 69f207a236e349cfaf0cd3cc3e96ef05 [term 0 FOLLOWER]: Becoming Follower/Learner. State: Replica: 69f207a236e349cfaf0cd3cc3e96ef05, State: Initialized, Role: FOLLOWER
I20260710 11:09:39.757860  8568 raft_consensus.cc:493] T 7b83147d19cd4b47adc3bd16b6006915 P b15dfe2bbb0143f5bb093ee985d419fe [term 0 FOLLOWER]: Starting pre-election (no leader contacted us within the election timeout)
I20260710 11:09:39.758283  8568 raft_consensus.cc:515] T 7b83147d19cd4b47adc3bd16b6006915 P b15dfe2bbb0143f5bb093ee985d419fe [term 0 FOLLOWER]: Starting pre-election with config: opid_index: -1 OBSOLETE_local: false peers { permanent_uuid: "69f207a236e349cfaf0cd3cc3e96ef05" member_type: VOTER last_known_addr { host: "127.7.15.129" port: 40517 } } peers { permanent_uuid: "b15dfe2bbb0143f5bb093ee985d419fe" member_type: VOTER last_known_addr { host: "127.7.15.130" port: 41823 } } peers { permanent_uuid: "4580cf87de7f4ec1b1625ae60b58a125" member_type: VOTER last_known_addr { host: "127.7.15.131" port: 40495 } }
I20260710 11:09:39.758975  8514 raft_consensus.cc:359] T 6fd1104a76844fba83694e0d19ee8676 P b15dfe2bbb0143f5bb093ee985d419fe [term 0 FOLLOWER]: Replica starting. Triggering 0 pending ops. Active config: opid_index: -1 OBSOLETE_local: false peers { permanent_uuid: "69f207a236e349cfaf0cd3cc3e96ef05" member_type: VOTER last_known_addr { host: "127.7.15.129" port: 40517 } } peers { permanent_uuid: "b15dfe2bbb0143f5bb093ee985d419fe" member_type: VOTER last_known_addr { host: "127.7.15.130" port: 41823 } } peers { permanent_uuid: "4580cf87de7f4ec1b1625ae60b58a125" member_type: VOTER last_known_addr { host: "127.7.15.131" port: 40495 } }
I20260710 11:09:39.759608  8514 raft_consensus.cc:385] T 6fd1104a76844fba83694e0d19ee8676 P b15dfe2bbb0143f5bb093ee985d419fe [term 0 FOLLOWER]: Consensus starting up: Expiring failure detector timer to make a prompt election more likely
I20260710 11:09:39.759860  8514 raft_consensus.cc:740] T 6fd1104a76844fba83694e0d19ee8676 P b15dfe2bbb0143f5bb093ee985d419fe [term 0 FOLLOWER]: Becoming Follower/Learner. State: Replica: b15dfe2bbb0143f5bb093ee985d419fe, State: Initialized, Role: FOLLOWER
I20260710 11:09:39.760217  8568 leader_election.cc:290] T 7b83147d19cd4b47adc3bd16b6006915 P b15dfe2bbb0143f5bb093ee985d419fe [CANDIDATE]: Term 1 pre-election: Requested pre-vote from peers 69f207a236e349cfaf0cd3cc3e96ef05 (127.7.15.129:40517), 4580cf87de7f4ec1b1625ae60b58a125 (127.7.15.131:40495)
I20260710 11:09:39.760413  8514 consensus_queue.cc:260] T 6fd1104a76844fba83694e0d19ee8676 P b15dfe2bbb0143f5bb093ee985d419fe [NON_LEADER]: Queue going to NON_LEADER mode. State: All replicated index: 0, Majority replicated index: 0, Committed index: 0, Last appended: 0.0, Last appended by leader: 0, Current term: 0, Majority size: -1, State: 0, Mode: NON_LEADER, active raft config: opid_index: -1 OBSOLETE_local: false peers { permanent_uuid: "69f207a236e349cfaf0cd3cc3e96ef05" member_type: VOTER last_known_addr { host: "127.7.15.129" port: 40517 } } peers { permanent_uuid: "b15dfe2bbb0143f5bb093ee985d419fe" member_type: VOTER last_known_addr { host: "127.7.15.130" port: 41823 } } peers { permanent_uuid: "4580cf87de7f4ec1b1625ae60b58a125" member_type: VOTER last_known_addr { host: "127.7.15.131" port: 40495 } }
I20260710 11:09:39.761965  8472 tablet_service.cc:1917] Received RequestConsensusVote() RPC: tablet_id: "7b83147d19cd4b47adc3bd16b6006915" candidate_uuid: "b15dfe2bbb0143f5bb093ee985d419fe" candidate_term: 1 candidate_status { last_received { term: 0 index: 0 } } ignore_live_leader: false dest_uuid: "4580cf87de7f4ec1b1625ae60b58a125" is_pre_election: true
I20260710 11:09:39.763270  8323 tablet_service.cc:1917] Received RequestConsensusVote() RPC: tablet_id: "7b83147d19cd4b47adc3bd16b6006915" candidate_uuid: "b15dfe2bbb0143f5bb093ee985d419fe" candidate_term: 1 candidate_status { last_received { term: 0 index: 0 } } ignore_live_leader: false dest_uuid: "69f207a236e349cfaf0cd3cc3e96ef05" is_pre_election: true
I20260710 11:09:39.763984  8323 raft_consensus.cc:2393] T 7b83147d19cd4b47adc3bd16b6006915 P 69f207a236e349cfaf0cd3cc3e96ef05 [term 1 FOLLOWER]: Leader pre-election vote request: Denying vote to candidate b15dfe2bbb0143f5bb093ee985d419fe in current term 1: Already voted for candidate 4580cf87de7f4ec1b1625ae60b58a125 in this term.
I20260710 11:09:39.764324  8398 raft_consensus.cc:2468] T 0d35a5856f974c8ba9374e298554494a P b15dfe2bbb0143f5bb093ee985d419fe [term 1 FOLLOWER]: Leader election vote request: Granting yes vote for candidate 69f207a236e349cfaf0cd3cc3e96ef05 in term 1.
I20260710 11:09:39.765816  8361 leader_election.cc:304] T 7b83147d19cd4b47adc3bd16b6006915 P b15dfe2bbb0143f5bb093ee985d419fe [CANDIDATE]: Term 1 pre-election: Election decided. Result: candidate lost. Election summary: received 3 responses out of 3 voters: 1 yes votes; 2 no votes. yes voters: b15dfe2bbb0143f5bb093ee985d419fe; no voters: 4580cf87de7f4ec1b1625ae60b58a125, 69f207a236e349cfaf0cd3cc3e96ef05
I20260710 11:09:39.766666  8288 leader_election.cc:304] T 0d35a5856f974c8ba9374e298554494a P 69f207a236e349cfaf0cd3cc3e96ef05 [CANDIDATE]: Term 1 election: Election decided. Result: candidate won. Election summary: received 2 responses out of 3 voters: 2 yes votes; 0 no votes. yes voters: 69f207a236e349cfaf0cd3cc3e96ef05, b15dfe2bbb0143f5bb093ee985d419fe; no voters: 
I20260710 11:09:39.766857  8568 raft_consensus.cc:3060] T 7b83147d19cd4b47adc3bd16b6006915 P b15dfe2bbb0143f5bb093ee985d419fe [term 0 FOLLOWER]: Advancing to term 1
I20260710 11:09:39.767452  8532 raft_consensus.cc:2804] T 0d35a5856f974c8ba9374e298554494a P 69f207a236e349cfaf0cd3cc3e96ef05 [term 1 FOLLOWER]: Leader election won for term 1
I20260710 11:09:39.768530  8514 ts_tablet_manager.cc:1434] T 6fd1104a76844fba83694e0d19ee8676 P b15dfe2bbb0143f5bb093ee985d419fe: Time spent starting tablet: real 0.006s	user 0.005s	sys 0.000s
I20260710 11:09:39.769385  8514 tablet_bootstrap.cc:492] T 0f1594449d0c48ca8d1df808b4c220a1 P b15dfe2bbb0143f5bb093ee985d419fe: Bootstrap starting.
I20260710 11:09:39.773627  8568 raft_consensus.cc:2749] T 7b83147d19cd4b47adc3bd16b6006915 P b15dfe2bbb0143f5bb093ee985d419fe [term 1 FOLLOWER]: Leader pre-election lost for term 1. Reason: could not achieve majority
I20260710 11:09:39.774497  8514 tablet_bootstrap.cc:654] T 0f1594449d0c48ca8d1df808b4c220a1 P b15dfe2bbb0143f5bb093ee985d419fe: Neither blocks nor log segments found. Creating new log.
