I20260710 11:09:32.750628  7849 consensus_queue.cc:260] T 2a091953fe3247b7bba271a4d0ed4997 P 36139106f326437b8d72de524f6fc628 [NON_LEADER]: Queue going to NON_LEADER mode. State: All replicated index: 0, Majority replicated index: 2, Committed index: 2, Last appended: 2.2, Last appended by leader: 2, Current term: 2, Majority size: -1, State: 0, Mode: NON_LEADER, active raft config: opid_index: -1 OBSOLETE_local: false peers { permanent_uuid: "36139106f326437b8d72de524f6fc628" member_type: VOTER last_known_addr { host: "127.7.15.129" port: 41941 } } peers { permanent_uuid: "b7ad8801c2494e32ad61be94f8df2f34" member_type: VOTER last_known_addr { host: "127.7.15.130" port: 42527 } } peers { permanent_uuid: "919cc746cc6f49b0ba810fa6e920cbd9" member_type: VOTER last_known_addr { host: "127.7.15.131" port: 38363 } }
I20260710 11:09:32.751471  7849 raft_consensus.cc:3060] T 2a091953fe3247b7bba271a4d0ed4997 P 36139106f326437b8d72de524f6fc628 [term 2 FOLLOWER]: Advancing to term 3
I20260710 11:09:32.754379  7922 raft_consensus.cc:2468] T 2a091953fe3247b7bba271a4d0ed4997 P b7ad8801c2494e32ad61be94f8df2f34 [term 3 FOLLOWER]: Leader election vote request: Granting yes vote for candidate 919cc746cc6f49b0ba810fa6e920cbd9 in term 3.
I20260710 11:09:32.755301  7966 leader_election.cc:304] T 2a091953fe3247b7bba271a4d0ed4997 P 919cc746cc6f49b0ba810fa6e920cbd9 [CANDIDATE]: Term 3 election: Election decided. Result: candidate won. Election summary: received 2 responses out of 3 voters: 2 yes votes; 0 no votes. yes voters: 919cc746cc6f49b0ba810fa6e920cbd9, b7ad8801c2494e32ad61be94f8df2f34; no voters: 
I20260710 11:09:32.756047  8128 raft_consensus.cc:2804] T 2a091953fe3247b7bba271a4d0ed4997 P 919cc746cc6f49b0ba810fa6e920cbd9 [term 3 FOLLOWER]: Leader election won for term 3
I20260710 11:09:32.756017  7849 raft_consensus.cc:2468] T 2a091953fe3247b7bba271a4d0ed4997 P 36139106f326437b8d72de524f6fc628 [term 3 FOLLOWER]: Leader election vote request: Granting yes vote for candidate 919cc746cc6f49b0ba810fa6e920cbd9 in term 3.
I20260710 11:09:32.757154  8128 raft_consensus.cc:697] T 2a091953fe3247b7bba271a4d0ed4997 P 919cc746cc6f49b0ba810fa6e920cbd9 [term 3 LEADER]: Becoming Leader. State: Replica: 919cc746cc6f49b0ba810fa6e920cbd9, State: Running, Role: LEADER
I20260710 11:09:32.757920  8128 consensus_queue.cc:237] T 2a091953fe3247b7bba271a4d0ed4997 P 919cc746cc6f49b0ba810fa6e920cbd9 [LEADER]: Queue going to LEADER mode. State: All replicated index: 0, Majority replicated index: 2, Committed index: 2, Last appended: 2.2, Last appended by leader: 2, Current term: 3, Majority size: 2, State: 0, Mode: LEADER, active raft config: opid_index: -1 OBSOLETE_local: false peers { permanent_uuid: "36139106f326437b8d72de524f6fc628" member_type: VOTER last_known_addr { host: "127.7.15.129" port: 41941 } } peers { permanent_uuid: "b7ad8801c2494e32ad61be94f8df2f34" member_type: VOTER last_known_addr { host: "127.7.15.130" port: 42527 } } peers { permanent_uuid: "919cc746cc6f49b0ba810fa6e920cbd9" member_type: VOTER last_known_addr { host: "127.7.15.131" port: 38363 } }
I20260710 11:09:32.764150  7747 catalog_manager.cc:5697] T 2a091953fe3247b7bba271a4d0ed4997 P 919cc746cc6f49b0ba810fa6e920cbd9 reported cstate change: term changed from 2 to 3, leader changed from 36139106f326437b8d72de524f6fc628 (127.7.15.129) to 919cc746cc6f49b0ba810fa6e920cbd9 (127.7.15.131). New cstate: current_term: 3 leader_uuid: "919cc746cc6f49b0ba810fa6e920cbd9" committed_config { opid_index: -1 OBSOLETE_local: false peers { permanent_uuid: "36139106f326437b8d72de524f6fc628" member_type: VOTER last_known_addr { host: "127.7.15.129" port: 41941 } health_report { overall_health: UNKNOWN } } peers { permanent_uuid: "b7ad8801c2494e32ad61be94f8df2f34" member_type: VOTER last_known_addr { host: "127.7.15.130" port: 42527 } health_report { overall_health: UNKNOWN } } peers { permanent_uuid: "919cc746cc6f49b0ba810fa6e920cbd9" member_type: VOTER last_known_addr { host: "127.7.15.131" port: 38363 } health_report { overall_health: HEALTHY } } }
I20260710 11:09:32.914904  8131 raft_consensus.cc:993] T 9f54a33b1db34fa8b58ba8e6ceb4292f P 36139106f326437b8d72de524f6fc628: : Instructing follower 919cc746cc6f49b0ba810fa6e920cbd9 to start an election
I20260710 11:09:32.915297  8052 raft_consensus.cc:1081] T 9f54a33b1db34fa8b58ba8e6ceb4292f P 36139106f326437b8d72de524f6fc628 [term 2 LEADER]: Signalling peer 919cc746cc6f49b0ba810fa6e920cbd9 to start an election
I20260710 11:09:32.916693  7998 tablet_service.cc:2044] Received Run Leader Election RPC: tablet_id: "9f54a33b1db34fa8b58ba8e6ceb4292f"
dest_uuid: "919cc746cc6f49b0ba810fa6e920cbd9"
 from {username='slave'} at 127.0.0.1:52572
I20260710 11:09:32.917173  7998 raft_consensus.cc:493] T 9f54a33b1db34fa8b58ba8e6ceb4292f P 919cc746cc6f49b0ba810fa6e920cbd9 [term 2 FOLLOWER]: Starting forced leader election (received explicit request)
I20260710 11:09:32.917456  7998 raft_consensus.cc:3060] T 9f54a33b1db34fa8b58ba8e6ceb4292f P 919cc746cc6f49b0ba810fa6e920cbd9 [term 2 FOLLOWER]: Advancing to term 3
I20260710 11:09:32.921762  7998 raft_consensus.cc:515] T 9f54a33b1db34fa8b58ba8e6ceb4292f P 919cc746cc6f49b0ba810fa6e920cbd9 [term 3 FOLLOWER]: Starting forced leader election with config: opid_index: -1 OBSOLETE_local: false peers { permanent_uuid: "36139106f326437b8d72de524f6fc628" member_type: VOTER last_known_addr { host: "127.7.15.129" port: 41941 } } peers { permanent_uuid: "b7ad8801c2494e32ad61be94f8df2f34" member_type: VOTER last_known_addr { host: "127.7.15.130" port: 42527 } } peers { permanent_uuid: "919cc746cc6f49b0ba810fa6e920cbd9" member_type: VOTER last_known_addr { host: "127.7.15.131" port: 38363 } }
I20260710 11:09:32.923229  7998 leader_election.cc:290] T 9f54a33b1db34fa8b58ba8e6ceb4292f P 919cc746cc6f49b0ba810fa6e920cbd9 [CANDIDATE]: Term 3 election: Requested vote from peers 36139106f326437b8d72de524f6fc628 (127.7.15.129:41941), b7ad8801c2494e32ad61be94f8df2f34 (127.7.15.130:42527)
I20260710 11:09:32.923971  7848 tablet_service.cc:1917] Received RequestConsensusVote() RPC: tablet_id: "9f54a33b1db34fa8b58ba8e6ceb4292f" candidate_uuid: "919cc746cc6f49b0ba810fa6e920cbd9" candidate_term: 3 candidate_status { last_received { term: 2 index: 2 } } ignore_live_leader: true dest_uuid: "36139106f326437b8d72de524f6fc628"
I20260710 11:09:32.924206  7922 tablet_service.cc:1917] Received RequestConsensusVote() RPC: tablet_id: "9f54a33b1db34fa8b58ba8e6ceb4292f" candidate_uuid: "919cc746cc6f49b0ba810fa6e920cbd9" candidate_term: 3 candidate_status { last_received { term: 2 index: 2 } } ignore_live_leader: true dest_uuid: "b7ad8801c2494e32ad61be94f8df2f34"
I20260710 11:09:32.924522  7848 raft_consensus.cc:3055] T 9f54a33b1db34fa8b58ba8e6ceb4292f P 36139106f326437b8d72de524f6fc628 [term 2 LEADER]: Stepping down as leader of term 2
I20260710 11:09:32.924733  7922 raft_consensus.cc:3060] T 9f54a33b1db34fa8b58ba8e6ceb4292f P b7ad8801c2494e32ad61be94f8df2f34 [term 2 FOLLOWER]: Advancing to term 3
I20260710 11:09:32.924821  7848 raft_consensus.cc:740] T 9f54a33b1db34fa8b58ba8e6ceb4292f P 36139106f326437b8d72de524f6fc628 [term 2 LEADER]: Becoming Follower/Learner. State: Replica: 36139106f326437b8d72de524f6fc628, State: Running, Role: LEADER
I20260710 11:09:32.925482  7848 consensus_queue.cc:260] T 9f54a33b1db34fa8b58ba8e6ceb4292f P 36139106f326437b8d72de524f6fc628 [NON_LEADER]: Queue going to NON_LEADER mode. State: All replicated index: 0, Majority replicated index: 2, Committed index: 2, Last appended: 2.2, Last appended by leader: 2, Current term: 2, Majority size: -1, State: 0, Mode: NON_LEADER, active raft config: opid_index: -1 OBSOLETE_local: false peers { permanent_uuid: "36139106f326437b8d72de524f6fc628" member_type: VOTER last_known_addr { host: "127.7.15.129" port: 41941 } } peers { permanent_uuid: "b7ad8801c2494e32ad61be94f8df2f34" member_type: VOTER last_known_addr { host: "127.7.15.130" port: 42527 } } peers { permanent_uuid: "919cc746cc6f49b0ba810fa6e920cbd9" member_type: VOTER last_known_addr { host: "127.7.15.131" port: 38363 } }
I20260710 11:09:32.926309  7848 raft_consensus.cc:3060] T 9f54a33b1db34fa8b58ba8e6ceb4292f P 36139106f326437b8d72de524f6fc628 [term 2 FOLLOWER]: Advancing to term 3
I20260710 11:09:32.929237  7922 raft_consensus.cc:2468] T 9f54a33b1db34fa8b58ba8e6ceb4292f P b7ad8801c2494e32ad61be94f8df2f34 [term 3 FOLLOWER]: Leader election vote request: Granting yes vote for candidate 919cc746cc6f49b0ba810fa6e920cbd9 in term 3.
I20260710 11:09:32.930070  7966 leader_election.cc:304] T 9f54a33b1db34fa8b58ba8e6ceb4292f P 919cc746cc6f49b0ba810fa6e920cbd9 [CANDIDATE]: Term 3 election: Election decided. Result: candidate won. Election summary: received 2 responses out of 3 voters: 2 yes votes; 0 no votes. yes voters: 919cc746cc6f49b0ba810fa6e920cbd9, b7ad8801c2494e32ad61be94f8df2f34; no voters: 
I20260710 11:09:32.930662  8128 raft_consensus.cc:2804] T 9f54a33b1db34fa8b58ba8e6ceb4292f P 919cc746cc6f49b0ba810fa6e920cbd9 [term 3 FOLLOWER]: Leader election won for term 3
I20260710 11:09:32.930631  7848 raft_consensus.cc:2468] T 9f54a33b1db34fa8b58ba8e6ceb4292f P 36139106f326437b8d72de524f6fc628 [term 3 FOLLOWER]: Leader election vote request: Granting yes vote for candidate 919cc746cc6f49b0ba810fa6e920cbd9 in term 3.
I20260710 11:09:32.931118  8128 raft_consensus.cc:697] T 9f54a33b1db34fa8b58ba8e6ceb4292f P 919cc746cc6f49b0ba810fa6e920cbd9 [term 3 LEADER]: Becoming Leader. State: Replica: 919cc746cc6f49b0ba810fa6e920cbd9, State: Running, Role: LEADER
I20260710 11:09:32.931869  8128 consensus_queue.cc:237] T 9f54a33b1db34fa8b58ba8e6ceb4292f P 919cc746cc6f49b0ba810fa6e920cbd9 [LEADER]: Queue going to LEADER mode. State: All replicated index: 0, Majority replicated index: 2, Committed index: 2, Last appended: 2.2, Last appended by leader: 2, Current term: 3, Majority size: 2, State: 0, Mode: LEADER, active raft config: opid_index: -1 OBSOLETE_local: false peers { permanent_uuid: "36139106f326437b8d72de524f6fc628" member_type: VOTER last_known_addr { host: "127.7.15.129" port: 41941 } } peers { permanent_uuid: "b7ad8801c2494e32ad61be94f8df2f34" member_type: VOTER last_known_addr { host: "127.7.15.130" port: 42527 } } peers { permanent_uuid: "919cc746cc6f49b0ba810fa6e920cbd9" member_type: VOTER last_known_addr { host: "127.7.15.131" port: 38363 } }
I20260710 11:09:32.937619  7747 catalog_manager.cc:5697] T 9f54a33b1db34fa8b58ba8e6ceb4292f P 919cc746cc6f49b0ba810fa6e920cbd9 reported cstate change: term changed from 2 to 3, leader changed from 36139106f326437b8d72de524f6fc628 (127.7.15.129) to 919cc746cc6f49b0ba810fa6e920cbd9 (127.7.15.131). New cstate: current_term: 3 leader_uuid: "919cc746cc6f49b0ba810fa6e920cbd9" committed_config { opid_index: -1 OBSOLETE_local: false peers { permanent_uuid: "36139106f326437b8d72de524f6fc628" member_type: VOTER last_known_addr { host: "127.7.15.129" port: 41941 } health_report { overall_health: UNKNOWN } } peers { permanent_uuid: "b7ad8801c2494e32ad61be94f8df2f34" member_type: VOTER last_known_addr { host: "127.7.15.130" port: 42527 } health_report { overall_health: UNKNOWN } } peers { permanent_uuid: "919cc746cc6f49b0ba810fa6e920cbd9" member_type: VOTER last_known_addr { host: "127.7.15.131" port: 38363 } health_report { overall_health: HEALTHY } } }
I20260710 11:09:33.304441  7848 raft_consensus.cc:1275] T 2a091953fe3247b7bba271a4d0ed4997 P 36139106f326437b8d72de524f6fc628 [term 3 FOLLOWER]: Refusing update from remote peer 919cc746cc6f49b0ba810fa6e920cbd9: Log matching property violated. Preceding OpId in replica: term: 2 index: 2. Preceding OpId from leader: term: 3 index: 3. (index mismatch)
I20260710 11:09:33.305538  8128 consensus_queue.cc:1048] T 2a091953fe3247b7bba271a4d0ed4997 P 919cc746cc6f49b0ba810fa6e920cbd9 [LEADER]: Connected to new peer: Peer: permanent_uuid: "36139106f326437b8d72de524f6fc628" member_type: VOTER last_known_addr { host: "127.7.15.129" port: 41941 }, Status: LMP_MISMATCH, Last received: 0.0, Next index: 3, Last known committed idx: 2, Time since last communication: 0.000s
I20260710 11:09:33.318583  7922 raft_consensus.cc:1275] T 2a091953fe3247b7bba271a4d0ed4997 P b7ad8801c2494e32ad61be94f8df2f34 [term 3 FOLLOWER]: Refusing update from remote peer 919cc746cc6f49b0ba810fa6e920cbd9: Log matching property violated. Preceding OpId in replica: term: 2 index: 2. Preceding OpId from leader: term: 3 index: 3. (index mismatch)
I20260710 11:09:33.320128  8132 consensus_queue.cc:1048] T 2a091953fe3247b7bba271a4d0ed4997 P 919cc746cc6f49b0ba810fa6e920cbd9 [LEADER]: Connected to new peer: Peer: permanent_uuid: "b7ad8801c2494e32ad61be94f8df2f34" member_type: VOTER last_known_addr { host: "127.7.15.130" port: 42527 }, Status: LMP_MISMATCH, Last received: 0.0, Next index: 3, Last known committed idx: 2, Time since last communication: 0.000s
I20260710 11:09:33.364972  7922 raft_consensus.cc:1275] T 9f54a33b1db34fa8b58ba8e6ceb4292f P b7ad8801c2494e32ad61be94f8df2f34 [term 3 FOLLOWER]: Refusing update from remote peer 919cc746cc6f49b0ba810fa6e920cbd9: Log matching property violated. Preceding OpId in replica: term: 2 index: 2. Preceding OpId from leader: term: 3 index: 3. (index mismatch)
I20260710 11:09:33.366103  8132 consensus_queue.cc:1048] T 9f54a33b1db34fa8b58ba8e6ceb4292f P 919cc746cc6f49b0ba810fa6e920cbd9 [LEADER]: Connected to new peer: Peer: permanent_uuid: "b7ad8801c2494e32ad61be94f8df2f34" member_type: VOTER last_known_addr { host: "127.7.15.130" port: 42527 }, Status: LMP_MISMATCH, Last received: 0.0, Next index: 3, Last known committed idx: 2, Time since last communication: 0.000s
I20260710 11:09:33.375317  7848 raft_consensus.cc:1275] T 9f54a33b1db34fa8b58ba8e6ceb4292f P 36139106f326437b8d72de524f6fc628 [term 3 FOLLOWER]: Refusing update from remote peer 919cc746cc6f49b0ba810fa6e920cbd9: Log matching property violated. Preceding OpId in replica: term: 2 index: 2. Preceding OpId from leader: term: 3 index: 3. (index mismatch)
I20260710 11:09:33.376834  8132 consensus_queue.cc:1048] T 9f54a33b1db34fa8b58ba8e6ceb4292f P 919cc746cc6f49b0ba810fa6e920cbd9 [LEADER]: Connected to new peer: Peer: permanent_uuid: "36139106f326437b8d72de524f6fc628" member_type: VOTER last_known_addr { host: "127.7.15.129" port: 41941 }, Status: LMP_MISMATCH, Last received: 0.0, Next index: 3, Last known committed idx: 2, Time since last communication: 0.000s
I20260710 11:09:33.607196  7230 auto_leader_rebalancer.cc:141] leader rebalance for table test-workload
I20260710 11:09:33.621394  7998 tablet_service.cc:2072] Received LeaderStepDown RPC: tablet_id: "9f54a33b1db34fa8b58ba8e6ceb4292f"
dest_uuid: "919cc746cc6f49b0ba810fa6e920cbd9"
mode: GRACEFUL
new_leader_uuid: "36139106f326437b8d72de524f6fc628"
 from {username='slave'} at 127.0.0.1:52592
I20260710 11:09:33.621881  7998 raft_consensus.cc:606] T 9f54a33b1db34fa8b58ba8e6ceb4292f P 919cc746cc6f49b0ba810fa6e920cbd9 [term 3 LEADER]: Received request to transfer leadership to TS 36139106f326437b8d72de524f6fc628
I20260710 11:09:33.627923  7998 tablet_service.cc:2072] Received LeaderStepDown RPC: tablet_id: "2a091953fe3247b7bba271a4d0ed4997"
dest_uuid: "919cc746cc6f49b0ba810fa6e920cbd9"
mode: GRACEFUL
new_leader_uuid: "36139106f326437b8d72de524f6fc628"
 from {username='slave'} at 127.0.0.1:52592
I20260710 11:09:33.628350  7998 raft_consensus.cc:606] T 2a091953fe3247b7bba271a4d0ed4997 P 919cc746cc6f49b0ba810fa6e920cbd9 [term 3 LEADER]: Received request to transfer leadership to TS 36139106f326437b8d72de524f6fc628
I20260710 11:09:33.632853  7922 tablet_service.cc:2072] Received LeaderStepDown RPC: tablet_id: "7daaa853a81548c0a912606b4f972878"
dest_uuid: "b7ad8801c2494e32ad61be94f8df2f34"
mode: GRACEFUL
new_leader_uuid: "36139106f326437b8d72de524f6fc628"
 from {username='slave'} at 127.0.0.1:60856
I20260710 11:09:33.633278  7922 raft_consensus.cc:606] T 7daaa853a81548c0a912606b4f972878 P b7ad8801c2494e32ad61be94f8df2f34 [term 2 LEADER]: Received request to transfer leadership to TS 36139106f326437b8d72de524f6fc628
I20260710 11:09:33.637107  7922 tablet_service.cc:2072] Received LeaderStepDown RPC: tablet_id: "ef6e6362d39b4f32814f04f66c4dc234"
dest_uuid: "b7ad8801c2494e32ad61be94f8df2f34"
mode: GRACEFUL
new_leader_uuid: "36139106f326437b8d72de524f6fc628"
 from {username='slave'} at 127.0.0.1:60856
I20260710 11:09:33.637529  7922 raft_consensus.cc:606] T ef6e6362d39b4f32814f04f66c4dc234 P b7ad8801c2494e32ad61be94f8df2f34 [term 2 LEADER]: Received request to transfer leadership to TS 36139106f326437b8d72de524f6fc628
I20260710 11:09:33.641355  7922 tablet_service.cc:2072] Received LeaderStepDown RPC: tablet_id: "ae67f783f15046398a106cf181123920"
dest_uuid: "b7ad8801c2494e32ad61be94f8df2f34"
mode: GRACEFUL
new_leader_uuid: "36139106f326437b8d72de524f6fc628"
 from {username='slave'} at 127.0.0.1:60856
I20260710 11:09:33.641783  7922 raft_consensus.cc:606] T ae67f783f15046398a106cf181123920 P b7ad8801c2494e32ad61be94f8df2f34 [term 2 LEADER]: Received request to transfer leadership to TS 36139106f326437b8d72de524f6fc628
I20260710 11:09:33.745657  8145 raft_consensus.cc:993] T 7daaa853a81548c0a912606b4f972878 P b7ad8801c2494e32ad61be94f8df2f34: : Instructing follower 36139106f326437b8d72de524f6fc628 to start an election
I20260710 11:09:33.746025  8112 raft_consensus.cc:1081] T 7daaa853a81548c0a912606b4f972878 P b7ad8801c2494e32ad61be94f8df2f34 [term 2 LEADER]: Signalling peer 36139106f326437b8d72de524f6fc628 to start an election
I20260710 11:09:33.747225  7848 tablet_service.cc:2044] Received Run Leader Election RPC: tablet_id: "7daaa853a81548c0a912606b4f972878"
dest_uuid: "36139106f326437b8d72de524f6fc628"
 from {username='slave'} at 127.0.0.1:39890
I20260710 11:09:33.747687  7848 raft_consensus.cc:493] T 7daaa853a81548c0a912606b4f972878 P 36139106f326437b8d72de524f6fc628 [term 2 FOLLOWER]: Starting forced leader election (received explicit request)
I20260710 11:09:33.747936  7848 raft_consensus.cc:3060] T 7daaa853a81548c0a912606b4f972878 P 36139106f326437b8d72de524f6fc628 [term 2 FOLLOWER]: Advancing to term 3
I20260710 11:09:33.752152  7848 raft_consensus.cc:515] T 7daaa853a81548c0a912606b4f972878 P 36139106f326437b8d72de524f6fc628 [term 3 FOLLOWER]: Starting forced leader election with config: opid_index: -1 OBSOLETE_local: false peers { permanent_uuid: "36139106f326437b8d72de524f6fc628" member_type: VOTER last_known_addr { host: "127.7.15.129" port: 41941 } } peers { permanent_uuid: "b7ad8801c2494e32ad61be94f8df2f34" member_type: VOTER last_known_addr { host: "127.7.15.130" port: 42527 } } peers { permanent_uuid: "919cc746cc6f49b0ba810fa6e920cbd9" member_type: VOTER last_known_addr { host: "127.7.15.131" port: 38363 } }
I20260710 11:09:33.753638  7848 leader_election.cc:290] T 7daaa853a81548c0a912606b4f972878 P 36139106f326437b8d72de524f6fc628 [CANDIDATE]: Term 3 election: Requested vote from peers b7ad8801c2494e32ad61be94f8df2f34 (127.7.15.130:42527), 919cc746cc6f49b0ba810fa6e920cbd9 (127.7.15.131:38363)
I20260710 11:09:33.754290  7922 tablet_service.cc:1917] Received RequestConsensusVote() RPC: tablet_id: "7daaa853a81548c0a912606b4f972878" candidate_uuid: "36139106f326437b8d72de524f6fc628" candidate_term: 3 candidate_status { last_received { term: 2 index: 2 } } ignore_live_leader: true dest_uuid: "b7ad8801c2494e32ad61be94f8df2f34"
I20260710 11:09:33.754659  7998 tablet_service.cc:1917] Received RequestConsensusVote() RPC: tablet_id: "7daaa853a81548c0a912606b4f972878" candidate_uuid: "36139106f326437b8d72de524f6fc628" candidate_term: 3 candidate_status { last_received { term: 2 index: 2 } } ignore_live_leader: true dest_uuid: "919cc746cc6f49b0ba810fa6e920cbd9"
I20260710 11:09:33.754868  7922 raft_consensus.cc:3055] T 7daaa853a81548c0a912606b4f972878 P b7ad8801c2494e32ad61be94f8df2f34 [term 2 LEADER]: Stepping down as leader of term 2
I20260710 11:09:33.755194  7998 raft_consensus.cc:3060] T 7daaa853a81548c0a912606b4f972878 P 919cc746cc6f49b0ba810fa6e920cbd9 [term 2 FOLLOWER]: Advancing to term 3
I20260710 11:09:33.755177  7922 raft_consensus.cc:740] T 7daaa853a81548c0a912606b4f972878 P b7ad8801c2494e32ad61be94f8df2f34 [term 2 LEADER]: Becoming Follower/Learner. State: Replica: b7ad8801c2494e32ad61be94f8df2f34, State: Running, Role: LEADER
I20260710 11:09:33.756130  7922 consensus_queue.cc:260] T 7daaa853a81548c0a912606b4f972878 P b7ad8801c2494e32ad61be94f8df2f34 [NON_LEADER]: Queue going to NON_LEADER mode. State: All replicated index: 0, Majority replicated index: 2, Committed index: 2, Last appended: 2.2, Last appended by leader: 2, Current term: 2, Majority size: -1, State: 0, Mode: NON_LEADER, active raft config: opid_index: -1 OBSOLETE_local: false peers { permanent_uuid: "36139106f326437b8d72de524f6fc628" member_type: VOTER last_known_addr { host: "127.7.15.129" port: 41941 } } peers { permanent_uuid: "b7ad8801c2494e32ad61be94f8df2f34" member_type: VOTER last_known_addr { host: "127.7.15.130" port: 42527 } } peers { permanent_uuid: "919cc746cc6f49b0ba810fa6e920cbd9" member_type: VOTER last_known_addr { host: "127.7.15.131" port: 38363 } }
I20260710 11:09:33.757273  7922 raft_consensus.cc:3060] T 7daaa853a81548c0a912606b4f972878 P b7ad8801c2494e32ad61be94f8df2f34 [term 2 FOLLOWER]: Advancing to term 3
I20260710 11:09:33.761682  7998 raft_consensus.cc:2468] T 7daaa853a81548c0a912606b4f972878 P 919cc746cc6f49b0ba810fa6e920cbd9 [term 3 FOLLOWER]: Leader election vote request: Granting yes vote for candidate 36139106f326437b8d72de524f6fc628 in term 3.
I20260710 11:09:33.762871  7816 leader_election.cc:304] T 7daaa853a81548c0a912606b4f972878 P 36139106f326437b8d72de524f6fc628 [CANDIDATE]: Term 3 election: Election decided. Result: candidate won. Election summary: received 2 responses out of 3 voters: 2 yes votes; 0 no votes. yes voters: 36139106f326437b8d72de524f6fc628, 919cc746cc6f49b0ba810fa6e920cbd9; no voters: 
I20260710 11:09:33.763545  8148 raft_consensus.cc:2804] T 7daaa853a81548c0a912606b4f972878 P 36139106f326437b8d72de524f6fc628 [term 3 FOLLOWER]: Leader election won for term 3
I20260710 11:09:33.763625  7922 raft_consensus.cc:2468] T 7daaa853a81548c0a912606b4f972878 P b7ad8801c2494e32ad61be94f8df2f34 [term 3 FOLLOWER]: Leader election vote request: Granting yes vote for candidate 36139106f326437b8d72de524f6fc628 in term 3.
I20260710 11:09:33.763962  8148 raft_consensus.cc:697] T 7daaa853a81548c0a912606b4f972878 P 36139106f326437b8d72de524f6fc628 [term 3 LEADER]: Becoming Leader. State: Replica: 36139106f326437b8d72de524f6fc628, State: Running, Role: LEADER
I20260710 11:09:33.764732  8148 consensus_queue.cc:237] T 7daaa853a81548c0a912606b4f972878 P 36139106f326437b8d72de524f6fc628 [LEADER]: Queue going to LEADER mode. State: All replicated index: 0, Majority replicated index: 2, Committed index: 2, Last appended: 2.2, Last appended by leader: 2, Current term: 3, Majority size: 2, State: 0, Mode: LEADER, active raft config: opid_index: -1 OBSOLETE_local: false peers { permanent_uuid: "36139106f326437b8d72de524f6fc628" member_type: VOTER last_known_addr { host: "127.7.15.129" port: 41941 } } peers { permanent_uuid: "b7ad8801c2494e32ad61be94f8df2f34" member_type: VOTER last_known_addr { host: "127.7.15.130" port: 42527 } } peers { permanent_uuid: "919cc746cc6f49b0ba810fa6e920cbd9" member_type: VOTER last_known_addr { host: "127.7.15.131" port: 38363 } }
I20260710 11:09:33.771304  8132 raft_consensus.cc:993] T 9f54a33b1db34fa8b58ba8e6ceb4292f P 919cc746cc6f49b0ba810fa6e920cbd9: : Instructing follower 36139106f326437b8d72de524f6fc628 to start an election
I20260710 11:09:33.771806  8132 raft_consensus.cc:1081] T 9f54a33b1db34fa8b58ba8e6ceb4292f P 919cc746cc6f49b0ba810fa6e920cbd9 [term 3 LEADER]: Signalling peer 36139106f326437b8d72de524f6fc628 to start an election
I20260710 11:09:33.771606  7748 catalog_manager.cc:5697] T 7daaa853a81548c0a912606b4f972878 P 36139106f326437b8d72de524f6fc628 reported cstate change: term changed from 2 to 3, leader changed from b7ad8801c2494e32ad61be94f8df2f34 (127.7.15.130) to 36139106f326437b8d72de524f6fc628 (127.7.15.129). New cstate: current_term: 3 leader_uuid: "36139106f326437b8d72de524f6fc628" committed_config { opid_index: -1 OBSOLETE_local: false peers { permanent_uuid: "36139106f326437b8d72de524f6fc628" member_type: VOTER last_known_addr { host: "127.7.15.129" port: 41941 } health_report { overall_health: HEALTHY } } peers { permanent_uuid: "b7ad8801c2494e32ad61be94f8df2f34" member_type: VOTER last_known_addr { host: "127.7.15.130" port: 42527 } health_report { overall_health: UNKNOWN } } peers { permanent_uuid: "919cc746cc6f49b0ba810fa6e920cbd9" member_type: VOTER last_known_addr { host: "127.7.15.131" port: 38363 } health_report { overall_health: UNKNOWN } } }
I20260710 11:09:33.773340  7848 tablet_service.cc:2044] Received Run Leader Election RPC: tablet_id: "9f54a33b1db34fa8b58ba8e6ceb4292f"
dest_uuid: "36139106f326437b8d72de524f6fc628"
 from {username='slave'} at 127.0.0.1:39896
I20260710 11:09:33.773841  7848 raft_consensus.cc:493] T 9f54a33b1db34fa8b58ba8e6ceb4292f P 36139106f326437b8d72de524f6fc628 [term 3 FOLLOWER]: Starting forced leader election (received explicit request)
I20260710 11:09:33.774168  7848 raft_consensus.cc:3060] T 9f54a33b1db34fa8b58ba8e6ceb4292f P 36139106f326437b8d72de524f6fc628 [term 3 FOLLOWER]: Advancing to term 4
I20260710 11:09:33.779691  7848 raft_consensus.cc:515] T 9f54a33b1db34fa8b58ba8e6ceb4292f P 36139106f326437b8d72de524f6fc628 [term 4 FOLLOWER]: Starting forced leader election with config: opid_index: -1 OBSOLETE_local: false peers { permanent_uuid: "36139106f326437b8d72de524f6fc628" member_type: VOTER last_known_addr { host: "127.7.15.129" port: 41941 } } peers { permanent_uuid: "b7ad8801c2494e32ad61be94f8df2f34" member_type: VOTER last_known_addr { host: "127.7.15.130" port: 42527 } } peers { permanent_uuid: "919cc746cc6f49b0ba810fa6e920cbd9" member_type: VOTER last_known_addr { host: "127.7.15.131" port: 38363 } }
I20260710 11:09:33.781499  7848 leader_election.cc:290] T 9f54a33b1db34fa8b58ba8e6ceb4292f P 36139106f326437b8d72de524f6fc628 [CANDIDATE]: Term 4 election: Requested vote from peers b7ad8801c2494e32ad61be94f8df2f34 (127.7.15.130:42527), 919cc746cc6f49b0ba810fa6e920cbd9 (127.7.15.131:38363)
I20260710 11:09:33.782037  7922 tablet_service.cc:1917] Received RequestConsensusVote() RPC: tablet_id: "9f54a33b1db34fa8b58ba8e6ceb4292f" candidate_uuid: "36139106f326437b8d72de524f6fc628" candidate_term: 4 candidate_status { last_received { term: 3 index: 3 } } ignore_live_leader: true dest_uuid: "b7ad8801c2494e32ad61be94f8df2f34"
I20260710 11:09:33.782588  7922 raft_consensus.cc:3060] T 9f54a33b1db34fa8b58ba8e6ceb4292f P b7ad8801c2494e32ad61be94f8df2f34 [term 3 FOLLOWER]: Advancing to term 4
I20260710 11:09:33.783102  7998 tablet_service.cc:1917] Received RequestConsensusVote() RPC: tablet_id: "9f54a33b1db34fa8b58ba8e6ceb4292f" candidate_uuid: "36139106f326437b8d72de524f6fc628" candidate_term: 4 candidate_status { last_received { term: 3 index: 3 } } ignore_live_leader: true dest_uuid: "919cc746cc6f49b0ba810fa6e920cbd9"
I20260710 11:09:33.783622  7998 raft_consensus.cc:3055] T 9f54a33b1db34fa8b58ba8e6ceb4292f P 919cc746cc6f49b0ba810fa6e920cbd9 [term 3 LEADER]: Stepping down as leader of term 3
I20260710 11:09:33.783918  7998 raft_consensus.cc:740] T 9f54a33b1db34fa8b58ba8e6ceb4292f P 919cc746cc6f49b0ba810fa6e920cbd9 [term 3 LEADER]: Becoming Follower/Learner. State: Replica: 919cc746cc6f49b0ba810fa6e920cbd9, State: Running, Role: LEADER
I20260710 11:09:33.784726  7998 consensus_queue.cc:260] T 9f54a33b1db34fa8b58ba8e6ceb4292f P 919cc746cc6f49b0ba810fa6e920cbd9 [NON_LEADER]: Queue going to NON_LEADER mode. State: All replicated index: 0, Majority replicated index: 3, Committed index: 3, Last appended: 3.3, Last appended by leader: 3, Current term: 3, Majority size: -1, State: 0, Mode: NON_LEADER, active raft config: opid_index: -1 OBSOLETE_local: false peers { permanent_uuid: "36139106f326437b8d72de524f6fc628" member_type: VOTER last_known_addr { host: "127.7.15.129" port: 41941 } } peers { permanent_uuid: "b7ad8801c2494e32ad61be94f8df2f34" member_type: VOTER last_known_addr { host: "127.7.15.130" port: 42527 } } peers { permanent_uuid: "919cc746cc6f49b0ba810fa6e920cbd9" member_type: VOTER last_known_addr { host: "127.7.15.131" port: 38363 } }
I20260710 11:09:33.785840  7998 raft_consensus.cc:3060] T 9f54a33b1db34fa8b58ba8e6ceb4292f P 919cc746cc6f49b0ba810fa6e920cbd9 [term 3 FOLLOWER]: Advancing to term 4
I20260710 11:09:33.788791  7922 raft_consensus.cc:2468] T 9f54a33b1db34fa8b58ba8e6ceb4292f P b7ad8801c2494e32ad61be94f8df2f34 [term 4 FOLLOWER]: Leader election vote request: Granting yes vote for candidate 36139106f326437b8d72de524f6fc628 in term 4.
I20260710 11:09:33.790541  7817 leader_election.cc:304] T 9f54a33b1db34fa8b58ba8e6ceb4292f P 36139106f326437b8d72de524f6fc628 [CANDIDATE]: Term 4 election: Election decided. Result: candidate won. Election summary: received 2 responses out of 3 voters: 2 yes votes; 0 no votes. yes voters: 36139106f326437b8d72de524f6fc628, b7ad8801c2494e32ad61be94f8df2f34; no voters: 
I20260710 11:09:33.791247  8148 raft_consensus.cc:2804] T 9f54a33b1db34fa8b58ba8e6ceb4292f P 36139106f326437b8d72de524f6fc628 [term 4 FOLLOWER]: Leader election won for term 4
I20260710 11:09:33.791621  7998 raft_consensus.cc:2468] T 9f54a33b1db34fa8b58ba8e6ceb4292f P 919cc746cc6f49b0ba810fa6e920cbd9 [term 4 FOLLOWER]: Leader election vote request: Granting yes vote for candidate 36139106f326437b8d72de524f6fc628 in term 4.
I20260710 11:09:33.791723  8148 raft_consensus.cc:697] T 9f54a33b1db34fa8b58ba8e6ceb4292f P 36139106f326437b8d72de524f6fc628 [term 4 LEADER]: Becoming Leader. State: Replica: 36139106f326437b8d72de524f6fc628, State: Running, Role: LEADER
I20260710 11:09:33.792582  8148 consensus_queue.cc:237] T 9f54a33b1db34fa8b58ba8e6ceb4292f P 36139106f326437b8d72de524f6fc628 [LEADER]: Queue going to LEADER mode. State: All replicated index: 0, Majority replicated index: 3, Committed index: 3, Last appended: 3.3, Last appended by leader: 3, Current term: 4, Majority size: 2, State: 0, Mode: LEADER, active raft config: opid_index: -1 OBSOLETE_local: false peers { permanent_uuid: "36139106f326437b8d72de524f6fc628" member_type: VOTER last_known_addr { host: "127.7.15.129" port: 41941 } } peers { permanent_uuid: "b7ad8801c2494e32ad61be94f8df2f34" member_type: VOTER last_known_addr { host: "127.7.15.130" port: 42527 } } peers { permanent_uuid: "919cc746cc6f49b0ba810fa6e920cbd9" member_type: VOTER last_known_addr { host: "127.7.15.131" port: 38363 } }
I20260710 11:09:33.797686  7748 catalog_manager.cc:5697] T 9f54a33b1db34fa8b58ba8e6ceb4292f P 36139106f326437b8d72de524f6fc628 reported cstate change: term changed from 3 to 4, leader changed from 919cc746cc6f49b0ba810fa6e920cbd9 (127.7.15.131) to 36139106f326437b8d72de524f6fc628 (127.7.15.129). New cstate: current_term: 4 leader_uuid: "36139106f326437b8d72de524f6fc628" committed_config { opid_index: -1 OBSOLETE_local: false peers { permanent_uuid: "36139106f326437b8d72de524f6fc628" member_type: VOTER last_known_addr { host: "127.7.15.129" port: 41941 } health_report { overall_health: HEALTHY } } peers { permanent_uuid: "b7ad8801c2494e32ad61be94f8df2f34" member_type: VOTER last_known_addr { host: "127.7.15.130" port: 42527 } health_report { overall_health: UNKNOWN } } peers { permanent_uuid: "919cc746cc6f49b0ba810fa6e920cbd9" member_type: VOTER last_known_addr { host: "127.7.15.131" port: 38363 } health_report { overall_health: UNKNOWN } } }
I20260710 11:09:33.804195  8132 raft_consensus.cc:993] T 2a091953fe3247b7bba271a4d0ed4997 P 919cc746cc6f49b0ba810fa6e920cbd9: : Instructing follower 36139106f326437b8d72de524f6fc628 to start an election
I20260710 11:09:33.804610  8132 raft_consensus.cc:1081] T 2a091953fe3247b7bba271a4d0ed4997 P 919cc746cc6f49b0ba810fa6e920cbd9 [term 3 LEADER]: Signalling peer 36139106f326437b8d72de524f6fc628 to start an election
I20260710 11:09:33.805804  7848 tablet_service.cc:2044] Received Run Leader Election RPC: tablet_id: "2a091953fe3247b7bba271a4d0ed4997"
dest_uuid: "36139106f326437b8d72de524f6fc628"
 from {username='slave'} at 127.0.0.1:39896
I20260710 11:09:33.806198  7848 raft_consensus.cc:493] T 2a091953fe3247b7bba271a4d0ed4997 P 36139106f326437b8d72de524f6fc628 [term 3 FOLLOWER]: Starting forced leader election (received explicit request)
I20260710 11:09:33.806466  7848 raft_consensus.cc:3060] T 2a091953fe3247b7bba271a4d0ed4997 P 36139106f326437b8d72de524f6fc628 [term 3 FOLLOWER]: Advancing to term 4
I20260710 11:09:33.810581  7848 raft_consensus.cc:515] T 2a091953fe3247b7bba271a4d0ed4997 P 36139106f326437b8d72de524f6fc628 [term 4 FOLLOWER]: Starting forced leader election with config: opid_index: -1 OBSOLETE_local: false peers { permanent_uuid: "36139106f326437b8d72de524f6fc628" member_type: VOTER last_known_addr { host: "127.7.15.129" port: 41941 } } peers { permanent_uuid: "b7ad8801c2494e32ad61be94f8df2f34" member_type: VOTER last_known_addr { host: "127.7.15.130" port: 42527 } } peers { permanent_uuid: "919cc746cc6f49b0ba810fa6e920cbd9" member_type: VOTER last_known_addr { host: "127.7.15.131" port: 38363 } }
I20260710 11:09:33.812089  7848 leader_election.cc:290] T 2a091953fe3247b7bba271a4d0ed4997 P 36139106f326437b8d72de524f6fc628 [CANDIDATE]: Term 4 election: Requested vote from peers b7ad8801c2494e32ad61be94f8df2f34 (127.7.15.130:42527), 919cc746cc6f49b0ba810fa6e920cbd9 (127.7.15.131:38363)
I20260710 11:09:33.812649  7921 tablet_service.cc:1917] Received RequestConsensusVote() RPC: tablet_id: "2a091953fe3247b7bba271a4d0ed4997" candidate_uuid: "36139106f326437b8d72de524f6fc628" candidate_term: 4 candidate_status { last_received { term: 3 index: 3 } } ignore_live_leader: true dest_uuid: "b7ad8801c2494e32ad61be94f8df2f34"
I20260710 11:09:33.813007  7998 tablet_service.cc:1917] Received RequestConsensusVote() RPC: tablet_id: "2a091953fe3247b7bba271a4d0ed4997" candidate_uuid: "36139106f326437b8d72de524f6fc628" candidate_term: 4 candidate_status { last_received { term: 3 index: 3 } } ignore_live_leader: true dest_uuid: "919cc746cc6f49b0ba810fa6e920cbd9"
I20260710 11:09:33.813144  7921 raft_consensus.cc:3060] T 2a091953fe3247b7bba271a4d0ed4997 P b7ad8801c2494e32ad61be94f8df2f34 [term 3 FOLLOWER]: Advancing to term 4
I20260710 11:09:33.813454  7998 raft_consensus.cc:3055] T 2a091953fe3247b7bba271a4d0ed4997 P 919cc746cc6f49b0ba810fa6e920cbd9 [term 3 LEADER]: Stepping down as leader of term 3
I20260710 11:09:33.813689  7998 raft_consensus.cc:740] T 2a091953fe3247b7bba271a4d0ed4997 P 919cc746cc6f49b0ba810fa6e920cbd9 [term 3 LEADER]: Becoming Follower/Learner. State: Replica: 919cc746cc6f49b0ba810fa6e920cbd9, State: Running, Role: LEADER
I20260710 11:09:33.814311  7998 consensus_queue.cc:260] T 2a091953fe3247b7bba271a4d0ed4997 P 919cc746cc6f49b0ba810fa6e920cbd9 [NON_LEADER]: Queue going to NON_LEADER mode. State: All replicated index: 0, Majority replicated index: 3, Committed index: 3, Last appended: 3.3, Last appended by leader: 3, Current term: 3, Majority size: -1, State: 0, Mode: NON_LEADER, active raft config: opid_index: -1 OBSOLETE_local: false peers { permanent_uuid: "36139106f326437b8d72de524f6fc628" member_type: VOTER last_known_addr { host: "127.7.15.129" port: 41941 } } peers { permanent_uuid: "b7ad8801c2494e32ad61be94f8df2f34" member_type: VOTER last_known_addr { host: "127.7.15.130" port: 42527 } } peers { permanent_uuid: "919cc746cc6f49b0ba810fa6e920cbd9" member_type: VOTER last_known_addr { host: "127.7.15.131" port: 38363 } }
I20260710 11:09:33.815332  7998 raft_consensus.cc:3060] T 2a091953fe3247b7bba271a4d0ed4997 P 919cc746cc6f49b0ba810fa6e920cbd9 [term 3 FOLLOWER]: Advancing to term 4
I20260710 11:09:33.817504  8145 raft_consensus.cc:993] T ef6e6362d39b4f32814f04f66c4dc234 P b7ad8801c2494e32ad61be94f8df2f34: : Instructing follower 36139106f326437b8d72de524f6fc628 to start an election
I20260710 11:09:33.818427  7921 raft_consensus.cc:2468] T 2a091953fe3247b7bba271a4d0ed4997 P b7ad8801c2494e32ad61be94f8df2f34 [term 4 FOLLOWER]: Leader election vote request: Granting yes vote for candidate 36139106f326437b8d72de524f6fc628 in term 4.
I20260710 11:09:33.818457  8112 raft_consensus.cc:1081] T ef6e6362d39b4f32814f04f66c4dc234 P b7ad8801c2494e32ad61be94f8df2f34 [term 2 LEADER]: Signalling peer 36139106f326437b8d72de524f6fc628 to start an election
I20260710 11:09:33.819428  7817 leader_election.cc:304] T 2a091953fe3247b7bba271a4d0ed4997 P 36139106f326437b8d72de524f6fc628 [CANDIDATE]: Term 4 election: Election decided. Result: candidate won. Election summary: received 2 responses out of 3 voters: 2 yes votes; 0 no votes. yes voters: 36139106f326437b8d72de524f6fc628, b7ad8801c2494e32ad61be94f8df2f34; no voters: 
I20260710 11:09:33.820086  8148 raft_consensus.cc:2804] T 2a091953fe3247b7bba271a4d0ed4997 P 36139106f326437b8d72de524f6fc628 [term 4 FOLLOWER]: Leader election won for term 4
I20260710 11:09:33.820436  7848 tablet_service.cc:2044] Received Run Leader Election RPC: tablet_id: "ef6e6362d39b4f32814f04f66c4dc234"
dest_uuid: "36139106f326437b8d72de524f6fc628"
 from {username='slave'} at 127.0.0.1:39890
I20260710 11:09:33.820540  8148 raft_consensus.cc:697] T 2a091953fe3247b7bba271a4d0ed4997 P 36139106f326437b8d72de524f6fc628 [term 4 LEADER]: Becoming Leader. State: Replica: 36139106f326437b8d72de524f6fc628, State: Running, Role: LEADER
I20260710 11:09:33.821003  7848 raft_consensus.cc:493] T ef6e6362d39b4f32814f04f66c4dc234 P 36139106f326437b8d72de524f6fc628 [term 2 FOLLOWER]: Starting forced leader election (received explicit request)
I20260710 11:09:33.821362  7848 raft_consensus.cc:3060] T ef6e6362d39b4f32814f04f66c4dc234 P 36139106f326437b8d72de524f6fc628 [term 2 FOLLOWER]: Advancing to term 3
I20260710 11:09:33.821388  8148 consensus_queue.cc:237] T 2a091953fe3247b7bba271a4d0ed4997 P 36139106f326437b8d72de524f6fc628 [LEADER]: Queue going to LEADER mode. State: All replicated index: 0, Majority replicated index: 3, Committed index: 3, Last appended: 3.3, Last appended by leader: 3, Current term: 4, Majority size: 2, State: 0, Mode: LEADER, active raft config: opid_index: -1 OBSOLETE_local: false peers { permanent_uuid: "36139106f326437b8d72de524f6fc628" member_type: VOTER last_known_addr { host: "127.7.15.129" port: 41941 } } peers { permanent_uuid: "b7ad8801c2494e32ad61be94f8df2f34" member_type: VOTER last_known_addr { host: "127.7.15.130" port: 42527 } } peers { permanent_uuid: "919cc746cc6f49b0ba810fa6e920cbd9" member_type: VOTER last_known_addr { host: "127.7.15.131" port: 38363 } }
I20260710 11:09:33.823362  7998 raft_consensus.cc:2468] T 2a091953fe3247b7bba271a4d0ed4997 P 919cc746cc6f49b0ba810fa6e920cbd9 [term 4 FOLLOWER]: Leader election vote request: Granting yes vote for candidate 36139106f326437b8d72de524f6fc628 in term 4.
I20260710 11:09:33.826627  7848 raft_consensus.cc:515] T ef6e6362d39b4f32814f04f66c4dc234 P 36139106f326437b8d72de524f6fc628 [term 3 FOLLOWER]: Starting forced leader election with config: opid_index: -1 OBSOLETE_local: false peers { permanent_uuid: "36139106f326437b8d72de524f6fc628" member_type: VOTER last_known_addr { host: "127.7.15.129" port: 41941 } } peers { permanent_uuid: "b7ad8801c2494e32ad61be94f8df2f34" member_type: VOTER last_known_addr { host: "127.7.15.130" port: 42527 } } peers { permanent_uuid: "919cc746cc6f49b0ba810fa6e920cbd9" member_type: VOTER last_known_addr { host: "127.7.15.131" port: 38363 } }
I20260710 11:09:33.828083  7848 leader_election.cc:290] T ef6e6362d39b4f32814f04f66c4dc234 P 36139106f326437b8d72de524f6fc628 [CANDIDATE]: Term 3 election: Requested vote from peers b7ad8801c2494e32ad61be94f8df2f34 (127.7.15.130:42527), 919cc746cc6f49b0ba810fa6e920cbd9 (127.7.15.131:38363)
I20260710 11:09:33.828474  7748 catalog_manager.cc:5697] T 2a091953fe3247b7bba271a4d0ed4997 P 36139106f326437b8d72de524f6fc628 reported cstate change: term changed from 3 to 4, leader changed from 919cc746cc6f49b0ba810fa6e920cbd9 (127.7.15.131) to 36139106f326437b8d72de524f6fc628 (127.7.15.129). New cstate: current_term: 4 leader_uuid: "36139106f326437b8d72de524f6fc628" committed_config { opid_index: -1 OBSOLETE_local: false peers { permanent_uuid: "36139106f326437b8d72de524f6fc628" member_type: VOTER last_known_addr { host: "127.7.15.129" port: 41941 } health_report { overall_health: HEALTHY } } peers { permanent_uuid: "b7ad8801c2494e32ad61be94f8df2f34" member_type: VOTER last_known_addr { host: "127.7.15.130" port: 42527 } health_report { overall_health: UNKNOWN } } peers { permanent_uuid: "919cc746cc6f49b0ba810fa6e920cbd9" member_type: VOTER last_known_addr { host: "127.7.15.131" port: 38363 } health_report { overall_health: UNKNOWN } } }
I20260710 11:09:33.829094  7921 tablet_service.cc:1917] Received RequestConsensusVote() RPC: tablet_id: "ef6e6362d39b4f32814f04f66c4dc234" candidate_uuid: "36139106f326437b8d72de524f6fc628" candidate_term: 3 candidate_status { last_received { term: 2 index: 2 } } ignore_live_leader: true dest_uuid: "b7ad8801c2494e32ad61be94f8df2f34"
I20260710 11:09:33.829560  7921 raft_consensus.cc:3055] T ef6e6362d39b4f32814f04f66c4dc234 P b7ad8801c2494e32ad61be94f8df2f34 [term 2 LEADER]: Stepping down as leader of term 2
I20260710 11:09:33.829876  7921 raft_consensus.cc:740] T ef6e6362d39b4f32814f04f66c4dc234 P b7ad8801c2494e32ad61be94f8df2f34 [term 2 LEADER]: Becoming Follower/Learner. State: Replica: b7ad8801c2494e32ad61be94f8df2f34, State: Running, Role: LEADER
I20260710 11:09:33.830518  7921 consensus_queue.cc:260] T ef6e6362d39b4f32814f04f66c4dc234 P b7ad8801c2494e32ad61be94f8df2f34 [NON_LEADER]: Queue going to NON_LEADER mode. State: All replicated index: 0, Majority replicated index: 2, Committed index: 2, Last appended: 2.2, Last appended by leader: 2, Current term: 2, Majority size: -1, State: 0, Mode: NON_LEADER, active raft config: opid_index: -1 OBSOLETE_local: false peers { permanent_uuid: "36139106f326437b8d72de524f6fc628" member_type: VOTER last_known_addr { host: "127.7.15.129" port: 41941 } } peers { permanent_uuid: "b7ad8801c2494e32ad61be94f8df2f34" member_type: VOTER last_known_addr { host: "127.7.15.130" port: 42527 } } peers { permanent_uuid: "919cc746cc6f49b0ba810fa6e920cbd9" member_type: VOTER last_known_addr { host: "127.7.15.131" port: 38363 } }
I20260710 11:09:33.830828  7998 tablet_service.cc:1917] Received RequestConsensusVote() RPC: tablet_id: "ef6e6362d39b4f32814f04f66c4dc234" candidate_uuid: "36139106f326437b8d72de524f6fc628" candidate_term: 3 candidate_status { last_received { term: 2 index: 2 } } ignore_live_leader: true dest_uuid: "919cc746cc6f49b0ba810fa6e920cbd9"
I20260710 11:09:33.831476  7998 raft_consensus.cc:3060] T ef6e6362d39b4f32814f04f66c4dc234 P 919cc746cc6f49b0ba810fa6e920cbd9 [term 2 FOLLOWER]: Advancing to term 3
I20260710 11:09:33.831779  7921 raft_consensus.cc:3060] T ef6e6362d39b4f32814f04f66c4dc234 P b7ad8801c2494e32ad61be94f8df2f34 [term 2 FOLLOWER]: Advancing to term 3
I20260710 11:09:33.832832  8112 raft_consensus.cc:993] T ae67f783f15046398a106cf181123920 P b7ad8801c2494e32ad61be94f8df2f34: : Instructing follower 36139106f326437b8d72de524f6fc628 to start an election
I20260710 11:09:33.833232  8112 raft_consensus.cc:1081] T ae67f783f15046398a106cf181123920 P b7ad8801c2494e32ad61be94f8df2f34 [term 2 LEADER]: Signalling peer 36139106f326437b8d72de524f6fc628 to start an election
I20260710 11:09:33.835017  7849 tablet_service.cc:2044] Received Run Leader Election RPC: tablet_id: "ae67f783f15046398a106cf181123920"
dest_uuid: "36139106f326437b8d72de524f6fc628"
 from {username='slave'} at 127.0.0.1:39890
I20260710 11:09:33.835505  7849 raft_consensus.cc:493] T ae67f783f15046398a106cf181123920 P 36139106f326437b8d72de524f6fc628 [term 2 FOLLOWER]: Starting forced leader election (received explicit request)
I20260710 11:09:33.835814  7849 raft_consensus.cc:3060] T ae67f783f15046398a106cf181123920 P 36139106f326437b8d72de524f6fc628 [term 2 FOLLOWER]: Advancing to term 3
I20260710 11:09:33.837579  7998 raft_consensus.cc:2468] T ef6e6362d39b4f32814f04f66c4dc234 P 919cc746cc6f49b0ba810fa6e920cbd9 [term 3 FOLLOWER]: Leader election vote request: Granting yes vote for candidate 36139106f326437b8d72de524f6fc628 in term 3.
I20260710 11:09:33.838415  7816 leader_election.cc:304] T ef6e6362d39b4f32814f04f66c4dc234 P 36139106f326437b8d72de524f6fc628 [CANDIDATE]: Term 3 election: Election decided. Result: candidate won. Election summary: received 2 responses out of 3 voters: 2 yes votes; 0 no votes. yes voters: 36139106f326437b8d72de524f6fc628, 919cc746cc6f49b0ba810fa6e920cbd9; no voters: 
I20260710 11:09:33.839133  8148 raft_consensus.cc:2804] T ef6e6362d39b4f32814f04f66c4dc234 P 36139106f326437b8d72de524f6fc628 [term 3 FOLLOWER]: Leader election won for term 3
I20260710 11:09:33.839640  8148 raft_consensus.cc:697] T ef6e6362d39b4f32814f04f66c4dc234 P 36139106f326437b8d72de524f6fc628 [term 3 LEADER]: Becoming Leader. State: Replica: 36139106f326437b8d72de524f6fc628, State: Running, Role: LEADER
I20260710 11:09:33.840409  8148 consensus_queue.cc:237] T ef6e6362d39b4f32814f04f66c4dc234 P 36139106f326437b8d72de524f6fc628 [LEADER]: Queue going to LEADER mode. State: All replicated index: 0, Majority replicated index: 2, Committed index: 2, Last appended: 2.2, Last appended by leader: 2, Current term: 3, Majority size: 2, State: 0, Mode: LEADER, active raft config: opid_index: -1 OBSOLETE_local: false peers { permanent_uuid: "36139106f326437b8d72de524f6fc628" member_type: VOTER last_known_addr { host: "127.7.15.129" port: 41941 } } peers { permanent_uuid: "b7ad8801c2494e32ad61be94f8df2f34" member_type: VOTER last_known_addr { host: "127.7.15.130" port: 42527 } } peers { permanent_uuid: "919cc746cc6f49b0ba810fa6e920cbd9" member_type: VOTER last_known_addr { host: "127.7.15.131" port: 38363 } }
I20260710 11:09:33.840682  7849 raft_consensus.cc:515] T ae67f783f15046398a106cf181123920 P 36139106f326437b8d72de524f6fc628 [term 3 FOLLOWER]: Starting forced leader election with config: opid_index: -1 OBSOLETE_local: false peers { permanent_uuid: "36139106f326437b8d72de524f6fc628" member_type: VOTER last_known_addr { host: "127.7.15.129" port: 41941 } } peers { permanent_uuid: "b7ad8801c2494e32ad61be94f8df2f34" member_type: VOTER last_known_addr { host: "127.7.15.130" port: 42527 } } peers { permanent_uuid: "919cc746cc6f49b0ba810fa6e920cbd9" member_type: VOTER last_known_addr { host: "127.7.15.131" port: 38363 } }
I20260710 11:09:33.841207  7921 raft_consensus.cc:2468] T ef6e6362d39b4f32814f04f66c4dc234 P b7ad8801c2494e32ad61be94f8df2f34 [term 3 FOLLOWER]: Leader election vote request: Granting yes vote for candidate 36139106f326437b8d72de524f6fc628 in term 3.
I20260710 11:09:33.842670  7849 leader_election.cc:290] T ae67f783f15046398a106cf181123920 P 36139106f326437b8d72de524f6fc628 [CANDIDATE]: Term 3 election: Requested vote from peers b7ad8801c2494e32ad61be94f8df2f34 (127.7.15.130:42527), 919cc746cc6f49b0ba810fa6e920cbd9 (127.7.15.131:38363)
I20260710 11:09:33.843186  7921 tablet_service.cc:1917] Received RequestConsensusVote() RPC: tablet_id: "ae67f783f15046398a106cf181123920" candidate_uuid: "36139106f326437b8d72de524f6fc628" candidate_term: 3 candidate_status { last_received { term: 2 index: 2 } } ignore_live_leader: true dest_uuid: "b7ad8801c2494e32ad61be94f8df2f34"
I20260710 11:09:33.843611  7998 tablet_service.cc:1917] Received RequestConsensusVote() RPC: tablet_id: "ae67f783f15046398a106cf181123920" candidate_uuid: "36139106f326437b8d72de524f6fc628" candidate_term: 3 candidate_status { last_received { term: 2 index: 2 } } ignore_live_leader: true dest_uuid: "919cc746cc6f49b0ba810fa6e920cbd9"
I20260710 11:09:33.843771  7921 raft_consensus.cc:3055] T ae67f783f15046398a106cf181123920 P b7ad8801c2494e32ad61be94f8df2f34 [term 2 LEADER]: Stepping down as leader of term 2
I20260710 11:09:33.844116  7998 raft_consensus.cc:3060] T ae67f783f15046398a106cf181123920 P 919cc746cc6f49b0ba810fa6e920cbd9 [term 2 FOLLOWER]: Advancing to term 3
I20260710 11:09:33.844161  7921 raft_consensus.cc:740] T ae67f783f15046398a106cf181123920 P b7ad8801c2494e32ad61be94f8df2f34 [term 2 LEADER]: Becoming Follower/Learner. State: Replica: b7ad8801c2494e32ad61be94f8df2f34, State: Running, Role: LEADER
I20260710 11:09:33.845209  7921 consensus_queue.cc:260] T ae67f783f15046398a106cf181123920 P b7ad8801c2494e32ad61be94f8df2f34 [NON_LEADER]: Queue going to NON_LEADER mode. State: All replicated index: 0, Majority replicated index: 2, Committed index: 2, Last appended: 2.2, Last appended by leader: 2, Current term: 2, Majority size: -1, State: 0, Mode: NON_LEADER, active raft config: opid_index: -1 OBSOLETE_local: false peers { permanent_uuid: "36139106f326437b8d72de524f6fc628" member_type: VOTER last_known_addr { host: "127.7.15.129" port: 41941 } } peers { permanent_uuid: "b7ad8801c2494e32ad61be94f8df2f34" member_type: VOTER last_known_addr { host: "127.7.15.130" port: 42527 } } peers { permanent_uuid: "919cc746cc6f49b0ba810fa6e920cbd9" member_type: VOTER last_known_addr { host: "127.7.15.131" port: 38363 } }
I20260710 11:09:33.846356  7921 raft_consensus.cc:3060] T ae67f783f15046398a106cf181123920 P b7ad8801c2494e32ad61be94f8df2f34 [term 2 FOLLOWER]: Advancing to term 3
